[INFO] fetching crate minipooll 1.0.0...
[INFO] testing minipooll-1.0.0 against 1.99.0-beta.8+cargoflags=--release for beta-release-1.100-2
[INFO] extracting crate minipooll 1.0.0 into /workspace/builds/worker-4-tc1/source
[INFO] started tweaking crates.io crate minipooll 1.0.0
[INFO] finished tweaking crates.io crate minipooll 1.0.0
[INFO] tweaked toml for crates.io crate minipooll 1.0.0 written to /workspace/builds/worker-4-tc1/source/Cargo.toml
[INFO] validating manifest of crates.io crate minipooll 1.0.0 on toolchain 1.99.0-beta.8
[INFO] running `Command { std: CARGO_HOME="/workspace/cargo-home" RUSTUP_HOME="/workspace/rustup-home" "/workspace/cargo-home/bin/cargo" "+1.99.0-beta.8" "metadata" "--manifest-path" "Cargo.toml" "--no-deps", kill_on_drop: false }`
[INFO] crate crates.io crate minipooll 1.0.0 already has a lockfile, it will not be regenerated
[INFO] running `Command { std: CARGO_HOME="/workspace/cargo-home" RUSTUP_HOME="/workspace/rustup-home" "/workspace/cargo-home/bin/cargo" "+1.99.0-beta.8" "fetch" "--manifest-path" "Cargo.toml", kill_on_drop: false }`
[INFO] running `Command { std: "docker" "create" "-v" "/var/lib/crater-agent-workspace/builds/worker-4-tc1/source:/opt/rustwide/workdir:ro,Z" "-v" "/var/lib/crater-agent-workspace/builds/worker-4-tc1/target:/opt/rustwide/target:rw,Z" "-v" "/var/lib/crater-agent-workspace/cargo-home:/opt/rustwide/cargo-home:ro,Z" "-v" "/var/lib/crater-agent-workspace/rustup-home:/opt/rustwide/rustup-home:ro,Z" "-m" "1610612736" "--network" "none" "ghcr.io/rust-lang/crates-build-env/linux@sha256:77db811e55d90add9212f6832c23229e3de5f1c1f9905e8cb07319ea15df73ac" "sleep" "infinity", kill_on_drop: false }`
[INFO] [stdout] 1dd82aa9037e16a1c884fc875f32bf205736427968a4b4df928d38eb27e2374e
[INFO] running `Command { std: "docker" "start" "1dd82aa9037e16a1c884fc875f32bf205736427968a4b4df928d38eb27e2374e", kill_on_drop: false }`
[INFO] running `Command { std: "docker" "inspect" "1dd82aa9037e16a1c884fc875f32bf205736427968a4b4df928d38eb27e2374e", kill_on_drop: false }`
[INFO] running `Command { std: "docker" "exec" "-e" "SOURCE_DIR=/opt/rustwide/workdir" "-e" "CARGO_HOME=/opt/rustwide/cargo-home" "-e" "RUSTUP_HOME=/opt/rustwide/rustup-home" "-e" "CARGO_TARGET_DIR=/opt/rustwide/target" "-w" "/opt/rustwide/workdir" "--user" "0:0" "1dd82aa9037e16a1c884fc875f32bf205736427968a4b4df928d38eb27e2374e" "/opt/rustwide/cargo-home/bin/cargo" "+1.99.0-beta.8" "metadata" "--no-deps" "--format-version=1", kill_on_drop: false }`
[INFO] running `Command { std: "docker" "inspect" "1dd82aa9037e16a1c884fc875f32bf205736427968a4b4df928d38eb27e2374e", kill_on_drop: false }`
[INFO] running `Command { std: "docker" "exec" "-e" "SOURCE_DIR=/opt/rustwide/workdir" "-e" "CARGO_HOME=/opt/rustwide/cargo-home" "-e" "RUSTUP_HOME=/opt/rustwide/rustup-home" "-e" "CARGO_TARGET_DIR=/opt/rustwide/target" "-e" "CARGO_INCREMENTAL=0" "-e" "RUST_BACKTRACE=full" "-e" "RUSTFLAGS=--cap-lints=warn" "-e" "RUSTDOCFLAGS=--cap-lints=warn" "-w" "/opt/rustwide/workdir" "--user" "0:0" "1dd82aa9037e16a1c884fc875f32bf205736427968a4b4df928d38eb27e2374e" "/opt/rustwide/cargo-home/bin/cargo" "+1.99.0-beta.8" "build" "--frozen" "--message-format=json" "--release", kill_on_drop: false }`
[INFO] [stderr]    Compiling minipooll v1.0.0 (/opt/rustwide/workdir)
[INFO] [stderr]     Finished `release` profile [optimized] target(s) in 0.63s
[INFO] running `Command { std: "docker" "inspect" "1dd82aa9037e16a1c884fc875f32bf205736427968a4b4df928d38eb27e2374e", kill_on_drop: false }`
[INFO] running `Command { std: "docker" "exec" "-e" "SOURCE_DIR=/opt/rustwide/workdir" "-e" "CARGO_HOME=/opt/rustwide/cargo-home" "-e" "RUSTUP_HOME=/opt/rustwide/rustup-home" "-e" "CARGO_TARGET_DIR=/opt/rustwide/target" "-e" "CARGO_INCREMENTAL=0" "-e" "RUST_BACKTRACE=full" "-e" "RUSTFLAGS=--cap-lints=warn" "-e" "RUSTDOCFLAGS=--cap-lints=warn" "-w" "/opt/rustwide/workdir" "--user" "0:0" "1dd82aa9037e16a1c884fc875f32bf205736427968a4b4df928d38eb27e2374e" "/opt/rustwide/cargo-home/bin/cargo" "+1.99.0-beta.8" "test" "--frozen" "--no-run" "--message-format=json" "--release", kill_on_drop: false }`
[INFO] [stderr]    Compiling minipooll v1.0.0 (/opt/rustwide/workdir)
[INFO] [stderr]     Finished `release` profile [optimized] target(s) in 0.80s
[INFO] running `Command { std: "docker" "inspect" "1dd82aa9037e16a1c884fc875f32bf205736427968a4b4df928d38eb27e2374e", kill_on_drop: false }`
[INFO] running `Command { std: "docker" "exec" "-e" "SOURCE_DIR=/opt/rustwide/workdir" "-e" "CARGO_HOME=/opt/rustwide/cargo-home" "-e" "RUSTUP_HOME=/opt/rustwide/rustup-home" "-e" "CARGO_TARGET_DIR=/opt/rustwide/target" "-e" "CARGO_INCREMENTAL=0" "-e" "RUST_BACKTRACE=full" "-e" "RUSTFLAGS=--cap-lints=warn" "-e" "RUSTDOCFLAGS=--cap-lints=warn" "-w" "/opt/rustwide/workdir" "--user" "0:0" "1dd82aa9037e16a1c884fc875f32bf205736427968a4b4df928d38eb27e2374e" "/opt/rustwide/cargo-home/bin/cargo" "+1.99.0-beta.8" "test" "--frozen" "--release", kill_on_drop: false }`
[INFO] [stderr]     Finished `release` profile [optimized] target(s) in 0.03s
[INFO] [stderr]      Running unittests src/lib.rs (/opt/rustwide/target/release/deps/minipooll-8fa18ab2290559aa)
[INFO] [stdout] 
[INFO] [stdout] running 1 test
[INFO] [stdout] test test ... ok
[INFO] [stdout] 
[INFO] [stdout] test result: ok. 1 passed; 0 failed; 0 ignored; 0 measured; 0 filtered out; finished in 0.01s
[INFO] [stdout] 
[INFO] [stderr]    Doc-tests minipooll
[INFO] [stdout] 
[INFO] [stdout] running 5 tests
[INFO] [stdout] test src/lib.rs - MiniPooll (line 100) ... FAILED
[INFO] [stdout] test src/lib.rs - MiniPoollBuilder (line 9) ... FAILED
[INFO] [stdout] test src/lib.rs - MiniPooll::join_all (line 181) ... FAILED
[INFO] [stdout] test src/lib.rs - MiniPooll::spawn_with_timeout (line 154) ... FAILED
[INFO] [stdout] test src/lib.rs - MiniPooll::spawn (line 126) ... FAILED
[INFO] [stdout] 
[INFO] [stdout] failures:
[INFO] [stdout] 
[INFO] [stdout] ---- src/lib.rs - MiniPooll (line 100) stdout ----
[INFO] [stdout] error[E0433]: cannot find type `MiniPooll` in this scope
[INFO] [stdout]    --> src/lib.rs:101:12
[INFO] [stdout]     |
[INFO] [stdout] 101 | let pool = MiniPooll::new();
[INFO] [stdout]     |            ^^^^^^^^^ use of undeclared type `MiniPooll`
[INFO] [stdout] 
[INFO] [stdout] error: aborting due to 1 previous error
[INFO] [stdout] 
[INFO] [stdout] For more information about this error, try `rustc --explain E0433`.
[INFO] [stdout] Couldn't compile the test.
[INFO] [stdout] ---- src/lib.rs - MiniPoollBuilder (line 9) stdout ----
[INFO] [stdout] error[E0433]: cannot find type `MiniPooll` in this scope
[INFO] [stdout]   --> src/lib.rs:11:16
[INFO] [stdout]    |
[INFO] [stdout] 11 |     let pool = MiniPooll::builder()
[INFO] [stdout]    |                ^^^^^^^^^ use of undeclared type `MiniPooll`
[INFO] [stdout] 
[INFO] [stdout] error: aborting due to 1 previous error
[INFO] [stdout] 
[INFO] [stdout] For more information about this error, try `rustc --explain E0433`.
[INFO] [stdout] Couldn't compile the test.
[INFO] [stdout] ---- src/lib.rs - MiniPooll::join_all (line 181) stdout ----
[INFO] [stdout] error[E0433]: cannot find type `MiniPooll` in this scope
[INFO] [stdout]    --> src/lib.rs:183:20
[INFO] [stdout]     |
[INFO] [stdout] 183 |     let mut pool = MiniPooll::new();
[INFO] [stdout]     |                    ^^^^^^^^^ use of undeclared type `MiniPooll`
[INFO] [stdout] 
[INFO] [stdout] error[E0425]: cannot find function `some_function_1` in this scope
[INFO] [stdout]    --> src/lib.rs:186:11
[INFO] [stdout]     |
[INFO] [stdout] 186 |           some_function_1();
[INFO] [stdout]     |           ^^^^^^^^^^^^^^^ not found in this scope
[INFO] [stdout] 
[INFO] [stdout] error[E0425]: cannot find function `some_function_2` in this scope
[INFO] [stdout]    --> src/lib.rs:190:9
[INFO] [stdout]     |
[INFO] [stdout] 190 |         some_function_2();
[INFO] [stdout]     |         ^^^^^^^^^^^^^^^ not found in this scope
[INFO] [stdout] 
[INFO] [stdout] error: aborting due to 3 previous errors
[INFO] [stdout] 
[INFO] [stdout] Some errors have detailed explanations: E0425, E0433.
[INFO] [stdout] For more information about an error, try `rustc --explain E0425`.
[INFO] [stdout] Couldn't compile the test.
[INFO] [stdout] ---- src/lib.rs - MiniPooll::spawn_with_timeout (line 154) stdout ----
[INFO] [stdout] error: expected identifier, found `:`
[INFO] [stdout]    --> src/lib.rs:161:15
[INFO] [stdout]     |
[INFO] [stdout] 161 |     }, timeout: Duration::from_secs(3));
[INFO] [stdout]     |               ^ expected identifier
[INFO] [stdout] 
[INFO] [stdout] error[E0433]: cannot find type `MiniPooll` in this scope
[INFO] [stdout]    --> src/lib.rs:156:20
[INFO] [stdout]     |
[INFO] [stdout] 156 |     let mut pool = MiniPooll::new();
[INFO] [stdout]     |                    ^^^^^^^^^ use of undeclared type `MiniPooll`
[INFO] [stdout] 
[INFO] [stdout] error: aborting due to 2 previous errors
[INFO] [stdout] 
[INFO] [stdout] For more information about this error, try `rustc --explain E0433`.
[INFO] [stdout] Couldn't compile the test.
[INFO] [stdout] ---- src/lib.rs - MiniPooll::spawn (line 126) stdout ----
[INFO] [stdout] error: expected `;`, found `pool`
[INFO] [stdout]    --> src/lib.rs:140:7
[INFO] [stdout]     |
[INFO] [stdout] 140 |     })
[INFO] [stdout]     |       ^ help: add `;` here
[INFO] [stdout] 141 |  
[INFO] [stdout] 142 |     pool.join_all();
[INFO] [stdout]     |     ---- unexpected token
[INFO] [stdout] 
[INFO] [stdout] error[E0433]: cannot find type `MiniPooll` in this scope
[INFO] [stdout]    --> src/lib.rs:128:20
[INFO] [stdout]     |
[INFO] [stdout] 128 |     let mut pool = MiniPooll::new();
[INFO] [stdout]     |                    ^^^^^^^^^ use of undeclared type `MiniPooll`
[INFO] [stdout] 
[INFO] [stdout] error: aborting due to 2 previous errors
[INFO] [stdout] 
[INFO] [stdout] For more information about this error, try `rustc --explain E0433`.
[INFO] [stdout] Couldn't compile the test.
[INFO] [stdout] 
[INFO] [stdout] failures:
[INFO] [stdout]     src/lib.rs - MiniPooll (line 100)
[INFO] [stdout]     src/lib.rs - MiniPooll::join_all (line 181)
[INFO] [stdout]     src/lib.rs - MiniPooll::spawn (line 126)
[INFO] [stdout]     src/lib.rs - MiniPooll::spawn_with_timeout (line 154)
[INFO] [stdout]     src/lib.rs - MiniPoollBuilder (line 9)
[INFO] [stdout] 
[INFO] [stdout] test result: FAILED. 0 passed; 5 failed; 0 ignored; 0 measured; 0 filtered out; finished in 0.16s
[INFO] [stdout] 
[INFO] [stdout] all doctests ran in 0.24s; merged doctests compilation took 0.07s
[INFO] [stderr] error: doctest failed, to rerun pass `--doc`
[INFO] running `Command { std: "docker" "inspect" "1dd82aa9037e16a1c884fc875f32bf205736427968a4b4df928d38eb27e2374e", kill_on_drop: false }`
[INFO] running `Command { std: "docker" "rm" "-f" "1dd82aa9037e16a1c884fc875f32bf205736427968a4b4df928d38eb27e2374e", kill_on_drop: false }`
[INFO] [stdout] 1dd82aa9037e16a1c884fc875f32bf205736427968a4b4df928d38eb27e2374e
