[INFO] fetching crate minigrep_negev 0.1.0...
[INFO] testing minigrep_negev-0.1.0 against 1.100.0-beta.1+cargoflags=--release for beta-release-1.100-2
[INFO] extracting crate minigrep_negev 0.1.0 into /workspace/builds/worker-6-tc2/source
[INFO] started tweaking crates.io crate minigrep_negev 0.1.0
[INFO] finished tweaking crates.io crate minigrep_negev 0.1.0
[INFO] tweaked toml for crates.io crate minigrep_negev 0.1.0 written to /workspace/builds/worker-6-tc2/source/Cargo.toml
[INFO] validating manifest of crates.io crate minigrep_negev 0.1.0 on toolchain 1.100.0-beta.1
[INFO] running `Command { std: CARGO_HOME="/workspace/cargo-home" RUSTUP_HOME="/workspace/rustup-home" "/workspace/cargo-home/bin/cargo" "+1.100.0-beta.1" "metadata" "--manifest-path" "Cargo.toml" "--no-deps", kill_on_drop: false }`
[INFO] crate crates.io crate minigrep_negev 0.1.0 already has a lockfile, it will not be regenerated
[INFO] running `Command { std: CARGO_HOME="/workspace/cargo-home" RUSTUP_HOME="/workspace/rustup-home" "/workspace/cargo-home/bin/cargo" "+1.100.0-beta.1" "fetch" "--manifest-path" "Cargo.toml", kill_on_drop: false }`
[INFO] running `Command { std: "docker" "create" "-v" "/var/lib/crater-agent-workspace/builds/worker-6-tc2/source:/opt/rustwide/workdir:ro,Z" "-v" "/var/lib/crater-agent-workspace/builds/worker-6-tc2/target:/opt/rustwide/target:rw,Z" "-v" "/var/lib/crater-agent-workspace/cargo-home:/opt/rustwide/cargo-home:ro,Z" "-v" "/var/lib/crater-agent-workspace/rustup-home:/opt/rustwide/rustup-home:ro,Z" "-m" "1610612736" "--network" "none" "ghcr.io/rust-lang/crates-build-env/linux@sha256:77db811e55d90add9212f6832c23229e3de5f1c1f9905e8cb07319ea15df73ac" "sleep" "infinity", kill_on_drop: false }`
[INFO] [stdout] 36cfc3d024d33cd12a7b8f903b6e47be7070ee50e0fc18e0cb547de0f278536d
[INFO] running `Command { std: "docker" "start" "36cfc3d024d33cd12a7b8f903b6e47be7070ee50e0fc18e0cb547de0f278536d", kill_on_drop: false }`
[INFO] running `Command { std: "docker" "inspect" "36cfc3d024d33cd12a7b8f903b6e47be7070ee50e0fc18e0cb547de0f278536d", kill_on_drop: false }`
[INFO] running `Command { std: "docker" "exec" "-e" "SOURCE_DIR=/opt/rustwide/workdir" "-e" "CARGO_HOME=/opt/rustwide/cargo-home" "-e" "RUSTUP_HOME=/opt/rustwide/rustup-home" "-e" "CARGO_TARGET_DIR=/opt/rustwide/target" "-w" "/opt/rustwide/workdir" "--user" "0:0" "36cfc3d024d33cd12a7b8f903b6e47be7070ee50e0fc18e0cb547de0f278536d" "/opt/rustwide/cargo-home/bin/cargo" "+1.100.0-beta.1" "metadata" "--no-deps" "--format-version=1", kill_on_drop: false }`
[INFO] running `Command { std: "docker" "inspect" "36cfc3d024d33cd12a7b8f903b6e47be7070ee50e0fc18e0cb547de0f278536d", kill_on_drop: false }`
[INFO] running `Command { std: "docker" "exec" "-e" "SOURCE_DIR=/opt/rustwide/workdir" "-e" "CARGO_HOME=/opt/rustwide/cargo-home" "-e" "RUSTUP_HOME=/opt/rustwide/rustup-home" "-e" "CARGO_TARGET_DIR=/opt/rustwide/target" "-e" "CARGO_INCREMENTAL=0" "-e" "RUST_BACKTRACE=full" "-e" "RUSTFLAGS=--cap-lints=warn" "-e" "RUSTDOCFLAGS=--cap-lints=warn" "-w" "/opt/rustwide/workdir" "--user" "0:0" "36cfc3d024d33cd12a7b8f903b6e47be7070ee50e0fc18e0cb547de0f278536d" "/opt/rustwide/cargo-home/bin/cargo" "+1.100.0-beta.1" "build" "--frozen" "--message-format=json" "--release", kill_on_drop: false }`
[INFO] [stderr]    Compiling minigrep_negev v0.1.0 (/opt/rustwide/workdir)
[INFO] [stderr]     Finished `release` profile [optimized] target(s) in 0.59s
[INFO] running `Command { std: "docker" "inspect" "36cfc3d024d33cd12a7b8f903b6e47be7070ee50e0fc18e0cb547de0f278536d", kill_on_drop: false }`
[INFO] running `Command { std: "docker" "exec" "-e" "SOURCE_DIR=/opt/rustwide/workdir" "-e" "CARGO_HOME=/opt/rustwide/cargo-home" "-e" "RUSTUP_HOME=/opt/rustwide/rustup-home" "-e" "CARGO_TARGET_DIR=/opt/rustwide/target" "-e" "CARGO_INCREMENTAL=0" "-e" "RUST_BACKTRACE=full" "-e" "RUSTFLAGS=--cap-lints=warn" "-e" "RUSTDOCFLAGS=--cap-lints=warn" "-w" "/opt/rustwide/workdir" "--user" "0:0" "36cfc3d024d33cd12a7b8f903b6e47be7070ee50e0fc18e0cb547de0f278536d" "/opt/rustwide/cargo-home/bin/cargo" "+1.100.0-beta.1" "test" "--frozen" "--no-run" "--message-format=json" "--release", kill_on_drop: false }`
[INFO] [stderr]    Compiling minigrep_negev v0.1.0 (/opt/rustwide/workdir)
[INFO] [stderr]     Finished `release` profile [optimized] target(s) in 0.60s
[INFO] running `Command { std: "docker" "inspect" "36cfc3d024d33cd12a7b8f903b6e47be7070ee50e0fc18e0cb547de0f278536d", kill_on_drop: false }`
[INFO] running `Command { std: "docker" "exec" "-e" "SOURCE_DIR=/opt/rustwide/workdir" "-e" "CARGO_HOME=/opt/rustwide/cargo-home" "-e" "RUSTUP_HOME=/opt/rustwide/rustup-home" "-e" "CARGO_TARGET_DIR=/opt/rustwide/target" "-e" "CARGO_INCREMENTAL=0" "-e" "RUST_BACKTRACE=full" "-e" "RUSTFLAGS=--cap-lints=warn" "-e" "RUSTDOCFLAGS=--cap-lints=warn" "-w" "/opt/rustwide/workdir" "--user" "0:0" "36cfc3d024d33cd12a7b8f903b6e47be7070ee50e0fc18e0cb547de0f278536d" "/opt/rustwide/cargo-home/bin/cargo" "+1.100.0-beta.1" "test" "--frozen" "--release", kill_on_drop: false }`
[INFO] [stderr]     Finished `release` profile [optimized] target(s) in 0.02s
[INFO] [stderr]      Running unittests src/lib.rs (/opt/rustwide/target/release/build/minigrep_negev/86cde42805e3b2dd/out/minigrep_negev-86cde42805e3b2dd)
[INFO] [stdout] 
[INFO] [stdout] running 2 tests
[INFO] [stdout] test tests::case_sensitive ... ok
[INFO] [stdout] test tests::case_insensitive ... FAILED
[INFO] [stderr] error: test failed, to rerun pass `--lib`
[INFO] [stdout] 
[INFO] [stdout] failures:
[INFO] [stdout] 
[INFO] [stdout] ---- tests::case_insensitive stdout ----
[INFO] [stdout] 
[INFO] [stdout] thread 'tests::case_insensitive' (200) panicked at src/lib.rs:148:9:
[INFO] [stdout] assertion `left == right` failed
[INFO] [stdout]   left: ["Rust:", "Trust me,"]
[INFO] [stdout]  right: []
[INFO] [stdout] stack backtrace:
[INFO] [stdout]    0:     0x581f153a6ad1 - <<std[617be2ca0a6fd877]::sys::backtrace::BacktraceLock>::print::DisplayBacktrace as core[a373ad73a504971]::fmt::Display>::fmt
[INFO] [stdout]    1:     0x581f153bb5ba - core[a373ad73a504971]::fmt::write
[INFO] [stdout]    2:     0x581f153aacec - <alloc[2e1b2a31b91974c5]::vec::Vec<u8> as core[a373ad73a504971]::io::write::Write>::write_fmt
[INFO] [stdout]    3:     0x581f15382f36 - std[617be2ca0a6fd877]::panicking::default_hook::{closure#0}
[INFO] [stdout]    4:     0x581f1539f169 - std[617be2ca0a6fd877]::panicking::default_hook
[INFO] [stdout]    5:     0x581f1533b810 - test[aada8e7e76ba119b]::test_main_inner::{closure#0}
[INFO] [stdout]    6:     0x581f1539f322 - std[617be2ca0a6fd877]::panicking::panic_with_hook
[INFO] [stdout]    7:     0x581f15382fe2 - std[617be2ca0a6fd877]::panicking::panic_handler::{closure#0}
[INFO] [stdout]    8:     0x581f1537bcf9 - std[617be2ca0a6fd877]::sys::backtrace::__rust_end_short_backtrace::<std[617be2ca0a6fd877]::panicking::panic_handler::{closure#0}, !>
[INFO] [stdout]    9:     0x581f15383bed - __rustc[ea4f61d10b84890b]::rust_begin_unwind
[INFO] [stdout]   10:     0x581f153bbcec - core[a373ad73a504971]::panicking::panic_fmt
[INFO] [stdout]   11:     0x581f153bbc03 - core[a373ad73a504971]::panicking::assert_failed_inner
[INFO] [stdout]   12:     0x581f1532d11a - core[a373ad73a504971]::panicking::assert_failed::<alloc[2e1b2a31b91974c5]::vec::Vec<&str>, alloc[2e1b2a31b91974c5]::vec::Vec<&str>>
[INFO] [stdout]   13:     0x581f1532eb3b - <minigrep_negev[fad0d69d7a096f22]::tests::case_insensitive::{closure#0} as core[a373ad73a504971]::ops::function::FnOnce<()>>::call_once
[INFO] [stdout]   14:     0x581f1532ec5b - test[aada8e7e76ba119b]::__rust_begin_short_backtrace::<core[a373ad73a504971]::result::Result<(), alloc[2e1b2a31b91974c5]::string::String>, fn() -> core[a373ad73a504971]::result::Result<(), alloc[2e1b2a31b91974c5]::string::String>>
[INFO] [stdout]   15:     0x581f1533be35 - test[aada8e7e76ba119b]::run_test::{closure#0}
[INFO] [stdout]   16:     0x581f15335724 - std[617be2ca0a6fd877]::sys::backtrace::__rust_begin_short_backtrace::<test[aada8e7e76ba119b]::run_test::{closure#1}, ()>
[INFO] [stdout]   17:     0x581f1533eec2 - <std[617be2ca0a6fd877]::thread::lifecycle::spawn_unchecked<test[aada8e7e76ba119b]::run_test::{closure#1}, ()>::{closure#1} as core[a373ad73a504971]::ops::function::FnOnce<()>>::call_once::{shim:vtable#0}
[INFO] [stdout]   18:     0x581f153a632f - <std[617be2ca0a6fd877]::sys::thread::unix::Thread>::new::thread_start
[INFO] [stdout]   19:     0x76410ae72dfa - <unknown>
[INFO] [stdout]   20:     0x76410af063d4 - clone
[INFO] [stdout]   21:                0x0 - <unknown>
[INFO] [stdout] 
[INFO] [stdout] 
[INFO] [stdout] failures:
[INFO] [stdout]     tests::case_insensitive
[INFO] [stdout] 
[INFO] [stdout] test result: FAILED. 1 passed; 1 failed; 0 ignored; 0 measured; 0 filtered out; finished in 0.00s
[INFO] [stdout] 
[INFO] running `Command { std: "docker" "inspect" "36cfc3d024d33cd12a7b8f903b6e47be7070ee50e0fc18e0cb547de0f278536d", kill_on_drop: false }`
[INFO] running `Command { std: "docker" "rm" "-f" "36cfc3d024d33cd12a7b8f903b6e47be7070ee50e0fc18e0cb547de0f278536d", kill_on_drop: false }`
[INFO] [stdout] 36cfc3d024d33cd12a7b8f903b6e47be7070ee50e0fc18e0cb547de0f278536d
