[INFO] fetching crate mini-vet 1.3.1...
[INFO] testing mini-vet-1.3.1 against 1.99.0-beta.8+cargoflags=--release for beta-release-1.100-2
[INFO] extracting crate mini-vet 1.3.1 into /workspace/builds/worker-5-tc1/source
[INFO] started tweaking crates.io crate mini-vet 1.3.1
[INFO] finished tweaking crates.io crate mini-vet 1.3.1
[INFO] tweaked toml for crates.io crate mini-vet 1.3.1 written to /workspace/builds/worker-5-tc1/source/Cargo.toml
[INFO] validating manifest of crates.io crate mini-vet 1.3.1 on toolchain 1.99.0-beta.8
[INFO] running `Command { std: CARGO_HOME="/workspace/cargo-home" RUSTUP_HOME="/workspace/rustup-home" "/workspace/cargo-home/bin/cargo" "+1.99.0-beta.8" "metadata" "--manifest-path" "Cargo.toml" "--no-deps", kill_on_drop: false }`
[INFO] crate crates.io crate mini-vet 1.3.1 already has a lockfile, it will not be regenerated
[INFO] running `Command { std: CARGO_HOME="/workspace/cargo-home" RUSTUP_HOME="/workspace/rustup-home" "/workspace/cargo-home/bin/cargo" "+1.99.0-beta.8" "fetch" "--manifest-path" "Cargo.toml", kill_on_drop: false }`
[INFO] [stderr]     Blocking waiting for file lock on package cache
[INFO] [stderr]     Updating crates.io index
[INFO] [stderr]  Downloading crates ...
[INFO] [stderr]   Downloaded wasm-bindgen-futures v0.4.58
[INFO] [stderr]   Downloaded reqwest v0.13.1
[INFO] [stderr]   Downloaded rustls-platform-verifier-android v0.1.1
[INFO] [stderr]   Downloaded find-msvc-tools v0.1.8
[INFO] [stderr]   Downloaded openssl-probe v0.2.0
[INFO] [stderr]   Downloaded rustls-platform-verifier v0.6.2
[INFO] [stderr]   Downloaded cc v1.2.53
[INFO] [stderr]   Downloaded env_filter v1.0.1
[INFO] [stderr]   Downloaded env_logger v0.11.10
[INFO] [stderr]   Downloaded iri-string v0.7.10
[INFO] [stderr]   Downloaded webpki-root-certs v1.0.5
[INFO] [stderr]   Downloaded winnow v1.0.2
[INFO] [stderr]   Downloaded aws-lc-rs v1.15.3
[INFO] [stderr]   Downloaded web-sys v0.3.85
[INFO] [stderr]   Downloaded aws-lc-sys v0.36.0
[INFO] running `Command { std: "docker" "create" "-v" "/var/lib/crater-agent-workspace/builds/worker-5-tc1/source:/opt/rustwide/workdir:ro,Z" "-v" "/var/lib/crater-agent-workspace/builds/worker-5-tc1/target:/opt/rustwide/target:rw,Z" "-v" "/var/lib/crater-agent-workspace/cargo-home:/opt/rustwide/cargo-home:ro,Z" "-v" "/var/lib/crater-agent-workspace/rustup-home:/opt/rustwide/rustup-home:ro,Z" "-m" "1610612736" "--network" "none" "ghcr.io/rust-lang/crates-build-env/linux@sha256:77db811e55d90add9212f6832c23229e3de5f1c1f9905e8cb07319ea15df73ac" "sleep" "infinity", kill_on_drop: false }`
[INFO] [stdout] 8aa0d7f45a8502db7fd8f081f67fe057f9e11a83e59e0480389384e8905d7c8c
[INFO] running `Command { std: "docker" "start" "8aa0d7f45a8502db7fd8f081f67fe057f9e11a83e59e0480389384e8905d7c8c", kill_on_drop: false }`
[INFO] running `Command { std: "docker" "inspect" "8aa0d7f45a8502db7fd8f081f67fe057f9e11a83e59e0480389384e8905d7c8c", kill_on_drop: false }`
[INFO] running `Command { std: "docker" "exec" "-e" "SOURCE_DIR=/opt/rustwide/workdir" "-e" "CARGO_HOME=/opt/rustwide/cargo-home" "-e" "RUSTUP_HOME=/opt/rustwide/rustup-home" "-e" "CARGO_TARGET_DIR=/opt/rustwide/target" "-w" "/opt/rustwide/workdir" "--user" "0:0" "8aa0d7f45a8502db7fd8f081f67fe057f9e11a83e59e0480389384e8905d7c8c" "/opt/rustwide/cargo-home/bin/cargo" "+1.99.0-beta.8" "metadata" "--no-deps" "--format-version=1", kill_on_drop: false }`
[INFO] running `Command { std: "docker" "inspect" "8aa0d7f45a8502db7fd8f081f67fe057f9e11a83e59e0480389384e8905d7c8c", kill_on_drop: false }`
[INFO] running `Command { std: "docker" "exec" "-e" "SOURCE_DIR=/opt/rustwide/workdir" "-e" "CARGO_HOME=/opt/rustwide/cargo-home" "-e" "RUSTUP_HOME=/opt/rustwide/rustup-home" "-e" "CARGO_TARGET_DIR=/opt/rustwide/target" "-e" "CARGO_INCREMENTAL=0" "-e" "RUST_BACKTRACE=full" "-e" "RUSTFLAGS=--cap-lints=warn" "-e" "RUSTDOCFLAGS=--cap-lints=warn" "-w" "/opt/rustwide/workdir" "--user" "0:0" "8aa0d7f45a8502db7fd8f081f67fe057f9e11a83e59e0480389384e8905d7c8c" "/opt/rustwide/cargo-home/bin/cargo" "+1.99.0-beta.8" "build" "--frozen" "--message-format=json" "--release", kill_on_drop: false }`
[INFO] [stderr]    Compiling libc v0.2.186
[INFO] [stderr]    Compiling zerofrom-derive v0.1.6
[INFO] [stderr]    Compiling yoke-derive v0.8.1
[INFO] [stderr]    Compiling find-msvc-tools v0.1.8
[INFO] [stderr]    Compiling bytes v1.11.0
[INFO] [stderr]    Compiling zerovec-derive v0.11.2
[INFO] [stderr]    Compiling fs_extra v1.3.0
[INFO] [stderr]    Compiling dunce v1.0.5
[INFO] [stderr]    Compiling futures-sink v0.3.32
[INFO] [stderr]    Compiling slab v0.4.12
[INFO] [stderr]    Compiling aws-lc-rs v1.15.3
[INFO] [stderr]    Compiling itoa v1.0.17
[INFO] [stderr]    Compiling futures-macro v0.3.32
[INFO] [stderr]    Compiling litemap v0.8.1
[INFO] [stderr]    Compiling socket2 v0.6.1
[INFO] [stderr]    Compiling mio v1.1.1
[INFO] [stderr]    Compiling futures-channel v0.3.32
[INFO] [stderr]    Compiling memchr v2.8.0
[INFO] [stderr]    Compiling futures-task v0.3.32
[INFO] [stderr]    Compiling writeable v0.6.2
[INFO] [stderr]    Compiling serde_core v1.0.228
[INFO] [stderr]    Compiling futures-io v0.3.32
[INFO] [stderr]    Compiling rustls-pki-types v1.14.0
[INFO] [stderr]    Compiling icu_normalizer_data v2.1.1
[INFO] [stderr]    Compiling icu_properties_data v2.1.2
[INFO] [stderr]    Compiling hashbrown v0.17.0
[INFO] [stderr]    Compiling rustls v0.23.36
[INFO] [stderr]    Compiling fnv v1.0.7
[INFO] [stderr]    Compiling pin-utils v0.1.0
[INFO] [stderr]    Compiling ipnet v2.11.0
[INFO] [stderr]    Compiling openssl-probe v0.2.0
[INFO] [stderr]    Compiling tokio v1.49.0
[INFO] [stderr]    Compiling http v1.4.0
[INFO] [stderr]    Compiling zerocopy v0.8.48
[INFO] [stderr]    Compiling getrandom v0.3.4
[INFO] [stderr]    Compiling version_check v0.9.5
[INFO] [stderr]    Compiling rustls-native-certs v0.8.3
[INFO] [stderr]    Compiling form_urlencoded v1.2.2
[INFO] [stderr]    Compiling winnow v1.0.2
[INFO] [stderr]    Compiling iri-string v0.7.10
[INFO] [stderr]    Compiling ahash v0.8.12
[INFO] [stderr]    Compiling bitflags v2.10.0
[INFO] [stderr]    Compiling encoding_rs v0.8.35
[INFO] [stderr]    Compiling mime v0.3.17
[INFO] [stderr]    Compiling toml_writer v1.1.1+spec-1.1.0
[INFO] [stderr]    Compiling futures-util v0.3.32
[INFO] [stderr]    Compiling indexmap v2.14.0
[INFO] [stderr]    Compiling unicase v2.9.0
[INFO] [stderr]    Compiling jobserver v0.1.34
[INFO] [stderr]    Compiling zerofrom v0.1.6
[INFO] [stderr]    Compiling toml_parser v1.1.2+spec-1.1.0
[INFO] [stderr]    Compiling quick-error v2.0.1
[INFO] [stderr]    Compiling yoke v0.8.1
[INFO] [stderr]    Compiling cc v1.2.53
[INFO] [stderr]    Compiling zerovec v0.11.5
[INFO] [stderr]    Compiling zerotrie v0.2.3
[INFO] [stderr]    Compiling http-body v1.0.1
[INFO] [stderr]    Compiling http-body-util v0.1.3
[INFO] [stderr]    Compiling tinystr v0.8.2
[INFO] [stderr]    Compiling potential_utf v0.1.4
[INFO] [stderr]    Compiling icu_collections v2.1.1
[INFO] [stderr]    Compiling icu_locale_core v2.1.1
[INFO] [stderr]    Compiling icu_provider v2.1.1
[INFO] [stderr]    Compiling cmake v0.1.57
[INFO] [stderr]    Compiling icu_normalizer v2.1.1
[INFO] [stderr]    Compiling icu_properties v2.1.2
[INFO] [stderr]    Compiling aws-lc-sys v0.36.0
[INFO] [stderr]    Compiling serde_spanned v1.1.1
[INFO] [stderr]    Compiling toml_datetime v1.1.1+spec-1.1.0
[INFO] [stderr]    Compiling serde v1.0.228
[INFO] [stderr]    Compiling semver v1.0.28
[INFO] [stderr]    Compiling futures-executor v0.3.32
[INFO] [stderr]    Compiling toml v1.1.2+spec-1.1.0
[INFO] [stderr]    Compiling futures v0.3.32
[INFO] [stderr]    Compiling idna_adapter v1.2.1
[INFO] [stderr]    Compiling idna v1.1.0
[INFO] [stderr]    Compiling url v2.5.8
[INFO] [stderr]    Compiling tokio-util v0.7.18
[INFO] [stderr]    Compiling tower v0.5.3
[INFO] [stderr]    Compiling tower-http v0.6.8
[INFO] [stderr]    Compiling h2 v0.4.13
[INFO] [stderr]    Compiling hyper v1.8.1
[INFO] [stderr]    Compiling hyper-util v0.1.19
[INFO] [stderr]    Compiling rustls-webpki v0.103.9
[INFO] [stderr]    Compiling tokio-rustls v0.26.4
[INFO] [stderr]    Compiling rustls-platform-verifier v0.6.2
[INFO] [stderr]    Compiling hyper-rustls v0.27.7
[INFO] [stderr]    Compiling reqwest v0.13.1
[INFO] [stderr]    Compiling mini-vet v1.3.1 (/opt/rustwide/workdir)
[INFO] [stderr]     Finished `release` profile [optimized] target(s) in 1m 52s
[INFO] running `Command { std: "docker" "inspect" "8aa0d7f45a8502db7fd8f081f67fe057f9e11a83e59e0480389384e8905d7c8c", kill_on_drop: false }`
[INFO] running `Command { std: "docker" "exec" "-e" "SOURCE_DIR=/opt/rustwide/workdir" "-e" "CARGO_HOME=/opt/rustwide/cargo-home" "-e" "RUSTUP_HOME=/opt/rustwide/rustup-home" "-e" "CARGO_TARGET_DIR=/opt/rustwide/target" "-e" "CARGO_INCREMENTAL=0" "-e" "RUST_BACKTRACE=full" "-e" "RUSTFLAGS=--cap-lints=warn" "-e" "RUSTDOCFLAGS=--cap-lints=warn" "-w" "/opt/rustwide/workdir" "--user" "0:0" "8aa0d7f45a8502db7fd8f081f67fe057f9e11a83e59e0480389384e8905d7c8c" "/opt/rustwide/cargo-home/bin/cargo" "+1.99.0-beta.8" "test" "--frozen" "--no-run" "--message-format=json" "--release", kill_on_drop: false }`
[INFO] [stderr]    Compiling tokio-macros v2.6.0
[INFO] [stderr]    Compiling log v0.4.29
[INFO] [stderr]    Compiling rustls-platform-verifier v0.6.2
[INFO] [stderr]    Compiling env_filter v1.0.1
[INFO] [stderr]    Compiling env_logger v0.11.10
[INFO] [stderr]    Compiling tokio v1.49.0
[INFO] [stderr]    Compiling tokio-util v0.7.18
[INFO] [stderr]    Compiling tokio-rustls v0.26.4
[INFO] [stderr]    Compiling tower v0.5.3
[INFO] [stderr]    Compiling tower-http v0.6.8
[INFO] [stderr]    Compiling h2 v0.4.13
[INFO] [stderr]    Compiling hyper v1.8.1
[INFO] [stderr]    Compiling hyper-util v0.1.19
[INFO] [stderr]    Compiling hyper-rustls v0.27.7
[INFO] [stderr]    Compiling reqwest v0.13.1
[INFO] [stderr]    Compiling mini-vet v1.3.1 (/opt/rustwide/workdir)
[INFO] [stderr]     Finished `release` profile [optimized] target(s) in 32.32s
[INFO] running `Command { std: "docker" "inspect" "8aa0d7f45a8502db7fd8f081f67fe057f9e11a83e59e0480389384e8905d7c8c", kill_on_drop: false }`
[INFO] running `Command { std: "docker" "exec" "-e" "SOURCE_DIR=/opt/rustwide/workdir" "-e" "CARGO_HOME=/opt/rustwide/cargo-home" "-e" "RUSTUP_HOME=/opt/rustwide/rustup-home" "-e" "CARGO_TARGET_DIR=/opt/rustwide/target" "-e" "CARGO_INCREMENTAL=0" "-e" "RUST_BACKTRACE=full" "-e" "RUSTFLAGS=--cap-lints=warn" "-e" "RUSTDOCFLAGS=--cap-lints=warn" "-w" "/opt/rustwide/workdir" "--user" "0:0" "8aa0d7f45a8502db7fd8f081f67fe057f9e11a83e59e0480389384e8905d7c8c" "/opt/rustwide/cargo-home/bin/cargo" "+1.99.0-beta.8" "test" "--frozen" "--release", kill_on_drop: false }`
[INFO] [stderr]     Finished `release` profile [optimized] target(s) in 0.16s
[INFO] [stderr]      Running unittests src/vet.rs (/opt/rustwide/target/release/deps/mini_vet-5a4b95b79440bad5)
[INFO] [stdout] 
[INFO] [stdout] running 1 test
[INFO] [stderr] [ERROR mini_vet] Some(reqwest::Error { kind: Request, url: "https://raw.githubusercontent.com/bholley/cargo-vet/main/registry.toml", source: hyper_util::client::legacy::Error(Connect, ConnectError("dns error", Custom { kind: Uncategorized, error: "failed to lookup address information: Temporary failure in name resolution" })) })
[INFO] [stdout] test vetload ... FAILED
[INFO] [stdout] 
[INFO] [stdout] failures:
[INFO] [stdout] 
[INFO] [stdout] ---- vetload stdout ----
[INFO] [stdout] 
[INFO] [stdout] thread 'vetload' (3082) panicked at src/vet.rs:761:8:
[INFO] [stdout] called `Result::unwrap()` on an `Err` value: Req(reqwest::Error { kind: Request, url: "https://raw.githubusercontent.com/bholley/cargo-vet/main/registry.toml", source: hyper_util::client::legacy::Error(Connect, ConnectError("dns error", Custom { kind: Uncategorized, error: "failed to lookup address information: Temporary failure in name resolution" })) })
[INFO] [stdout] stack backtrace:
[INFO] [stdout]    0:     0x5c15e23e0261 - <<std[70759c8f55707aa4]::sys::backtrace::BacktraceLock>::print::DisplayBacktrace as core[df12db4294e9bfd3]::fmt::Display>::fmt
[INFO] [stdout]    1:     0x5c15e23f7a1a - core[df12db4294e9bfd3]::fmt::write
[INFO] [stdout]    2:     0x5c15e23e525c - <alloc[2182bb758b4b3781]::vec::Vec<u8> as core[df12db4294e9bfd3]::io::write::Write>::write_fmt
[INFO] [stdout]    3:     0x5c15e23bafd6 - std[70759c8f55707aa4]::panicking::default_hook::{closure#0}
[INFO] [stdout]    4:     0x5c15e23d7f79 - std[70759c8f55707aa4]::panicking::default_hook
[INFO] [stdout]    5:     0x5c15e234f020 - test[9d35eded1c95d3be]::test_main_inner::<test[9d35eded1c95d3be]::test_main_static::{closure#0}>::{closure#0}
[INFO] [stdout]    6:     0x5c15e23d82a2 - std[70759c8f55707aa4]::panicking::panic_with_hook
[INFO] [stdout]    7:     0x5c15e23bb082 - std[70759c8f55707aa4]::panicking::panic_handler::{closure#0}
[INFO] [stdout]    8:     0x5c15e23b3c89 - std[70759c8f55707aa4]::sys::backtrace::__rust_end_short_backtrace::<std[70759c8f55707aa4]::panicking::panic_handler::{closure#0}, !>
[INFO] [stdout]    9:     0x5c15e23bbe6d - __rustc[8fa7c3cbc660c2b3]::rust_begin_unwind
[INFO] [stdout]   10:     0x5c15e23f81bc - core[df12db4294e9bfd3]::panicking::panic_fmt
[INFO] [stdout]   11:     0x5c15e23f7f92 - core[df12db4294e9bfd3]::result::unwrap_failed
[INFO] [stdout]   12:     0x5c15e1f1401b - mini_vet[aac12c8236c1ee3]::vetload::{closure#0}
[INFO] [stdout]   13:     0x5c15e1f31b9a - <tokio[5679e8272a97b8cd]::runtime::park::CachedParkThread>::block_on::<core[df12db4294e9bfd3]::pin::Pin<&mut dyn core[df12db4294e9bfd3]::future::future::Future<Output = ()>>>
[INFO] [stdout]   14:     0x5c15e1f3a255 - <tokio[5679e8272a97b8cd]::runtime::runtime::Runtime>::block_on::<core[df12db4294e9bfd3]::pin::Pin<&mut dyn core[df12db4294e9bfd3]::future::future::Future<Output = ()>>>
[INFO] [stdout]   15:     0x5c15e1f147ee - <mini_vet[aac12c8236c1ee3]::vetload::{closure#0} as core[df12db4294e9bfd3]::ops::function::FnOnce<()>>::call_once
[INFO] [stdout]   16:     0x5c15e234230b - test[9d35eded1c95d3be]::__rust_begin_short_backtrace::<core[df12db4294e9bfd3]::result::Result<(), alloc[2182bb758b4b3781]::string::String>, fn() -> core[df12db4294e9bfd3]::result::Result<(), alloc[2182bb758b4b3781]::string::String>>
[INFO] [stdout]   17:     0x5c15e234f975 - test[9d35eded1c95d3be]::run_test::{closure#0}
[INFO] [stdout]   18:     0x5c15e2349234 - std[70759c8f55707aa4]::sys::backtrace::__rust_begin_short_backtrace::<test[9d35eded1c95d3be]::run_test::{closure#1}, ()>
[INFO] [stdout]   19:     0x5c15e2352ad2 - <std[70759c8f55707aa4]::thread::lifecycle::spawn_unchecked<test[9d35eded1c95d3be]::run_test::{closure#1}, ()>::{closure#1} as core[df12db4294e9bfd3]::ops::function::FnOnce<()>>::call_once::{shim:vtable#0}
[INFO] [stdout]   20:     0x5c15e23df789 - <std[70759c8f55707aa4]::sys::thread::unix::Thread>::new::thread_start
[INFO] [stdout]   21:     0x7fa10e33fdfa - <unknown>
[INFO] [stdout]   22:     0x7fa10e3d33d4 - clone
[INFO] [stdout]   23:                0x0 - <unknown>
[INFO] [stdout] 
[INFO] [stdout] 
[INFO] [stdout] failures:
[INFO] [stdout]     vetload
[INFO] [stdout] 
[INFO] [stdout] test result: FAILED. 0 passed; 1 failed; 0 ignored; 0 measured; 0 filtered out; finished in 1.69s
[INFO] [stdout] 
[INFO] [stderr] error: test failed, to rerun pass `--lib`
[INFO] running `Command { std: "docker" "inspect" "8aa0d7f45a8502db7fd8f081f67fe057f9e11a83e59e0480389384e8905d7c8c", kill_on_drop: false }`
[INFO] running `Command { std: "docker" "rm" "-f" "8aa0d7f45a8502db7fd8f081f67fe057f9e11a83e59e0480389384e8905d7c8c", kill_on_drop: false }`
[INFO] [stdout] 8aa0d7f45a8502db7fd8f081f67fe057f9e11a83e59e0480389384e8905d7c8c
