[INFO] fetching crate mini-build 0.1.0...
[INFO] testing mini-build-0.1.0 against 1.100.0-beta.1+cargoflags=--release for beta-release-1.100-2
[INFO] extracting crate mini-build 0.1.0 into /workspace/builds/worker-4-tc2/source
[INFO] started tweaking crates.io crate mini-build 0.1.0
[INFO] removed 0 missing tests
[INFO] finished tweaking crates.io crate mini-build 0.1.0
[INFO] tweaked toml for crates.io crate mini-build 0.1.0 written to /workspace/builds/worker-4-tc2/source/Cargo.toml
[INFO] validating manifest of crates.io crate mini-build 0.1.0 on toolchain 1.100.0-beta.1
[INFO] running `Command { std: CARGO_HOME="/workspace/cargo-home" RUSTUP_HOME="/workspace/rustup-home" "/workspace/cargo-home/bin/cargo" "+1.100.0-beta.1" "metadata" "--manifest-path" "Cargo.toml" "--no-deps", kill_on_drop: false }`
[INFO] crate crates.io crate mini-build 0.1.0 already has a lockfile, it will not be regenerated
[INFO] running `Command { std: CARGO_HOME="/workspace/cargo-home" RUSTUP_HOME="/workspace/rustup-home" "/workspace/cargo-home/bin/cargo" "+1.100.0-beta.1" "fetch" "--manifest-path" "Cargo.toml", kill_on_drop: false }`
[INFO] [stderr] warning: `package.homepage` is redundant with `package.repository`
[INFO] [stderr]   --> Cargo.toml:37:12
[INFO] [stderr]    |
[INFO] [stderr] 37 | homepage = "https://gitlab.com/makeitmini/build"
[INFO] [stderr]    |            ^^^^^^^^^^^^^^^^^^^^^^^^^^^^^^^^^^^^^
[INFO] [stderr] ...
[INFO] [stderr] 41 | repository = "https://gitlab.com/makeitmini/build"
[INFO] [stderr]    |              -------------------------------------
[INFO] [stderr]    |
[INFO] [stderr]    = note: `cargo::redundant_homepage` is set to `warn` by default
[INFO] [stderr] help: consider removing `package.homepage`
[INFO] [stderr] warning: `mini-build` (manifest) generated 1 warning
[INFO] running `Command { std: "docker" "create" "-v" "/var/lib/crater-agent-workspace/builds/worker-4-tc2/source:/opt/rustwide/workdir:ro,Z" "-v" "/var/lib/crater-agent-workspace/builds/worker-4-tc2/target:/opt/rustwide/target:rw,Z" "-v" "/var/lib/crater-agent-workspace/cargo-home:/opt/rustwide/cargo-home:ro,Z" "-v" "/var/lib/crater-agent-workspace/rustup-home:/opt/rustwide/rustup-home:ro,Z" "-m" "1610612736" "--network" "none" "ghcr.io/rust-lang/crates-build-env/linux@sha256:77db811e55d90add9212f6832c23229e3de5f1c1f9905e8cb07319ea15df73ac" "sleep" "infinity", kill_on_drop: false }`
[INFO] [stdout] 26674bb31cd655ee5555254765628e59f66b0f728bc7e6436d977321a1585b20
[INFO] running `Command { std: "docker" "start" "26674bb31cd655ee5555254765628e59f66b0f728bc7e6436d977321a1585b20", kill_on_drop: false }`
[INFO] running `Command { std: "docker" "inspect" "26674bb31cd655ee5555254765628e59f66b0f728bc7e6436d977321a1585b20", kill_on_drop: false }`
[INFO] running `Command { std: "docker" "exec" "-e" "SOURCE_DIR=/opt/rustwide/workdir" "-e" "CARGO_HOME=/opt/rustwide/cargo-home" "-e" "RUSTUP_HOME=/opt/rustwide/rustup-home" "-e" "CARGO_TARGET_DIR=/opt/rustwide/target" "-w" "/opt/rustwide/workdir" "--user" "0:0" "26674bb31cd655ee5555254765628e59f66b0f728bc7e6436d977321a1585b20" "/opt/rustwide/cargo-home/bin/cargo" "+1.100.0-beta.1" "metadata" "--no-deps" "--format-version=1", kill_on_drop: false }`
[INFO] running `Command { std: "docker" "inspect" "26674bb31cd655ee5555254765628e59f66b0f728bc7e6436d977321a1585b20", kill_on_drop: false }`
[INFO] running `Command { std: "docker" "exec" "-e" "SOURCE_DIR=/opt/rustwide/workdir" "-e" "CARGO_HOME=/opt/rustwide/cargo-home" "-e" "RUSTUP_HOME=/opt/rustwide/rustup-home" "-e" "CARGO_TARGET_DIR=/opt/rustwide/target" "-e" "CARGO_INCREMENTAL=0" "-e" "RUST_BACKTRACE=full" "-e" "RUSTFLAGS=--cap-lints=warn" "-e" "RUSTDOCFLAGS=--cap-lints=warn" "-w" "/opt/rustwide/workdir" "--user" "0:0" "26674bb31cd655ee5555254765628e59f66b0f728bc7e6436d977321a1585b20" "/opt/rustwide/cargo-home/bin/cargo" "+1.100.0-beta.1" "build" "--frozen" "--message-format=json" "--release", kill_on_drop: false }`
[INFO] [stderr] warning: `package.homepage` is redundant with `package.repository`
[INFO] [stderr]   --> Cargo.toml:37:12
[INFO] [stderr]    |
[INFO] [stderr] 37 | homepage = "https://gitlab.com/makeitmini/build"
[INFO] [stderr]    |            ^^^^^^^^^^^^^^^^^^^^^^^^^^^^^^^^^^^^^
[INFO] [stderr] ...
[INFO] [stderr] 41 | repository = "https://gitlab.com/makeitmini/build"
[INFO] [stderr]    |              -------------------------------------
[INFO] [stderr]    |
[INFO] [stderr]    = note: `cargo::redundant_homepage` is set to `warn` by default
[INFO] [stderr] help: consider removing `package.homepage`
[INFO] [stderr] warning: `mini-build` (manifest) generated 1 warning
[INFO] [stderr]    Compiling mini-build v0.1.0 (/opt/rustwide/workdir)
[INFO] [stderr]     Finished `release` profile [optimized] target(s) in 2.22s
[INFO] running `Command { std: "docker" "inspect" "26674bb31cd655ee5555254765628e59f66b0f728bc7e6436d977321a1585b20", kill_on_drop: false }`
[INFO] running `Command { std: "docker" "exec" "-e" "SOURCE_DIR=/opt/rustwide/workdir" "-e" "CARGO_HOME=/opt/rustwide/cargo-home" "-e" "RUSTUP_HOME=/opt/rustwide/rustup-home" "-e" "CARGO_TARGET_DIR=/opt/rustwide/target" "-e" "CARGO_INCREMENTAL=0" "-e" "RUST_BACKTRACE=full" "-e" "RUSTFLAGS=--cap-lints=warn" "-e" "RUSTDOCFLAGS=--cap-lints=warn" "-w" "/opt/rustwide/workdir" "--user" "0:0" "26674bb31cd655ee5555254765628e59f66b0f728bc7e6436d977321a1585b20" "/opt/rustwide/cargo-home/bin/cargo" "+1.100.0-beta.1" "test" "--frozen" "--no-run" "--message-format=json" "--release", kill_on_drop: false }`
[INFO] [stderr] warning: `package.homepage` is redundant with `package.repository`
[INFO] [stderr]   --> Cargo.toml:37:12
[INFO] [stderr]    |
[INFO] [stderr] 37 | homepage = "https://gitlab.com/makeitmini/build"
[INFO] [stderr]    |            ^^^^^^^^^^^^^^^^^^^^^^^^^^^^^^^^^^^^^
[INFO] [stderr] ...
[INFO] [stderr] 41 | repository = "https://gitlab.com/makeitmini/build"
[INFO] [stderr]    |              -------------------------------------
[INFO] [stderr]    |
[INFO] [stderr]    = note: `cargo::redundant_homepage` is set to `warn` by default
[INFO] [stderr] help: consider removing `package.homepage`
[INFO] [stderr] warning: `mini-build` (manifest) generated 1 warning
[INFO] [stderr]    Compiling unicode-ident v1.0.24
[INFO] [stderr]    Compiling libc v0.2.189
[INFO] [stderr]    Compiling itoa v1.0.18
[INFO] [stderr]    Compiling serde_core v1.0.229
[INFO] [stderr]    Compiling bytes v1.12.1
[INFO] [stderr]    Compiling zerocopy v0.8.56
[INFO] [stderr]    Compiling serde v1.0.229
[INFO] [stderr]    Compiling futures-core v0.3.34
[INFO] [stderr]    Compiling pin-project-lite v0.2.17
[INFO] [stderr]    Compiling zmij v1.0.23
[INFO] [stderr]    Compiling autocfg v1.5.1
[INFO] [stderr]    Compiling serde_json v1.0.151
[INFO] [stderr]    Compiling either v1.17.0
[INFO] [stderr]    Compiling getrandom v0.4.3
[INFO] [stderr]    Compiling anstyle v1.0.14
[INFO] [stderr]    Compiling smallvec v1.15.2
[INFO] [stderr]    Compiling proc-macro2 v1.0.107
[INFO] [stderr]    Compiling httpdate v1.0.3
[INFO] [stderr]    Compiling futures-channel v0.3.34
[INFO] [stderr]    Compiling regex-syntax v0.8.11
[INFO] [stderr]    Compiling clap_lex v1.1.0
[INFO] [stderr]    Compiling memchr v2.8.3
[INFO] [stderr]    Compiling clap_builder v4.6.6
[INFO] [stderr]    Compiling once_cell v1.21.4
[INFO] [stderr]    Compiling itertools v0.10.5
[INFO] [stderr]    Compiling bitflags v2.13.1
[INFO] [stderr]    Compiling fastrand v2.5.0
[INFO] [stderr]    Compiling rustix v1.1.4
[INFO] [stderr]    Compiling quote v1.0.47
[INFO] [stderr]    Compiling num-traits v0.2.19
[INFO] [stderr]    Compiling syn v3.0.3
[INFO] [stderr]    Compiling syn v2.0.119
[INFO] [stderr]    Compiling http v1.5.0
[INFO] [stderr]    Compiling http-body v1.1.0
[INFO] [stderr]    Compiling http-body-util v0.1.5
[INFO] [stderr]    Compiling clap v4.6.6
[INFO] [stderr]    Compiling errno v0.3.14
[INFO] [stderr]    Compiling socket2 v0.6.5
[INFO] [stderr]    Compiling signal-hook-registry v1.4.8
[INFO] [stderr]    Compiling mio v1.2.2
[INFO] [stderr]    Compiling is-terminal v0.4.17
[INFO] [stderr]    Compiling regex-automata v0.4.18
[INFO] [stderr]    Compiling criterion-plot v0.5.0
[INFO] [stderr]    Compiling tempfile v3.27.0
[INFO] [stderr]    Compiling serde_derive v1.0.229
[INFO] [stderr]    Compiling tokio-macros v2.7.2
[INFO] [stderr]    Compiling zerocopy-derive v0.8.56
[INFO] [stderr]    Compiling tokio v1.53.1
[INFO] [stderr]    Compiling regex v1.13.1
[INFO] [stderr]    Compiling tinytemplate v1.2.1
[INFO] [stderr]    Compiling half v2.7.1
[INFO] [stderr]    Compiling hyper v1.11.0
[INFO] [stderr]    Compiling ciborium-ll v0.2.2
[INFO] [stderr]    Compiling ciborium v0.2.2
[INFO] [stderr]    Compiling criterion v0.5.1
[INFO] [stderr]    Compiling hyper-util v0.1.20
[INFO] [stderr]    Compiling mini-static v0.28.10
[INFO] [stderr]    Compiling mini-build v0.1.0 (/opt/rustwide/workdir)
[INFO] [stderr]     Finished `release` profile [optimized] target(s) in 50.22s
[INFO] running `Command { std: "docker" "inspect" "26674bb31cd655ee5555254765628e59f66b0f728bc7e6436d977321a1585b20", kill_on_drop: false }`
[INFO] running `Command { std: "docker" "exec" "-e" "SOURCE_DIR=/opt/rustwide/workdir" "-e" "CARGO_HOME=/opt/rustwide/cargo-home" "-e" "RUSTUP_HOME=/opt/rustwide/rustup-home" "-e" "CARGO_TARGET_DIR=/opt/rustwide/target" "-e" "CARGO_INCREMENTAL=0" "-e" "RUST_BACKTRACE=full" "-e" "RUSTFLAGS=--cap-lints=warn" "-e" "RUSTDOCFLAGS=--cap-lints=warn" "-w" "/opt/rustwide/workdir" "--user" "0:0" "26674bb31cd655ee5555254765628e59f66b0f728bc7e6436d977321a1585b20" "/opt/rustwide/cargo-home/bin/cargo" "+1.100.0-beta.1" "test" "--frozen" "--release", kill_on_drop: false }`
[INFO] [stderr] warning: `package.homepage` is redundant with `package.repository`
[INFO] [stderr]   --> Cargo.toml:37:12
[INFO] [stderr]    |
[INFO] [stderr] 37 | homepage = "https://gitlab.com/makeitmini/build"
[INFO] [stderr]    |            ^^^^^^^^^^^^^^^^^^^^^^^^^^^^^^^^^^^^^
[INFO] [stderr] ...
[INFO] [stderr] 41 | repository = "https://gitlab.com/makeitmini/build"
[INFO] [stderr]    |              -------------------------------------
[INFO] [stderr]    |
[INFO] [stderr]    = note: `cargo::redundant_homepage` is set to `warn` by default
[INFO] [stderr] help: consider removing `package.homepage`
[INFO] [stderr] warning: `mini-build` (manifest) generated 1 warning
[INFO] [stderr]     Finished `release` profile [optimized] target(s) in 0.08s
[INFO] [stderr]      Running unittests src/lib.rs (/opt/rustwide/target/release/build/mini-build/13a38e586a8da976/out/mini_build-13a38e586a8da976)
[INFO] [stdout] 
[INFO] [stdout] running 53 tests
[INFO] [stdout] test change::tests::broadcaster_delivers_events_to_subscribers ... ok
[INFO] [stdout] test change::tests::broadcaster_tracks_subscriber_count ... ok
[INFO] [stdout] test builder::tests::a_missing_folder_is_an_io_error_not_a_config_error ... ok
[INFO] [stdout] test change::tests::change_type_classifies_by_extension ... ok
[INFO] [stdout] test change::tests::change_type_names_are_stable ... ok
[INFO] [stdout] test builder::tests::a_js_entry_under_a_source_folder_is_accepted ... ok
[INFO] [stdout] test builder::tests::a_source_folder_overlapping_the_output_dir_is_rejected ... ok
[INFO] [stdout] test builder::tests::a_js_entry_outside_every_source_folder_is_rejected ... ok
[INFO] [stdout] test builder::tests::a_missing_tool_binary_fails_before_any_output_is_written ... ok
[INFO] [stdout] test error::tests::an_io_error_converts_preserving_its_kind ... ok
[INFO] [stdout] test builder::tests::two_overlapping_input_folders_are_rejected ... ok
[INFO] [stdout] test css::tests::no_css_files_is_an_error ... ok
[INFO] [stdout] test error::tests::each_variant_names_what_went_wrong ... ok
[INFO] [stdout] test error::tests::only_the_wrapping_variants_expose_a_source ... ok
[INFO] [stdout] test css::tests::a_failing_tool_leaves_previous_bundle_output_untouched ... ok
[INFO] [stdout] test css::tests::bundle_false_minify_false_is_a_passthrough_copy ... ok
[INFO] [stdout] test builder::tests::an_output_dir_inside_a_source_folder_is_rejected ... ok
[INFO] [stdout] test css::tests::per_file_mode_already_minified_skips_the_tool ... ok
[INFO] [stdout] test builder::tests::disjoint_folders_are_accepted ... ok
[INFO] [stdout] test css::tests::per_file_mode_with_minify_false_copies_through_unchanged ... ok
[INFO] [stdout] test builder::tests::a_passthrough_tool_does_not_require_its_binary ... ok
[INFO] [stdout] test js::tests::bundle_false_minify_false_is_a_passthrough_copy ... ok
[INFO] [stdout] test css::tests::per_file_mode_degrades_to_raw_copy_when_the_tool_fails ... ok
[INFO] [stdout] test js::tests::per_file_mode_already_minified_skips_the_tool ... ok
[INFO] [stdout] test js::tests::per_file_mode_with_minify_false_copies_through_unchanged ... ok
[INFO] [stdout] test tool::tests::does_not_locate_a_nonexistent_binary ... ok
[INFO] [stdout] test source::tests::asset_folder_mirrors_every_file_byte_identical_on_full_build ... ok
[INFO] [stdout] test tool::tests::locates_a_binary_known_to_exist_on_path ... ok
[INFO] [stdout] test js::tests::a_failing_bundle_tool_leaves_previous_output_untouched ... ok
[INFO] [stdout] test js::tests::per_file_mode_degrades_to_raw_copy_when_the_tool_fails ... ok
[INFO] [stdout] test source::tests::asset_folder_change_recopies_just_that_file_and_broadcasts ... ok
[INFO] [stdout] test source::tests::no_tool_configured_processes_nothing ... ok
[INFO] [stdout] test source::tests::prune_output_removes_stale_css_bundle_when_no_css_sources_remain ... ok
[INFO] [stdout] test source::tests::without_prune_stale_css_bundle_is_left_in_place ... ok
[INFO] [stdout] test source::tests::css_per_file_mode_mirrors_every_source_file ... ok
[INFO] [stdout] test css::tests::bundle_mode_concatenates_discovered_files_in_sorted_order ... ok
[INFO] [stdout] test tool::tests::maps_missing_binary_to_not_found ... ok
[INFO] [stdout] test source::tests::css_bundle_mode_concatenates_into_the_configured_output_name ... ok
[INFO] [stdout] test tool::tests::maps_nonzero_exit_to_exit_non_zero_with_captured_stderr ... ok
[INFO] [stdout] test tool::tests::succeeds_when_process_writes_output_and_exits_zero ... ok
[INFO] [stdout] test js::tests::bundle_mode_runs_the_tool_against_the_entry ... ok
[INFO] [stdout] test source::tests::js_bundle_mode_writes_the_entry_through_the_tool ... ok
[INFO] [stdout] test tool::tests::zero_exit_with_no_output_file_is_no_output ... ok
[INFO] [stdout] test source::tests::pipeline_does_not_rebroadcast_its_own_output_echo ... ok
[INFO] [stdout] test watch::tests::a_failing_rebuild_reports_through_on_error ... ok
[INFO] [stdout] test watch::tests::a_newly_added_source_is_built ... ok
[INFO] [stdout] test watch::tests::an_edited_source_is_rebuilt_in_per_file_mode ... ok
[INFO] [stdout] test watch::tests::an_edited_source_rebuilds_the_bundle_in_bundle_mode ... ok
[INFO] [stdout] test watch::tests::dropping_the_handle_stops_rebuilding ... ok
[INFO] [stdout] test watch::tests::the_first_pass_does_not_report_pre_existing_files_as_changes ... ok
[INFO] [stdout] test tool::tests::a_timed_out_tool_leaves_no_process_behind ... ok
[INFO] [stdout] test tool::tests::timed_out_process_is_reported ... ok
[INFO] [stdout] test tool::tests::a_hanging_tool_is_killed_at_the_timeout ... FAILED
[INFO] [stdout] 
[INFO] [stdout] failures:
[INFO] [stdout] 
[INFO] [stdout] ---- tool::tests::a_hanging_tool_is_killed_at_the_timeout stdout ----
[INFO] [stdout] 
[INFO] [stdout] thread 'tool::tests::a_hanging_tool_is_killed_at_the_timeout' (1452) panicked at src/../tests/unit/tool.rs:146:5:
[INFO] [stdout] the call returned only after 30.009613232s — the timeout is not bounding anything
[INFO] [stdout] stack backtrace:
[INFO] [stdout]    0:     0x5e62898d46b1 - <<std[617be2ca0a6fd877]::sys::backtrace::BacktraceLock>::print::DisplayBacktrace as core[a373ad73a504971]::fmt::Display>::fmt
[INFO] [stdout]    1:     0x5e62898e8d1a - core[a373ad73a504971]::fmt::write
[INFO] [stdout]    2:     0x5e62898d8c8c - <alloc[2e1b2a31b91974c5]::vec::Vec<u8> as core[a373ad73a504971]::io::write::Write>::write_fmt
[INFO] [stdout]    3:     0x5e62898ad036 - std[617be2ca0a6fd877]::panicking::default_hook::{closure#0}
[INFO] [stdout]    4:     0x5e62898cacb9 - std[617be2ca0a6fd877]::panicking::default_hook
[INFO] [stdout]    5:     0x5e6289863a20 - test[aada8e7e76ba119b]::test_main_inner::{closure#0}
[INFO] [stdout]    6:     0x5e62898cae72 - std[617be2ca0a6fd877]::panicking::panic_with_hook
[INFO] [stdout]    7:     0x5e62898ad0e2 - std[617be2ca0a6fd877]::panicking::panic_handler::{closure#0}
[INFO] [stdout]    8:     0x5e62898a5aa9 - std[617be2ca0a6fd877]::sys::backtrace::__rust_end_short_backtrace::<std[617be2ca0a6fd877]::panicking::panic_handler::{closure#0}, !>
[INFO] [stdout]    9:     0x5e62898adced - __rustc[ea4f61d10b84890b]::rust_begin_unwind
[INFO] [stdout]   10:     0x5e62898e944c - core[a373ad73a504971]::panicking::panic_fmt
[INFO] [stdout]   11:     0x5e62898289b7 - <mini_build[8537a2987a2a61ce]::tool::tests::a_hanging_tool_is_killed_at_the_timeout::{closure#0} as core[a373ad73a504971]::ops::function::FnOnce<()>>::call_once
[INFO] [stdout]   12:     0x5e6289856e6b - test[aada8e7e76ba119b]::__rust_begin_short_backtrace::<core[a373ad73a504971]::result::Result<(), alloc[2e1b2a31b91974c5]::string::String>, fn() -> core[a373ad73a504971]::result::Result<(), alloc[2e1b2a31b91974c5]::string::String>>
[INFO] [stdout]   13:     0x5e6289864045 - test[aada8e7e76ba119b]::run_test::{closure#0}
[INFO] [stdout]   14:     0x5e628985d934 - std[617be2ca0a6fd877]::sys::backtrace::__rust_begin_short_backtrace::<test[aada8e7e76ba119b]::run_test::{closure#1}, ()>
[INFO] [stdout]   15:     0x5e62898670d2 - <std[617be2ca0a6fd877]::thread::lifecycle::spawn_unchecked<test[aada8e7e76ba119b]::run_test::{closure#1}, ()>::{closure#1} as core[a373ad73a504971]::ops::function::FnOnce<()>>::call_once::{shim:vtable#0}
[INFO] [stdout]   16:     0x5e62898d35ff - <std[617be2ca0a6fd877]::sys::thread::unix::Thread>::new::thread_start
[INFO] [stdout]   17:     0x78be7c494dfa - <unknown>
[INFO] [stdout]   18:     0x78be7c5283d4 - clone
[INFO] [stdout]   19:                0x0 - <unknown>
[INFO] [stdout] 
[INFO] [stdout] 
[INFO] [stdout] failures:
[INFO] [stdout]     tool::tests::a_hanging_tool_is_killed_at_the_timeout
[INFO] [stdout] 
[INFO] [stdout] test result: FAILED. 52 passed; 1 failed; 0 ignored; 0 measured; 0 filtered out; finished in 30.02s
[INFO] [stdout] 
[INFO] [stderr] error: test failed, to rerun pass `--lib`
[INFO] running `Command { std: "docker" "inspect" "26674bb31cd655ee5555254765628e59f66b0f728bc7e6436d977321a1585b20", kill_on_drop: false }`
[INFO] running `Command { std: "docker" "rm" "-f" "26674bb31cd655ee5555254765628e59f66b0f728bc7e6436d977321a1585b20", kill_on_drop: false }`
[INFO] [stdout] 26674bb31cd655ee5555254765628e59f66b0f728bc7e6436d977321a1585b20
