[INFO] fetching crate min-rs 0.1.5-alpha.1...
[INFO] testing min-rs-0.1.5-alpha.1 against 1.99.0-beta.8+cargoflags=--release for beta-release-1.100-2
[INFO] extracting crate min-rs 0.1.5-alpha.1 into /workspace/builds/worker-3-tc1/source
[INFO] started tweaking crates.io crate min-rs 0.1.5-alpha.1
[INFO] finished tweaking crates.io crate min-rs 0.1.5-alpha.1
[INFO] tweaked toml for crates.io crate min-rs 0.1.5-alpha.1 written to /workspace/builds/worker-3-tc1/source/Cargo.toml
[INFO] validating manifest of crates.io crate min-rs 0.1.5-alpha.1 on toolchain 1.99.0-beta.8
[INFO] running `Command { std: CARGO_HOME="/workspace/cargo-home" RUSTUP_HOME="/workspace/rustup-home" "/workspace/cargo-home/bin/cargo" "+1.99.0-beta.8" "metadata" "--manifest-path" "Cargo.toml" "--no-deps", kill_on_drop: false }`
[INFO] crate crates.io crate min-rs 0.1.5-alpha.1 already has a lockfile, it will not be regenerated
[INFO] running `Command { std: CARGO_HOME="/workspace/cargo-home" RUSTUP_HOME="/workspace/rustup-home" "/workspace/cargo-home/bin/cargo" "+1.99.0-beta.8" "fetch" "--manifest-path" "Cargo.toml", kill_on_drop: false }`
[INFO] [stderr]     Updating crates.io index
[INFO] [stderr]  Downloading crates ...
[INFO] [stderr]   Downloaded min-rs-config v0.1.3
[INFO] [stderr]   Downloaded cc v1.2.52
[INFO] [stderr]   Downloaded find-msvc-tools v0.1.7
[INFO] running `Command { std: "docker" "create" "-v" "/var/lib/crater-agent-workspace/builds/worker-3-tc1/source:/opt/rustwide/workdir:ro,Z" "-v" "/var/lib/crater-agent-workspace/builds/worker-3-tc1/target:/opt/rustwide/target:rw,Z" "-v" "/var/lib/crater-agent-workspace/cargo-home:/opt/rustwide/cargo-home:ro,Z" "-v" "/var/lib/crater-agent-workspace/rustup-home:/opt/rustwide/rustup-home:ro,Z" "-m" "1610612736" "--network" "none" "ghcr.io/rust-lang/crates-build-env/linux@sha256:77db811e55d90add9212f6832c23229e3de5f1c1f9905e8cb07319ea15df73ac" "sleep" "infinity", kill_on_drop: false }`
[INFO] [stdout] c55c28344f9400f66422875a63f07ce0481e625a42ff614ffbc5b10f9f143c97
[INFO] running `Command { std: "docker" "start" "c55c28344f9400f66422875a63f07ce0481e625a42ff614ffbc5b10f9f143c97", kill_on_drop: false }`
[INFO] running `Command { std: "docker" "inspect" "c55c28344f9400f66422875a63f07ce0481e625a42ff614ffbc5b10f9f143c97", kill_on_drop: false }`
[INFO] running `Command { std: "docker" "exec" "-e" "SOURCE_DIR=/opt/rustwide/workdir" "-e" "CARGO_HOME=/opt/rustwide/cargo-home" "-e" "RUSTUP_HOME=/opt/rustwide/rustup-home" "-e" "CARGO_TARGET_DIR=/opt/rustwide/target" "-w" "/opt/rustwide/workdir" "--user" "0:0" "c55c28344f9400f66422875a63f07ce0481e625a42ff614ffbc5b10f9f143c97" "/opt/rustwide/cargo-home/bin/cargo" "+1.99.0-beta.8" "metadata" "--no-deps" "--format-version=1", kill_on_drop: false }`
[INFO] running `Command { std: "docker" "inspect" "c55c28344f9400f66422875a63f07ce0481e625a42ff614ffbc5b10f9f143c97", kill_on_drop: false }`
[INFO] running `Command { std: "docker" "exec" "-e" "SOURCE_DIR=/opt/rustwide/workdir" "-e" "CARGO_HOME=/opt/rustwide/cargo-home" "-e" "RUSTUP_HOME=/opt/rustwide/rustup-home" "-e" "CARGO_TARGET_DIR=/opt/rustwide/target" "-e" "CARGO_INCREMENTAL=0" "-e" "RUST_BACKTRACE=full" "-e" "RUSTFLAGS=--cap-lints=warn" "-e" "RUSTDOCFLAGS=--cap-lints=warn" "-w" "/opt/rustwide/workdir" "--user" "0:0" "c55c28344f9400f66422875a63f07ce0481e625a42ff614ffbc5b10f9f143c97" "/opt/rustwide/cargo-home/bin/cargo" "+1.99.0-beta.8" "build" "--frozen" "--message-format=json" "--release", kill_on_drop: false }`
[INFO] [stderr]    Compiling find-msvc-tools v0.1.7
[INFO] [stderr]    Compiling typenum v1.19.0
[INFO] [stderr]    Compiling zerocopy v0.8.33
[INFO] [stderr]    Compiling getrandom v0.2.16
[INFO] [stderr]    Compiling openssl-macros v0.1.1
[INFO] [stderr]    Compiling zmij v1.0.12
[INFO] [stderr]    Compiling mio v1.1.1
[INFO] [stderr]    Compiling socket2 v0.6.1
[INFO] [stderr]    Compiling tokio-macros v2.6.0
[INFO] [stderr]    Compiling thiserror-impl v1.0.69
[INFO] [stderr]    Compiling http v0.2.12
[INFO] [stderr]    Compiling futures-macro v0.3.31
[INFO] [stderr]    Compiling byteorder v1.5.0
[INFO] [stderr]    Compiling slab v0.4.11
[INFO] [stderr]    Compiling futures-sink v0.3.31
[INFO] [stderr]    Compiling data-encoding v2.9.0
[INFO] [stderr]    Compiling utf-8 v0.7.6
[INFO] [stderr]    Compiling cc v1.2.52
[INFO] [stderr]    Compiling rand_core v0.6.4
[INFO] [stderr]    Compiling serde_json v1.0.149
[INFO] [stderr]    Compiling tokio v1.49.0
[INFO] [stderr]    Compiling futures-util v0.3.31
[INFO] [stderr]    Compiling generic-array v0.14.7
[INFO] [stderr]    Compiling min-rs-config v0.1.3
[INFO] [stderr]    Compiling thiserror v1.0.69
[INFO] [stderr]    Compiling openssl-sys v0.9.111
[INFO] [stderr]    Compiling openssl v0.10.75
[INFO] [stderr]    Compiling native-tls v0.2.14
[INFO] [stderr]    Compiling block-buffer v0.10.4
[INFO] [stderr]    Compiling crypto-common v0.1.7
[INFO] [stderr]    Compiling digest v0.10.7
[INFO] [stderr]    Compiling sha1 v0.10.6
[INFO] [stderr]    Compiling ppv-lite86 v0.2.21
[INFO] [stderr]    Compiling rand_chacha v0.3.1
[INFO] [stderr]    Compiling rand v0.8.5
[INFO] [stderr]    Compiling tungstenite v0.20.1
[INFO] [stderr]    Compiling tokio-native-tls v0.3.1
[INFO] [stderr]    Compiling tokio-tungstenite v0.20.1
[INFO] [stderr]    Compiling min-rs v0.1.5-alpha.1 (/opt/rustwide/workdir)
[INFO] [stdout] warning: unused import: `mpsc::Sender`
[INFO] [stdout]  --> src/provider.rs:3:26
[INFO] [stdout]   |
[INFO] [stdout] 3 | use tokio::sync::{Mutex, mpsc::Sender};
[INFO] [stdout]   |                          ^^^^^^^^^^^^
[INFO] [stdout]   |
[INFO] [stdout]   = note: `#[warn(unused_imports)]` (part of `#[warn(unused)]`) on by default
[INFO] [stdout] 
[INFO] [stdout] 
[INFO] [stdout] warning: unused variable: `e`
[INFO] [stdout]    --> src/provider.rs:591:22
[INFO] [stdout]     |
[INFO] [stdout] 591 |             Some(Err(e)) => {
[INFO] [stdout]     |                      ^ help: if this is intentional, prefix it with an underscore: `_e`
[INFO] [stdout]     |
[INFO] [stdout]     = note: `#[warn(unused_variables)]` (part of `#[warn(unused)]`) on by default
[INFO] [stdout] 
[INFO] [stdout] 
[INFO] [stdout] warning: unused variable: `e`
[INFO] [stdout]    --> src/provider.rs:604:17
[INFO] [stdout]     |
[INFO] [stdout] 604 |             Err(e) => {
[INFO] [stdout]     |                 ^ help: if this is intentional, prefix it with an underscore: `_e`
[INFO] [stdout] 
[INFO] [stdout] 
[INFO] [stdout] warning: unused variable: `e`
[INFO] [stdout]    --> src/provider.rs:615:21
[INFO] [stdout]     |
[INFO] [stdout] 615 |                 Err(e) => {
[INFO] [stdout]     |                     ^ help: if this is intentional, prefix it with an underscore: `_e`
[INFO] [stdout] 
[INFO] [stdout] 
[INFO] [stdout] warning: variant `Connected` is never constructed
[INFO] [stdout]  --> src/connection_info.rs:6:5
[INFO] [stdout]   |
[INFO] [stdout] 4 | pub enum ConnectionStatus {
[INFO] [stdout]   |          ---------------- variant in this enum
[INFO] [stdout] 5 |     Disconnected,
[INFO] [stdout] 6 |     Connected,
[INFO] [stdout]   |     ^^^^^^^^^
[INFO] [stdout]   |
[INFO] [stdout]   = note: `ConnectionStatus` has derived impls for the traits `Debug` and `Clone`, but these are intentionally ignored during dead code analysis
[INFO] [stdout]   = note: `#[warn(dead_code)]` (part of `#[warn(unused)]`) on by default
[INFO] [stdout] 
[INFO] [stdout] 
[INFO] [stderr]     Finished `release` profile [optimized] target(s) in 28.63s
[INFO] running `Command { std: "docker" "inspect" "c55c28344f9400f66422875a63f07ce0481e625a42ff614ffbc5b10f9f143c97", kill_on_drop: false }`
[INFO] running `Command { std: "docker" "exec" "-e" "SOURCE_DIR=/opt/rustwide/workdir" "-e" "CARGO_HOME=/opt/rustwide/cargo-home" "-e" "RUSTUP_HOME=/opt/rustwide/rustup-home" "-e" "CARGO_TARGET_DIR=/opt/rustwide/target" "-e" "CARGO_INCREMENTAL=0" "-e" "RUST_BACKTRACE=full" "-e" "RUSTFLAGS=--cap-lints=warn" "-e" "RUSTDOCFLAGS=--cap-lints=warn" "-w" "/opt/rustwide/workdir" "--user" "0:0" "c55c28344f9400f66422875a63f07ce0481e625a42ff614ffbc5b10f9f143c97" "/opt/rustwide/cargo-home/bin/cargo" "+1.99.0-beta.8" "test" "--frozen" "--no-run" "--message-format=json" "--release", kill_on_drop: false }`
[INFO] [stderr]    Compiling dotenvy v0.15.7
[INFO] [stdout] warning: unused import: `mpsc::Sender`
[INFO] [stdout]  --> src/provider.rs:3:26
[INFO] [stdout]   |
[INFO] [stdout] 3 | use tokio::sync::{Mutex, mpsc::Sender};
[INFO] [stdout]   |                          ^^^^^^^^^^^^
[INFO] [stdout]   |
[INFO] [stdout]   = note: `#[warn(unused_imports)]` (part of `#[warn(unused)]`) on by default
[INFO] [stdout] 
[INFO] [stdout] 
[INFO] [stdout] warning: unused variable: `e`
[INFO] [stdout]    --> src/provider.rs:591:22
[INFO] [stdout]     |
[INFO] [stdout] 591 |             Some(Err(e)) => {
[INFO] [stdout]     |                      ^ help: if this is intentional, prefix it with an underscore: `_e`
[INFO] [stdout]     |
[INFO] [stdout]     = note: `#[warn(unused_variables)]` (part of `#[warn(unused)]`) on by default
[INFO] [stdout] 
[INFO] [stdout] 
[INFO] [stdout] warning: unused variable: `e`
[INFO] [stdout]    --> src/provider.rs:604:17
[INFO] [stdout]     |
[INFO] [stdout] 604 |             Err(e) => {
[INFO] [stdout]     |                 ^ help: if this is intentional, prefix it with an underscore: `_e`
[INFO] [stdout] 
[INFO] [stdout] 
[INFO] [stdout] warning: unused variable: `e`
[INFO] [stdout]    --> src/provider.rs:615:21
[INFO] [stdout]     |
[INFO] [stdout] 615 |                 Err(e) => {
[INFO] [stdout]     |                     ^ help: if this is intentional, prefix it with an underscore: `_e`
[INFO] [stdout] 
[INFO] [stdout] 
[INFO] [stdout] warning: variant `Connected` is never constructed
[INFO] [stdout]  --> src/connection_info.rs:6:5
[INFO] [stdout]   |
[INFO] [stdout] 4 | pub enum ConnectionStatus {
[INFO] [stdout]   |          ---------------- variant in this enum
[INFO] [stdout] 5 |     Disconnected,
[INFO] [stdout] 6 |     Connected,
[INFO] [stdout]   |     ^^^^^^^^^
[INFO] [stdout]   |
[INFO] [stdout]   = note: `ConnectionStatus` has derived impls for the traits `Debug` and `Clone`, but these are intentionally ignored during dead code analysis
[INFO] [stdout]   = note: `#[warn(dead_code)]` (part of `#[warn(unused)]`) on by default
[INFO] [stdout] 
[INFO] [stdout] 
[INFO] [stderr]    Compiling min-rs v0.1.5-alpha.1 (/opt/rustwide/workdir)
[INFO] [stdout] warning: unused import: `mpsc::Sender`
[INFO] [stdout]  --> src/provider.rs:3:26
[INFO] [stdout]   |
[INFO] [stdout] 3 | use tokio::sync::{Mutex, mpsc::Sender};
[INFO] [stdout]   |                          ^^^^^^^^^^^^
[INFO] [stdout]   |
[INFO] [stdout]   = note: `#[warn(unused_imports)]` (part of `#[warn(unused)]`) on by default
[INFO] [stdout] 
[INFO] [stdout] 
[INFO] [stdout] warning: unused variable: `e`
[INFO] [stdout]    --> src/provider.rs:591:22
[INFO] [stdout]     |
[INFO] [stdout] 591 |             Some(Err(e)) => {
[INFO] [stdout]     |                      ^ help: if this is intentional, prefix it with an underscore: `_e`
[INFO] [stdout]     |
[INFO] [stdout]     = note: `#[warn(unused_variables)]` (part of `#[warn(unused)]`) on by default
[INFO] [stdout] 
[INFO] [stdout] 
[INFO] [stdout] warning: unused variable: `e`
[INFO] [stdout]    --> src/provider.rs:604:17
[INFO] [stdout]     |
[INFO] [stdout] 604 |             Err(e) => {
[INFO] [stdout]     |                 ^ help: if this is intentional, prefix it with an underscore: `_e`
[INFO] [stdout] 
[INFO] [stdout] 
[INFO] [stdout] warning: unused variable: `e`
[INFO] [stdout]    --> src/provider.rs:615:21
[INFO] [stdout]     |
[INFO] [stdout] 615 |                 Err(e) => {
[INFO] [stdout]     |                     ^ help: if this is intentional, prefix it with an underscore: `_e`
[INFO] [stdout] 
[INFO] [stdout] 
[INFO] [stdout] warning: variant `Connected` is never constructed
[INFO] [stdout]  --> src/connection_info.rs:6:5
[INFO] [stdout]   |
[INFO] [stdout] 4 | pub enum ConnectionStatus {
[INFO] [stdout]   |          ---------------- variant in this enum
[INFO] [stdout] 5 |     Disconnected,
[INFO] [stdout] 6 |     Connected,
[INFO] [stdout]   |     ^^^^^^^^^
[INFO] [stdout]   |
[INFO] [stdout]   = note: `ConnectionStatus` has derived impls for the traits `Debug` and `Clone`, but these are intentionally ignored during dead code analysis
[INFO] [stdout]   = note: `#[warn(dead_code)]` (part of `#[warn(unused)]`) on by default
[INFO] [stdout] 
[INFO] [stdout] 
[INFO] [stderr]     Finished `release` profile [optimized] target(s) in 4.35s
[INFO] running `Command { std: "docker" "inspect" "c55c28344f9400f66422875a63f07ce0481e625a42ff614ffbc5b10f9f143c97", kill_on_drop: false }`
[INFO] running `Command { std: "docker" "exec" "-e" "SOURCE_DIR=/opt/rustwide/workdir" "-e" "CARGO_HOME=/opt/rustwide/cargo-home" "-e" "RUSTUP_HOME=/opt/rustwide/rustup-home" "-e" "CARGO_TARGET_DIR=/opt/rustwide/target" "-e" "CARGO_INCREMENTAL=0" "-e" "RUST_BACKTRACE=full" "-e" "RUSTFLAGS=--cap-lints=warn" "-e" "RUSTDOCFLAGS=--cap-lints=warn" "-w" "/opt/rustwide/workdir" "--user" "0:0" "c55c28344f9400f66422875a63f07ce0481e625a42ff614ffbc5b10f9f143c97" "/opt/rustwide/cargo-home/bin/cargo" "+1.99.0-beta.8" "test" "--frozen" "--release", kill_on_drop: false }`
[INFO] [stderr] warning: unused import: `mpsc::Sender`
[INFO] [stderr]  --> src/provider.rs:3:26
[INFO] [stderr]   |
[INFO] [stderr] 3 | use tokio::sync::{Mutex, mpsc::Sender};
[INFO] [stderr]   |                          ^^^^^^^^^^^^
[INFO] [stderr]   |
[INFO] [stderr]   = note: `#[warn(unused_imports)]` (part of `#[warn(unused)]`) on by default
[INFO] [stderr] 
[INFO] [stderr] warning: unused variable: `e`
[INFO] [stderr]    --> src/provider.rs:591:22
[INFO] [stderr]     |
[INFO] [stderr] 591 |             Some(Err(e)) => {
[INFO] [stderr]     |                      ^ help: if this is intentional, prefix it with an underscore: `_e`
[INFO] [stderr]     |
[INFO] [stderr]     = note: `#[warn(unused_variables)]` (part of `#[warn(unused)]`) on by default
[INFO] [stderr] 
[INFO] [stderr] warning: unused variable: `e`
[INFO] [stderr]    --> src/provider.rs:604:17
[INFO] [stderr]     |
[INFO] [stderr] 604 |             Err(e) => {
[INFO] [stderr]     |                 ^ help: if this is intentional, prefix it with an underscore: `_e`
[INFO] [stderr] 
[INFO] [stderr] warning: unused variable: `e`
[INFO] [stderr]    --> src/provider.rs:615:21
[INFO] [stderr]     |
[INFO] [stderr] 615 |                 Err(e) => {
[INFO] [stderr]     |                     ^ help: if this is intentional, prefix it with an underscore: `_e`
[INFO] [stderr] 
[INFO] [stderr] warning: variant `Connected` is never constructed
[INFO] [stderr]  --> src/connection_info.rs:6:5
[INFO] [stderr]   |
[INFO] [stderr] 4 | pub enum ConnectionStatus {
[INFO] [stderr]   |          ---------------- variant in this enum
[INFO] [stderr] 5 |     Disconnected,
[INFO] [stderr] 6 |     Connected,
[INFO] [stderr]   |     ^^^^^^^^^
[INFO] [stderr]   |
[INFO] [stderr]   = note: `ConnectionStatus` has derived impls for the traits `Debug` and `Clone`, but these are intentionally ignored during dead code analysis
[INFO] [stderr]   = note: `#[warn(dead_code)]` (part of `#[warn(unused)]`) on by default
[INFO] [stderr] 
[INFO] [stderr] warning: `min-rs` (lib) generated 5 warnings (run `cargo fix --lib -p min-rs` to apply 4 suggestions)
[INFO] [stderr] warning: `min-rs` (lib test) generated 5 warnings (5 duplicates)
[INFO] [stderr]     Finished `release` profile [optimized] target(s) in 0.16s
[INFO] [stderr]      Running unittests src/lib.rs (/opt/rustwide/target/release/deps/min_rs-fe72d2466752d184)
[INFO] [stdout] 
[INFO] [stdout] running 1 test
[INFO] [stdout] test provider::tests::test_async_operation ... FAILED
[INFO] [stdout] 
[INFO] [stdout] failures:
[INFO] [stdout] 
[INFO] [stdout] ---- provider::tests::test_async_operation stdout ----
[INFO] [stdout] 
[INFO] [stdout] thread 'provider::tests::test_async_operation' (850) panicked at src/provider.rs:806:80:
[INFO] [stdout] called `Result::unwrap()` on an `Err` value: Os { code: 2, kind: NotFound, message: "No such file or directory" }
[INFO] [stdout] stack backtrace:
[INFO] [stdout]    0:     0x644f2351b881 - <<std[70759c8f55707aa4]::sys::backtrace::BacktraceLock>::print::DisplayBacktrace as core[df12db4294e9bfd3]::fmt::Display>::fmt
[INFO] [stdout]    1:     0x644f2353193a - core[df12db4294e9bfd3]::fmt::write
[INFO] [stdout]    2:     0x644f2352031c - <alloc[2182bb758b4b3781]::vec::Vec<u8> as core[df12db4294e9bfd3]::io::write::Write>::write_fmt
[INFO] [stdout]    3:     0x644f234f69f6 - std[70759c8f55707aa4]::panicking::default_hook::{closure#0}
[INFO] [stdout]    4:     0x644f23513429 - std[70759c8f55707aa4]::panicking::default_hook
[INFO] [stdout]    5:     0x644f2345d120 - test[9d35eded1c95d3be]::test_main_inner::<test[9d35eded1c95d3be]::test_main_static::{closure#0}>::{closure#0}
[INFO] [stdout]    6:     0x644f23513752 - std[70759c8f55707aa4]::panicking::panic_with_hook
[INFO] [stdout]    7:     0x644f234f6aa2 - std[70759c8f55707aa4]::panicking::panic_handler::{closure#0}
[INFO] [stdout]    8:     0x644f234ef379 - std[70759c8f55707aa4]::sys::backtrace::__rust_end_short_backtrace::<std[70759c8f55707aa4]::panicking::panic_handler::{closure#0}, !>
[INFO] [stdout]    9:     0x644f234f792d - __rustc[8fa7c3cbc660c2b3]::rust_begin_unwind
[INFO] [stdout]   10:     0x644f2353209c - core[df12db4294e9bfd3]::panicking::panic_fmt
[INFO] [stdout]   11:     0x644f23531e72 - core[df12db4294e9bfd3]::result::unwrap_failed
[INFO] [stdout]   12:     0x644f2343b80b - min_rs[5e7aa478c3df5358]::provider::tests::test_async_operation::{closure#0}
[INFO] [stdout]   13:     0x644f23447223 - <tokio[6328ebf1d74d343]::runtime::scheduler::current_thread::Context>::enter::<core[df12db4294e9bfd3]::task::poll::Poll<()>, <tokio[6328ebf1d74d343]::runtime::scheduler::current_thread::CoreGuard>::block_on<core[df12db4294e9bfd3]::pin::Pin<&mut core[df12db4294e9bfd3]::pin::Pin<&mut dyn core[df12db4294e9bfd3]::future::future::Future<Output = ()>>>>::{closure#0}::{closure#0}>
[INFO] [stdout]   14:     0x644f2344e099 - <std[70759c8f55707aa4]::thread::local::LocalKey<tokio[6328ebf1d74d343]::runtime::context::Context>>::with::<tokio[6328ebf1d74d343]::runtime::context::set_scheduler<(alloc[2182bb758b4b3781]::boxed::Box<tokio[6328ebf1d74d343]::runtime::scheduler::current_thread::Core>, core[df12db4294e9bfd3]::option::Option<()>), <tokio[6328ebf1d74d343]::runtime::scheduler::current_thread::CoreGuard>::enter<<tokio[6328ebf1d74d343]::runtime::scheduler::current_thread::CoreGuard>::block_on<core[df12db4294e9bfd3]::pin::Pin<&mut core[df12db4294e9bfd3]::pin::Pin<&mut dyn core[df12db4294e9bfd3]::future::future::Future<Output = ()>>>>::{closure#0}, core[df12db4294e9bfd3]::option::Option<()>>::{closure#0}>::{closure#0}, (alloc[2182bb758b4b3781]::boxed::Box<tokio[6328ebf1d74d343]::runtime::scheduler::current_thread::Core>, core[df12db4294e9bfd3]::option::Option<()>)>
[INFO] [stdout]   15:     0x644f23447757 - <tokio[6328ebf1d74d343]::runtime::scheduler::current_thread::CoreGuard>::block_on::<core[df12db4294e9bfd3]::pin::Pin<&mut core[df12db4294e9bfd3]::pin::Pin<&mut dyn core[df12db4294e9bfd3]::future::future::Future<Output = ()>>>>
[INFO] [stdout]   16:     0x644f2344646d - tokio[6328ebf1d74d343]::runtime::context::runtime::enter_runtime::<<tokio[6328ebf1d74d343]::runtime::scheduler::current_thread::CurrentThread>::block_on<core[df12db4294e9bfd3]::pin::Pin<&mut dyn core[df12db4294e9bfd3]::future::future::Future<Output = ()>>>::{closure#0}, ()>
[INFO] [stdout]   17:     0x644f234440ef - <tokio[6328ebf1d74d343]::runtime::runtime::Runtime>::block_on::<core[df12db4294e9bfd3]::pin::Pin<&mut dyn core[df12db4294e9bfd3]::future::future::Future<Output = ()>>>
[INFO] [stdout]   18:     0x644f2343f83a - min_rs[5e7aa478c3df5358]::provider::tests::test_async_operation
[INFO] [stdout]   19:     0x644f2344dcf9 - <min_rs[5e7aa478c3df5358]::provider::tests::test_async_operation::{closure#0} as core[df12db4294e9bfd3]::ops::function::FnOnce<()>>::call_once
[INFO] [stdout]   20:     0x644f2345040b - test[9d35eded1c95d3be]::__rust_begin_short_backtrace::<core[df12db4294e9bfd3]::result::Result<(), alloc[2182bb758b4b3781]::string::String>, fn() -> core[df12db4294e9bfd3]::result::Result<(), alloc[2182bb758b4b3781]::string::String>>
[INFO] [stdout]   21:     0x644f2345da75 - test[9d35eded1c95d3be]::run_test::{closure#0}
[INFO] [stdout]   22:     0x644f23457334 - std[70759c8f55707aa4]::sys::backtrace::__rust_begin_short_backtrace::<test[9d35eded1c95d3be]::run_test::{closure#1}, ()>
[INFO] [stdout]   23:     0x644f23460bd2 - <std[70759c8f55707aa4]::thread::lifecycle::spawn_unchecked<test[9d35eded1c95d3be]::run_test::{closure#1}, ()>::{closure#1} as core[df12db4294e9bfd3]::ops::function::FnOnce<()>>::call_once::{shim:vtable#0}
[INFO] [stdout]   24:     0x644f2351aa39 - <std[70759c8f55707aa4]::sys::thread::unix::Thread>::new::thread_start
[INFO] [stdout]   25:     0x741ccbb94dfa - <unknown>
[INFO] [stdout]   26:     0x741ccbc283d4 - clone
[INFO] [stdout]   27:                0x0 - <unknown>
[INFO] [stdout] 
[INFO] [stderr] error: test failed, to rerun pass `--lib`
[INFO] [stdout] 
[INFO] [stdout] failures:
[INFO] [stdout]     provider::tests::test_async_operation
[INFO] [stdout] 
[INFO] [stdout] test result: FAILED. 0 passed; 1 failed; 0 ignored; 0 measured; 0 filtered out; finished in 0.00s
[INFO] [stdout] 
[INFO] running `Command { std: "docker" "inspect" "c55c28344f9400f66422875a63f07ce0481e625a42ff614ffbc5b10f9f143c97", kill_on_drop: false }`
[INFO] running `Command { std: "docker" "rm" "-f" "c55c28344f9400f66422875a63f07ce0481e625a42ff614ffbc5b10f9f143c97", kill_on_drop: false }`
[INFO] [stdout] c55c28344f9400f66422875a63f07ce0481e625a42ff614ffbc5b10f9f143c97
