[INFO] fetching crate mimir-core 0.1.0...
[INFO] testing mimir-core-0.1.0 against 1.99.0-beta.8+cargoflags=--release for beta-release-1.100-2
[INFO] extracting crate mimir-core 0.1.0 into /workspace/builds/worker-4-tc1/source
[INFO] started tweaking crates.io crate mimir-core 0.1.0
[INFO] removed 0 missing tests
[INFO] finished tweaking crates.io crate mimir-core 0.1.0
[INFO] tweaked toml for crates.io crate mimir-core 0.1.0 written to /workspace/builds/worker-4-tc1/source/Cargo.toml
[INFO] validating manifest of crates.io crate mimir-core 0.1.0 on toolchain 1.99.0-beta.8
[INFO] running `Command { std: CARGO_HOME="/workspace/cargo-home" RUSTUP_HOME="/workspace/rustup-home" "/workspace/cargo-home/bin/cargo" "+1.99.0-beta.8" "metadata" "--manifest-path" "Cargo.toml" "--no-deps", kill_on_drop: false }`
[INFO] crate crates.io crate mimir-core 0.1.0 already has a lockfile, it will not be regenerated
[INFO] running `Command { std: CARGO_HOME="/workspace/cargo-home" RUSTUP_HOME="/workspace/rustup-home" "/workspace/cargo-home/bin/cargo" "+1.99.0-beta.8" "fetch" "--manifest-path" "Cargo.toml", kill_on_drop: false }`
[INFO] [stderr]     Updating crates.io index
[INFO] [stderr]  Downloading crates ...
[INFO] [stderr]   Downloaded crypto-common v0.2.1
[INFO] [stderr]   Downloaded ulid v1.2.1
[INFO] [stderr]   Downloaded hybrid-array v0.4.10
[INFO] running `Command { std: "docker" "create" "-v" "/var/lib/crater-agent-workspace/builds/worker-4-tc1/source:/opt/rustwide/workdir:ro,Z" "-v" "/var/lib/crater-agent-workspace/builds/worker-4-tc1/target:/opt/rustwide/target:rw,Z" "-v" "/var/lib/crater-agent-workspace/cargo-home:/opt/rustwide/cargo-home:ro,Z" "-v" "/var/lib/crater-agent-workspace/rustup-home:/opt/rustwide/rustup-home:ro,Z" "-m" "1610612736" "--network" "none" "ghcr.io/rust-lang/crates-build-env/linux@sha256:77db811e55d90add9212f6832c23229e3de5f1c1f9905e8cb07319ea15df73ac" "sleep" "infinity", kill_on_drop: false }`
[INFO] [stdout] 4451ecf5e039240315248dd38377ebc03e933b302181e0c3f47d319360ee9571
[INFO] running `Command { std: "docker" "start" "4451ecf5e039240315248dd38377ebc03e933b302181e0c3f47d319360ee9571", kill_on_drop: false }`
[INFO] running `Command { std: "docker" "inspect" "4451ecf5e039240315248dd38377ebc03e933b302181e0c3f47d319360ee9571", kill_on_drop: false }`
[INFO] running `Command { std: "docker" "exec" "-e" "SOURCE_DIR=/opt/rustwide/workdir" "-e" "CARGO_HOME=/opt/rustwide/cargo-home" "-e" "RUSTUP_HOME=/opt/rustwide/rustup-home" "-e" "CARGO_TARGET_DIR=/opt/rustwide/target" "-w" "/opt/rustwide/workdir" "--user" "0:0" "4451ecf5e039240315248dd38377ebc03e933b302181e0c3f47d319360ee9571" "/opt/rustwide/cargo-home/bin/cargo" "+1.99.0-beta.8" "metadata" "--no-deps" "--format-version=1", kill_on_drop: false }`
[INFO] running `Command { std: "docker" "inspect" "4451ecf5e039240315248dd38377ebc03e933b302181e0c3f47d319360ee9571", kill_on_drop: false }`
[INFO] running `Command { std: "docker" "exec" "-e" "SOURCE_DIR=/opt/rustwide/workdir" "-e" "CARGO_HOME=/opt/rustwide/cargo-home" "-e" "RUSTUP_HOME=/opt/rustwide/rustup-home" "-e" "CARGO_TARGET_DIR=/opt/rustwide/target" "-e" "CARGO_INCREMENTAL=0" "-e" "RUST_BACKTRACE=full" "-e" "RUSTFLAGS=--cap-lints=warn" "-e" "RUSTDOCFLAGS=--cap-lints=warn" "-w" "/opt/rustwide/workdir" "--user" "0:0" "4451ecf5e039240315248dd38377ebc03e933b302181e0c3f47d319360ee9571" "/opt/rustwide/cargo-home/bin/cargo" "+1.99.0-beta.8" "build" "--frozen" "--message-format=json" "--release", kill_on_drop: false }`
[INFO] [stderr]    Compiling libc v0.2.185
[INFO] [stderr]    Compiling typenum v1.19.0
[INFO] [stderr]    Compiling zerocopy v0.8.48
[INFO] [stderr]    Compiling hashbrown v0.17.0
[INFO] [stderr]    Compiling winnow v0.7.15
[INFO] [stderr]    Compiling serde v1.0.228
[INFO] [stderr]    Compiling syn v2.0.117
[INFO] [stderr]    Compiling serde_spanned v0.6.9
[INFO] [stderr]    Compiling toml_datetime v0.6.11
[INFO] [stderr]    Compiling indexmap v2.14.0
[INFO] [stderr]    Compiling hybrid-array v0.4.10
[INFO] [stderr]    Compiling getrandom v0.3.4
[INFO] [stderr]    Compiling block-buffer v0.12.0
[INFO] [stderr]    Compiling crypto-common v0.2.1
[INFO] [stderr]    Compiling rand_core v0.9.5
[INFO] [stderr]    Compiling toml_edit v0.22.27
[INFO] [stderr]    Compiling digest v0.11.2
[INFO] [stderr]    Compiling sha2 v0.11.0
[INFO] [stderr]    Compiling tracing-attributes v0.1.31
[INFO] [stderr]    Compiling thiserror-impl v2.0.18
[INFO] [stderr]    Compiling tracing v0.1.44
[INFO] [stderr]    Compiling thiserror v2.0.18
[INFO] [stderr]    Compiling toml v0.8.23
[INFO] [stderr]    Compiling ppv-lite86 v0.2.21
[INFO] [stderr]    Compiling rand_chacha v0.9.0
[INFO] [stderr]    Compiling rand v0.9.4
[INFO] [stderr]    Compiling ulid v1.2.1
[INFO] [stderr]    Compiling mimir-core v0.1.0 (/opt/rustwide/workdir)
[INFO] [stderr]     Finished `release` profile [optimized] target(s) in 27.76s
[INFO] running `Command { std: "docker" "inspect" "4451ecf5e039240315248dd38377ebc03e933b302181e0c3f47d319360ee9571", kill_on_drop: false }`
[INFO] running `Command { std: "docker" "exec" "-e" "SOURCE_DIR=/opt/rustwide/workdir" "-e" "CARGO_HOME=/opt/rustwide/cargo-home" "-e" "RUSTUP_HOME=/opt/rustwide/rustup-home" "-e" "CARGO_TARGET_DIR=/opt/rustwide/target" "-e" "CARGO_INCREMENTAL=0" "-e" "RUST_BACKTRACE=full" "-e" "RUSTFLAGS=--cap-lints=warn" "-e" "RUSTDOCFLAGS=--cap-lints=warn" "-w" "/opt/rustwide/workdir" "--user" "0:0" "4451ecf5e039240315248dd38377ebc03e933b302181e0c3f47d319360ee9571" "/opt/rustwide/cargo-home/bin/cargo" "+1.99.0-beta.8" "test" "--frozen" "--no-run" "--message-format=json" "--release", kill_on_drop: false }`
[INFO] [stderr]    Compiling libc v0.2.185
[INFO] [stderr]    Compiling zerocopy v0.8.48
[INFO] [stderr]    Compiling regex-syntax v0.8.10
[INFO] [stderr]    Compiling getrandom v0.4.2
[INFO] [stderr]    Compiling rustix v1.1.4
[INFO] [stderr]    Compiling num-traits v0.2.19
[INFO] [stderr]    Compiling tracing-core v0.1.36
[INFO] [stderr]    Compiling bitflags v2.11.1
[INFO] [stderr]    Compiling ciborium-io v0.2.2
[INFO] [stderr]    Compiling clap_lex v1.1.0
[INFO] [stderr]    Compiling serde_derive v1.0.228
[INFO] [stderr]    Compiling zerocopy-derive v0.8.48
[INFO] [stderr]    Compiling anstyle v1.0.14
[INFO] [stderr]    Compiling itertools v0.10.5
[INFO] [stderr]    Compiling cast v0.3.0
[INFO] [stderr]    Compiling bit-set v0.8.0
[INFO] [stderr]    Compiling sharded-slab v0.1.7
[INFO] [stderr]    Compiling thread_local v1.1.9
[INFO] [stderr]    Compiling anes v0.1.6
[INFO] [stderr]    Compiling clap_builder v4.6.0
[INFO] [stderr]    Compiling oorandom v11.1.5
[INFO] [stderr]    Compiling tracing v0.1.44
[INFO] [stderr]    Compiling criterion-plot v0.5.0
[INFO] [stderr]    Compiling getrandom v0.3.4
[INFO] [stderr]    Compiling wait-timeout v0.2.1
[INFO] [stderr]    Compiling is-terminal v0.4.17
[INFO] [stderr]    Compiling regex-automata v0.4.14
[INFO] [stderr]    Compiling rand_core v0.9.5
[INFO] [stderr]    Compiling rand_xorshift v0.4.0
[INFO] [stderr]    Compiling serde v1.0.228
[INFO] [stderr]    Compiling tempfile v3.27.0
[INFO] [stderr]    Compiling clap v4.6.1
[INFO] [stderr]    Compiling rusty-fork v0.3.1
[INFO] [stderr]    Compiling toml_datetime v0.6.11
[INFO] [stderr]    Compiling serde_spanned v0.6.9
[INFO] [stderr]    Compiling tracing-serde v0.2.0
[INFO] [stderr]    Compiling tinytemplate v1.2.1
[INFO] [stderr]    Compiling toml_edit v0.22.27
[INFO] [stderr]    Compiling regex v1.12.3
[INFO] [stderr]    Compiling matchers v0.2.0
[INFO] [stderr]    Compiling tracing-subscriber v0.3.23
[INFO] [stderr]    Compiling toml v0.8.23
[INFO] [stderr]    Compiling ppv-lite86 v0.2.21
[INFO] [stderr]    Compiling half v2.7.1
[INFO] [stderr]    Compiling ciborium-ll v0.2.2
[INFO] [stderr]    Compiling ciborium v0.2.2
[INFO] [stderr]    Compiling rand_chacha v0.9.0
[INFO] [stderr]    Compiling rand v0.9.4
[INFO] [stderr]    Compiling criterion v0.5.1
[INFO] [stderr]    Compiling ulid v1.2.1
[INFO] [stderr]    Compiling proptest v1.11.0
[INFO] [stderr]    Compiling mimir-core v0.1.0 (/opt/rustwide/workdir)
[INFO] [stderr]     Finished `release` profile [optimized] target(s) in 1m 06s
[INFO] running `Command { std: "docker" "inspect" "4451ecf5e039240315248dd38377ebc03e933b302181e0c3f47d319360ee9571", kill_on_drop: false }`
[INFO] running `Command { std: "docker" "exec" "-e" "SOURCE_DIR=/opt/rustwide/workdir" "-e" "CARGO_HOME=/opt/rustwide/cargo-home" "-e" "RUSTUP_HOME=/opt/rustwide/rustup-home" "-e" "CARGO_TARGET_DIR=/opt/rustwide/target" "-e" "CARGO_INCREMENTAL=0" "-e" "RUST_BACKTRACE=full" "-e" "RUSTFLAGS=--cap-lints=warn" "-e" "RUSTDOCFLAGS=--cap-lints=warn" "-w" "/opt/rustwide/workdir" "--user" "0:0" "4451ecf5e039240315248dd38377ebc03e933b302181e0c3f47d319360ee9571" "/opt/rustwide/cargo-home/bin/cargo" "+1.99.0-beta.8" "test" "--frozen" "--release", kill_on_drop: false }`
[INFO] [stderr]     Finished `release` profile [optimized] target(s) in 0.12s
[INFO] [stderr]      Running unittests src/lib.rs (/opt/rustwide/target/release/deps/mimir_core-bde68f69f7114379)
[INFO] [stdout] 
[INFO] [stdout] running 339 tests
[INFO] [stdout] test bind::tests::bind_sem_form_produces_bound_ids ... ok
[INFO] [stdout] test bind::tests::kind_mismatch_on_reuse_is_reported ... ok
[INFO] [stdout] test bind::tests::monotonic_allocation ... ok
[INFO] [stdout] test bind::tests::rename_preserves_id_and_swaps_canonical ... ok
[INFO] [stdout] test bind::tests::retire_and_unretire_round_trip ... ok
[INFO] [stdout] test canonical::tests::confidence_fixed_width_two_bytes ... ok
[INFO] [stdout] test canonical::tests::epi_roundtrip_with_participants ... ok
[INFO] [stdout] test bind::tests::unregistered_inference_method_errors ... ok
[INFO] [stdout] test canonical::tests::decode_all_multiple_records ... ok
[INFO] [stdout] test canonical::tests::decode_epi_does_not_oom_on_huge_participant_count ... ok
[INFO] [stdout] test canonical::tests::decode_episode_meta_does_not_oom_on_huge_retracts_count ... ok
[INFO] [stdout] test canonical::tests::edge_records_roundtrip ... ok
[INFO] [stdout] test canonical::tests::episode_meta_empty_label_decodes_to_none ... ok
[INFO] [stdout] test bind::tests::registered_method_binds_cleanly ... ok
[INFO] [stdout] test bind::tests::typed_symbol_annotation_locks_kind ... ok
[INFO] [stdout] test canonical::tests::decode_inf_does_not_oom_on_huge_derived_from_count ... ok
[INFO] [stdout] test bind::tests::allocate_and_lookup ... ok
[INFO] [stdout] test canonical::tests::inf_reserved_flag_bits_are_rejected ... ok
[INFO] [stdout] test bind::tests::alias_collapses_to_same_id ... ok
[INFO] [stdout] test canonical::tests::episode_meta_roundtrip_full ... ok
[INFO] [stdout] test bind::tests::bad_kind_annotation_errors ... ok
[INFO] [stdout] test canonical::tests::sem_reserved_flag_bits_are_rejected ... ok
[INFO] [stdout] test canonical::tests::sem_roundtrip ... ok
[INFO] [stdout] test canonical::tests::pro_precondition_tag_must_be_zero_or_one ... ok
[INFO] [stdout] test canonical::tests::symbol_event_roundtrip ... ok
[INFO] [stdout] test canonical::tests::pro_roundtrip_with_precondition ... ok
[INFO] [stdout] test canonical::tests::truncated_input_errors ... ok
[INFO] [stdout] test canonical::tests::unknown_opcode_errors ... ok
[INFO] [stdout] test canonical::tests::unknown_value_tag_errors ... ok
[INFO] [stdout] test canonical::tests::value_roundtrip_all_tags ... ok
[INFO] [stdout] test clock::tests::ordering_is_numeric ... ok
[INFO] [stdout] test bind::tests::rename_and_retire_forms_apply_to_table ... ok
[INFO] [stdout] test canonical::tests::zigzag_roundtrip ... ok
[INFO] [stdout] test clock::tests::now_is_close_to_epoch_plus_wallclock ... ok
[INFO] [stdout] test clock::tests::sentinel_is_rejected ... ok
[INFO] [stdout] test confidence::tests::boundary_values ... ok
[INFO] [stdout] test confidence::tests::out_of_range_rejected ... ok
[INFO] [stdout] test confidence::tests::roundtrip_precision_within_one_step ... ok
[INFO] [stdout] test canonical::tests::pro_roundtrip_without_precondition ... ok
[INFO] [stdout] test dag::tests::dag_shaped_additions_all_succeed ... ok
[INFO] [stdout] test canonical::tests::varint_roundtrip_small ... ok
[INFO] [stdout] test dag::tests::edge_try_from_record_matches_every_edge_variant ... ok
[INFO] [stdout] test canonical::tests::checkpoint_roundtrip ... ok
[INFO] [stdout] test dag::tests::direct_cycle_is_rejected ... ok
[INFO] [stdout] test canonical::tests::episode_meta_roundtrip_minimal ... ok
[INFO] [stdout] test dag::tests::indirect_cycle_across_kinds_is_rejected ... ok
[INFO] [stdout] test dag::tests::single_edge_adds_and_indexes ... ok
[INFO] [stdout] test dag::tests::self_edge_is_rejected ... ok
[INFO] [stdout] test decay::tests::decay_is_monotonic_in_elapsed ... ok
[INFO] [stdout] test decay::tests::authoritative_short_circuits_to_stored ... ok
[INFO] [stdout] test decay::tests::defaults_match_spec_table ... ok
[INFO] [stdout] test dag::tests::empty_dag_has_zero_edges ... ok
[INFO] [stdout] test dag::tests::failed_cycle_add_does_not_corrupt_indices ... ok
[INFO] [stdout] test decay::tests::apply_toml_is_additive ... ok
[INFO] [stdout] test canonical::tests::inf_roundtrip_with_stale_flag ... ok
[INFO] [stdout] test canonical::tests::invalid_at_sentinel_is_none ... ok
[INFO] [stdout] test canonical::tests::invalid_at_set_roundtrips ... ok
[INFO] [stdout] test canonical::tests::legacy_epi_with_trailing_flags_byte_rejected ... ok
[INFO] [stdout] test canonical::tests::overlong_varint_encoding_is_rejected ... ok
[INFO] [stdout] test canonical::tests::flag_event_roundtrip ... ok
[INFO] [stdout] test decay::tests::half_life_of_one_millisecond_is_the_tightest_divisor ... ok
[INFO] [stdout] test decay::tests::inferential_is_passthrough_at_this_layer ... ok
[INFO] [stdout] test decay::tests::librarian_assignment_never_decays ... ok
[INFO] [stdout] test decay::tests::table_is_strictly_monotonically_decreasing ... ok
[INFO] [stdout] test decay::tests::no_decay_half_life_returns_unit ... ok
[INFO] [stdout] test decay::tests::pinned_short_circuits_to_stored ... ok
[INFO] [stdout] test decay::tests::procedural_time_decay_is_disabled ... ok
[INFO] [stdout] test decay::tests::elapsed_near_u64_max_saturates_to_zero_not_panics ... ok
[INFO] [stdout] test decay::tests::toml_empty_input_preserves_defaults ... ok
[INFO] [stdout] test decay::tests::sixteen_half_lives_saturate_to_zero ... ok
[INFO] [stdout] test dag::tests::edge_try_from_record_rejects_non_edge_variants ... ok
[INFO] [stdout] test decay::tests::one_half_life_halves_stored_confidence ... ok
[INFO] [stdout] test confidence::tests::nan_rejected ... ok
[INFO] [stdout] test decay::tests::toml_overrides_semantic_half_lives ... ok
[INFO] [stdout] test decay::tests::toml_overrides_episodic_and_procedural ... ok
[INFO] [stdout] test decay::tests::toml_rejects_negative_days ... ok
[INFO] [stdout] test decay::tests::toml_rejects_non_integer_values ... ok
[INFO] [stdout] test decay::tests::zero_elapsed_returns_unit ... ok
[INFO] [stdout] test decay::tests::user_override_takes_effect_at_runtime ... ok
[INFO] [stdout] test inference_methods::tests::dominance_analysis_scales_min_by_0_6 ... ok
[INFO] [stdout] test decay::tests::toml_reload_changes_effective_confidence_without_restart ... ok
[INFO] [stdout] test decay::tests::toml_unknown_keys_are_ignored ... ok
[INFO] [stdout] test decay::tests::toml_zero_encodes_no_decay ... ok
[INFO] [stdout] test inference_methods::tests::entity_count_scales_min_by_0_8 ... ok
[INFO] [stdout] test decay::tests::toml_rejects_wrong_section_type ... ok
[INFO] [stdout] test inference_methods::tests::architectural_chain_is_raw_product ... ok
[INFO] [stdout] test inference_methods::tests::analogy_inference_scales_product_by_0_7 ... ok
[INFO] [stdout] test inference_methods::tests::every_method_output_stays_in_range_for_saturated_input ... ok
[INFO] [stdout] test inference_methods::tests::citation_link_uses_min ... ok
[INFO] [stdout] test inference_methods::tests::conflict_reconciliation_scales_max_by_0_8 ... ok
[INFO] [stdout] test inference_methods::tests::citation_link_scales_by_0_9 ... ok
[INFO] [stdout] test inference_methods::tests::direct_lookup_requires_exactly_one ... ok
[INFO] [stdout] test inference_methods::tests::direct_lookup_is_identity ... ok
[INFO] [stdout] test canonical::tests::legacy_pro_with_trailing_flags_byte_rejected ... ok
[INFO] [stdout] test canonical::tests::length_mismatch_errors ... ok
[INFO] [stdout] test decay::tests::one_half_life_returns_approximately_half ... ok
[INFO] [stdout] test decay::tests::table_first_entry_is_unit_factor ... ok
[INFO] [stdout] test inference_methods::tests::every_variant_roundtrips_through_symbol_name ... ok
[INFO] [stdout] test inference_methods::tests::exactly_two_methods_reject_other_counts ... ok
[INFO] [stdout] test inference_methods::tests::staleness_rules_match_spec ... ok
[INFO] [stdout] test inference_methods::tests::feedback_consolidation_scales_min_by_0_85 ... ok
[INFO] [stdout] test inference_methods::tests::too_many_parents_errors_for_product_methods ... ok
[INFO] [stdout] test inference_methods::tests::multi_source_consensus_saturates_at_one_with_strong_parents ... ok
[INFO] [stdout] test lex::tests::invalid_escape_errors ... ok
[INFO] [stdout] test inference_methods::tests::interval_calc_scales_min_by_0_9 ... ok
[INFO] [stdout] test lex::tests::bareword_and_reserved_words ... ok
[INFO] [stdout] test inference_methods::tests::integer_nth_root_matches_known_values ... ok
[INFO] [stdout] test inference_methods::tests::pattern_summarize_geomean_of_uniform_is_identity_scaled ... ok
[INFO] [stdout] test inference_methods::tests::unknown_name_returns_none ... ok
[INFO] [stdout] test inference_methods::tests::from_symbol_name_accepts_without_at_prefix ... ok
[INFO] [stdout] test inference_methods::tests::qualitative_inference_scales_min_by_0_5 ... ok
[INFO] [stdout] test lex::tests::keyword_stripped_of_colon ... ok
[INFO] [stdout] test lex::tests::line_comments_skipped ... ok
[INFO] [stdout] test lex::tests::numbers_distinguish_int_and_float ... ok
[INFO] [stdout] test lex::tests::parens_are_tokens ... ok
[INFO] [stdout] test lex::tests::positions_track_line_and_column ... ok
[INFO] [stdout] test inference_methods::tests::pattern_summarize_of_two_is_sqrt_product_scaled ... ok
[INFO] [stdout] test inference_methods::tests::majority_vote_rejects_even_n ... ok
[INFO] [stdout] test inference_methods::tests::multi_source_consensus_noisy_or_raises_confidence ... ok
[INFO] [stdout] test inference_methods::tests::provenance_chain_is_raw_product ... ok
[INFO] [stdout] test lex::tests::unterminated_string_errors ... ok
[INFO] [stdout] test log::tests::open_refuses_unsupported_format_version ... ok
[INFO] [stdout] test lex::tests::empty_input_produces_no_tokens ... ok
[INFO] [stdout] test lex::tests::strings_resolve_escapes ... ok
[INFO] [stdout] test log::tests::open_refuses_truncated_header ... ok
[INFO] [stdout] test lex::tests::timestamps_are_distinct_from_numbers ... ok
[INFO] [stdout] test log::tests::open_refuses_to_initialize_non_mimir_file ... ok
[INFO] [stdout] test log::tests::open_refuses_wrong_magic ... ok
[INFO] [stdout] test lex::tests::symbol_with_and_without_kind ... ok
[INFO] [stdout] test lex::tests::unexpected_byte_errors ... ok
[INFO] [stdout] test parse::tests::alias_and_rename ... ok
[INFO] [stdout] test parse::tests::duplicate_keyword_errors ... ok
[INFO] [stdout] test parse::tests::inf_requires_method_and_derived_from ... ok
[INFO] [stdout] test parse::tests::parser_accepts_value_nesting_at_limit ... ok
[INFO] [stdout] test parse::tests::parser_rejects_nested_correct_forms_past_limit ... ok
[INFO] [stdout] test parse::tests::epi_parses_participants_list ... ok
[INFO] [stdout] test memory_kind::tests::tag_reflects_variant ... ok
[INFO] [stdout] test parse::tests::multiple_forms_in_one_input ... ok
[INFO] [stdout] test parse::tests::query_with_keywords_only ... ok
[INFO] [stdout] test parse::tests::query_with_positional_selector ... ok
[INFO] [stdout] test parse::tests::sem_form_with_all_required_keywords ... ok
[INFO] [stdout] test parse::tests::promote_form_is_single_symbol ... ok
[INFO] [stdout] test parse::tests::parser_rejects_pathologically_deep_value_nesting_without_stack_overflow ... ok
[INFO] [stdout] test log::tests::truncate_beyond_end_errors ... ok
[INFO] [stdout] test parse::tests::sem_missing_required_keyword_errors ... ok
[INFO] [stdout] test parse::tests::parser_rejects_value_nesting_one_over_limit ... ok
[INFO] [stdout] test log::tests::open_creates_empty_log_and_writes_header ... ok
[INFO] [stdout] test log::tests::open_idempotent_against_reopen ... ok
[INFO] [stdout] test parse::tests::unknown_opcode_errors ... ok
[INFO] [stdout] test pipeline::tests::bind_error_in_mid_batch_rolls_back_all_prior_allocations ... ok
[INFO] [stdout] test pipeline::tests::clock_exhaustion_returns_typed_error ... ok
[INFO] [stdout] test pipeline::tests::clocks_populated_from_now_parameter ... ok
[INFO] [stdout] test pipeline::tests::disjoint_sp_pairs_do_not_supersede_each_other ... ok
[INFO] [stdout] test pipeline::tests::empty_input_is_a_no_op_batch ... ok
[INFO] [stdout] test pipeline::tests::epi_records_are_retained_after_compile ... ok
[INFO] [stdout] test log::tests::last_checkpoint_end_returns_zero_for_empty_log ... ok
[INFO] [stdout] test parse::tests::unknown_keyword_errors ... ok
[INFO] [stdout] test pipeline::tests::equal_valid_at_at_same_sp_returns_supersession_conflict ... ok
[INFO] [stdout] test pipeline::tests::failed_batch_does_not_advance_commit_watermark ... ok
[INFO] [stdout] test parse::tests::pro_with_optional_precondition ... ok
[INFO] [stdout] test parse::tests::timestamp_converts_to_clocktime ... ok
[INFO] [stdout] test pipeline::tests::identical_wall_clock_across_batches_still_bumps_committed_at ... ok
[INFO] [stdout] test pipeline::tests::failed_batch_does_not_leak_edge_or_index_mutation ... ok
[INFO] [stdout] test pipeline::tests::inf_against_current_parent_is_not_born_stale ... ok
[INFO] [stdout] test pipeline::tests::inf_born_stale_when_parent_already_superseded ... ok
[INFO] [stdout] test pipeline::tests::monotonic_commit_clock_helper_bumps_when_wall_clock_not_ahead ... ok
[INFO] [stdout] test pipeline::tests::first_batch_uses_wall_clock_as_committed_at ... ok
[INFO] [stdout] test log::tests::last_checkpoint_end_stops_at_corruption ... ok
[INFO] [stdout] test pipeline::tests::forward_chain_produces_edge_per_link ... ok
[INFO] [stdout] test log::tests::open_reopens_existing_log_preserving_length ... ok
[INFO] [stdout] test pipeline::tests::forward_sem_emits_supersedes_edge_and_updates_index ... ok
[INFO] [stdout] test log::tests::append_sync_roundtrip_preserves_bytes ... ok
[INFO] [stdout] test log::tests::last_checkpoint_end_finds_the_final_checkpoint ... ok
[INFO] [stdout] test pipeline::tests::monotonic_commit_clock_bumps_past_regressing_wall_clock ... ok
[INFO] [stdout] test pipeline::tests::monotonic_commit_clock_helper_returns_wall_clock_when_unset ... ok
[INFO] [stdout] test pipeline::tests::pro_duplicate_cross_batch_commit_emits_one_edge ... ok
[INFO] [stdout] test pipeline::tests::pro_fresh_rule_does_not_supersede ... ok
[INFO] [stdout] test pipeline::tests::pro_intra_batch_same_rule_id_is_rejected ... ok
[INFO] [stdout] test pipeline::tests::multi_form_batch_emits_in_input_order ... ok
[INFO] [stdout] test pipeline::tests::parse_error_does_not_mutate_table ... ok
[INFO] [stdout] test pipeline::tests::pathological_agent_collides_with_mem_counter ... ok
[INFO] [stdout] test pipeline::tests::pro_dual_key_match_supersedes_both_distinct_olds ... ok
[INFO] [stdout] test pipeline::tests::retroactive_sem_sets_invalid_at_and_preserves_existing_as_current ... ok
[INFO] [stdout] test pipeline::tests::pro_intra_batch_same_trigger_scope_is_rejected ... ok
[INFO] [stdout] test pipeline::tests::pro_same_trigger_scope_triggers_supersession ... ok
[INFO] [stdout] test pipeline::tests::pro_same_rule_id_triggers_supersession ... ok
[INFO] [stdout] test pipeline::tests::pro_supersession_clears_old_from_both_keys ... ok
[INFO] [stdout] test pipeline::tests::retire_form_emits_symbol_retire_not_error ... ok
[INFO] [stdout] test pipeline::tests::semantic_future_validity_uses_wall_clock_not_monotonic_watermark ... ok
[INFO] [stdout] test pipeline::tests::successive_calls_produce_distinct_memory_ids ... ok
[INFO] [stdout] test read::tests::debug_mode_enables_both_toggles ... ok
[INFO] [stdout] test pipeline::tests::same_input_produces_byte_identical_records ... ok
[INFO] [stdout] test read::tests::after_episode_filters_later_commits ... ok
[INFO] [stdout] test pipeline::tests::supersession_emits_stale_parent_edges_to_dependent_inferentials ... ok
[INFO] [stdout] test pipeline::tests::sem_with_fresh_sp_does_not_emit_supersedes_edge ... ok
[INFO] [stdout] test read::tests::explain_filtered_off_keeps_filtered_empty ... ok
[INFO] [stdout] test read::tests::before_episode_filters_earlier_commits ... ok
[INFO] [stdout] test read::tests::framing_projected_for_projected_record ... ok
[INFO] [stdout] test read::tests::in_episode_filters_to_that_commit ... ok
[INFO] [stdout] test read::tests::include_projected_keeps_record_and_sets_flag ... ok
[INFO] [stdout] test read::tests::include_retired_keeps_record_and_sets_flag ... ok
[INFO] [stdout] test read::tests::include_retired_with_explain_filtered_shows_no_filtered ... ok
[INFO] [stdout] test read::tests::framing_historical_when_as_of_is_past ... ok
[INFO] [stdout] test read::tests::decay_config_override_suppresses_decay ... ok
[INFO] [stdout] test read::tests::inf_kind_query_returns_committed_inf ... ok
[INFO] [stdout] test read::tests::as_of_past_valid_time_returns_earlier_record ... ok
[INFO] [stdout] test read::tests::confidence_threshold_override_tightens_flag ... ok
[INFO] [stdout] test pipeline::tests::single_sem_form_roundtrips_through_pipeline ... ok
[INFO] [stdout] test pipeline::tests::successful_batch_commits_table_and_counter ... ok
[INFO] [stdout] test read::tests::bare_query_includes_inferentials ... ok
[INFO] [stdout] test read::tests::confidence_threshold_flag_only_does_not_filter ... ok
[INFO] [stdout] test pipeline::tests::semantic_error_rolls_back_all_prior_allocations ... ok
[INFO] [stdout] test read::tests::inf_re_derivation_supersedes_earlier_inf ... ok
[INFO] [stdout] test read::tests::inf_same_sp_same_valid_at_is_conflict ... ok
[INFO] [stdout] test read::tests::low_confidence_flag_fires_on_default_threshold ... ok
[INFO] [stdout] test read::tests::invalid_boolean_predicate_is_rejected ... ok
[INFO] [stdout] test read::tests::limit_not_hit_leaves_flag_clear ... ok
[INFO] [stdout] test read::tests::non_query_form_rejected ... ok
[INFO] [stdout] test read::tests::multiple_episode_scopes_rejected ... ok
[INFO] [stdout] test read::tests::multiple_forms_rejected ... ok
[INFO] [stdout] test read::tests::p_predicate_with_kind_epi_is_rejected ... ok
[INFO] [stdout] test read::tests::recent_memory_stays_above_threshold ... ok
[INFO] [stdout] test read::tests::inf_sp_query_filters_by_subject_predicate ... ok
[INFO] [stdout] test read::tests::kind_filter_isolates_sem_from_pro ... ok
[INFO] [stdout] test read::tests::projected_default_drops_record ... ok
[INFO] [stdout] test read::tests::invalid_confidence_threshold_is_rejected ... ok
[INFO] [stdout] test read::tests::invalid_kind_bareword_is_rejected ... ok
[INFO] [stdout] test read::tests::kind_epi_returns_empty_in_71_scope ... ok
[INFO] [stdout] test read::tests::unscoped_query_returns_current_across_pairs ... ok
[INFO] [stdout] test read::tests::write_path_query_still_unsupported ... ok
[INFO] [stdout] test resolver::tests::as_committed_hides_records_committed_after_snapshot ... ok
[INFO] [stdout] test resolver::tests::as_of_past_valid_time_returns_earlier_record ... ok
[INFO] [stdout] test resolver::tests::bi_temporal_read_returns_pre_correction_view ... ok
[INFO] [stdout] test log::tests::truncate_shrinks_log ... ok
[INFO] [stdout] test resolver::tests::current_read_returns_latest_forward_supersessor ... ok
[INFO] [stdout] test read::tests::show_framing_off_leaves_framings_empty ... ok
[INFO] [stdout] test read::tests::stored_above_threshold_but_effective_below_triggers_low_confidence ... ok
[INFO] [stdout] test read::tests::show_framing_populates_per_record ... ok
[INFO] [stdout] test read::tests::unsupported_predicate_returns_typed_error ... ok
[INFO] [stdout] test read::tests::unknown_episode_symbol_returns_empty ... ok
[INFO] [stdout] test resolver::tests::empty_pipeline_resolves_to_none ... ok
[INFO] [stdout] test read::tests::empty_pipeline_returns_empty_result ... ok
[INFO] [stdout] test read::tests::retired_symbol_default_drops_record ... ok
[INFO] [stdout] test read::tests::exact_sp_match_returns_current_memory ... ok
[INFO] [stdout] test resolver::tests::procedural_as_committed_returns_older_version ... ok
[INFO] [stdout] test resolver::tests::retroactive_record_wins_over_earlier_forward_record_in_overlap ... ok
[INFO] [stdout] test semantic::tests::epi_observed_before_at_time_errors ... ok
[INFO] [stdout] test semantic::tests::future_validity_with_projected_passes ... ok
[INFO] [stdout] test read::tests::limit_truncates_and_sets_flag ... ok
[INFO] [stdout] test semantic::tests::epi_observed_equal_at_time_passes ... ok
[INFO] [stdout] test read::tests::s_predicate_with_kind_pro_is_rejected ... ok
[INFO] [stdout] test semantic::tests::future_validity_without_projected_errors ... ok
[INFO] [stdout] test read::tests::unknown_symbol_returns_empty_not_error ... ok
[INFO] [stdout] test semantic::tests::sem_profile_passes ... ok
[INFO] [stdout] test read::tests::explain_filtered_surfaces_dropped_records ... ok
[INFO] [stdout] test semantic::tests::sem_unknown_source_defaults_to_observation ... ok
[INFO] [stdout] test semantic::tests::source_kind_from_name_mapping ... ok
[INFO] [stdout] test resolver::tests::procedural_current_read_follows_supersession_chain ... ok
[INFO] [stdout] test log::tests::truncate_to_current_length_is_a_noop ... ok
[INFO] [stdout] test source_kind::tests::inferential_admits_none ... ok
[INFO] [stdout] test semantic::tests::correct_non_episodic_body_errors ... ok
[INFO] [stdout] test semantic::tests::inf_empty_derived_from_not_allowed_by_parser ... ok
[INFO] [stdout] test semantic::tests::pro_observation_source_not_admitted ... ok
[INFO] [stdout] test semantic::tests::pro_policy_admitted ... ok
[INFO] [stdout] test semantic::tests::sem_profile_over_bound_fails ... ok
[INFO] [stdout] test log::tests::truncate_to_zero_clears_the_log ... ok
[INFO] [stdout] test source_kind::tests::observation_is_fully_confident ... ok
[INFO] [stdout] test source_kind::tests::pending_verification_bounded_at_point_six ... ok
[INFO] [stdout] test source_kind::tests::policy_admits_only_procedural ... ok
[INFO] [stdout] test store::tests::label_exceeding_cap_rejects ... ok
[INFO] [stdout] test store::tests::episode_start_form_writes_episode_meta_end_to_end ... ok
[INFO] [stdout] test store::tests::episode_close_form_is_accepted_no_op ... ok
[INFO] [stdout] test store::tests::episode_allocation_collision_restores_pipeline_state ... ok
[INFO] [stdout] test store::tests::commit_single_batch_persists_records_and_checkpoint ... ok
[INFO] [stdout] test store::tests::commits_assign_distinct_episode_ids ... ok
[INFO] [stdout] test store::tests::checkpoint_and_episode_alloc_use_monotonic_clock_under_regressed_wall_clock ... ok
[INFO] [stdout] test store::tests::commit_registers_episode_with_pipeline ... ok
[INFO] [stdout] test store::tests::authoritative_set_surfaces_operator_framing ... ok
[INFO] [stdout] test store::tests::commit_with_metadata_emits_episode_meta_record ... ok
[INFO] [stdout] test store::tests::episode_start_with_parent_links_chain ... ok
[INFO] [stdout] test store::tests::multiple_commits_accumulate_in_log ... ok
[INFO] [stdout] test store::tests::episode_start_with_retracts_records_metadata ... ok
[INFO] [stdout] test store::tests::reopen_replays_supersession_edges_into_dag ... ok
[INFO] [stdout] test store::tests::authoritative_clear_resumes_decay ... ok
[INFO] [stdout] test store::tests::checkpoint_is_atomic_commit_boundary ... ok
[INFO] [stdout] test store::tests::reopen_on_empty_workspace_is_clean ... ok
[INFO] [stdout] test store::tests::episode_chain_walks_parent_links_after_replay ... ok
[INFO] [stdout] test store::tests::reopen_rejects_corrupt_log_without_checkpoint ... ok
[INFO] [stdout] test store::tests::reopen_on_fully_committed_log_preserves_length ... ok
[INFO] [stdout] test store::tests::open_in_workspace_creates_partitioned_directory ... ok
[INFO] [stdout] test store::tests::pin_replay_survives_reopen ... ok
[INFO] [stdout] test store::tests::reopen_advances_memory_and_episode_counters ... ok
[INFO] [stdout] test store::tests::reopen_restores_procedural_supersession_index ... ok
[INFO] [stdout] test store::tests::pin_suspends_decay_and_flags_authoritative ... ok
[INFO] [stdout] test store::tests::pipeline_error_does_not_write_log ... ok
[INFO] [stdout] test store::tests::reopen_surfaces_dag_replay_error_on_cyclic_edges ... ok
[INFO] [stdout] test store::tests::rollback_preserves_earlier_committed_bytes ... ok
[INFO] [stdout] test store::tests::row_6_append_failure_rolls_back_pipeline_and_log ... ok
[INFO] [stdout] test store::tests::row_7_sync_failure_rolls_back_pipeline_and_log ... ok
[INFO] [stdout] test store::tests::rollback_truncate_failure_still_surfaces_an_error ... ok
[INFO] [stdout] test store::tests::reopen_rejects_corrupt_tail_after_last_checkpoint ... ok
[INFO] [stdout] test store::tests::reopen_restores_monotonic_commit_watermark ... ok
[INFO] [stdout] test symbol::tests::symbol_id_roundtrip ... ok
[INFO] [stdout] test symbol::tests::scoped_symbol_distinguishes_workspaces ... ok
[INFO] [stdout] test value::tests::float_value_preserves_precision ... ok
[INFO] [stdout] test symbol::tests::scoped_symbol_equal_when_workspace_and_local_match ... ok
[INFO] [stdout] test symbol::tests::symbol_kind_is_nonexhaustive_pattern ... ok
[INFO] [stdout] test value::tests::value_variants_compare_by_content ... ok
[INFO] [stdout] test workspace::tests::case_insensitive ... ok
[INFO] [stdout] test store::tests::reopen_restores_supersession_index_so_post_reopen_auto_supersedes ... ok
[INFO] [stdout] test store::tests::reopen_restores_symbol_table_from_log ... ok
[INFO] [stdout] test workspace::tests::display_is_eight_hex_bytes ... ok
[INFO] [stdout] test workspace::tests::distinct_remotes_distinct_ids ... ok
[INFO] [stdout] test workspace::tests::distinct_workspaces_produce_distinct_ids_across_forks ... ok
[INFO] [stdout] test store::tests::reopen_restores_table_from_epi_batch ... ok
[INFO] [stdout] test store::tests::reopen_replays_rename_and_retire ... ok
[INFO] [stdout] test store::tests::two_episode_directives_in_one_batch_reject ... ok
[INFO] [stdout] test store::tests::reopen_restores_table_from_inf_batch ... ok
[INFO] [stdout] test workspace::tests::parse_origin_url_from_standard_config ... ok
[INFO] [stdout] test workspace::tests::mirror_clones_converge_to_same_workspace ... ok
[INFO] [stdout] test workspace::tests::empty_remote_rejected ... ok
[INFO] [stdout] test workspace::tests::parse_origin_url_returns_none_when_no_origin ... ok
[INFO] [stdout] test workspace::tests::detect_finds_git_at_start_path ... ok
[INFO] [stdout] test workspace::tests::parse_origin_url_skips_comments ... ok
[INFO] [stdout] test workspace_lock::tests::lock_path_appends_lock_suffix ... ok
[INFO] [stdout] test workspace::tests::ulid_workspace_is_stable ... ok
[INFO] [stdout] test workspace::tests::trailing_git_collapses ... ok
[INFO] [stdout] test workspace_lock::tests::relative_lock_path_has_no_parent_to_create ... ok
[INFO] [stdout] test workspace::tests::parse_origin_url_stops_at_next_section ... ok
[INFO] [stdout] test workspace::tests::detect_returns_no_active_workspace_on_empty_dir ... ok
[INFO] [stdout] test workspace::tests::detect_walks_up_to_find_git ... ok
[INFO] [stdout] test store::tests::orphan_truncation_is_idempotent ... ok
[INFO] [stdout] test store::tests::reopen_restores_table_from_pro_batch ... ok
[INFO] [stdout] test workspace::tests::detect_returns_no_origin_if_config_missing_origin ... ok
[INFO] [stdout] test store::tests::replay_registers_episodes_with_pipeline ... ok
[INFO] [stdout] test store::tests::unpin_restores_decay ... ok
[INFO] [stdout] test store::tests::row_3_orphan_memory_record_without_checkpoint_truncated_on_reopen ... ok
[INFO] [stdout] test store::tests::reopen_truncates_orphans_past_last_checkpoint ... ok
[INFO] [stdout] test store::tests::symbol_table_replay_reproduces_pre_crash_state ... ok
[INFO] [stdout] 
[INFO] [stdout] test result: ok. 339 passed; 0 failed; 0 ignored; 0 measured; 0 filtered out; finished in 0.11s
[INFO] [stdout] 
[INFO] [stderr]      Running tests/decay_integration.rs (/opt/rustwide/target/release/deps/decay_integration-f42c412091dc0efe)
[INFO] [stdout] 
[INFO] [stdout] running 2 tests
[INFO] [stderr]      Running tests/doc_drift_tests.rs (/opt/rustwide/target/release/deps/doc_drift_tests-539c52ed5f18d9ed)
[INFO] [stdout] test toml_reload_accelerates_decay_without_restart ... ok
[INFO] [stdout] test toml_partial_override_preserves_other_defaults ... ok
[INFO] [stdout] 
[INFO] [stdout] test result: ok. 2 passed; 0 failed; 0 ignored; 0 measured; 0 filtered out; finished in 0.00s
[INFO] [stdout] 
[INFO] [stdout] 
[INFO] [stdout] running 5 tests
[INFO] [stdout] test version_consistency ... FAILED
[INFO] [stdout] test agents_md_table_consistency ... FAILED
[INFO] [stdout] test internal_workspace_dep_versions_consistency ... FAILED
[INFO] [stdout] test readme_no_design_phase_lies ... FAILED
[INFO] [stdout] test status_banner_consistency ... FAILED
[INFO] [stdout] 
[INFO] [stdout] failures:
[INFO] [stdout] 
[INFO] [stdout] ---- version_consistency stdout ----
[INFO] [stdout] 
[INFO] [stdout] thread 'version_consistency' (2173) panicked at tests/doc_drift_tests.rs:77:13:
[INFO] [stdout] could not find Mimir repo root walking up from CARGO_MANIFEST_DIR
[INFO] [stdout] stack backtrace:
[INFO] [stdout]    0:     0x5af662533921 - <<std[70759c8f55707aa4]::sys::backtrace::BacktraceLock>::print::DisplayBacktrace as core[df12db4294e9bfd3]::fmt::Display>::fmt
[INFO] [stdout]    1:     0x5af662548a4a - core[df12db4294e9bfd3]::fmt::write
[INFO] [stdout]    2:     0x5af6625380ac - <alloc[2182bb758b4b3781]::vec::Vec<u8> as core[df12db4294e9bfd3]::io::write::Write>::write_fmt
[INFO] [stdout]    3:     0x5af66250f3c6 - std[70759c8f55707aa4]::panicking::default_hook::{closure#0}
[INFO] [stdout]    4:     0x5af66252bb09 - std[70759c8f55707aa4]::panicking::default_hook
[INFO] [stdout]    5:     0x5af6624c7370 - test[9d35eded1c95d3be]::test_main_inner::<test[9d35eded1c95d3be]::test_main_static::{closure#0}>::{closure#0}
[INFO] [stdout]    6:     0x5af66252bcc2 - std[70759c8f55707aa4]::panicking::panic_with_hook
[INFO] [stdout]    7:     0x5af66250f4a4 - std[70759c8f55707aa4]::panicking::panic_handler::{closure#0}
[INFO] [stdout]    8:     0x5af662507fc9 - std[70759c8f55707aa4]::sys::backtrace::__rust_end_short_backtrace::<std[70759c8f55707aa4]::panicking::panic_handler::{closure#0}, !>
[INFO] [stdout]    9:     0x5af66251006d - __rustc[8fa7c3cbc660c2b3]::rust_begin_unwind
[INFO] [stdout]   10:     0x5af66254917c - core[df12db4294e9bfd3]::panicking::panic_fmt
[INFO] [stdout]   11:     0x5af6624b5516 - doc_drift_tests[dd02c334fe72785e]::find_repo_root
[INFO] [stdout]   12:     0x5af6624b64c1 - <doc_drift_tests[dd02c334fe72785e]::version_consistency::{closure#0} as core[df12db4294e9bfd3]::ops::function::FnOnce<()>>::call_once
[INFO] [stdout]   13:     0x5af6624ba65b - test[9d35eded1c95d3be]::__rust_begin_short_backtrace::<core[df12db4294e9bfd3]::result::Result<(), alloc[2182bb758b4b3781]::string::String>, fn() -> core[df12db4294e9bfd3]::result::Result<(), alloc[2182bb758b4b3781]::string::String>>
[INFO] [stdout]   14:     0x5af6624c7cc5 - test[9d35eded1c95d3be]::run_test::{closure#0}
[INFO] [stdout]   15:     0x5af6624c1584 - std[70759c8f55707aa4]::sys::backtrace::__rust_begin_short_backtrace::<test[9d35eded1c95d3be]::run_test::{closure#1}, ()>
[INFO] [stdout]   16:     0x5af6624cae22 - <std[70759c8f55707aa4]::thread::lifecycle::spawn_unchecked<test[9d35eded1c95d3be]::run_test::{closure#1}, ()>::{closure#1} as core[df12db4294e9bfd3]::ops::function::FnOnce<()>>::call_once::{shim:vtable#0}
[INFO] [stdout]   17:     0x5af662532e89 - <std[70759c8f55707aa4]::sys::thread::unix::Thread>::new::thread_start
[INFO] [stdout]   18:     0x79d215332dfa - <unknown>
[INFO] [stdout]   19:     0x79d2153c63d4 - clone
[INFO] [stdout]   20:                0x0 - <unknown>
[INFO] [stdout] 
[INFO] [stdout] ---- agents_md_table_consistency stdout ----
[INFO] [stdout] 
[INFO] [stdout] thread 'agents_md_table_consistency' (2169) panicked at tests/doc_drift_tests.rs:77:13:
[INFO] [stdout] could not find Mimir repo root walking up from CARGO_MANIFEST_DIR
[INFO] [stdout] stack backtrace:
[INFO] [stdout]    0:     0x5af662533921 - <<std[70759c8f55707aa4]::sys::backtrace::BacktraceLock>::print::DisplayBacktrace as core[df12db4294e9bfd3]::fmt::Display>::fmt
[INFO] [stdout]    1:     0x5af662548a4a - core[df12db4294e9bfd3]::fmt::write
[INFO] [stdout]    2:     0x5af6625380ac - <alloc[2182bb758b4b3781]::vec::Vec<u8> as core[df12db4294e9bfd3]::io::write::Write>::write_fmt
[INFO] [stdout]    3:     0x5af66250f3c6 - std[70759c8f55707aa4]::panicking::default_hook::{closure#0}
[INFO] [stdout]    4:     0x5af66252bb09 - std[70759c8f55707aa4]::panicking::default_hook
[INFO] [stdout]    5:     0x5af6624c7370 - test[9d35eded1c95d3be]::test_main_inner::<test[9d35eded1c95d3be]::test_main_static::{closure#0}>::{closure#0}
[INFO] [stdout]    6:     0x5af66252bcc2 - std[70759c8f55707aa4]::panicking::panic_with_hook
[INFO] [stdout]    7:     0x5af66250f4a4 - std[70759c8f55707aa4]::panicking::panic_handler::{closure#0}
[INFO] [stdout]    8:     0x5af662507fc9 - std[70759c8f55707aa4]::sys::backtrace::__rust_end_short_backtrace::<std[70759c8f55707aa4]::panicking::panic_handler::{closure#0}, !>
[INFO] [stdout]    9:     0x5af66251006d - __rustc[8fa7c3cbc660c2b3]::rust_begin_unwind
[INFO] [stdout]   10:     0x5af66254917c - core[df12db4294e9bfd3]::panicking::panic_fmt
[INFO] [stdout]   11:     0x5af6624b5516 - doc_drift_tests[dd02c334fe72785e]::find_repo_root
[INFO] [stdout]   12:     0x5af6624b7a51 - <doc_drift_tests[dd02c334fe72785e]::agents_md_table_consistency::{closure#0} as core[df12db4294e9bfd3]::ops::function::FnOnce<()>>::call_once
[INFO] [stdout]   13:     0x5af6624ba65b - test[9d35eded1c95d3be]::__rust_begin_short_backtrace::<core[df12db4294e9bfd3]::result::Result<(), alloc[2182bb758b4b3781]::string::String>, fn() -> core[df12db4294e9bfd3]::result::Result<(), alloc[2182bb758b4b3781]::string::String>>
[INFO] [stdout]   14:     0x5af6624c7cc5 - test[9d35eded1c95d3be]::run_test::{closure#0}
[INFO] [stdout]   15:     0x5af6624c1584 - std[70759c8f55707aa4]::sys::backtrace::__rust_begin_short_backtrace::<test[9d35eded1c95d3be]::run_test::{closure#1}, ()>
[INFO] [stdout]   16:     0x5af6624cae22 - <std[70759c8f55707aa4]::thread::lifecycle::spawn_unchecked<test[9d35eded1c95d3be]::run_test::{closure#1}, ()>::{closure#1} as core[df12db4294e9bfd3]::ops::function::FnOnce<()>>::call_once::{shim:vtable#0}
[INFO] [stdout]   17:     0x5af662532e89 - <std[70759c8f55707aa4]::sys::thread::unix::Thread>::new::thread_start
[INFO] [stdout]   18:     0x79d215332dfa - <unknown>
[INFO] [stdout]   19:     0x79d2153c63d4 - clone
[INFO] [stdout]   20:                0x0 - <unknown>
[INFO] [stdout] 
[INFO] [stdout] ---- internal_workspace_dep_versions_consistency stdout ----
[INFO] [stdout] 
[INFO] [stdout] thread 'internal_workspace_dep_versions_consistency' (2170) panicked at tests/doc_drift_tests.rs:77:13:
[INFO] [stdout] could not find Mimir repo root walking up from CARGO_MANIFEST_DIR
[INFO] [stdout] stack backtrace:
[INFO] [stdout]    0:     0x5af662533921 - <<std[70759c8f55707aa4]::sys::backtrace::BacktraceLock>::print::DisplayBacktrace as core[df12db4294e9bfd3]::fmt::Display>::fmt
[INFO] [stdout]    1:     0x5af662548a4a - core[df12db4294e9bfd3]::fmt::write
[INFO] [stdout]    2:     0x5af6625380ac - <alloc[2182bb758b4b3781]::vec::Vec<u8> as core[df12db4294e9bfd3]::io::write::Write>::write_fmt
[INFO] [stdout]    3:     0x5af66250f3c6 - std[70759c8f55707aa4]::panicking::default_hook::{closure#0}
[INFO] [stdout]    4:     0x5af66252bb09 - std[70759c8f55707aa4]::panicking::default_hook
[INFO] [stdout]    5:     0x5af6624c7370 - test[9d35eded1c95d3be]::test_main_inner::<test[9d35eded1c95d3be]::test_main_static::{closure#0}>::{closure#0}
[INFO] [stdout]    6:     0x5af66252bcc2 - std[70759c8f55707aa4]::panicking::panic_with_hook
[INFO] [stdout]    7:     0x5af66250f4a4 - std[70759c8f55707aa4]::panicking::panic_handler::{closure#0}
[INFO] [stdout]    8:     0x5af662507fc9 - std[70759c8f55707aa4]::sys::backtrace::__rust_end_short_backtrace::<std[70759c8f55707aa4]::panicking::panic_handler::{closure#0}, !>
[INFO] [stdout]    9:     0x5af66251006d - __rustc[8fa7c3cbc660c2b3]::rust_begin_unwind
[INFO] [stdout]   10:     0x5af66254917c - core[df12db4294e9bfd3]::panicking::panic_fmt
[INFO] [stdout]   11:     0x5af6624b5516 - doc_drift_tests[dd02c334fe72785e]::find_repo_root
[INFO] [stdout]   12:     0x5af6624b8743 - <doc_drift_tests[dd02c334fe72785e]::internal_workspace_dep_versions_consistency::{closure#0} as core[df12db4294e9bfd3]::ops::function::FnOnce<()>>::call_once
[INFO] [stdout]   13:     0x5af6624ba65b - test[9d35eded1c95d3be]::__rust_begin_short_backtrace::<core[df12db4294e9bfd3]::result::Result<(), alloc[2182bb758b4b3781]::string::String>, fn() -> core[df12db4294e9bfd3]::result::Result<(), alloc[2182bb758b4b3781]::string::String>>
[INFO] [stdout]   14:     0x5af6624c7cc5 - test[9d35eded1c95d3be]::run_test::{closure#0}
[INFO] [stdout]   15:     0x5af6624c1584 - std[70759c8f55707aa4]::sys::backtrace::__rust_begin_short_backtrace::<test[9d35eded1c95d3be]::run_test::{closure#1}, ()>
[INFO] [stdout]   16:     0x5af6624cae22 - <std[70759c8f55707aa4]::thread::lifecycle::spawn_unchecked<test[9d35eded1c95d3be]::run_test::{closure#1}, ()>::{closure#1} as core[df12db4294e9bfd3]::ops::function::FnOnce<()>>::call_once::{shim:vtable#0}
[INFO] [stdout]   17:     0x5af662532e89 - <std[70759c8f55707aa4]::sys::thread::unix::Thread>::new::thread_start
[INFO] [stdout]   18:     0x79d215332dfa - <unknown>
[INFO] [stdout]   19:     0x79d2153c63d4 - clone
[INFO] [stdout]   20:                0x0 - <unknown>
[INFO] [stdout] 
[INFO] [stdout] ---- readme_no_design_phase_lies stdout ----
[INFO] [stdout] 
[INFO] [stdout] thread 'readme_no_design_phase_lies' (2171) panicked at tests/doc_drift_tests.rs:77:13:
[INFO] [stdout] could not find Mimir repo root walking up from CARGO_MANIFEST_DIR
[INFO] [stdout] stack backtrace:
[INFO] [stdout]    0:     0x5af662533921 - <<std[70759c8f55707aa4]::sys::backtrace::BacktraceLock>::print::DisplayBacktrace as core[df12db4294e9bfd3]::fmt::Display>::fmt
[INFO] [stdout]    1:     0x5af662548a4a - core[df12db4294e9bfd3]::fmt::write
[INFO] [stdout]    2:     0x5af6625380ac - <alloc[2182bb758b4b3781]::vec::Vec<u8> as core[df12db4294e9bfd3]::io::write::Write>::write_fmt
[INFO] [stdout]    3:     0x5af66250f3c6 - std[70759c8f55707aa4]::panicking::default_hook::{closure#0}
[INFO] [stdout]    4:     0x5af66252bb09 - std[70759c8f55707aa4]::panicking::default_hook
[INFO] [stdout]    5:     0x5af6624c7370 - test[9d35eded1c95d3be]::test_main_inner::<test[9d35eded1c95d3be]::test_main_static::{closure#0}>::{closure#0}
[INFO] [stdout]    6:     0x5af66252bcc2 - std[70759c8f55707aa4]::panicking::panic_with_hook
[INFO] [stdout]    7:     0x5af66250f4a4 - std[70759c8f55707aa4]::panicking::panic_handler::{closure#0}
[INFO] [stdout]    8:     0x5af662507fc9 - std[70759c8f55707aa4]::sys::backtrace::__rust_end_short_backtrace::<std[70759c8f55707aa4]::panicking::panic_handler::{closure#0}, !>
[INFO] [stdout]    9:     0x5af66251006d - __rustc[8fa7c3cbc660c2b3]::rust_begin_unwind
[INFO] [stdout]   10:     0x5af66254917c - core[df12db4294e9bfd3]::panicking::panic_fmt
[INFO] [stdout]   11:     0x5af6624b5516 - doc_drift_tests[dd02c334fe72785e]::find_repo_root
[INFO] [stdout]   12:     0x5af6624b8321 - <doc_drift_tests[dd02c334fe72785e]::readme_no_design_phase_lies::{closure#0} as core[df12db4294e9bfd3]::ops::function::FnOnce<()>>::call_once
[INFO] [stdout]   13:     0x5af6624ba65b - test[9d35eded1c95d3be]::__rust_begin_short_backtrace::<core[df12db4294e9bfd3]::result::Result<(), alloc[2182bb758b4b3781]::string::String>, fn() -> core[df12db4294e9bfd3]::result::Result<(), alloc[2182bb758b4b3781]::string::String>>
[INFO] [stdout]   14:     0x5af6624c7cc5 - test[9d35eded1c95d3be]::run_test::{closure#0}
[INFO] [stdout]   15:     0x5af6624c1584 - std[70759c8f55707aa4]::sys::backtrace::__rust_begin_short_backtrace::<test[9d35eded1c95d3be]::run_test::{closure#1}, ()>
[INFO] [stdout]   16:     0x5af6624cae22 - <std[70759c8f55707aa4]::thread::lifecycle::spawn_unchecked<test[9d35eded1c95d3be]::run_test::{closure#1}, ()>::{closure#1} as core[df12db4294e9bfd3]::ops::function::FnOnce<()>>::call_once::{shim:vtable#0}
[INFO] [stdout]   17:     0x5af662532e89 - <std[70759c8f55707aa4]::sys::thread::unix::Thread>::new::thread_start
[INFO] [stdout]   18:     0x79d215332dfa - <unknown>
[INFO] [stdout]   19:     0x79d2153c63d4 - clone
[INFO] [stdout]   20:                0x0 - <unknown>
[INFO] [stdout] 
[INFO] [stdout] ---- status_banner_consistency stdout ----
[INFO] [stdout] 
[INFO] [stdout] thread 'status_banner_consistency' (2172) panicked at tests/doc_drift_tests.rs:77:13:
[INFO] [stdout] could not find Mimir repo root walking up from CARGO_MANIFEST_DIR
[INFO] [stdout] stack backtrace:
[INFO] [stdout]    0:     0x5af662533921 - <<std[70759c8f55707aa4]::sys::backtrace::BacktraceLock>::print::DisplayBacktrace as core[df12db4294e9bfd3]::fmt::Display>::fmt
[INFO] [stdout]    1:     0x5af662548a4a - core[df12db4294e9bfd3]::fmt::write
[INFO] [stdout]    2:     0x5af6625380ac - <alloc[2182bb758b4b3781]::vec::Vec<u8> as core[df12db4294e9bfd3]::io::write::Write>::write_fmt
[INFO] [stdout]    3:     0x5af66250f3c6 - std[70759c8f55707aa4]::panicking::default_hook::{closure#0}
[INFO] [stdout]    4:     0x5af66252bb09 - std[70759c8f55707aa4]::panicking::default_hook
[INFO] [stdout]    5:     0x5af6624c7370 - test[9d35eded1c95d3be]::test_main_inner::<test[9d35eded1c95d3be]::test_main_static::{closure#0}>::{closure#0}
[INFO] [stdout]    6:     0x5af66252bcc2 - std[70759c8f55707aa4]::panicking::panic_with_hook
[INFO] [stdout]    7:     0x5af66250f4a4 - std[70759c8f55707aa4]::panicking::panic_handler::{closure#0}
[INFO] [stdout]    8:     0x5af662507fc9 - std[70759c8f55707aa4]::sys::backtrace::__rust_end_short_backtrace::<std[70759c8f55707aa4]::panicking::panic_handler::{closure#0}, !>
[INFO] [stdout]    9:     0x5af66251006d - __rustc[8fa7c3cbc660c2b3]::rust_begin_unwind
[INFO] [stdout]   10:     0x5af66254917c - core[df12db4294e9bfd3]::panicking::panic_fmt
[INFO] [stdout]   11:     0x5af6624b5516 - doc_drift_tests[dd02c334fe72785e]::find_repo_root
[INFO] [stdout]   12:     0x5af6624b6936 - <doc_drift_tests[dd02c334fe72785e]::status_banner_consistency::{closure#0} as core[df12db4294e9bfd3]::ops::function::FnOnce<()>>::call_once
[INFO] [stdout]   13:     0x5af6624ba65b - test[9d35eded1c95d3be]::__rust_begin_short_backtrace::<core[df12db4294e9bfd3]::result::Result<(), alloc[2182bb758b4b3781]::string::String>, fn() -> core[df12db4294e9bfd3]::result::Result<(), alloc[2182bb758b4b3781]::string::String>>
[INFO] [stdout]   14:     0x5af6624c7cc5 - test[9d35eded1c95d3be]::run_test::{closure#0}
[INFO] [stdout]   15:     0x5af6624c1584 - std[70759c8f55707aa4]::sys::backtrace::__rust_begin_short_backtrace::<test[9d35eded1c95d3be]::run_test::{closure#1}, ()>
[INFO] [stdout]   16:     0x5af6624cae22 - <std[70759c8f55707aa4]::thread::lifecycle::spawn_unchecked<test[9d35eded1c95d3be]::run_test::{closure#1}, ()>::{closure#1} as core[df12db4294e9bfd3]::ops::function::FnOnce<()>>::call_once::{shim:vtable#0}
[INFO] [stdout]   17:     0x5af662532e89 - <std[70759c8f55707aa4]::sys::thread::unix::Thread>::new::thread_start
[INFO] [stdout]   18:     0x79d215332dfa - <unknown>
[INFO] [stdout]   19:     0x79d2153c63d4 - clone
[INFO] [stdout]   20:                0x0 - <unknown>
[INFO] [stdout] 
[INFO] [stdout] 
[INFO] [stdout] failures:
[INFO] [stdout]     agents_md_table_consistency
[INFO] [stdout]     internal_workspace_dep_versions_consistency
[INFO] [stdout]     readme_no_design_phase_lies
[INFO] [stdout]     status_banner_consistency
[INFO] [stdout]     version_consistency
[INFO] [stdout] 
[INFO] [stdout] test result: FAILED. 0 passed; 5 failed; 0 ignored; 0 measured; 0 filtered out; finished in 0.01s
[INFO] [stdout] 
[INFO] [stderr] error: test failed, to rerun pass `--test doc_drift_tests`
[INFO] running `Command { std: "docker" "inspect" "4451ecf5e039240315248dd38377ebc03e933b302181e0c3f47d319360ee9571", kill_on_drop: false }`
[INFO] running `Command { std: "docker" "rm" "-f" "4451ecf5e039240315248dd38377ebc03e933b302181e0c3f47d319360ee9571", kill_on_drop: false }`
[INFO] [stdout] 4451ecf5e039240315248dd38377ebc03e933b302181e0c3f47d319360ee9571
