[INFO] fetching crate mimas-lsp 0.4.0...
[INFO] testing mimas-lsp-0.4.0 against 1.100.0-beta.1+cargoflags=--release for beta-release-1.100-2
[INFO] extracting crate mimas-lsp 0.4.0 into /workspace/builds/worker-2-tc2/source
[INFO] started tweaking crates.io crate mimas-lsp 0.4.0
[INFO] finished tweaking crates.io crate mimas-lsp 0.4.0
[INFO] tweaked toml for crates.io crate mimas-lsp 0.4.0 written to /workspace/builds/worker-2-tc2/source/Cargo.toml
[INFO] validating manifest of crates.io crate mimas-lsp 0.4.0 on toolchain 1.100.0-beta.1
[INFO] running `Command { std: CARGO_HOME="/workspace/cargo-home" RUSTUP_HOME="/workspace/rustup-home" "/workspace/cargo-home/bin/cargo" "+1.100.0-beta.1" "metadata" "--manifest-path" "Cargo.toml" "--no-deps", kill_on_drop: false }`
[INFO] crate crates.io crate mimas-lsp 0.4.0 already has a lockfile, it will not be regenerated
[INFO] running `Command { std: CARGO_HOME="/workspace/cargo-home" RUSTUP_HOME="/workspace/rustup-home" "/workspace/cargo-home/bin/cargo" "+1.100.0-beta.1" "fetch" "--manifest-path" "Cargo.toml", kill_on_drop: false }`
[INFO] [stderr]     Blocking waiting for file lock on package cache
[INFO] [stderr]     Blocking waiting for file lock on package cache
[INFO] running `Command { std: "docker" "create" "-v" "/var/lib/crater-agent-workspace/builds/worker-2-tc2/source:/opt/rustwide/workdir:ro,Z" "-v" "/var/lib/crater-agent-workspace/builds/worker-2-tc2/target:/opt/rustwide/target:rw,Z" "-v" "/var/lib/crater-agent-workspace/cargo-home:/opt/rustwide/cargo-home:ro,Z" "-v" "/var/lib/crater-agent-workspace/rustup-home:/opt/rustwide/rustup-home:ro,Z" "-m" "1610612736" "--network" "none" "ghcr.io/rust-lang/crates-build-env/linux@sha256:77db811e55d90add9212f6832c23229e3de5f1c1f9905e8cb07319ea15df73ac" "sleep" "infinity", kill_on_drop: false }`
[INFO] [stdout] d9f6b7073a3db9987ab857fb89f4e6423c4a99d66785c87c551db15a23e31651
[INFO] running `Command { std: "docker" "start" "d9f6b7073a3db9987ab857fb89f4e6423c4a99d66785c87c551db15a23e31651", kill_on_drop: false }`
[INFO] running `Command { std: "docker" "inspect" "d9f6b7073a3db9987ab857fb89f4e6423c4a99d66785c87c551db15a23e31651", kill_on_drop: false }`
[INFO] running `Command { std: "docker" "exec" "-e" "SOURCE_DIR=/opt/rustwide/workdir" "-e" "CARGO_HOME=/opt/rustwide/cargo-home" "-e" "RUSTUP_HOME=/opt/rustwide/rustup-home" "-e" "CARGO_TARGET_DIR=/opt/rustwide/target" "-w" "/opt/rustwide/workdir" "--user" "0:0" "d9f6b7073a3db9987ab857fb89f4e6423c4a99d66785c87c551db15a23e31651" "/opt/rustwide/cargo-home/bin/cargo" "+1.100.0-beta.1" "metadata" "--no-deps" "--format-version=1", kill_on_drop: false }`
[INFO] running `Command { std: "docker" "inspect" "d9f6b7073a3db9987ab857fb89f4e6423c4a99d66785c87c551db15a23e31651", kill_on_drop: false }`
[INFO] running `Command { std: "docker" "exec" "-e" "SOURCE_DIR=/opt/rustwide/workdir" "-e" "CARGO_HOME=/opt/rustwide/cargo-home" "-e" "RUSTUP_HOME=/opt/rustwide/rustup-home" "-e" "CARGO_TARGET_DIR=/opt/rustwide/target" "-e" "CARGO_INCREMENTAL=0" "-e" "RUST_BACKTRACE=full" "-e" "RUSTFLAGS=--cap-lints=warn" "-e" "RUSTDOCFLAGS=--cap-lints=warn" "-w" "/opt/rustwide/workdir" "--user" "0:0" "d9f6b7073a3db9987ab857fb89f4e6423c4a99d66785c87c551db15a23e31651" "/opt/rustwide/cargo-home/bin/cargo" "+1.100.0-beta.1" "build" "--frozen" "--message-format=json" "--release", kill_on_drop: false }`
[INFO] [stderr]    Compiling serde_json v1.0.150
[INFO] [stderr]    Compiling diff v0.1.13
[INFO] [stderr]    Compiling termcolor v1.4.1
[INFO] [stderr]    Compiling yansi v1.0.1
[INFO] [stderr]    Compiling either v1.15.0
[INFO] [stderr]    Compiling peekmore v1.3.0
[INFO] [stderr]    Compiling litemap v0.8.3
[INFO] [stderr]    Compiling hashbrown v0.17.1
[INFO] [stderr]    Compiling writeable v0.6.4
[INFO] [stderr]    Compiling icu_normalizer_data v2.3.0
[INFO] [stderr]    Compiling syn v2.0.117
[INFO] [stderr]    Compiling syn v3.0.6
[INFO] [stderr]    Compiling icu_properties_data v2.3.0
[INFO] [stderr]    Compiling thiserror v1.0.69
[INFO] [stderr]    Compiling mutants v0.0.4
[INFO] [stderr]    Compiling equivalent v1.0.2
[INFO] [stderr]    Compiling winnow v1.0.3
[INFO] [stderr]    Compiling rustc-hash v2.1.2
[INFO] [stderr]    Compiling libc v0.2.186
[INFO] [stderr]    Compiling toml_datetime v1.1.1+spec-1.1.0
[INFO] [stderr]    Compiling rand_core v0.10.1
[INFO] [stderr]    Compiling itertools v0.10.5
[INFO] [stderr]    Compiling crossbeam-utils v0.8.21
[INFO] [stderr]    Compiling getrandom v0.4.3
[INFO] [stderr]    Compiling bitflags v2.11.1
[INFO] [stderr]    Compiling camino v1.2.2
[INFO] [stderr]    Compiling cpufeatures v0.3.1
[INFO] [stderr]    Compiling regex-automata v0.4.14
[INFO] [stderr]    Compiling codespan-reporting v0.13.1
[INFO] [stderr]    Compiling pretty_assertions v1.4.1
[INFO] [stderr]    Compiling chacha20 v0.10.2
[INFO] [stderr]    Compiling anyhow v1.0.104
[INFO] [stderr]    Compiling inventory v0.3.24
[INFO] [stderr]    Compiling glam v0.32.1
[INFO] [stderr]    Compiling heck v0.5.0
[INFO] [stderr]    Compiling text-size v1.1.1
[INFO] [stderr]    Compiling log v0.4.34
[INFO] [stderr]    Compiling nohash-hasher v0.2.0
[INFO] [stderr]    Compiling line-index v0.1.2
[INFO] [stderr]    Compiling indexmap v2.14.0
[INFO] [stderr]    Compiling chompy v0.5.0
[INFO] [stderr]    Compiling crossbeam-channel v0.5.17
[INFO] [stderr]    Compiling rand v0.10.2
[INFO] [stderr]    Compiling toml_parser v1.1.2+spec-1.1.0
[INFO] [stderr]    Compiling toml_edit v0.25.11+spec-1.1.0
[INFO] [stderr]    Compiling proc-macro-crate v3.5.0
[INFO] [stderr]    Compiling synstructure v0.14.0
[INFO] [stderr]    Compiling zerofrom-derive v0.1.8
[INFO] [stderr]    Compiling yoke-derive v0.8.3
[INFO] [stderr]    Compiling zerovec-derive v0.11.6
[INFO] [stderr]    Compiling displaydoc v0.2.7
[INFO] [stderr]    Compiling zerofrom v0.1.8
[INFO] [stderr]    Compiling yoke v0.8.3
[INFO] [stderr]    Compiling zerovec v0.11.8
[INFO] [stderr]    Compiling zerotrie v0.2.5
[INFO] [stderr]    Compiling regex v1.12.3
[INFO] [stderr]    Compiling tinystr v0.8.4
[INFO] [stderr]    Compiling potential_utf v0.1.6
[INFO] [stderr]    Compiling icu_collections v2.3.0
[INFO] [stderr]    Compiling icu_locale_core v2.3.0
[INFO] [stderr]    Compiling synstructure v0.13.2
[INFO] [stderr]    Compiling serde_derive v1.0.228
[INFO] [stderr]    Compiling miette-derive v7.6.0
[INFO] [stderr]    Compiling thiserror-impl v1.0.69
[INFO] [stderr]    Compiling mimas-macros v0.4.0
[INFO] [stderr]    Compiling gc-arena-derive v0.7.0
[INFO] [stderr]    Compiling icu_provider v2.3.1
[INFO] [stderr]    Compiling gc-arena v0.7.0
[INFO] [stderr]    Compiling icu_properties v2.3.0
[INFO] [stderr]    Compiling icu_normalizer v2.3.0
[INFO] [stderr]    Compiling miette v7.6.0
[INFO] [stderr]    Compiling idna_adapter v1.2.2
[INFO] [stderr]    Compiling idna v1.1.0
[INFO] [stderr]    Compiling serde v1.0.228
[INFO] [stderr]    Compiling mimas-shared v0.4.0
[INFO] [stderr]    Compiling url v2.5.8
[INFO] [stderr]    Compiling lsp-server v0.10.0
[INFO] [stderr]    Compiling mimas-parse v0.4.0
[INFO] [stderr]    Compiling mimas-api v0.4.0
[INFO] [stderr]    Compiling gen-lsp-types v0.11.0
[INFO] [stderr]    Compiling mimas-solve v0.4.0
[INFO] [stderr]    Compiling mimas-compile v0.4.0
[INFO] [stderr]    Compiling mimas-vm v0.4.0
[INFO] [stderr]    Compiling mimas-library v0.4.0
[INFO] [stderr]    Compiling mimas-lsp v0.4.0 (/opt/rustwide/workdir)
[INFO] [stderr]     Finished `release` profile [optimized] target(s) in 1m 41s
[INFO] running `Command { std: "docker" "inspect" "d9f6b7073a3db9987ab857fb89f4e6423c4a99d66785c87c551db15a23e31651", kill_on_drop: false }`
[INFO] running `Command { std: "docker" "exec" "-e" "SOURCE_DIR=/opt/rustwide/workdir" "-e" "CARGO_HOME=/opt/rustwide/cargo-home" "-e" "RUSTUP_HOME=/opt/rustwide/rustup-home" "-e" "CARGO_TARGET_DIR=/opt/rustwide/target" "-e" "CARGO_INCREMENTAL=0" "-e" "RUST_BACKTRACE=full" "-e" "RUSTFLAGS=--cap-lints=warn" "-e" "RUSTDOCFLAGS=--cap-lints=warn" "-w" "/opt/rustwide/workdir" "--user" "0:0" "d9f6b7073a3db9987ab857fb89f4e6423c4a99d66785c87c551db15a23e31651" "/opt/rustwide/cargo-home/bin/cargo" "+1.100.0-beta.1" "test" "--frozen" "--no-run" "--message-format=json" "--release", kill_on_drop: false }`
[INFO] [stderr]    Compiling mimas-lsp v0.4.0 (/opt/rustwide/workdir)
[INFO] [stderr]     Finished `release` profile [optimized] target(s) in 8.43s
[INFO] running `Command { std: "docker" "inspect" "d9f6b7073a3db9987ab857fb89f4e6423c4a99d66785c87c551db15a23e31651", kill_on_drop: false }`
[INFO] running `Command { std: "docker" "exec" "-e" "SOURCE_DIR=/opt/rustwide/workdir" "-e" "CARGO_HOME=/opt/rustwide/cargo-home" "-e" "RUSTUP_HOME=/opt/rustwide/rustup-home" "-e" "CARGO_TARGET_DIR=/opt/rustwide/target" "-e" "CARGO_INCREMENTAL=0" "-e" "RUST_BACKTRACE=full" "-e" "RUSTFLAGS=--cap-lints=warn" "-e" "RUSTDOCFLAGS=--cap-lints=warn" "-w" "/opt/rustwide/workdir" "--user" "0:0" "d9f6b7073a3db9987ab857fb89f4e6423c4a99d66785c87c551db15a23e31651" "/opt/rustwide/cargo-home/bin/cargo" "+1.100.0-beta.1" "test" "--frozen" "--release", kill_on_drop: false }`
[INFO] [stderr]     Finished `release` profile [optimized] target(s) in 0.22s
[INFO] [stderr]      Running unittests src/main.rs (/opt/rustwide/target/release/build/mimas-lsp/80cb2574d921ec06/out/mimas_lsp-80cb2574d921ec06)
[INFO] [stdout] 
[INFO] [stdout] running 15 tests
[INFO] [stdout] test tests::solved::each_path_resolves_its_member ... ok
[INFO] [stdout] test tests::host_api::an_unreadable_manifest_says_how_to_write_it ... ok
[INFO] [stdout] test tests::solved::pattern_field_keys_refer_to_fields ... ok
[INFO] [stdout] test tests::workspace::closing_the_last_file_clears_its_diagnostics ... ok
[INFO] [stdout] test tests::solved::pattern_or_shorthand_refers_to_the_local ... ok
[INFO] [stdout] test tests::solved::references_and_rename_reach_every_script ... ok
[INFO] [stdout] test tests::solved::pattern_or_bindings_share_the_first_declaration ... ok
[INFO] [stdout] test tests::solved::hover_shows_a_module_function_and_its_doc ... ok
[INFO] [stdout] test tests::workspace::nested_script_in_package_sees_modules_above ... ok
[INFO] [stdout] test tests::solved::a_script_that_does_not_check_has_no_references_to_add ... ok
[INFO] [stdout] test tests::workspace::a_file_outside_any_repository_takes_its_folder_alone ... ok
[INFO] [stdout] test tests::workspace::loose_scripts_share_the_highest_folder ... ok
[INFO] [stdout] test tests::workspace::a_new_file_joins_its_project ... ok
[INFO] [stdout] test tests::host_api::running_the_host_rechecks_its_scripts ... FAILED
[INFO] [stdout] test tests::host_api::newest_binary_manifest_wins ... FAILED
[INFO] [stdout] 
[INFO] [stdout] failures:
[INFO] [stdout] 
[INFO] [stdout] ---- tests::host_api::running_the_host_rechecks_its_scripts stdout ----
[INFO] [stdout] 
[INFO] [stdout] thread 'tests::host_api::running_the_host_rechecks_its_scripts' (1865) panicked at src/tests/host_api.rs:86:5:
[INFO] [stdout] assertion `left == right` failed
[INFO] [stdout]   left: [("/tmp/mimas-lsp-rerun-1862/scripts/speed.mim", 2)]
[INFO] [stdout]  right: [("/tmp/mimas-lsp-rerun-1862/scripts/speed.mim", 0)]
[INFO] [stdout] stack backtrace:
[INFO] [stdout]    0:     0x59943d2c1661 - <<std[617be2ca0a6fd877]::sys::backtrace::BacktraceLock>::print::DisplayBacktrace as core[a373ad73a504971]::fmt::Display>::fmt
[INFO] [stdout]    1:     0x59943d2d988a - core[a373ad73a504971]::fmt::write
[INFO] [stdout]    2:     0x59943d2c622c - <alloc[2e1b2a31b91974c5]::vec::Vec<u8> as core[a373ad73a504971]::io::write::Write>::write_fmt
[INFO] [stdout]    3:     0x59943d29a746 - std[617be2ca0a6fd877]::panicking::default_hook::{closure#0}
[INFO] [stdout]    4:     0x59943d2b8739 - std[617be2ca0a6fd877]::panicking::default_hook
[INFO] [stdout]    5:     0x59943d0e4b00 - test[aada8e7e76ba119b]::test_main_inner::{closure#0}
[INFO] [stdout]    6:     0x59943d2b88f2 - std[617be2ca0a6fd877]::panicking::panic_with_hook
[INFO] [stdout]    7:     0x59943d29a7f2 - std[617be2ca0a6fd877]::panicking::panic_handler::{closure#0}
[INFO] [stdout]    8:     0x59943d292fa9 - std[617be2ca0a6fd877]::sys::backtrace::__rust_end_short_backtrace::<std[617be2ca0a6fd877]::panicking::panic_handler::{closure#0}, !>
[INFO] [stdout]    9:     0x59943d29b47d - __rustc[ea4f61d10b84890b]::rust_begin_unwind
[INFO] [stdout]   10:     0x59943d2da06c - core[a373ad73a504971]::panicking::panic_fmt
[INFO] [stdout]   11:     0x59943d2d9f83 - core[a373ad73a504971]::panicking::assert_failed_inner
[INFO] [stdout]   12:     0x59943cf8eccb - core[a373ad73a504971]::panicking::assert_failed::<alloc[2e1b2a31b91974c5]::vec::Vec<(std[617be2ca0a6fd877]::path::PathBuf, usize)>, [(std[617be2ca0a6fd877]::path::PathBuf, usize); 1usize]>
[INFO] [stdout]   13:     0x59943cf84ac0 - <mimas_lsp[795da7859843e9]::tests::host_api::running_the_host_rechecks_its_scripts::{closure#0} as core[a373ad73a504971]::ops::function::FnOnce<()>>::call_once
[INFO] [stdout]   14:     0x59943d0d7f4b - test[aada8e7e76ba119b]::__rust_begin_short_backtrace::<core[a373ad73a504971]::result::Result<(), alloc[2e1b2a31b91974c5]::string::String>, fn() -> core[a373ad73a504971]::result::Result<(), alloc[2e1b2a31b91974c5]::string::String>>
[INFO] [stdout]   15:     0x59943d0e5125 - test[aada8e7e76ba119b]::run_test::{closure#0}
[INFO] [stdout]   16:     0x59943d0dea14 - std[617be2ca0a6fd877]::sys::backtrace::__rust_begin_short_backtrace::<test[aada8e7e76ba119b]::run_test::{closure#1}, ()>
[INFO] [stdout]   17:     0x59943d0e81b2 - <std[617be2ca0a6fd877]::thread::lifecycle::spawn_unchecked<test[aada8e7e76ba119b]::run_test::{closure#1}, ()>::{closure#1} as core[a373ad73a504971]::ops::function::FnOnce<()>>::call_once::{shim:vtable#0}
[INFO] [stdout]   18:     0x59943d2c066f - <std[617be2ca0a6fd877]::sys::thread::unix::Thread>::new::thread_start
[INFO] [stdout]   19:     0x713a93036dfa - <unknown>
[INFO] [stdout]   20:     0x713a930ca3d4 - clone
[INFO] [stdout]   21:                0x0 - <unknown>
[INFO] [stdout] 
[INFO] [stdout] ---- tests::host_api::newest_binary_manifest_wins stdout ----
[INFO] [stdout] 
[INFO] [stdout] thread 'tests::host_api::newest_binary_manifest_wins' (1864) panicked at src/tests/host_api.rs:68:5:
[INFO] [stdout] assertion failed: has(&HostApi::Packages.library(&project).0, "SPEED")
[INFO] [stdout] stack backtrace:
[INFO] [stdout]    0:     0x59943d2c1661 - <<std[617be2ca0a6fd877]::sys::backtrace::BacktraceLock>::print::DisplayBacktrace as core[a373ad73a504971]::fmt::Display>::fmt
[INFO] [stdout]    1:     0x59943d2d988a - core[a373ad73a504971]::fmt::write
[INFO] [stdout]    2:     0x59943d2c622c - <alloc[2e1b2a31b91974c5]::vec::Vec<u8> as core[a373ad73a504971]::io::write::Write>::write_fmt
[INFO] [stdout]    3:     0x59943d29a746 - std[617be2ca0a6fd877]::panicking::default_hook::{closure#0}
[INFO] [stdout]    4:     0x59943d2b8739 - std[617be2ca0a6fd877]::panicking::default_hook
[INFO] [stdout]    5:     0x59943d0e4b00 - test[aada8e7e76ba119b]::test_main_inner::{closure#0}
[INFO] [stdout]    6:     0x59943d2b88f2 - std[617be2ca0a6fd877]::panicking::panic_with_hook
[INFO] [stdout]    7:     0x59943d29a824 - std[617be2ca0a6fd877]::panicking::panic_handler::{closure#0}
[INFO] [stdout]    8:     0x59943d292fa9 - std[617be2ca0a6fd877]::sys::backtrace::__rust_end_short_backtrace::<std[617be2ca0a6fd877]::panicking::panic_handler::{closure#0}, !>
[INFO] [stdout]    9:     0x59943d29b47d - __rustc[ea4f61d10b84890b]::rust_begin_unwind
[INFO] [stdout]   10:     0x59943d2da06c - core[a373ad73a504971]::panicking::panic_fmt
[INFO] [stdout]   11:     0x59943d2da032 - core[a373ad73a504971]::panicking::panic
[INFO] [stdout]   12:     0x59943cf840f2 - <mimas_lsp[795da7859843e9]::tests::host_api::newest_binary_manifest_wins::{closure#0} as core[a373ad73a504971]::ops::function::FnOnce<()>>::call_once
[INFO] [stdout]   13:     0x59943d0d7f4b - test[aada8e7e76ba119b]::__rust_begin_short_backtrace::<core[a373ad73a504971]::result::Result<(), alloc[2e1b2a31b91974c5]::string::String>, fn() -> core[a373ad73a504971]::result::Result<(), alloc[2e1b2a31b91974c5]::string::String>>
[INFO] [stdout]   14:     0x59943d0e5125 - test[aada8e7e76ba119b]::run_test::{closure#0}
[INFO] [stdout]   15:     0x59943d0dea14 - std[617be2ca0a6fd877]::sys::backtrace::__rust_begin_short_backtrace::<test[aada8e7e76ba119b]::run_test::{closure#1}, ()>
[INFO] [stdout]   16:     0x59943d0e81b2 - <std[617be2ca0a6fd877]::thread::lifecycle::spawn_unchecked<test[aada8e7e76ba119b]::run_test::{closure#1}, ()>::{closure#1} as core[a373ad73a504971]::ops::function::FnOnce<()>>::call_once::{shim:vtable#0}
[INFO] [stdout]   17:     0x59943d2c066f - <std[617be2ca0a6fd877]::sys::thread::unix::Thread>::new::thread_start
[INFO] [stdout]   18:     0x713a93036dfa - <unknown>
[INFO] [stdout]   19:     0x713a930ca3d4 - clone
[INFO] [stdout]   20:                0x0 - <unknown>
[INFO] [stdout] 
[INFO] [stdout] 
[INFO] [stdout] failures:
[INFO] [stdout]     tests::host_api::newest_binary_manifest_wins
[INFO] [stdout]     tests::host_api::running_the_host_rechecks_its_scripts
[INFO] [stdout] 
[INFO] [stdout] test result: FAILED. 13 passed; 2 failed; 0 ignored; 0 measured; 0 filtered out; finished in 0.13s
[INFO] [stdout] 
[INFO] [stderr] error: test failed, to rerun pass `--bin mimas-lsp`
[INFO] running `Command { std: "docker" "inspect" "d9f6b7073a3db9987ab857fb89f4e6423c4a99d66785c87c551db15a23e31651", kill_on_drop: false }`
[INFO] running `Command { std: "docker" "rm" "-f" "d9f6b7073a3db9987ab857fb89f4e6423c4a99d66785c87c551db15a23e31651", kill_on_drop: false }`
[INFO] [stdout] d9f6b7073a3db9987ab857fb89f4e6423c4a99d66785c87c551db15a23e31651
