[INFO] fetching crate miltr-server 0.2.0...
[INFO] testing miltr-server-0.2.0 against 1.100.0-beta.1+cargoflags=--release for beta-release-1.100-2
[INFO] extracting crate miltr-server 0.2.0 into /workspace/builds/worker-2-tc2/source
[INFO] started tweaking crates.io crate miltr-server 0.2.0
[INFO] removed 0 missing examples
[INFO] removed 0 missing tests
[INFO] finished tweaking crates.io crate miltr-server 0.2.0
[INFO] tweaked toml for crates.io crate miltr-server 0.2.0 written to /workspace/builds/worker-2-tc2/source/Cargo.toml
[INFO] validating manifest of crates.io crate miltr-server 0.2.0 on toolchain 1.100.0-beta.1
[INFO] running `Command { std: CARGO_HOME="/workspace/cargo-home" RUSTUP_HOME="/workspace/rustup-home" "/workspace/cargo-home/bin/cargo" "+1.100.0-beta.1" "metadata" "--manifest-path" "Cargo.toml" "--no-deps", kill_on_drop: false }`
[INFO] crate crates.io crate miltr-server 0.2.0 already has a lockfile, it will not be regenerated
[INFO] running `Command { std: CARGO_HOME="/workspace/cargo-home" RUSTUP_HOME="/workspace/rustup-home" "/workspace/cargo-home/bin/cargo" "+1.100.0-beta.1" "fetch" "--manifest-path" "Cargo.toml", kill_on_drop: false }`
[INFO] [stderr] warning: Cargo.toml: `lints.clippy.cast-possible-truncation` is deprecated in favor of `lints.clippy.cast_possible_truncation` and will not work in a future edition
[INFO] [stderr] warning: `miltr-server` (manifest) generated 1 warning
[INFO] running `Command { std: "docker" "create" "-v" "/var/lib/crater-agent-workspace/builds/worker-2-tc2/source:/opt/rustwide/workdir:ro,Z" "-v" "/var/lib/crater-agent-workspace/builds/worker-2-tc2/target:/opt/rustwide/target:rw,Z" "-v" "/var/lib/crater-agent-workspace/cargo-home:/opt/rustwide/cargo-home:ro,Z" "-v" "/var/lib/crater-agent-workspace/rustup-home:/opt/rustwide/rustup-home:ro,Z" "-m" "1610612736" "--network" "none" "ghcr.io/rust-lang/crates-build-env/linux@sha256:77db811e55d90add9212f6832c23229e3de5f1c1f9905e8cb07319ea15df73ac" "sleep" "infinity", kill_on_drop: false }`
[INFO] [stdout] eeeb56c849662a63a0b92c93ca844f623e2b8cecd83c2294ddf1cdb384e7db13
[INFO] running `Command { std: "docker" "start" "eeeb56c849662a63a0b92c93ca844f623e2b8cecd83c2294ddf1cdb384e7db13", kill_on_drop: false }`
[INFO] running `Command { std: "docker" "inspect" "eeeb56c849662a63a0b92c93ca844f623e2b8cecd83c2294ddf1cdb384e7db13", kill_on_drop: false }`
[INFO] running `Command { std: "docker" "exec" "-e" "SOURCE_DIR=/opt/rustwide/workdir" "-e" "CARGO_HOME=/opt/rustwide/cargo-home" "-e" "RUSTUP_HOME=/opt/rustwide/rustup-home" "-e" "CARGO_TARGET_DIR=/opt/rustwide/target" "-w" "/opt/rustwide/workdir" "--user" "0:0" "eeeb56c849662a63a0b92c93ca844f623e2b8cecd83c2294ddf1cdb384e7db13" "/opt/rustwide/cargo-home/bin/cargo" "+1.100.0-beta.1" "metadata" "--no-deps" "--format-version=1", kill_on_drop: false }`
[INFO] running `Command { std: "docker" "inspect" "eeeb56c849662a63a0b92c93ca844f623e2b8cecd83c2294ddf1cdb384e7db13", kill_on_drop: false }`
[INFO] running `Command { std: "docker" "exec" "-e" "SOURCE_DIR=/opt/rustwide/workdir" "-e" "CARGO_HOME=/opt/rustwide/cargo-home" "-e" "RUSTUP_HOME=/opt/rustwide/rustup-home" "-e" "CARGO_TARGET_DIR=/opt/rustwide/target" "-e" "CARGO_INCREMENTAL=0" "-e" "RUST_BACKTRACE=full" "-e" "RUSTFLAGS=--cap-lints=warn" "-e" "RUSTDOCFLAGS=--cap-lints=warn" "-w" "/opt/rustwide/workdir" "--user" "0:0" "eeeb56c849662a63a0b92c93ca844f623e2b8cecd83c2294ddf1cdb384e7db13" "/opt/rustwide/cargo-home/bin/cargo" "+1.100.0-beta.1" "build" "--frozen" "--message-format=json" "--release", kill_on_drop: false }`
[INFO] [stderr] warning: Cargo.toml: `lints.clippy.cast-possible-truncation` is deprecated in favor of `lints.clippy.cast_possible_truncation` and will not work in a future edition
[INFO] [stderr] warning: `miltr-server` (manifest) generated 1 warning
[INFO] [stderr]    Compiling proc-macro2 v1.0.101
[INFO] [stderr]    Compiling unicode-ident v1.0.19
[INFO] [stderr]    Compiling futures-core v0.3.31
[INFO] [stderr]    Compiling hashbrown v0.15.4
[INFO] [stderr]    Compiling toml_datetime v0.6.11
[INFO] [stderr]    Compiling winnow v0.7.12
[INFO] [stderr]    Compiling memchr v2.7.5
[INFO] [stderr]    Compiling rustversion v1.0.21
[INFO] [stderr]    Compiling thiserror v2.0.16
[INFO] [stderr]    Compiling either v1.10.0
[INFO] [stderr]    Compiling miltr-utils v0.1.2
[INFO] [stderr]    Compiling bytecount v0.6.9
[INFO] [stderr]    Compiling bitflags v2.9.4
[INFO] [stderr]    Compiling futures-channel v0.3.31
[INFO] [stderr]    Compiling itertools v0.14.0
[INFO] [stderr]    Compiling indexmap v2.10.0
[INFO] [stderr]    Compiling quote v1.0.40
[INFO] [stderr]    Compiling syn v2.0.106
[INFO] [stderr]    Compiling toml_edit v0.22.27
[INFO] [stderr]    Compiling proc-macro-crate v3.3.0
[INFO] [stderr]    Compiling futures-macro v0.3.31
[INFO] [stderr]    Compiling thiserror-impl v2.0.16
[INFO] [stderr]    Compiling num_enum_derive v0.7.4
[INFO] [stderr]    Compiling enum_dispatch v0.3.13
[INFO] [stderr]    Compiling async-trait v0.1.89
[INFO] [stderr]    Compiling num_enum v0.7.4
[INFO] [stderr]    Compiling futures-util v0.3.31
[INFO] [stderr]    Compiling asynchronous-codec v0.7.0
[INFO] [stderr]    Compiling futures-executor v0.3.31
[INFO] [stderr]    Compiling futures v0.3.31
[INFO] [stderr]    Compiling miltr-common v0.1.3
[INFO] [stderr]    Compiling miltr-server v0.2.0 (/opt/rustwide/workdir)
[INFO] [stderr]     Finished `release` profile [optimized] target(s) in 16.88s
[INFO] running `Command { std: "docker" "inspect" "eeeb56c849662a63a0b92c93ca844f623e2b8cecd83c2294ddf1cdb384e7db13", kill_on_drop: false }`
[INFO] running `Command { std: "docker" "exec" "-e" "SOURCE_DIR=/opt/rustwide/workdir" "-e" "CARGO_HOME=/opt/rustwide/cargo-home" "-e" "RUSTUP_HOME=/opt/rustwide/rustup-home" "-e" "CARGO_TARGET_DIR=/opt/rustwide/target" "-e" "CARGO_INCREMENTAL=0" "-e" "RUST_BACKTRACE=full" "-e" "RUSTFLAGS=--cap-lints=warn" "-e" "RUSTDOCFLAGS=--cap-lints=warn" "-w" "/opt/rustwide/workdir" "--user" "0:0" "eeeb56c849662a63a0b92c93ca844f623e2b8cecd83c2294ddf1cdb384e7db13" "/opt/rustwide/cargo-home/bin/cargo" "+1.100.0-beta.1" "test" "--frozen" "--no-run" "--message-format=json" "--release", kill_on_drop: false }`
[INFO] [stderr] warning: Cargo.toml: `lints.clippy.cast-possible-truncation` is deprecated in favor of `lints.clippy.cast_possible_truncation` and will not work in a future edition
[INFO] [stderr] warning: `miltr-server` (manifest) generated 1 warning
[INFO] [stderr]    Compiling libc v0.2.175
[INFO] [stderr]    Compiling cfg-if v1.0.3
[INFO] [stderr]    Compiling stable_deref_trait v1.2.0
[INFO] [stderr]    Compiling bitflags v2.9.4
[INFO] [stderr]    Compiling parking_lot_core v0.9.11
[INFO] [stderr]    Compiling syn v2.0.106
[INFO] [stderr]    Compiling cc v1.2.30
[INFO] [stderr]    Compiling lock_api v0.4.13
[INFO] [stderr]    Compiling writeable v0.6.1
[INFO] [stderr]    Compiling litemap v0.8.0
[INFO] [stderr]    Compiling futures-channel v0.3.31
[INFO] [stderr]    Compiling zerocopy v0.8.26
[INFO] [stderr]    Compiling object v0.36.7
[INFO] [stderr]    Compiling openssl v0.10.73
[INFO] [stderr]    Compiling native-tls v0.2.14
[INFO] [stderr]    Compiling rustix v1.0.8
[INFO] [stderr]    Compiling gimli v0.31.1
[INFO] [stderr]    Compiling percent-encoding v2.3.1
[INFO] [stderr]    Compiling linux-raw-sys v0.9.4
[INFO] [stderr]    Compiling rustix v0.38.44
[INFO] [stderr]    Compiling owo-colors v4.2.2
[INFO] [stderr]    Compiling regex-syntax v0.8.6
[INFO] [stderr]    Compiling form_urlencoded v1.2.1
[INFO] [stderr]    Compiling unicode-width v0.2.1
[INFO] [stderr]    Compiling email-encoding v0.4.1
[INFO] [stderr]    Compiling tracing v0.1.41
[INFO] [stderr]    Compiling thread_local v1.1.9
[INFO] [stderr]    Compiling nom v8.0.0
[INFO] [stderr]    Compiling email_address v0.2.9
[INFO] [stderr]    Compiling textwrap v0.16.2
[INFO] [stderr]    Compiling quoted_printable v0.5.1
[INFO] [stderr]    Compiling nu-ansi-term v0.50.1
[INFO] [stderr]    Compiling supports-hyperlinks v3.1.0
[INFO] [stderr]    Compiling socket2 v0.6.0
[INFO] [stderr]    Compiling parking_lot v0.12.4
[INFO] [stderr]    Compiling signal-hook-registry v1.4.6
[INFO] [stderr]    Compiling mio v1.0.4
[INFO] [stderr]    Compiling getrandom v0.2.12
[INFO] [stderr]    Compiling rand_core v0.6.4
[INFO] [stderr]    Compiling rand_chacha v0.3.1
[INFO] [stderr]    Compiling terminal_size v0.4.2
[INFO] [stderr]    Compiling socket2 v0.5.10
[INFO] [stderr]    Compiling openssl-sys v0.9.109
[INFO] [stderr]    Compiling psm v0.1.26
[INFO] [stderr]    Compiling stacker v0.1.21
[INFO] [stderr]    Compiling rand v0.8.5
[INFO] [stderr]    Compiling hostname v0.4.1
[INFO] [stderr]    Compiling regex-automata v0.4.10
[INFO] [stderr]    Compiling ahash v0.8.12
[INFO] [stderr]    Compiling hashbrown v0.14.5
[INFO] [stderr]    Compiling addr2line v0.24.2
[INFO] [stderr]    Compiling chumsky v0.9.3
[INFO] [stderr]    Compiling synstructure v0.13.2
[INFO] [stderr]    Compiling backtrace v0.3.75
[INFO] [stderr]    Compiling zerofrom-derive v0.1.6
[INFO] [stderr]    Compiling yoke-derive v0.8.0
[INFO] [stderr]    Compiling zerovec-derive v0.11.1
[INFO] [stderr]    Compiling displaydoc v0.2.5
[INFO] [stderr]    Compiling futures-macro v0.3.31
[INFO] [stderr]    Compiling tokio-macros v2.5.0
[INFO] [stderr]    Compiling openssl-macros v0.1.1
[INFO] [stderr]    Compiling thiserror-impl v2.0.16
[INFO] [stderr]    Compiling async-trait v0.1.89
[INFO] [stderr]    Compiling pin-project-internal v1.1.10
[INFO] [stderr]    Compiling num_enum_derive v0.7.4
[INFO] [stderr]    Compiling enum_dispatch v0.3.13
[INFO] [stderr]    Compiling thiserror-impl v1.0.69
[INFO] [stderr]    Compiling tokio v1.47.1
[INFO] [stderr]    Compiling matchers v0.2.0
[INFO] [stderr]    Compiling miette-derive v7.6.0
[INFO] [stderr]    Compiling futures-util v0.3.31
[INFO] [stderr]    Compiling tracing-subscriber v0.3.20
[INFO] [stderr]    Compiling num_enum v0.7.4
[INFO] [stderr]    Compiling backtrace-ext v0.2.1
[INFO] [stderr]    Compiling pin-project v1.1.10
[INFO] [stderr]    Compiling zerofrom v0.1.6
[INFO] [stderr]    Compiling yoke v0.8.0
[INFO] [stderr]    Compiling thiserror v2.0.16
[INFO] [stderr]    Compiling thiserror v1.0.69
[INFO] [stderr]    Compiling zerovec v0.11.2
[INFO] [stderr]    Compiling zerotrie v0.2.2
[INFO] [stderr]    Compiling miette v7.6.0
[INFO] [stderr]    Compiling tinystr v0.8.1
[INFO] [stderr]    Compiling potential_utf v0.1.2
[INFO] [stderr]    Compiling icu_collections v2.0.0
[INFO] [stderr]    Compiling icu_locale_core v2.0.0
[INFO] [stderr]    Compiling icu_provider v2.0.0
[INFO] [stderr]    Compiling icu_properties v2.0.1
[INFO] [stderr]    Compiling icu_normalizer v2.0.0
[INFO] [stderr]    Compiling asynchronous-codec v0.7.0
[INFO] [stderr]    Compiling futures-executor v0.3.31
[INFO] [stderr]    Compiling futures v0.3.31
[INFO] [stderr]    Compiling miltr-common v0.1.3
[INFO] [stderr]    Compiling idna_adapter v1.2.1
[INFO] [stderr]    Compiling idna v1.0.3
[INFO] [stderr]    Compiling url v2.5.4
[INFO] [stderr]    Compiling miltr-server v0.2.0 (/opt/rustwide/workdir)
[INFO] [stderr]    Compiling tokio-native-tls v0.3.1
[INFO] [stderr]    Compiling tokio-util v0.7.16
[INFO] [stderr]    Compiling async-fd-lock v0.2.0
[INFO] [stderr]    Compiling tokio-retry v0.3.0
[INFO] [stderr]    Compiling lettre v0.11.17
[INFO] [stderr]     Finished `release` profile [optimized] target(s) in 1m 44s
[INFO] running `Command { std: "docker" "inspect" "eeeb56c849662a63a0b92c93ca844f623e2b8cecd83c2294ddf1cdb384e7db13", kill_on_drop: false }`
[INFO] running `Command { std: "docker" "exec" "-e" "SOURCE_DIR=/opt/rustwide/workdir" "-e" "CARGO_HOME=/opt/rustwide/cargo-home" "-e" "RUSTUP_HOME=/opt/rustwide/rustup-home" "-e" "CARGO_TARGET_DIR=/opt/rustwide/target" "-e" "CARGO_INCREMENTAL=0" "-e" "RUST_BACKTRACE=full" "-e" "RUSTFLAGS=--cap-lints=warn" "-e" "RUSTDOCFLAGS=--cap-lints=warn" "-w" "/opt/rustwide/workdir" "--user" "0:0" "eeeb56c849662a63a0b92c93ca844f623e2b8cecd83c2294ddf1cdb384e7db13" "/opt/rustwide/cargo-home/bin/cargo" "+1.100.0-beta.1" "test" "--frozen" "--release", kill_on_drop: false }`
[INFO] [stderr] warning: Cargo.toml: `lints.clippy.cast-possible-truncation` is deprecated in favor of `lints.clippy.cast_possible_truncation` and will not work in a future edition
[INFO] [stderr] warning: `miltr-server` (manifest) generated 1 warning
[INFO] [stderr]     Finished `release` profile [optimized] target(s) in 0.22s
[INFO] [stderr]      Running unittests src/lib.rs (/opt/rustwide/target/release/build/miltr-server/bf60d134a53aeead/out/miltr_server-bf60d134a53aeead)
[INFO] [stdout] 
[INFO] [stdout] running 3 tests
[INFO] [stdout] test codec::test::test_decode_fuzz_1 ... ok
[INFO] [stdout] test codec::test::test_decode_fuzz_2 ... ok
[INFO] [stdout] test codec::test::test_decode_fuzz_3 ... ok
[INFO] [stdout] 
[INFO] [stdout] test result: ok. 3 passed; 0 failed; 0 ignored; 0 measured; 0 filtered out; finished in 0.00s
[INFO] [stdout] 
[INFO] [stderr]      Running tests/mod.rs (/opt/rustwide/target/release/build/miltr-server/5945e4e23dcc16b1/out/mod-5945e4e23dcc16b1)
[INFO] [stdout] 
[INFO] [stdout] running 18 tests
[INFO] [stdout] test actions::quit::quit ... FAILED
[INFO] [stdout] test actions::bidirectional::abort ... FAILED
[INFO] [stdout] test actions::to_mta_only::skip ... FAILED
[INFO] [stdout] test actions::to_mta_only::replycode ... FAILED
[INFO] [stdout] test actions::bidirectional::r#continue ... FAILED
[INFO] [stdout] test actions::to_mta_only::reject ... FAILED
[INFO] [stdout] test actions::to_mta_only::discard ... FAILED
[INFO] [stdout] test modifications::headers::test_change_header ... FAILED
[INFO] [stdout] test modifications::body::test_replace_body ... FAILED
[INFO] [stdout] test modifications::headers::test_add_header ... FAILED
[INFO] [stdout] test modifications::r#macro::test_macro_request ... FAILED
[INFO] [stdout] test actions::to_mta_only::tempfail ... FAILED
[INFO] [stdout] test utils::portguard::get_ports ... ok
[INFO] [stdout] test modifications::quarantine::test_quarantine ... FAILED
[INFO] [stdout] test modifications::recipient::test_delete_rcpt ... FAILED
[INFO] [stdout] test modifications::headers::test_insert_header ... FAILED
[INFO] [stdout] test modifications::recipient::test_add_rcpt ... FAILED
[INFO] [stdout] test connection::many_mails::test_many_mail_send ... FAILED
[INFO] [stdout] 
[INFO] [stdout] failures:
[INFO] [stdout] 
[INFO] [stdout] ---- actions::quit::quit stdout ----
[INFO] [stdout] Accepting miltr connections on 34285
[INFO] [stdout] Setup 'postfix-actions-quit' on :10026
[INFO] [stdout] Error:   × Failed setting up postfix
[INFO] [stdout]   ├─▶ Failed to configure postfix instance
[INFO] [stdout]   ├─▶ Failed to read in main.cf for instance
[INFO] [stdout]   ╰─▶ No such file or directory (os error 2)
[INFO] [stdout] 
[INFO] [stdout] 
[INFO] [stdout] ---- actions::bidirectional::abort stdout ----
[INFO] [stdout] Accepting miltr connections on 41455
[INFO] [stdout] Setup 'postfix-actions-bidirectional-abort' on :10028
[INFO] [stdout] Error:   × Failed setting up postfix
[INFO] [stdout]   ├─▶ Failed to configure postfix instance
[INFO] [stdout]   ├─▶ Failed to read in main.cf for instance
[INFO] [stdout]   ╰─▶ No such file or directory (os error 2)
[INFO] [stdout] 
[INFO] [stdout] 
[INFO] [stdout] ---- actions::to_mta_only::skip stdout ----
[INFO] [stdout] Accepting miltr connections on 46289
[INFO] [stdout] Setup 'postfix-actions-to-mta-only-skip' on :10027
[INFO] [stdout] Error:   × Failed setting up postfix
[INFO] [stdout]   ├─▶ Failed to configure postfix instance
[INFO] [stdout]   ├─▶ Failed to read in main.cf for instance
[INFO] [stdout]   ╰─▶ No such file or directory (os error 2)
[INFO] [stdout] 
[INFO] [stdout] 
[INFO] [stdout] ---- actions::to_mta_only::replycode stdout ----
[INFO] [stdout] Accepting miltr connections on 40653
[INFO] [stdout] Setup 'postfix-actions-to-mta-only-replycode' on :10026
[INFO] [stdout] Error:   × Failed setting up postfix
[INFO] [stdout]   ├─▶ Failed to configure postfix instance
[INFO] [stdout]   ├─▶ Failed to read in main.cf for instance
[INFO] [stdout]   ╰─▶ No such file or directory (os error 2)
[INFO] [stdout] 
[INFO] [stdout] 
[INFO] [stdout] ---- actions::bidirectional::r#continue stdout ----
[INFO] [stdout] Accepting miltr connections on 38681
[INFO] [stdout] Setup 'postfix-actions-bidirectional-continue' on :10025
[INFO] [stdout] Error:   × Failed setting up postfix
[INFO] [stdout]   ├─▶ Failed to configure postfix instance
[INFO] [stdout]   ├─▶ Failed to read in main.cf for instance
[INFO] [stdout]   ╰─▶ No such file or directory (os error 2)
[INFO] [stdout] 
[INFO] [stdout] 
[INFO] [stdout] ---- actions::to_mta_only::reject stdout ----
[INFO] [stdout] Accepting miltr connections on 35281
[INFO] [stdout] Setup 'postfix-actions-to-mta-only-reject' on :10029
[INFO] [stdout] Error:   × Failed setting up postfix
[INFO] [stdout]   ├─▶ Failed to configure postfix instance
[INFO] [stdout]   ├─▶ Failed to read in main.cf for instance
[INFO] [stdout]   ╰─▶ No such file or directory (os error 2)
[INFO] [stdout] 
[INFO] [stdout] 
[INFO] [stdout] ---- actions::to_mta_only::discard stdout ----
[INFO] [stdout] Accepting miltr connections on 42523
[INFO] [stdout] Setup 'postfix-actions-to-mta-only-discard' on :10032
[INFO] [stdout] Error:   × Failed setting up postfix
[INFO] [stdout]   ├─▶ Failed to configure postfix instance
[INFO] [stdout]   ├─▶ Failed to read in main.cf for instance
[INFO] [stdout]   ╰─▶ No such file or directory (os error 2)
[INFO] [stdout] 
[INFO] [stdout] 
[INFO] [stdout] ---- modifications::headers::test_change_header stdout ----
[INFO] [stdout] Accepting miltr connections on 46051
[INFO] [stdout] Setup 'postfix-modifications-headers-change-header' on :10030
[INFO] [stdout] 
[INFO] [stdout] thread 'modifications::headers::test_change_header' (2897) panicked at tests/modifications/headers.rs:71:10:
[INFO] [stdout] Failed setting up test case:   × Failed setting up postfix
[INFO] [stdout]   ├─▶ Failed to configure postfix instance
[INFO] [stdout]   ├─▶ Failed to read in main.cf for instance
[INFO] [stdout]   ╰─▶ No such file or directory (os error 2)
[INFO] [stdout] 
[INFO] [stdout] stack backtrace:
[INFO] [stdout]    0:     0x62f523cbe391 - <<std[617be2ca0a6fd877]::sys::backtrace::BacktraceLock>::print::DisplayBacktrace as core[a373ad73a504971]::fmt::Display>::fmt
[INFO] [stdout]    1:     0x62f523cd54ba - core[a373ad73a504971]::fmt::write
[INFO] [stdout]    2:     0x62f523cc357c - <alloc[2e1b2a31b91974c5]::vec::Vec<u8> as core[a373ad73a504971]::io::write::Write>::write_fmt
[INFO] [stdout]    3:     0x62f523c97136 - std[617be2ca0a6fd877]::panicking::default_hook::{closure#0}
[INFO] [stdout]    4:     0x62f523cb5259 - std[617be2ca0a6fd877]::panicking::default_hook
[INFO] [stdout]    5:     0x62f523bafe70 - test[aada8e7e76ba119b]::test_main_inner::{closure#0}
[INFO] [stdout]    6:     0x62f523cb5582 - std[617be2ca0a6fd877]::panicking::panic_with_hook
[INFO] [stdout]    7:     0x62f523c971e2 - std[617be2ca0a6fd877]::panicking::panic_handler::{closure#0}
[INFO] [stdout]    8:     0x62f523c8fa49 - std[617be2ca0a6fd877]::sys::backtrace::__rust_end_short_backtrace::<std[617be2ca0a6fd877]::panicking::panic_handler::{closure#0}, !>
[INFO] [stdout]    9:     0x62f523c980cd - __rustc[ea4f61d10b84890b]::rust_begin_unwind
[INFO] [stdout]   10:     0x62f523cd5c1c - core[a373ad73a504971]::panicking::panic_fmt
[INFO] [stdout]   11:     0x62f523cd59f2 - core[a373ad73a504971]::result::unwrap_failed
[INFO] [stdout]   12:     0x62f523abe4d0 - mod[1b73c81363fa0f84]::modifications::headers::test_change_header::{closure#0}
[INFO] [stdout]   13:     0x62f523b9baeb - <tokio[df7746c9afc3d148]::runtime::runtime::Runtime>::block_on::<core[a373ad73a504971]::pin::Pin<&mut dyn core[a373ad73a504971]::future::future::Future<Output = ()>>>
[INFO] [stdout]   14:     0x62f523ac1b1e - <mod[1b73c81363fa0f84]::modifications::headers::test_change_header::{closure#0} as core[a373ad73a504971]::ops::function::FnOnce<()>>::call_once
[INFO] [stdout]   15:     0x62f523ba32bb - test[aada8e7e76ba119b]::__rust_begin_short_backtrace::<core[a373ad73a504971]::result::Result<(), alloc[2e1b2a31b91974c5]::string::String>, fn() -> core[a373ad73a504971]::result::Result<(), alloc[2e1b2a31b91974c5]::string::String>>
[INFO] [stdout]   16:     0x62f523bb0495 - test[aada8e7e76ba119b]::run_test::{closure#0}
[INFO] [stdout]   17:     0x62f523ba9d84 - std[617be2ca0a6fd877]::sys::backtrace::__rust_begin_short_backtrace::<test[aada8e7e76ba119b]::run_test::{closure#1}, ()>
[INFO] [stdout]   18:     0x62f523bb3522 - <std[617be2ca0a6fd877]::thread::lifecycle::spawn_unchecked<test[aada8e7e76ba119b]::run_test::{closure#1}, ()>::{closure#1} as core[a373ad73a504971]::ops::function::FnOnce<()>>::call_once::{shim:vtable#0}
[INFO] [stdout]   19:     0x62f523cbd2ff - <std[617be2ca0a6fd877]::sys::thread::unix::Thread>::new::thread_start
[INFO] [stdout]   20:     0x7e401a4addfa - <unknown>
[INFO] [stdout]   21:     0x7e401a5413d4 - clone
[INFO] [stdout]   22:                0x0 - <unknown>
[INFO] [stdout] 
[INFO] [stdout] ---- modifications::body::test_replace_body stdout ----
[INFO] [stdout] Accepting miltr connections on 35305
[INFO] [stdout] Setup 'postfix-modifications-body-replace-body' on :10031
[INFO] [stdout] 
[INFO] [stdout] thread 'modifications::body::test_replace_body' (2895) panicked at tests/modifications/body.rs:29:10:
[INFO] [stdout] Failed setting up test case:   × Failed setting up postfix
[INFO] [stdout]   ├─▶ Failed to configure postfix instance
[INFO] [stdout]   ├─▶ Failed to read in main.cf for instance
[INFO] [stdout]   ╰─▶ No such file or directory (os error 2)
[INFO] [stdout] 
[INFO] [stdout] stack backtrace:
[INFO] [stdout]    0:     0x62f523cbe391 - <<std[617be2ca0a6fd877]::sys::backtrace::BacktraceLock>::print::DisplayBacktrace as core[a373ad73a504971]::fmt::Display>::fmt
[INFO] [stdout]    1:     0x62f523cd54ba - core[a373ad73a504971]::fmt::write
[INFO] [stdout]    2:     0x62f523cc357c - <alloc[2e1b2a31b91974c5]::vec::Vec<u8> as core[a373ad73a504971]::io::write::Write>::write_fmt
[INFO] [stdout]    3:     0x62f523c97136 - std[617be2ca0a6fd877]::panicking::default_hook::{closure#0}
[INFO] [stdout]    4:     0x62f523cb5259 - std[617be2ca0a6fd877]::panicking::default_hook
[INFO] [stdout]    5:     0x62f523bafe70 - test[aada8e7e76ba119b]::test_main_inner::{closure#0}
[INFO] [stdout]    6:     0x62f523cb5582 - std[617be2ca0a6fd877]::panicking::panic_with_hook
[INFO] [stdout]    7:     0x62f523c971e2 - std[617be2ca0a6fd877]::panicking::panic_handler::{closure#0}
[INFO] [stdout]    8:     0x62f523c8fa49 - std[617be2ca0a6fd877]::sys::backtrace::__rust_end_short_backtrace::<std[617be2ca0a6fd877]::panicking::panic_handler::{closure#0}, !>
[INFO] [stdout]    9:     0x62f523c980cd - __rustc[ea4f61d10b84890b]::rust_begin_unwind
[INFO] [stdout]   10:     0x62f523cd5c1c - core[a373ad73a504971]::panicking::panic_fmt
[INFO] [stdout]   11:     0x62f523cd59f2 - core[a373ad73a504971]::result::unwrap_failed
[INFO] [stdout]   12:     0x62f523b20022 - mod[1b73c81363fa0f84]::modifications::body::test_replace_body::{closure#0}
[INFO] [stdout]   13:     0x62f523b9baeb - <tokio[df7746c9afc3d148]::runtime::runtime::Runtime>::block_on::<core[a373ad73a504971]::pin::Pin<&mut dyn core[a373ad73a504971]::future::future::Future<Output = ()>>>
[INFO] [stdout]   14:     0x62f523b2280e - <mod[1b73c81363fa0f84]::modifications::body::test_replace_body::{closure#0} as core[a373ad73a504971]::ops::function::FnOnce<()>>::call_once
[INFO] [stdout]   15:     0x62f523ba32bb - test[aada8e7e76ba119b]::__rust_begin_short_backtrace::<core[a373ad73a504971]::result::Result<(), alloc[2e1b2a31b91974c5]::string::String>, fn() -> core[a373ad73a504971]::result::Result<(), alloc[2e1b2a31b91974c5]::string::String>>
[INFO] [stdout]   16:     0x62f523bb0495 - test[aada8e7e76ba119b]::run_test::{closure#0}
[INFO] [stdout]   17:     0x62f523ba9d84 - std[617be2ca0a6fd877]::sys::backtrace::__rust_begin_short_backtrace::<test[aada8e7e76ba119b]::run_test::{closure#1}, ()>
[INFO] [stdout]   18:     0x62f523bb3522 - <std[617be2ca0a6fd877]::thread::lifecycle::spawn_unchecked<test[aada8e7e76ba119b]::run_test::{closure#1}, ()>::{closure#1} as core[a373ad73a504971]::ops::function::FnOnce<()>>::call_once::{shim:vtable#0}
[INFO] [stdout]   19:     0x62f523cbd2ff - <std[617be2ca0a6fd877]::sys::thread::unix::Thread>::new::thread_start
[INFO] [stdout]   20:     0x7e401a4addfa - <unknown>
[INFO] [stdout]   21:     0x7e401a5413d4 - clone
[INFO] [stdout]   22:                0x0 - <unknown>
[INFO] [stdout] 
[INFO] [stdout] ---- modifications::headers::test_add_header stdout ----
[INFO] [stdout] Accepting miltr connections on 43775
[INFO] [stdout] Setup 'postfix-modifications-headers-add-header' on :10034
[INFO] [stdout] 
[INFO] [stdout] thread 'modifications::headers::test_add_header' (2896) panicked at tests/modifications/headers.rs:35:10:
[INFO] [stdout] Failed setting up test case:   × Failed setting up postfix
[INFO] [stdout]   ├─▶ Failed to configure postfix instance
[INFO] [stdout]   ├─▶ Failed to read in main.cf for instance
[INFO] [stdout]   ╰─▶ No such file or directory (os error 2)
[INFO] [stdout] 
[INFO] [stdout] stack backtrace:
[INFO] [stdout]    0:     0x62f523cbe391 - <<std[617be2ca0a6fd877]::sys::backtrace::BacktraceLock>::print::DisplayBacktrace as core[a373ad73a504971]::fmt::Display>::fmt
[INFO] [stdout]    1:     0x62f523cd54ba - core[a373ad73a504971]::fmt::write
[INFO] [stdout]    2:     0x62f523cc357c - <alloc[2e1b2a31b91974c5]::vec::Vec<u8> as core[a373ad73a504971]::io::write::Write>::write_fmt
[INFO] [stdout]    3:     0x62f523c97136 - std[617be2ca0a6fd877]::panicking::default_hook::{closure#0}
[INFO] [stdout]    4:     0x62f523cb5259 - std[617be2ca0a6fd877]::panicking::default_hook
[INFO] [stdout]    5:     0x62f523bafe70 - test[aada8e7e76ba119b]::test_main_inner::{closure#0}
[INFO] [stdout]    6:     0x62f523cb5582 - std[617be2ca0a6fd877]::panicking::panic_with_hook
[INFO] [stdout]    7:     0x62f523c971e2 - std[617be2ca0a6fd877]::panicking::panic_handler::{closure#0}
[INFO] [stdout]    8:     0x62f523c8fa49 - std[617be2ca0a6fd877]::sys::backtrace::__rust_end_short_backtrace::<std[617be2ca0a6fd877]::panicking::panic_handler::{closure#0}, !>
[INFO] [stdout]    9:     0x62f523c980cd - __rustc[ea4f61d10b84890b]::rust_begin_unwind
[INFO] [stdout]   10:     0x62f523cd5c1c - core[a373ad73a504971]::panicking::panic_fmt
[INFO] [stdout]   11:     0x62f523cd59f2 - core[a373ad73a504971]::result::unwrap_failed
[INFO] [stdout]   12:     0x62f523abd6e0 - mod[1b73c81363fa0f84]::modifications::headers::test_add_header::{closure#0}
[INFO] [stdout]   13:     0x62f523b9baeb - <tokio[df7746c9afc3d148]::runtime::runtime::Runtime>::block_on::<core[a373ad73a504971]::pin::Pin<&mut dyn core[a373ad73a504971]::future::future::Future<Output = ()>>>
[INFO] [stdout]   14:     0x62f523ac19be - <mod[1b73c81363fa0f84]::modifications::headers::test_add_header::{closure#0} as core[a373ad73a504971]::ops::function::FnOnce<()>>::call_once
[INFO] [stdout]   15:     0x62f523ba32bb - test[aada8e7e76ba119b]::__rust_begin_short_backtrace::<core[a373ad73a504971]::result::Result<(), alloc[2e1b2a31b91974c5]::string::String>, fn() -> core[a373ad73a504971]::result::Result<(), alloc[2e1b2a31b91974c5]::string::String>>
[INFO] [stdout]   16:     0x62f523bb0495 - test[aada8e7e76ba119b]::run_test::{closure#0}
[INFO] [stdout]   17:     0x62f523ba9d84 - std[617be2ca0a6fd877]::sys::backtrace::__rust_begin_short_backtrace::<test[aada8e7e76ba119b]::run_test::{closure#1}, ()>
[INFO] [stdout]   18:     0x62f523bb3522 - <std[617be2ca0a6fd877]::thread::lifecycle::spawn_unchecked<test[aada8e7e76ba119b]::run_test::{closure#1}, ()>::{closure#1} as core[a373ad73a504971]::ops::function::FnOnce<()>>::call_once::{shim:vtable#0}
[INFO] [stdout]   19:     0x62f523cbd2ff - <std[617be2ca0a6fd877]::sys::thread::unix::Thread>::new::thread_start
[INFO] [stdout]   20:     0x7e401a4addfa - <unknown>
[INFO] [stdout]   21:     0x7e401a5413d4 - clone
[INFO] [stdout]   22:                0x0 - <unknown>
[INFO] [stdout] 
[INFO] [stdout] ---- modifications::r#macro::test_macro_request stdout ----
[INFO] [stdout] Accepting miltr connections on 34657
[INFO] [stdout] Setup 'postfix-modifications-macro' on :10033
[INFO] [stdout] 
[INFO] [stdout] thread 'modifications::r#macro::test_macro_request' (2912) panicked at tests/modifications/macro.rs:71:10:
[INFO] [stdout] Failed setting up test case:   × Failed setting up postfix
[INFO] [stdout]   ├─▶ Failed to configure postfix instance
[INFO] [stdout]   ├─▶ Failed to read in main.cf for instance
[INFO] [stdout]   ╰─▶ No such file or directory (os error 2)
[INFO] [stdout] 
[INFO] [stdout] stack backtrace:
[INFO] [stdout]    0:     0x62f523cbe391 - <<std[617be2ca0a6fd877]::sys::backtrace::BacktraceLock>::print::DisplayBacktrace as core[a373ad73a504971]::fmt::Display>::fmt
[INFO] [stdout]    1:     0x62f523cd54ba - core[a373ad73a504971]::fmt::write
[INFO] [stdout]    2:     0x62f523cc357c - <alloc[2e1b2a31b91974c5]::vec::Vec<u8> as core[a373ad73a504971]::io::write::Write>::write_fmt
[INFO] [stdout]    3:     0x62f523c97136 - std[617be2ca0a6fd877]::panicking::default_hook::{closure#0}
[INFO] [stdout]    4:     0x62f523cb5259 - std[617be2ca0a6fd877]::panicking::default_hook
[INFO] [stdout]    5:     0x62f523bafe70 - test[aada8e7e76ba119b]::test_main_inner::{closure#0}
[INFO] [stdout]    6:     0x62f523cb5582 - std[617be2ca0a6fd877]::panicking::panic_with_hook
[INFO] [stdout]    7:     0x62f523c971e2 - std[617be2ca0a6fd877]::panicking::panic_handler::{closure#0}
[INFO] [stdout]    8:     0x62f523c8fa49 - std[617be2ca0a6fd877]::sys::backtrace::__rust_end_short_backtrace::<std[617be2ca0a6fd877]::panicking::panic_handler::{closure#0}, !>
[INFO] [stdout]    9:     0x62f523c980cd - __rustc[ea4f61d10b84890b]::rust_begin_unwind
[INFO] [stdout]   10:     0x62f523cd5c1c - core[a373ad73a504971]::panicking::panic_fmt
[INFO] [stdout]   11:     0x62f523cd59f2 - core[a373ad73a504971]::result::unwrap_failed
[INFO] [stdout]   12:     0x62f523b4ec95 - mod[1b73c81363fa0f84]::modifications::macro::test_macro_request::{closure#0}
[INFO] [stdout]   13:     0x62f523b9baeb - <tokio[df7746c9afc3d148]::runtime::runtime::Runtime>::block_on::<core[a373ad73a504971]::pin::Pin<&mut dyn core[a373ad73a504971]::future::future::Future<Output = ()>>>
[INFO] [stdout]   14:     0x62f523b511ae - <mod[1b73c81363fa0f84]::modifications::macro::test_macro_request::{closure#0} as core[a373ad73a504971]::ops::function::FnOnce<()>>::call_once
[INFO] [stdout]   15:     0x62f523ba32bb - test[aada8e7e76ba119b]::__rust_begin_short_backtrace::<core[a373ad73a504971]::result::Result<(), alloc[2e1b2a31b91974c5]::string::String>, fn() -> core[a373ad73a504971]::result::Result<(), alloc[2e1b2a31b91974c5]::string::String>>
[INFO] [stdout]   16:     0x62f523bb0495 - test[aada8e7e76ba119b]::run_test::{closure#0}
[INFO] [stdout]   17:     0x62f523ba9d84 - std[617be2ca0a6fd877]::sys::backtrace::__rust_begin_short_backtrace::<test[aada8e7e76ba119b]::run_test::{closure#1}, ()>
[INFO] [stdout]   18:     0x62f523bb3522 - <std[617be2ca0a6fd877]::thread::lifecycle::spawn_unchecked<test[aada8e7e76ba119b]::run_test::{closure#1}, ()>::{closure#1} as core[a373ad73a504971]::ops::function::FnOnce<()>>::call_once::{shim:vtable#0}
[INFO] [stdout]   19:     0x62f523cbd2ff - <std[617be2ca0a6fd877]::sys::thread::unix::Thread>::new::thread_start
[INFO] [stdout]   20:     0x7e401a4addfa - <unknown>
[INFO] [stdout]   21:     0x7e401a5413d4 - clone
[INFO] [stdout]   22:                0x0 - <unknown>
[INFO] [stdout] 
[INFO] [stdout] ---- actions::to_mta_only::tempfail stdout ----
[INFO] [stdout] Accepting miltr connections on 44061
[INFO] [stdout] Setup 'postfix-actions-to-mta-only-tempfail' on :10037
[INFO] [stdout] Error:   × Failed setting up postfix
[INFO] [stdout]   ├─▶ Failed to configure postfix instance
[INFO] [stdout]   ├─▶ Failed to read in main.cf for instance
[INFO] [stdout]   ╰─▶ No such file or directory (os error 2)
[INFO] [stdout] 
[INFO] [stdout] 
[INFO] [stdout] ---- modifications::quarantine::test_quarantine stdout ----
[INFO] [stdout] Accepting miltr connections on 35157
[INFO] [stdout] Setup 'postfix-modifications-quarantine' on :10040
[INFO] [stdout] 
[INFO] [stdout] thread 'modifications::quarantine::test_quarantine' (2910) panicked at tests/modifications/quarantine.rs:31:10:
[INFO] [stdout] Failed setting up test case:   × Failed setting up postfix
[INFO] [stdout]   ├─▶ Failed to configure postfix instance
[INFO] [stdout]   ├─▶ Failed to read in main.cf for instance
[INFO] [stdout]   ╰─▶ No such file or directory (os error 2)
[INFO] [stdout] 
[INFO] [stdout] stack backtrace:
[INFO] [stdout]    0:     0x62f523cbe391 - <<std[617be2ca0a6fd877]::sys::backtrace::BacktraceLock>::print::DisplayBacktrace as core[a373ad73a504971]::fmt::Display>::fmt
[INFO] [stdout]    1:     0x62f523cd54ba - core[a373ad73a504971]::fmt::write
[INFO] [stdout]    2:     0x62f523cc357c - <alloc[2e1b2a31b91974c5]::vec::Vec<u8> as core[a373ad73a504971]::io::write::Write>::write_fmt
[INFO] [stdout]    3:     0x62f523c97136 - std[617be2ca0a6fd877]::panicking::default_hook::{closure#0}
[INFO] [stdout]    4:     0x62f523cb5259 - std[617be2ca0a6fd877]::panicking::default_hook
[INFO] [stdout]    5:     0x62f523bafe70 - test[aada8e7e76ba119b]::test_main_inner::{closure#0}
[INFO] [stdout]    6:     0x62f523cb5582 - std[617be2ca0a6fd877]::panicking::panic_with_hook
[INFO] [stdout]    7:     0x62f523c971e2 - std[617be2ca0a6fd877]::panicking::panic_handler::{closure#0}
[INFO] [stdout]    8:     0x62f523c8fa49 - std[617be2ca0a6fd877]::sys::backtrace::__rust_end_short_backtrace::<std[617be2ca0a6fd877]::panicking::panic_handler::{closure#0}, !>
[INFO] [stdout]    9:     0x62f523c980cd - __rustc[ea4f61d10b84890b]::rust_begin_unwind
[INFO] [stdout]   10:     0x62f523cd5c1c - core[a373ad73a504971]::panicking::panic_fmt
[INFO] [stdout]   11:     0x62f523cd59f2 - core[a373ad73a504971]::result::unwrap_failed
[INFO] [stdout]   12:     0x62f523b36e4e - mod[1b73c81363fa0f84]::modifications::quarantine::test_quarantine::{closure#0}
[INFO] [stdout]   13:     0x62f523b9baeb - <tokio[df7746c9afc3d148]::runtime::runtime::Runtime>::block_on::<core[a373ad73a504971]::pin::Pin<&mut dyn core[a373ad73a504971]::future::future::Future<Output = ()>>>
[INFO] [stdout]   14:     0x62f523b39b4e - <mod[1b73c81363fa0f84]::modifications::quarantine::test_quarantine::{closure#0} as core[a373ad73a504971]::ops::function::FnOnce<()>>::call_once
[INFO] [stdout]   15:     0x62f523ba32bb - test[aada8e7e76ba119b]::__rust_begin_short_backtrace::<core[a373ad73a504971]::result::Result<(), alloc[2e1b2a31b91974c5]::string::String>, fn() -> core[a373ad73a504971]::result::Result<(), alloc[2e1b2a31b91974c5]::string::String>>
[INFO] [stdout]   16:     0x62f523bb0495 - test[aada8e7e76ba119b]::run_test::{closure#0}
[INFO] [stdout]   17:     0x62f523ba9d84 - std[617be2ca0a6fd877]::sys::backtrace::__rust_begin_short_backtrace::<test[aada8e7e76ba119b]::run_test::{closure#1}, ()>
[INFO] [stdout]   18:     0x62f523bb3522 - <std[617be2ca0a6fd877]::thread::lifecycle::spawn_unchecked<test[aada8e7e76ba119b]::run_test::{closure#1}, ()>::{closure#1} as core[a373ad73a504971]::ops::function::FnOnce<()>>::call_once::{shim:vtable#0}
[INFO] [stdout]   19:     0x62f523cbd2ff - <std[617be2ca0a6fd877]::sys::thread::unix::Thread>::new::thread_start
[INFO] [stdout]   20:     0x7e401a4addfa - <unknown>
[INFO] [stdout]   21:     0x7e401a5413d4 - clone
[INFO] [stdout]   22:                0x0 - <unknown>
[INFO] [stdout] 
[INFO] [stdout] ---- modifications::recipient::test_delete_rcpt stdout ----
[INFO] [stdout] Accepting miltr connections on 36563
[INFO] [stdout] Setup 'postfix-modifications-recipient-delete-rcpt' on :10038
[INFO] [stdout] 
[INFO] [stdout] thread 'modifications::recipient::test_delete_rcpt' (2924) panicked at tests/modifications/recipient.rs:67:10:
[INFO] [stdout] Failed setting up test case:   × Failed setting up postfix
[INFO] [stdout]   ├─▶ Failed to configure postfix instance
[INFO] [stdout]   ├─▶ Failed to read in main.cf for instance
[INFO] [stdout]   ╰─▶ No such file or directory (os error 2)
[INFO] [stdout] 
[INFO] [stdout] stack backtrace:
[INFO] [stdout]    0:     0x62f523cbe391 - <<std[617be2ca0a6fd877]::sys::backtrace::BacktraceLock>::print::DisplayBacktrace as core[a373ad73a504971]::fmt::Display>::fmt
[INFO] [stdout]    1:     0x62f523cd54ba - core[a373ad73a504971]::fmt::write
[INFO] [stdout]    2:     0x62f523cc357c - <alloc[2e1b2a31b91974c5]::vec::Vec<u8> as core[a373ad73a504971]::io::write::Write>::write_fmt
[INFO] [stdout]    3:     0x62f523c97136 - std[617be2ca0a6fd877]::panicking::default_hook::{closure#0}
[INFO] [stdout]    4:     0x62f523cb5259 - std[617be2ca0a6fd877]::panicking::default_hook
[INFO] [stdout]    5:     0x62f523bafe70 - test[aada8e7e76ba119b]::test_main_inner::{closure#0}
[INFO] [stdout]    6:     0x62f523cb5582 - std[617be2ca0a6fd877]::panicking::panic_with_hook
[INFO] [stdout]    7:     0x62f523c971e2 - std[617be2ca0a6fd877]::panicking::panic_handler::{closure#0}
[INFO] [stdout]    8:     0x62f523c8fa49 - std[617be2ca0a6fd877]::sys::backtrace::__rust_end_short_backtrace::<std[617be2ca0a6fd877]::panicking::panic_handler::{closure#0}, !>
[INFO] [stdout]    9:     0x62f523c980cd - __rustc[ea4f61d10b84890b]::rust_begin_unwind
[INFO] [stdout]   10:     0x62f523cd5c1c - core[a373ad73a504971]::panicking::panic_fmt
[INFO] [stdout]   11:     0x62f523cd59f2 - core[a373ad73a504971]::result::unwrap_failed
[INFO] [stdout]   12:     0x62f523ad7efa - mod[1b73c81363fa0f84]::modifications::recipient::test_delete_rcpt::{closure#0}
[INFO] [stdout]   13:     0x62f523b9baeb - <tokio[df7746c9afc3d148]::runtime::runtime::Runtime>::block_on::<core[a373ad73a504971]::pin::Pin<&mut dyn core[a373ad73a504971]::future::future::Future<Output = ()>>>
[INFO] [stdout]   14:     0x62f523ada54e - <mod[1b73c81363fa0f84]::modifications::recipient::test_delete_rcpt::{closure#0} as core[a373ad73a504971]::ops::function::FnOnce<()>>::call_once
[INFO] [stdout]   15:     0x62f523ba32bb - test[aada8e7e76ba119b]::__rust_begin_short_backtrace::<core[a373ad73a504971]::result::Result<(), alloc[2e1b2a31b91974c5]::string::String>, fn() -> core[a373ad73a504971]::result::Result<(), alloc[2e1b2a31b91974c5]::string::String>>
[INFO] [stdout]   16:     0x62f523bb0495 - test[aada8e7e76ba119b]::run_test::{closure#0}
[INFO] [stdout]   17:     0x62f523ba9d84 - std[617be2ca0a6fd877]::sys::backtrace::__rust_begin_short_backtrace::<test[aada8e7e76ba119b]::run_test::{closure#1}, ()>
[INFO] [stdout]   18:     0x62f523bb3522 - <std[617be2ca0a6fd877]::thread::lifecycle::spawn_unchecked<test[aada8e7e76ba119b]::run_test::{closure#1}, ()>::{closure#1} as core[a373ad73a504971]::ops::function::FnOnce<()>>::call_once::{shim:vtable#0}
[INFO] [stdout]   19:     0x62f523cbd2ff - <std[617be2ca0a6fd877]::sys::thread::unix::Thread>::new::thread_start
[INFO] [stdout]   20:     0x7e401a4addfa - <unknown>
[INFO] [stdout]   21:     0x7e401a5413d4 - clone
[INFO] [stdout]   22:                0x0 - <unknown>
[INFO] [stdout] 
[INFO] [stdout] ---- modifications::headers::test_insert_header stdout ----
[INFO] [stdout] Accepting miltr connections on 43933
[INFO] [stdout] Setup 'postfix-modifications-headers-insert-header' on :10041
[INFO] [stdout] 
[INFO] [stdout] thread 'modifications::headers::test_insert_header' (2898) panicked at tests/modifications/headers.rs:107:10:
[INFO] [stdout] Failed setting up test case:   × Failed setting up postfix
[INFO] [stdout]   ├─▶ Failed to configure postfix instance
[INFO] [stdout]   ├─▶ Failed to read in main.cf for instance
[INFO] [stdout]   ╰─▶ No such file or directory (os error 2)
[INFO] [stdout] 
[INFO] [stdout] stack backtrace:
[INFO] [stdout]    0:     0x62f523cbe391 - <<std[617be2ca0a6fd877]::sys::backtrace::BacktraceLock>::print::DisplayBacktrace as core[a373ad73a504971]::fmt::Display>::fmt
[INFO] [stdout]    1:     0x62f523cd54ba - core[a373ad73a504971]::fmt::write
[INFO] [stdout]    2:     0x62f523cc357c - <alloc[2e1b2a31b91974c5]::vec::Vec<u8> as core[a373ad73a504971]::io::write::Write>::write_fmt
[INFO] [stdout]    3:     0x62f523c97136 - std[617be2ca0a6fd877]::panicking::default_hook::{closure#0}
[INFO] [stdout]    4:     0x62f523cb5259 - std[617be2ca0a6fd877]::panicking::default_hook
[INFO] [stdout]    5:     0x62f523bafe70 - test[aada8e7e76ba119b]::test_main_inner::{closure#0}
[INFO] [stdout]    6:     0x62f523cb5582 - std[617be2ca0a6fd877]::panicking::panic_with_hook
[INFO] [stdout]    7:     0x62f523c971e2 - std[617be2ca0a6fd877]::panicking::panic_handler::{closure#0}
[INFO] [stdout]    8:     0x62f523c8fa49 - std[617be2ca0a6fd877]::sys::backtrace::__rust_end_short_backtrace::<std[617be2ca0a6fd877]::panicking::panic_handler::{closure#0}, !>
[INFO] [stdout]    9:     0x62f523c980cd - __rustc[ea4f61d10b84890b]::rust_begin_unwind
[INFO] [stdout]   10:     0x62f523cd5c1c - core[a373ad73a504971]::panicking::panic_fmt
[INFO] [stdout]   11:     0x62f523cd59f2 - core[a373ad73a504971]::result::unwrap_failed
[INFO] [stdout]   12:     0x62f523abf2c0 - mod[1b73c81363fa0f84]::modifications::headers::test_insert_header::{closure#0}
[INFO] [stdout]   13:     0x62f523b9baeb - <tokio[df7746c9afc3d148]::runtime::runtime::Runtime>::block_on::<core[a373ad73a504971]::pin::Pin<&mut dyn core[a373ad73a504971]::future::future::Future<Output = ()>>>
[INFO] [stdout]   14:     0x62f523ac1c7e - <mod[1b73c81363fa0f84]::modifications::headers::test_insert_header::{closure#0} as core[a373ad73a504971]::ops::function::FnOnce<()>>::call_once
[INFO] [stdout]   15:     0x62f523ba32bb - test[aada8e7e76ba119b]::__rust_begin_short_backtrace::<core[a373ad73a504971]::result::Result<(), alloc[2e1b2a31b91974c5]::string::String>, fn() -> core[a373ad73a504971]::result::Result<(), alloc[2e1b2a31b91974c5]::string::String>>
[INFO] [stdout]   16:     0x62f523bb0495 - test[aada8e7e76ba119b]::run_test::{closure#0}
[INFO] [stdout]   17:     0x62f523ba9d84 - std[617be2ca0a6fd877]::sys::backtrace::__rust_begin_short_backtrace::<test[aada8e7e76ba119b]::run_test::{closure#1}, ()>
[INFO] [stdout]   18:     0x62f523bb3522 - <std[617be2ca0a6fd877]::thread::lifecycle::spawn_unchecked<test[aada8e7e76ba119b]::run_test::{closure#1}, ()>::{closure#1} as core[a373ad73a504971]::ops::function::FnOnce<()>>::call_once::{shim:vtable#0}
[INFO] [stdout]   19:     0x62f523cbd2ff - <std[617be2ca0a6fd877]::sys::thread::unix::Thread>::new::thread_start
[INFO] [stdout]   20:     0x7e401a4addfa - <unknown>
[INFO] [stdout]   21:     0x7e401a5413d4 - clone
[INFO] [stdout]   22:                0x0 - <unknown>
[INFO] [stdout] 
[INFO] [stdout] ---- modifications::recipient::test_add_rcpt stdout ----
[INFO] [stdout] Accepting miltr connections on 41113
[INFO] [stdout] Setup 'postfix-modifications-recipient-add-rcpt' on :10039
[INFO] [stdout] 
[INFO] [stdout] thread 'modifications::recipient::test_add_rcpt' (2913) panicked at tests/modifications/recipient.rs:34:10:
[INFO] [stdout] Failed setting up test case:   × Failed setting up postfix
[INFO] [stdout]   ├─▶ Failed to configure postfix instance
[INFO] [stdout]   ├─▶ Failed to read in main.cf for instance
[INFO] [stdout]   ╰─▶ No such file or directory (os error 2)
[INFO] [stdout] 
[INFO] [stdout] stack backtrace:
[INFO] [stdout]    0:     0x62f523cbe391 - <<std[617be2ca0a6fd877]::sys::backtrace::BacktraceLock>::print::DisplayBacktrace as core[a373ad73a504971]::fmt::Display>::fmt
[INFO] [stdout]    1:     0x62f523cd54ba - core[a373ad73a504971]::fmt::write
[INFO] [stdout]    2:     0x62f523cc357c - <alloc[2e1b2a31b91974c5]::vec::Vec<u8> as core[a373ad73a504971]::io::write::Write>::write_fmt
[INFO] [stdout]    3:     0x62f523c97136 - std[617be2ca0a6fd877]::panicking::default_hook::{closure#0}
[INFO] [stdout]    4:     0x62f523cb5259 - std[617be2ca0a6fd877]::panicking::default_hook
[INFO] [stdout]    5:     0x62f523bafe70 - test[aada8e7e76ba119b]::test_main_inner::{closure#0}
[INFO] [stdout]    6:     0x62f523cb5582 - std[617be2ca0a6fd877]::panicking::panic_with_hook
[INFO] [stdout]    7:     0x62f523c971e2 - std[617be2ca0a6fd877]::panicking::panic_handler::{closure#0}
[INFO] [stdout]    8:     0x62f523c8fa49 - std[617be2ca0a6fd877]::sys::backtrace::__rust_end_short_backtrace::<std[617be2ca0a6fd877]::panicking::panic_handler::{closure#0}, !>
[INFO] [stdout]    9:     0x62f523c980cd - __rustc[ea4f61d10b84890b]::rust_begin_unwind
[INFO] [stdout]   10:     0x62f523cd5c1c - core[a373ad73a504971]::panicking::panic_fmt
[INFO] [stdout]   11:     0x62f523cd59f2 - core[a373ad73a504971]::result::unwrap_failed
[INFO] [stdout]   12:     0x62f523ad7100 - mod[1b73c81363fa0f84]::modifications::recipient::test_add_rcpt::{closure#0}
[INFO] [stdout]   13:     0x62f523b9baeb - <tokio[df7746c9afc3d148]::runtime::runtime::Runtime>::block_on::<core[a373ad73a504971]::pin::Pin<&mut dyn core[a373ad73a504971]::future::future::Future<Output = ()>>>
[INFO] [stdout]   14:     0x62f523ada3ee - <mod[1b73c81363fa0f84]::modifications::recipient::test_add_rcpt::{closure#0} as core[a373ad73a504971]::ops::function::FnOnce<()>>::call_once
[INFO] [stdout]   15:     0x62f523ba32bb - test[aada8e7e76ba119b]::__rust_begin_short_backtrace::<core[a373ad73a504971]::result::Result<(), alloc[2e1b2a31b91974c5]::string::String>, fn() -> core[a373ad73a504971]::result::Result<(), alloc[2e1b2a31b91974c5]::string::String>>
[INFO] [stdout]   16:     0x62f523bb0495 - test[aada8e7e76ba119b]::run_test::{closure#0}
[INFO] [stdout]   17:     0x62f523ba9d84 - std[617be2ca0a6fd877]::sys::backtrace::__rust_begin_short_backtrace::<test[aada8e7e76ba119b]::run_test::{closure#1}, ()>
[INFO] [stdout]   18:     0x62f523bb3522 - <std[617be2ca0a6fd877]::thread::lifecycle::spawn_unchecked<test[aada8e7e76ba119b]::run_test::{closure#1}, ()>::{closure#1} as core[a373ad73a504971]::ops::function::FnOnce<()>>::call_once::{shim:vtable#0}
[INFO] [stdout]   19:     0x62f523cbd2ff - <std[617be2ca0a6fd877]::sys::thread::unix::Thread>::new::thread_start
[INFO] [stdout]   20:     0x7e401a4addfa - <unknown>
[INFO] [stdout]   21:     0x7e401a5413d4 - clone
[INFO] [stdout]   22:                0x0 - <unknown>
[INFO] [stdout] 
[INFO] [stdout] ---- connection::many_mails::test_many_mail_send stdout ----
[INFO] [stdout] Accepting miltr connections on 46859
[INFO] [stdout] Setup 'postfix-many-mail-send' on :10035
[INFO] [stdout] Error:   × Failed setting up postfix
[INFO] [stdout]   ├─▶ Failed to configure postfix instance
[INFO] [stdout]   ├─▶ Failed to read in main.cf for instance
[INFO] [stdout]   ╰─▶ No such file or directory (os error 2)
[INFO] [stdout] 
[INFO] [stdout] 
[INFO] [stdout] 
[INFO] [stdout] failures:
[INFO] [stdout]     actions::bidirectional::abort
[INFO] [stdout]     actions::bidirectional::r#continue
[INFO] [stdout]     actions::quit::quit
[INFO] [stdout]     actions::to_mta_only::discard
[INFO] [stdout]     actions::to_mta_only::reject
[INFO] [stdout]     actions::to_mta_only::replycode
[INFO] [stdout]     actions::to_mta_only::skip
[INFO] [stdout]     actions::to_mta_only::tempfail
[INFO] [stdout]     connection::many_mails::test_many_mail_send
[INFO] [stdout]     modifications::body::test_replace_body
[INFO] [stdout]     modifications::headers::test_add_header
[INFO] [stdout]     modifications::headers::test_change_header
[INFO] [stdout]     modifications::headers::test_insert_header
[INFO] [stdout]     modifications::quarantine::test_quarantine
[INFO] [stdout]     modifications::r#macro::test_macro_request
[INFO] [stdout]     modifications::recipient::test_add_rcpt
[INFO] [stdout]     modifications::recipient::test_delete_rcpt
[INFO] [stdout] 
[INFO] [stdout] test result: FAILED. 1 passed; 17 failed; 0 ignored; 0 measured; 0 filtered out; finished in 0.02s
[INFO] [stdout] 
[INFO] [stderr] error: test failed, to rerun pass `--test mod`
[INFO] running `Command { std: "docker" "inspect" "eeeb56c849662a63a0b92c93ca844f623e2b8cecd83c2294ddf1cdb384e7db13", kill_on_drop: false }`
[INFO] running `Command { std: "docker" "rm" "-f" "eeeb56c849662a63a0b92c93ca844f623e2b8cecd83c2294ddf1cdb384e7db13", kill_on_drop: false }`
[INFO] [stdout] eeeb56c849662a63a0b92c93ca844f623e2b8cecd83c2294ddf1cdb384e7db13
