[INFO] fetching crate millrace-sessions 0.3.0...
[INFO] testing millrace-sessions-0.3.0 against 1.100.0-beta.1+cargoflags=--release for beta-release-1.100-2
[INFO] extracting crate millrace-sessions 0.3.0 into /workspace/builds/worker-0-tc2/source
[INFO] started tweaking crates.io crate millrace-sessions 0.3.0
[INFO] removed 0 missing tests
[INFO] finished tweaking crates.io crate millrace-sessions 0.3.0
[INFO] tweaked toml for crates.io crate millrace-sessions 0.3.0 written to /workspace/builds/worker-0-tc2/source/Cargo.toml
[INFO] validating manifest of crates.io crate millrace-sessions 0.3.0 on toolchain 1.100.0-beta.1
[INFO] running `Command { std: CARGO_HOME="/workspace/cargo-home" RUSTUP_HOME="/workspace/rustup-home" "/workspace/cargo-home/bin/cargo" "+1.100.0-beta.1" "metadata" "--manifest-path" "Cargo.toml" "--no-deps", kill_on_drop: false }`
[INFO] crate crates.io crate millrace-sessions 0.3.0 already has a lockfile, it will not be regenerated
[INFO] running `Command { std: CARGO_HOME="/workspace/cargo-home" RUSTUP_HOME="/workspace/rustup-home" "/workspace/cargo-home/bin/cargo" "+1.100.0-beta.1" "fetch" "--manifest-path" "Cargo.toml", kill_on_drop: false }`
[INFO] running `Command { std: "docker" "create" "-v" "/var/lib/crater-agent-workspace/builds/worker-0-tc2/source:/opt/rustwide/workdir:ro,Z" "-v" "/var/lib/crater-agent-workspace/builds/worker-0-tc2/target:/opt/rustwide/target:rw,Z" "-v" "/var/lib/crater-agent-workspace/cargo-home:/opt/rustwide/cargo-home:ro,Z" "-v" "/var/lib/crater-agent-workspace/rustup-home:/opt/rustwide/rustup-home:ro,Z" "-m" "1610612736" "--network" "none" "ghcr.io/rust-lang/crates-build-env/linux@sha256:77db811e55d90add9212f6832c23229e3de5f1c1f9905e8cb07319ea15df73ac" "sleep" "infinity", kill_on_drop: false }`
[INFO] [stdout] a11795f57d07a6d9916dbf5e13728198325069f229a4996831928e83505609be
[INFO] running `Command { std: "docker" "start" "a11795f57d07a6d9916dbf5e13728198325069f229a4996831928e83505609be", kill_on_drop: false }`
[INFO] running `Command { std: "docker" "inspect" "a11795f57d07a6d9916dbf5e13728198325069f229a4996831928e83505609be", kill_on_drop: false }`
[INFO] running `Command { std: "docker" "exec" "-e" "SOURCE_DIR=/opt/rustwide/workdir" "-e" "CARGO_HOME=/opt/rustwide/cargo-home" "-e" "RUSTUP_HOME=/opt/rustwide/rustup-home" "-e" "CARGO_TARGET_DIR=/opt/rustwide/target" "-w" "/opt/rustwide/workdir" "--user" "0:0" "a11795f57d07a6d9916dbf5e13728198325069f229a4996831928e83505609be" "/opt/rustwide/cargo-home/bin/cargo" "+1.100.0-beta.1" "metadata" "--no-deps" "--format-version=1", kill_on_drop: false }`
[INFO] running `Command { std: "docker" "inspect" "a11795f57d07a6d9916dbf5e13728198325069f229a4996831928e83505609be", kill_on_drop: false }`
[INFO] running `Command { std: "docker" "exec" "-e" "SOURCE_DIR=/opt/rustwide/workdir" "-e" "CARGO_HOME=/opt/rustwide/cargo-home" "-e" "RUSTUP_HOME=/opt/rustwide/rustup-home" "-e" "CARGO_TARGET_DIR=/opt/rustwide/target" "-e" "CARGO_INCREMENTAL=0" "-e" "RUST_BACKTRACE=full" "-e" "RUSTFLAGS=--cap-lints=warn" "-e" "RUSTDOCFLAGS=--cap-lints=warn" "-w" "/opt/rustwide/workdir" "--user" "0:0" "a11795f57d07a6d9916dbf5e13728198325069f229a4996831928e83505609be" "/opt/rustwide/cargo-home/bin/cargo" "+1.100.0-beta.1" "build" "--frozen" "--message-format=json" "--release", kill_on_drop: false }`
[INFO] [stderr]    Compiling libc v0.2.186
[INFO] [stderr]    Compiling getrandom v0.4.2
[INFO] [stderr]    Compiling serde_core v1.0.228
[INFO] [stderr]    Compiling signal-hook v0.3.18
[INFO] [stderr]    Compiling time-macros v0.2.27
[INFO] [stderr]    Compiling memoffset v0.9.1
[INFO] [stderr]    Compiling memoffset v0.6.5
[INFO] [stderr]    Compiling num-conv v0.2.2
[INFO] [stderr]    Compiling syn v2.0.117
[INFO] [stderr]    Compiling vte v0.15.0
[INFO] [stderr]    Compiling smallvec v1.15.1
[INFO] [stderr]    Compiling rustix v0.38.44
[INFO] [stderr]    Compiling nix v0.29.0
[INFO] [stderr]    Compiling utf8parse v0.2.2
[INFO] [stderr]    Compiling either v1.16.0
[INFO] [stderr]    Compiling instability v0.3.12
[INFO] [stderr]    Compiling hashbrown v0.15.5
[INFO] [stderr]    Compiling anstyle-parse v1.0.0
[INFO] [stderr]    Compiling castaway v0.2.4
[INFO] [stderr]    Compiling unicode-segmentation v1.13.2
[INFO] [stderr]    Compiling anstyle-query v1.1.5
[INFO] [stderr]    Compiling vt100 v0.16.2
[INFO] [stderr]    Compiling is_terminal_polyfill v1.70.2
[INFO] [stderr]    Compiling anstyle v1.0.14
[INFO] [stderr]    Compiling colorchoice v1.0.5
[INFO] [stderr]    Compiling indoc v2.0.7
[INFO] [stderr]    Compiling compact_str v0.8.1
[INFO] [stderr]    Compiling clap_lex v1.1.0
[INFO] [stderr]    Compiling cassowary v0.3.0
[INFO] [stderr]    Compiling itertools v0.13.0
[INFO] [stderr]    Compiling shell-words v1.1.1
[INFO] [stderr]    Compiling anstream v1.0.0
[INFO] [stderr]    Compiling clap_builder v4.6.0
[INFO] [stderr]    Compiling lru v0.12.5
[INFO] [stderr]    Compiling errno v0.3.14
[INFO] [stderr]    Compiling mio v1.2.0
[INFO] [stderr]    Compiling dirs-sys v0.4.1
[INFO] [stderr]    Compiling ioctl-rs v0.1.6
[INFO] [stderr]    Compiling serial-core v0.4.0
[INFO] [stderr]    Compiling parking_lot_core v0.9.12
[INFO] [stderr]    Compiling termios v0.2.2
[INFO] [stderr]    Compiling nix v0.25.1
[INFO] [stderr]    Compiling socket2 v0.6.3
[INFO] [stderr]    Compiling signal-hook-registry v1.4.8
[INFO] [stderr]    Compiling serial-unix v0.4.0
[INFO] [stderr]    Compiling directories v5.0.1
[INFO] [stderr]    Compiling serial v0.4.0
[INFO] [stderr]    Compiling parking_lot v0.12.5
[INFO] [stderr]    Compiling signal-hook-mio v0.2.5
[INFO] [stderr]    Compiling crossterm v0.28.1
[INFO] [stderr]    Compiling unicode-truncate v1.1.0
[INFO] [stderr]    Compiling deranged v0.5.8
[INFO] [stderr]    Compiling uuid v1.23.1
[INFO] [stderr]    Compiling serde_json v1.0.149
[INFO] [stderr]    Compiling darling_core v0.23.0
[INFO] [stderr]    Compiling thiserror-impl v1.0.69
[INFO] [stderr]    Compiling serde_derive v1.0.228
[INFO] [stderr]    Compiling strum_macros v0.26.4
[INFO] [stderr]    Compiling tokio-macros v2.7.0
[INFO] [stderr]    Compiling clap_derive v4.6.1
[INFO] [stderr]    Compiling time v0.3.47
[INFO] [stderr]    Compiling tokio v1.52.3
[INFO] [stderr]    Compiling thiserror v1.0.69
[INFO] [stderr]    Compiling filedescriptor v0.8.3
[INFO] [stderr]    Compiling portable-pty v0.8.1
[INFO] [stderr]    Compiling strum v0.26.3
[INFO] [stderr]    Compiling darling_macro v0.23.0
[INFO] [stderr]    Compiling clap v4.6.1
[INFO] [stderr]    Compiling darling v0.23.0
[INFO] [stderr]    Compiling ratatui v0.28.1
[INFO] [stderr]    Compiling serde v1.0.228
[INFO] [stderr]    Compiling millrace-sessions-core v0.3.0
[INFO] [stderr]    Compiling millrace-sessions-worker v0.3.0
[INFO] [stderr]    Compiling millrace-sessions-host v0.3.0
[INFO] [stderr]    Compiling millrace-sessions-tui v0.3.0
[INFO] [stderr]    Compiling millrace-sessions v0.3.0 (/opt/rustwide/workdir)
[INFO] [stderr]     Finished `release` profile [optimized] target(s) in 1m 41s
[INFO] [stderr] warning: the following packages contain code that will be rejected by a future version of Rust: nix v0.29.0
[INFO] [stderr] note: to see what the problems were, use the option `--future-incompat-report`, or run `cargo report future-incompatibilities --id 5`
[INFO] running `Command { std: "docker" "inspect" "a11795f57d07a6d9916dbf5e13728198325069f229a4996831928e83505609be", kill_on_drop: false }`
[INFO] running `Command { std: "docker" "exec" "-e" "SOURCE_DIR=/opt/rustwide/workdir" "-e" "CARGO_HOME=/opt/rustwide/cargo-home" "-e" "RUSTUP_HOME=/opt/rustwide/rustup-home" "-e" "CARGO_TARGET_DIR=/opt/rustwide/target" "-e" "CARGO_INCREMENTAL=0" "-e" "RUST_BACKTRACE=full" "-e" "RUSTFLAGS=--cap-lints=warn" "-e" "RUSTDOCFLAGS=--cap-lints=warn" "-w" "/opt/rustwide/workdir" "--user" "0:0" "a11795f57d07a6d9916dbf5e13728198325069f229a4996831928e83505609be" "/opt/rustwide/cargo-home/bin/cargo" "+1.100.0-beta.1" "test" "--frozen" "--no-run" "--message-format=json" "--release", kill_on_drop: false }`
[INFO] [stderr]    Compiling predicates-core v1.0.10
[INFO] [stderr]    Compiling difflib v0.4.0
[INFO] [stderr]    Compiling regex-automata v0.4.14
[INFO] [stderr]    Compiling termtree v0.5.1
[INFO] [stderr]    Compiling assert_cmd v2.2.2
[INFO] [stderr]    Compiling wait-timeout v0.2.1
[INFO] [stderr]    Compiling tempfile v3.27.0
[INFO] [stderr]    Compiling predicates-tree v1.0.13
[INFO] [stderr]    Compiling predicates v3.1.4
[INFO] [stderr]    Compiling bstr v1.12.1
[INFO] [stderr]    Compiling millrace-sessions v0.3.0 (/opt/rustwide/workdir)
[INFO] [stderr]     Finished `release` profile [optimized] target(s) in 21.76s
[INFO] [stderr] warning: the following packages contain code that will be rejected by a future version of Rust: nix v0.29.0
[INFO] [stderr] note: to see what the problems were, use the option `--future-incompat-report`, or run `cargo report future-incompatibilities --id 5`
[INFO] running `Command { std: "docker" "inspect" "a11795f57d07a6d9916dbf5e13728198325069f229a4996831928e83505609be", kill_on_drop: false }`
[INFO] running `Command { std: "docker" "exec" "-e" "SOURCE_DIR=/opt/rustwide/workdir" "-e" "CARGO_HOME=/opt/rustwide/cargo-home" "-e" "RUSTUP_HOME=/opt/rustwide/rustup-home" "-e" "CARGO_TARGET_DIR=/opt/rustwide/target" "-e" "CARGO_INCREMENTAL=0" "-e" "RUST_BACKTRACE=full" "-e" "RUSTFLAGS=--cap-lints=warn" "-e" "RUSTDOCFLAGS=--cap-lints=warn" "-w" "/opt/rustwide/workdir" "--user" "0:0" "a11795f57d07a6d9916dbf5e13728198325069f229a4996831928e83505609be" "/opt/rustwide/cargo-home/bin/cargo" "+1.100.0-beta.1" "test" "--frozen" "--release", kill_on_drop: false }`
[INFO] [stderr]     Finished `release` profile [optimized] target(s) in 0.16s
[INFO] [stderr] warning: the following packages contain code that will be rejected by a future version of Rust: nix v0.29.0
[INFO] [stderr] note: to see what the problems were, use the option `--future-incompat-report`, or run `cargo report future-incompatibilities --id 5`
[INFO] [stderr]      Running unittests src/main.rs (/opt/rustwide/target/release/build/millrace-sessions/382019c4f9d7f004/out/millmux-382019c4f9d7f004)
[INFO] [stdout] 
[INFO] [stdout] running 43 tests
[INFO] [stdout] test attach::tests::raw_attach_negotiation_accepts_confirmed_v2_raw_bytes ... ok
[INFO] [stdout] test attach::tests::raw_attach_negotiation_requires_raw_input_for_writable_stream ... ok
[INFO] [stdout] test attach::tests::attach_stream_frame_round_trips_output ... ok
[INFO] [stdout] test attach::tests::raw_attach_negotiation_fails_closed_without_v2_raw_bytes ... ok
[INFO] [stdout] test cockpit::tests::cockpit_interactive_size_sync_replaces_stale_seeded_agent_snapshot ... ok
[INFO] [stdout] test client::tests::client_maps_error_response ... ok
[INFO] [stdout] test cockpit::tests::cockpit_paste_contract_wraps_multiline_once ... ok
[INFO] [stdout] test client::tests::client_decodes_raw_success_result ... ok
[INFO] [stdout] test attach::tests::attach_terminal_guard_inactive_is_noop ... ok
[INFO] [stdout] test cockpit::tests::cockpit_attach_retries_starting_session_until_deadline ... ok
[INFO] [stdout] test cockpit::tests::cockpit_agent_read_only_attach_also_avoids_line_scrollback ... ok
[INFO] [stdout] test cockpit::tests::redraw_gate_coalesces_dirty_draws_until_interval ... ok
[INFO] [stdout] test cockpit::tests::cockpit_paste_rejects_read_only_or_unfocused_agent_pane ... ok
[INFO] [stdout] test cockpit::tests::cockpit_paste_rejects_while_overlay_owns_ui_focus ... ok
[INFO] [stdout] test commands::tests::commands_classify_future_commands_as_unsupported ... ok
[INFO] [stdout] test commands::tests::commands_parse_list_all ... ok
[INFO] [stdout] test commands::tests::commands_build_start_request_without_shell_string_execution ... ok
[INFO] [stdout] test commands::tests::commands_build_attach_replay_modes_as_v2_initial_replay ... ok
[INFO] [stdout] test client::tests::client_constructs_with_explicit_paths_for_tests ... ok
[INFO] [stdout] test client::tests::client_rejects_mismatched_response_id ... ok
[INFO] [stdout] test cockpit::tests::cockpit_agent_attach_does_not_request_line_scrollback ... ok
[INFO] [stdout] test cockpit::tests::cockpit_key_input_contract_maps_supported_keys ... ok
[INFO] [stdout] test commands::tests::commands_build_logs_events_send_attach_requests ... ok
[INFO] [stdout] test cockpit::tests::cockpit_reserved_prefix_and_scroll_keys_do_not_become_input_text ... ok
[INFO] [stdout] test cockpit::tests::cockpit_snapshot_seed_uses_raw_replay_not_legacy_line_scrollback ... ok
[INFO] [stdout] test commands::tests::commands_build_raw_attach_defaults_to_no_initial_replay ... ok
[INFO] [stdout] test commands::tests::commands_parse_context_modes ... ok
[INFO] [stdout] test commands::tests::commands_parse_agent_cockpit_args ... ok
[INFO] [stdout] test commands::tests::commands_parse_doctor_stale_ui_context_repair ... ok
[INFO] [stdout] test commands::tests::commands_parse_resize_as_unsupported_future_command ... ok
[INFO] [stdout] test tests::retain_active_sessions_hides_terminal_records_from_default_list ... ok
[INFO] [stdout] test commands::tests::commands_parse_start_argv_after_dash ... ok
[INFO] [stdout] test commands::tests::commands_parse_pipe_spawn_mode_for_start ... ok
[INFO] [stdout] test commands::tests::commands_parse_workspace_role_selector ... ok
[INFO] [stdout] test launch_env::tests::current_launch_env_forwards_client_path_when_present ... ok
[INFO] [stdout] test commands::tests::commands_parse_resize_workspace_role_selector ... ok
[INFO] [stdout] test commands::tests::commands_parse_list_json_and_filters ... ok
[INFO] [stdout] test output::tests::output_renders_empty_list_compactly ... ok
[INFO] [stdout] test tests::preferred_session_id_prefers_running_session_over_newer_terminal_session ... ok
[INFO] [stdout] test commands::tests::commands_parse_monitor_profiles_for_start_and_tui_modes ... ok
[INFO] [stdout] test output::tests::output_renders_raw_json_without_protocol_envelope ... ok
[INFO] [stdout] test output::tests::output_renders_inspect_without_optional_worker ... ok
[INFO] [stdout] test commands::tests::commands_build_raw_attach_request_with_independent_replay_axis ... ok
[INFO] [stdout] 
[INFO] [stdout] test result: ok. 43 passed; 0 failed; 0 ignored; 0 measured; 0 filtered out; finished in 0.05s
[INFO] [stdout] 
[INFO] [stderr]      Running unittests src/bin/millrace-session-worker.rs (/opt/rustwide/target/release/build/millrace-sessions/3777495b0f05cf2c/out/millrace_session_worker-3777495b0f05cf2c)
[INFO] [stdout] 
[INFO] [stdout] running 0 tests
[INFO] [stdout] 
[INFO] [stdout] test result: ok. 0 passed; 0 failed; 0 ignored; 0 measured; 0 filtered out; finished in 0.00s
[INFO] [stdout] 
[INFO] [stderr]      Running unittests src/bin/millrace-sessiond.rs (/opt/rustwide/target/release/build/millrace-sessions/a37ac7610497bd41/out/millrace_sessiond-a37ac7610497bd41)
[INFO] [stdout] 
[INFO] [stdout] running 0 tests
[INFO] [stdout] 
[INFO] [stdout] test result: ok. 0 passed; 0 failed; 0 ignored; 0 measured; 0 filtered out; finished in 0.00s
[INFO] [stdout] 
[INFO] [stderr]      Running tests/attach_smoke.rs (/opt/rustwide/target/release/build/millrace-sessions/a4c9c111d47c8aee/out/attach_smoke-a4c9c111d47c8aee)
[INFO] [stdout] 
[INFO] [stdout] running 3 tests
[INFO] [stdout] test cli_smoke_raw_attach_replay_none_preserves_live_bytes ... FAILED
[INFO] [stdout] test cli_follow_logs_and_events_stream_late_output ... FAILED
[INFO] [stderr] error: test failed, to rerun pass `--test attach_smoke`
[INFO] [stdout] test cli_smoke_send_logs_events_resize_and_stream_through_host ... FAILED
[INFO] [stdout] 
[INFO] [stdout] failures:
[INFO] [stdout] 
[INFO] [stdout] ---- cli_smoke_raw_attach_replay_none_preserves_live_bytes stdout ----
[INFO] [stdout] 
[INFO] [stdout] thread 'cli_smoke_raw_attach_replay_none_preserves_live_bytes' (2312) panicked at tests/attach_smoke.rs:302:10:
[INFO] [stdout] Unexpected failure.
[INFO] [stdout] code=1
[INFO] [stdout] stderr=```"millmux: No such file or directory (os error 2)\n"```
[INFO] [stdout] command=`MILLMUX_HOST_BIN="/opt/target/debug/millrace-sessiond" MILLMUX_STATE_DIR="/tmp/.tmpvmZ310" MILLMUX_WORKER_BIN="/opt/target/debug/millrace-session-worker" "/opt/rustwide/target/release/millmux" "start" "--json" "--name" "raw-attach" "--role" "shell" "--workspace" "/tmp/.tmpx6yIS4" "--cwd" "/tmp/.tmpx6yIS4" "--" "sh" "-c" "printf 'ready-before-raw\\n'; while [ ! -f go-raw ]; do sleep 0.05; done; printf '\\377raw-live\\n'"`
[INFO] [stdout] code=1
[INFO] [stdout] stdout=""
[INFO] [stdout] stderr="millmux: No such file or directory (os error 2)\n"
[INFO] [stdout] 
[INFO] [stdout] stack backtrace:
[INFO] [stdout]    0:     0x601b33f8d291 - <<std[617be2ca0a6fd877]::sys::backtrace::BacktraceLock>::print::DisplayBacktrace as core[a373ad73a504971]::fmt::Display>::fmt
[INFO] [stdout]    1:     0x601b33fa3dda - core[a373ad73a504971]::fmt::write
[INFO] [stdout]    2:     0x601b33f92a7c - <alloc[2e1b2a31b91974c5]::vec::Vec<u8> as core[a373ad73a504971]::io::write::Write>::write_fmt
[INFO] [stdout]    3:     0x601b33f675f6 - std[617be2ca0a6fd877]::panicking::default_hook::{closure#0}
[INFO] [stdout]    4:     0x601b33f84b89 - std[617be2ca0a6fd877]::panicking::default_hook
[INFO] [stdout]    5:     0x601b33f12d50 - test[aada8e7e76ba119b]::test_main_inner::{closure#0}
[INFO] [stdout]    6:     0x601b33f84d42 - std[617be2ca0a6fd877]::panicking::panic_with_hook
[INFO] [stdout]    7:     0x601b33f676a2 - std[617be2ca0a6fd877]::panicking::panic_handler::{closure#0}
[INFO] [stdout]    8:     0x601b33f60109 - std[617be2ca0a6fd877]::sys::backtrace::__rust_end_short_backtrace::<std[617be2ca0a6fd877]::panicking::panic_handler::{closure#0}, !>
[INFO] [stdout]    9:     0x601b33f682ad - __rustc[ea4f61d10b84890b]::rust_begin_unwind
[INFO] [stdout]   10:     0x601b33fa458c - core[a373ad73a504971]::panicking::panic_fmt
[INFO] [stdout]   11:     0x601b33f4c3bf - <assert_cmd[e932f5b9fe2aeea1]::assert::AssertError>::panic::<assert_cmd[e932f5b9fe2aeea1]::assert::Assert>
[INFO] [stdout]   12:     0x601b33f4c709 - <assert_cmd[e932f5b9fe2aeea1]::assert::Assert>::success
[INFO] [stdout]   13:     0x601b33ef853c - attach_smoke[a363c487947cf723]::start_session
[INFO] [stdout]   14:     0x601b33efa6bd - <attach_smoke[a363c487947cf723]::cli_smoke_raw_attach_replay_none_preserves_live_bytes::{closure#0} as core[a373ad73a504971]::ops::function::FnOnce<()>>::call_once
[INFO] [stdout]   15:     0x601b33f0619b - test[aada8e7e76ba119b]::__rust_begin_short_backtrace::<core[a373ad73a504971]::result::Result<(), alloc[2e1b2a31b91974c5]::string::String>, fn() -> core[a373ad73a504971]::result::Result<(), alloc[2e1b2a31b91974c5]::string::String>>
[INFO] [stdout]   16:     0x601b33f13375 - test[aada8e7e76ba119b]::run_test::{closure#0}
[INFO] [stdout]   17:     0x601b33f0cc64 - std[617be2ca0a6fd877]::sys::backtrace::__rust_begin_short_backtrace::<test[aada8e7e76ba119b]::run_test::{closure#1}, ()>
[INFO] [stdout]   18:     0x601b33f16402 - <std[617be2ca0a6fd877]::thread::lifecycle::spawn_unchecked<test[aada8e7e76ba119b]::run_test::{closure#1}, ()>::{closure#1} as core[a373ad73a504971]::ops::function::FnOnce<()>>::call_once::{shim:vtable#0}
[INFO] [stdout]   19:     0x601b33f8c52f - <std[617be2ca0a6fd877]::sys::thread::unix::Thread>::new::thread_start
[INFO] [stdout]   20:     0x72a4daaafdfa - <unknown>
[INFO] [stdout]   21:     0x72a4dab433d4 - clone
[INFO] [stdout]   22:                0x0 - <unknown>
[INFO] [stdout] 
[INFO] [stdout] ---- cli_follow_logs_and_events_stream_late_output stdout ----
[INFO] [stdout] 
[INFO] [stdout] thread 'cli_follow_logs_and_events_stream_late_output' (2311) panicked at tests/attach_smoke.rs:302:10:
[INFO] [stdout] Unexpected failure.
[INFO] [stdout] code=1
[INFO] [stdout] stderr=```"millmux: No such file or directory (os error 2)\n"```
[INFO] [stdout] command=`MILLMUX_HOST_BIN="/opt/target/debug/millrace-sessiond" MILLMUX_STATE_DIR="/tmp/.tmpKADdkN" MILLMUX_WORKER_BIN="/opt/target/debug/millrace-session-worker" "/opt/rustwide/target/release/millmux" "start" "--json" "--name" "logs-follow" "--role" "shell" "--workspace" "/tmp/.tmpqUhbbC" "--cwd" "/tmp/.tmpqUhbbC" "--" "sh" "-c" "printf 'first\\n'; sleep 1; printf 'second\\n'"`
[INFO] [stdout] code=1
[INFO] [stdout] stdout=""
[INFO] [stdout] stderr="millmux: No such file or directory (os error 2)\n"
[INFO] [stdout] 
[INFO] [stdout] stack backtrace:
[INFO] [stdout]    0:     0x601b33f8d291 - <<std[617be2ca0a6fd877]::sys::backtrace::BacktraceLock>::print::DisplayBacktrace as core[a373ad73a504971]::fmt::Display>::fmt
[INFO] [stdout]    1:     0x601b33fa3dda - core[a373ad73a504971]::fmt::write
[INFO] [stdout]    2:     0x601b33f92a7c - <alloc[2e1b2a31b91974c5]::vec::Vec<u8> as core[a373ad73a504971]::io::write::Write>::write_fmt
[INFO] [stdout]    3:     0x601b33f675f6 - std[617be2ca0a6fd877]::panicking::default_hook::{closure#0}
[INFO] [stdout]    4:     0x601b33f84b89 - std[617be2ca0a6fd877]::panicking::default_hook
[INFO] [stdout]    5:     0x601b33f12d50 - test[aada8e7e76ba119b]::test_main_inner::{closure#0}
[INFO] [stdout]    6:     0x601b33f84d42 - std[617be2ca0a6fd877]::panicking::panic_with_hook
[INFO] [stdout]    7:     0x601b33f676a2 - std[617be2ca0a6fd877]::panicking::panic_handler::{closure#0}
[INFO] [stdout]    8:     0x601b33f60109 - std[617be2ca0a6fd877]::sys::backtrace::__rust_end_short_backtrace::<std[617be2ca0a6fd877]::panicking::panic_handler::{closure#0}, !>
[INFO] [stdout]    9:     0x601b33f682ad - __rustc[ea4f61d10b84890b]::rust_begin_unwind
[INFO] [stdout]   10:     0x601b33fa458c - core[a373ad73a504971]::panicking::panic_fmt
[INFO] [stdout]   11:     0x601b33f4c3bf - <assert_cmd[e932f5b9fe2aeea1]::assert::AssertError>::panic::<assert_cmd[e932f5b9fe2aeea1]::assert::Assert>
[INFO] [stdout]   12:     0x601b33f4c709 - <assert_cmd[e932f5b9fe2aeea1]::assert::Assert>::success
[INFO] [stdout]   13:     0x601b33ef853c - attach_smoke[a363c487947cf723]::start_session
[INFO] [stdout]   14:     0x601b33ef9a0d - <attach_smoke[a363c487947cf723]::cli_follow_logs_and_events_stream_late_output::{closure#0} as core[a373ad73a504971]::ops::function::FnOnce<()>>::call_once
[INFO] [stdout]   15:     0x601b33f0619b - test[aada8e7e76ba119b]::__rust_begin_short_backtrace::<core[a373ad73a504971]::result::Result<(), alloc[2e1b2a31b91974c5]::string::String>, fn() -> core[a373ad73a504971]::result::Result<(), alloc[2e1b2a31b91974c5]::string::String>>
[INFO] [stdout]   16:     0x601b33f13375 - test[aada8e7e76ba119b]::run_test::{closure#0}
[INFO] [stdout]   17:     0x601b33f0cc64 - std[617be2ca0a6fd877]::sys::backtrace::__rust_begin_short_backtrace::<test[aada8e7e76ba119b]::run_test::{closure#1}, ()>
[INFO] [stdout]   18:     0x601b33f16402 - <std[617be2ca0a6fd877]::thread::lifecycle::spawn_unchecked<test[aada8e7e76ba119b]::run_test::{closure#1}, ()>::{closure#1} as core[a373ad73a504971]::ops::function::FnOnce<()>>::call_once::{shim:vtable#0}
[INFO] [stdout]   19:     0x601b33f8c52f - <std[617be2ca0a6fd877]::sys::thread::unix::Thread>::new::thread_start
[INFO] [stdout]   20:     0x72a4daaafdfa - <unknown>
[INFO] [stdout]   21:     0x72a4dab433d4 - clone
[INFO] [stdout]   22:                0x0 - <unknown>
[INFO] [stdout] 
[INFO] [stdout] ---- cli_smoke_send_logs_events_resize_and_stream_through_host stdout ----
[INFO] [stdout] 
[INFO] [stdout] thread 'cli_smoke_send_logs_events_resize_and_stream_through_host' (2313) panicked at tests/attach_smoke.rs:302:10:
[INFO] [stdout] Unexpected failure.
[INFO] [stdout] code=1
[INFO] [stdout] stderr=```"millmux: No such file or directory (os error 2)\n"```
[INFO] [stdout] command=`MILLMUX_HOST_BIN="/opt/target/debug/millrace-sessiond" MILLMUX_STATE_DIR="/tmp/.tmpJ5M8ol" MILLMUX_WORKER_BIN="/opt/target/debug/millrace-session-worker" "/opt/rustwide/target/release/millmux" "start" "--json" "--name" "interactive" "--role" "shell" "--workspace" "/tmp/.tmpkvxpvt" "--cwd" "/tmp/.tmpkvxpvt" "--" "sh" "-c" "printf 'ready\\n'; while IFS= read -r line; do printf 'got:%s\\n' \"$line\"; done"`
[INFO] [stdout] code=1
[INFO] [stdout] stdout=""
[INFO] [stdout] stderr="millmux: No such file or directory (os error 2)\n"
[INFO] [stdout] 
[INFO] [stdout] stack backtrace:
[INFO] [stdout]    0:     0x601b33f8d291 - <<std[617be2ca0a6fd877]::sys::backtrace::BacktraceLock>::print::DisplayBacktrace as core[a373ad73a504971]::fmt::Display>::fmt
[INFO] [stdout]    1:     0x601b33fa3dda - core[a373ad73a504971]::fmt::write
[INFO] [stdout]    2:     0x601b33f92a7c - <alloc[2e1b2a31b91974c5]::vec::Vec<u8> as core[a373ad73a504971]::io::write::Write>::write_fmt
[INFO] [stdout]    3:     0x601b33f675f6 - std[617be2ca0a6fd877]::panicking::default_hook::{closure#0}
[INFO] [stdout]    4:     0x601b33f84b89 - std[617be2ca0a6fd877]::panicking::default_hook
[INFO] [stdout]    5:     0x601b33f12d50 - test[aada8e7e76ba119b]::test_main_inner::{closure#0}
[INFO] [stdout]    6:     0x601b33f84d42 - std[617be2ca0a6fd877]::panicking::panic_with_hook
[INFO] [stdout]    7:     0x601b33f676a2 - std[617be2ca0a6fd877]::panicking::panic_handler::{closure#0}
[INFO] [stdout]    8:     0x601b33f60109 - std[617be2ca0a6fd877]::sys::backtrace::__rust_end_short_backtrace::<std[617be2ca0a6fd877]::panicking::panic_handler::{closure#0}, !>
[INFO] [stdout]    9:     0x601b33f682ad - __rustc[ea4f61d10b84890b]::rust_begin_unwind
[INFO] [stdout]   10:     0x601b33fa458c - core[a373ad73a504971]::panicking::panic_fmt
[INFO] [stdout]   11:     0x601b33f4c3bf - <assert_cmd[e932f5b9fe2aeea1]::assert::AssertError>::panic::<assert_cmd[e932f5b9fe2aeea1]::assert::Assert>
[INFO] [stdout]   12:     0x601b33f4c709 - <assert_cmd[e932f5b9fe2aeea1]::assert::Assert>::success
[INFO] [stdout]   13:     0x601b33ef853c - attach_smoke[a363c487947cf723]::start_session
[INFO] [stdout]   14:     0x601b33efb695 - <attach_smoke[a363c487947cf723]::cli_smoke_send_logs_events_resize_and_stream_through_host::{closure#0} as core[a373ad73a504971]::ops::function::FnOnce<()>>::call_once
[INFO] [stdout]   15:     0x601b33f0619b - test[aada8e7e76ba119b]::__rust_begin_short_backtrace::<core[a373ad73a504971]::result::Result<(), alloc[2e1b2a31b91974c5]::string::String>, fn() -> core[a373ad73a504971]::result::Result<(), alloc[2e1b2a31b91974c5]::string::String>>
[INFO] [stdout]   16:     0x601b33f13375 - test[aada8e7e76ba119b]::run_test::{closure#0}
[INFO] [stdout]   17:     0x601b33f0cc64 - std[617be2ca0a6fd877]::sys::backtrace::__rust_begin_short_backtrace::<test[aada8e7e76ba119b]::run_test::{closure#1}, ()>
[INFO] [stdout]   18:     0x601b33f16402 - <std[617be2ca0a6fd877]::thread::lifecycle::spawn_unchecked<test[aada8e7e76ba119b]::run_test::{closure#1}, ()>::{closure#1} as core[a373ad73a504971]::ops::function::FnOnce<()>>::call_once::{shim:vtable#0}
[INFO] [stdout]   19:     0x601b33f8c52f - <std[617be2ca0a6fd877]::sys::thread::unix::Thread>::new::thread_start
[INFO] [stdout]   20:     0x72a4daaafdfa - <unknown>
[INFO] [stdout]   21:     0x72a4dab433d4 - clone
[INFO] [stdout]   22:                0x0 - <unknown>
[INFO] [stdout] 
[INFO] [stdout] 
[INFO] [stdout] failures:
[INFO] [stdout]     cli_follow_logs_and_events_stream_late_output
[INFO] [stdout]     cli_smoke_raw_attach_replay_none_preserves_live_bytes
[INFO] [stdout]     cli_smoke_send_logs_events_resize_and_stream_through_host
[INFO] [stdout] 
[INFO] [stdout] test result: FAILED. 0 passed; 3 failed; 0 ignored; 0 measured; 0 filtered out; finished in 0.08s
[INFO] [stdout] 
[INFO] running `Command { std: "docker" "inspect" "a11795f57d07a6d9916dbf5e13728198325069f229a4996831928e83505609be", kill_on_drop: false }`
[INFO] running `Command { std: "docker" "rm" "-f" "a11795f57d07a6d9916dbf5e13728198325069f229a4996831928e83505609be", kill_on_drop: false }`
[INFO] [stdout] a11795f57d07a6d9916dbf5e13728198325069f229a4996831928e83505609be
