[INFO] fetching crate millrace-sessions-host 0.3.0...
[INFO] testing millrace-sessions-host-0.3.0 against 1.100.0-beta.1+cargoflags=--release for beta-release-1.100-2
[INFO] extracting crate millrace-sessions-host 0.3.0 into /workspace/builds/worker-7-tc2/source
[INFO] started tweaking crates.io crate millrace-sessions-host 0.3.0
[INFO] removed 0 missing tests
[INFO] finished tweaking crates.io crate millrace-sessions-host 0.3.0
[INFO] tweaked toml for crates.io crate millrace-sessions-host 0.3.0 written to /workspace/builds/worker-7-tc2/source/Cargo.toml
[INFO] validating manifest of crates.io crate millrace-sessions-host 0.3.0 on toolchain 1.100.0-beta.1
[INFO] running `Command { std: CARGO_HOME="/workspace/cargo-home" RUSTUP_HOME="/workspace/rustup-home" "/workspace/cargo-home/bin/cargo" "+1.100.0-beta.1" "metadata" "--manifest-path" "Cargo.toml" "--no-deps", kill_on_drop: false }`
[INFO] crate crates.io crate millrace-sessions-host 0.3.0 already has a lockfile, it will not be regenerated
[INFO] running `Command { std: CARGO_HOME="/workspace/cargo-home" RUSTUP_HOME="/workspace/rustup-home" "/workspace/cargo-home/bin/cargo" "+1.100.0-beta.1" "fetch" "--manifest-path" "Cargo.toml", kill_on_drop: false }`
[INFO] running `Command { std: "docker" "create" "-v" "/var/lib/crater-agent-workspace/builds/worker-7-tc2/source:/opt/rustwide/workdir:ro,Z" "-v" "/var/lib/crater-agent-workspace/builds/worker-7-tc2/target:/opt/rustwide/target:rw,Z" "-v" "/var/lib/crater-agent-workspace/cargo-home:/opt/rustwide/cargo-home:ro,Z" "-v" "/var/lib/crater-agent-workspace/rustup-home:/opt/rustwide/rustup-home:ro,Z" "-m" "1610612736" "--network" "none" "ghcr.io/rust-lang/crates-build-env/linux@sha256:77db811e55d90add9212f6832c23229e3de5f1c1f9905e8cb07319ea15df73ac" "sleep" "infinity", kill_on_drop: false }`
[INFO] [stdout] 6b5de1f72ce173e971c8662a7a197469b0809d0d0daf8ead236c101ce468ec9f
[INFO] running `Command { std: "docker" "start" "6b5de1f72ce173e971c8662a7a197469b0809d0d0daf8ead236c101ce468ec9f", kill_on_drop: false }`
[INFO] running `Command { std: "docker" "inspect" "6b5de1f72ce173e971c8662a7a197469b0809d0d0daf8ead236c101ce468ec9f", kill_on_drop: false }`
[INFO] running `Command { std: "docker" "exec" "-e" "SOURCE_DIR=/opt/rustwide/workdir" "-e" "CARGO_HOME=/opt/rustwide/cargo-home" "-e" "RUSTUP_HOME=/opt/rustwide/rustup-home" "-e" "CARGO_TARGET_DIR=/opt/rustwide/target" "-w" "/opt/rustwide/workdir" "--user" "0:0" "6b5de1f72ce173e971c8662a7a197469b0809d0d0daf8ead236c101ce468ec9f" "/opt/rustwide/cargo-home/bin/cargo" "+1.100.0-beta.1" "metadata" "--no-deps" "--format-version=1", kill_on_drop: false }`
[INFO] running `Command { std: "docker" "inspect" "6b5de1f72ce173e971c8662a7a197469b0809d0d0daf8ead236c101ce468ec9f", kill_on_drop: false }`
[INFO] running `Command { std: "docker" "exec" "-e" "SOURCE_DIR=/opt/rustwide/workdir" "-e" "CARGO_HOME=/opt/rustwide/cargo-home" "-e" "RUSTUP_HOME=/opt/rustwide/rustup-home" "-e" "CARGO_TARGET_DIR=/opt/rustwide/target" "-e" "CARGO_INCREMENTAL=0" "-e" "RUST_BACKTRACE=full" "-e" "RUSTFLAGS=--cap-lints=warn" "-e" "RUSTDOCFLAGS=--cap-lints=warn" "-w" "/opt/rustwide/workdir" "--user" "0:0" "6b5de1f72ce173e971c8662a7a197469b0809d0d0daf8ead236c101ce468ec9f" "/opt/rustwide/cargo-home/bin/cargo" "+1.100.0-beta.1" "build" "--frozen" "--message-format=json" "--release", kill_on_drop: false }`
[INFO] [stderr]    Compiling time-macros v0.2.27
[INFO] [stderr]    Compiling nix v0.29.0
[INFO] [stderr]    Compiling dirs-sys v0.4.1
[INFO] [stderr]    Compiling vte v0.15.0
[INFO] [stderr]    Compiling socket2 v0.6.3
[INFO] [stderr]    Compiling mio v1.2.0
[INFO] [stderr]    Compiling deranged v0.5.8
[INFO] [stderr]    Compiling serde_json v1.0.149
[INFO] [stderr]    Compiling uuid v1.23.1
[INFO] [stderr]    Compiling syn v2.0.117
[INFO] [stderr]    Compiling directories v5.0.1
[INFO] [stderr]    Compiling vt100 v0.16.2
[INFO] [stderr]    Compiling time v0.3.47
[INFO] [stderr]    Compiling thiserror-impl v1.0.69
[INFO] [stderr]    Compiling serde_derive v1.0.228
[INFO] [stderr]    Compiling tokio-macros v2.7.0
[INFO] [stderr]    Compiling tokio v1.52.3
[INFO] [stderr]    Compiling thiserror v1.0.69
[INFO] [stderr]    Compiling serde v1.0.228
[INFO] [stderr]    Compiling millrace-sessions-core v0.3.0
[INFO] [stderr]    Compiling millrace-sessions-host v0.3.0 (/opt/rustwide/workdir)
[INFO] [stderr]     Finished `release` profile [optimized] target(s) in 36.87s
[INFO] [stderr] warning: the following packages contain code that will be rejected by a future version of Rust: nix v0.29.0
[INFO] [stderr] note: to see what the problems were, use the option `--future-incompat-report`, or run `cargo report future-incompatibilities --id 8`
[INFO] running `Command { std: "docker" "inspect" "6b5de1f72ce173e971c8662a7a197469b0809d0d0daf8ead236c101ce468ec9f", kill_on_drop: false }`
[INFO] running `Command { std: "docker" "exec" "-e" "SOURCE_DIR=/opt/rustwide/workdir" "-e" "CARGO_HOME=/opt/rustwide/cargo-home" "-e" "RUSTUP_HOME=/opt/rustwide/rustup-home" "-e" "CARGO_TARGET_DIR=/opt/rustwide/target" "-e" "CARGO_INCREMENTAL=0" "-e" "RUST_BACKTRACE=full" "-e" "RUSTFLAGS=--cap-lints=warn" "-e" "RUSTDOCFLAGS=--cap-lints=warn" "-w" "/opt/rustwide/workdir" "--user" "0:0" "6b5de1f72ce173e971c8662a7a197469b0809d0d0daf8ead236c101ce468ec9f" "/opt/rustwide/cargo-home/bin/cargo" "+1.100.0-beta.1" "test" "--frozen" "--no-run" "--message-format=json" "--release", kill_on_drop: false }`
[INFO] [stderr]    Compiling nix v0.29.0
[INFO] [stderr]    Compiling tempfile v3.27.0
[INFO] [stderr]    Compiling millrace-sessions-host v0.3.0 (/opt/rustwide/workdir)
[INFO] [stderr]     Finished `release` profile [optimized] target(s) in 49.06s
[INFO] [stderr] warning: the following packages contain code that will be rejected by a future version of Rust: nix v0.29.0
[INFO] [stderr] note: to see what the problems were, use the option `--future-incompat-report`, or run `cargo report future-incompatibilities --id 8`
[INFO] running `Command { std: "docker" "inspect" "6b5de1f72ce173e971c8662a7a197469b0809d0d0daf8ead236c101ce468ec9f", kill_on_drop: false }`
[INFO] running `Command { std: "docker" "exec" "-e" "SOURCE_DIR=/opt/rustwide/workdir" "-e" "CARGO_HOME=/opt/rustwide/cargo-home" "-e" "RUSTUP_HOME=/opt/rustwide/rustup-home" "-e" "CARGO_TARGET_DIR=/opt/rustwide/target" "-e" "CARGO_INCREMENTAL=0" "-e" "RUST_BACKTRACE=full" "-e" "RUSTFLAGS=--cap-lints=warn" "-e" "RUSTDOCFLAGS=--cap-lints=warn" "-w" "/opt/rustwide/workdir" "--user" "0:0" "6b5de1f72ce173e971c8662a7a197469b0809d0d0daf8ead236c101ce468ec9f" "/opt/rustwide/cargo-home/bin/cargo" "+1.100.0-beta.1" "test" "--frozen" "--release", kill_on_drop: false }`
[INFO] [stderr]     Finished `release` profile [optimized] target(s) in 0.14s
[INFO] [stderr] warning: the following packages contain code that will be rejected by a future version of Rust: nix v0.29.0
[INFO] [stderr] note: to see what the problems were, use the option `--future-incompat-report`, or run `cargo report future-incompatibilities --id 8`
[INFO] [stderr]      Running unittests src/lib.rs (/opt/rustwide/target/release/build/millrace-sessions-host/7c84c06612a5505d/out/millrace_sessions_host-7c84c06612a5505d)
[INFO] [stdout] 
[INFO] [stdout] running 7 tests
[INFO] [stdout] test worker_launcher::tests::worker_launcher_resolves_env_override ... ok
[INFO] [stdout] test bootstrap::tests::bootstrap_lock_rejects_concurrent_acquisition ... ok
[INFO] [stdout] test server::tests::server_dispatch_returns_invalid_request_for_bad_json ... ok
[INFO] [stdout] test reconcile::tests::reconcile_treats_current_process_as_alive ... ok
[INFO] [stdout] test worker_launcher::tests::worker_launcher_rejects_non_executable_env_override ... ok
[INFO] [stdout] test registry::tests::registry_resolves_sessions_by_id ... ok
[INFO] [stdout] test registry::tests::registry_workspace_role_resolution_prefers_running_session ... ok
[INFO] [stdout] 
[INFO] [stdout] test result: ok. 7 passed; 0 failed; 0 ignored; 0 measured; 0 filtered out; finished in 0.02s
[INFO] [stdout] 
[INFO] [stderr]      Running tests/doctor.rs (/opt/rustwide/target/release/build/millrace-sessions-host/a484aef92c590e80/out/doctor-a484aef92c590e80)
[INFO] [stdout] 
[INFO] [stdout] running 14 tests
[INFO] [stdout] test doctor_reports_responsive_host_socket_as_info ... ok
[INFO] [stdout] test host_doctor_dispatches_session_control_method ... ok
[INFO] [stdout] test doctor_checks_pipe_artifacts_without_requiring_pty_log ... ok
[INFO] [stdout] test doctor_screen_guidance_reports_attach_stream_lagged_events ... ok
[INFO] [stdout] test doctor_reports_orphaned_child_process_with_recovery_actions ... ok
[INFO] [stdout] test doctor_reports_stale_attach_state_after_terminal_session_end ... ok
[INFO] [stdout] test doctor_screen_guidance_preserves_unsafe_agent_terminal_evidence ... ok
[INFO] [stdout] test doctor_archive_preserves_private_session_artifacts ... ok
[INFO] [stdout] test doctor_archive_stale_repair_archives_only_proven_stale_records ... ok
[INFO] [stdout] test doctor_reports_reconciled_orphaned_child_process ... ok
[INFO] [stdout] test doctor_reports_structured_state_socket_and_session_issues ... ok
[INFO] [stdout] test startup_reconciliation_preserves_live_and_marks_dead_without_deleting ... ok
[INFO] [stdout] test doctor_close_stale_ui_contexts_preserves_live_contexts_and_session_artifacts ... ok
[INFO] [stdout] test startup_reconciliation_splits_worker_and_child_liveness ... ok
[INFO] [stdout] 
[INFO] [stdout] test result: ok. 14 passed; 0 failed; 0 ignored; 0 measured; 0 filtered out; finished in 0.24s
[INFO] [stdout] 
[INFO] [stderr]      Running tests/host_bootstrap.rs (/opt/rustwide/target/release/build/millrace-sessions-host/4926c38e8654653a/out/host_bootstrap-4926c38e8654653a)
[INFO] [stdout] 
[INFO] [stdout] running 5 tests
[INFO] [stdout] test registry_loads_valid_metadata_and_retains_corrupt_load_issues ... ok
[INFO] [stdout] test second_bootstrap_fails_without_deleting_live_socket_or_host_metadata ... ok
[INFO] [stdout] test registry_detects_duplicate_millrace_daemon_through_symlink_alias ... ok
[INFO] [stdout] test bootstrap_creates_private_state_layout_and_host_metadata ... ok
[INFO] [stdout] test bootstrap_reconcile_preserves_raw_evidence_when_marking_stale_active_session ... ok
[INFO] [stdout] 
[INFO] [stdout] test result: ok. 5 passed; 0 failed; 0 ignored; 0 measured; 0 filtered out; finished in 0.08s
[INFO] [stdout] 
[INFO] [stderr]      Running tests/millrace_binding.rs (/opt/rustwide/target/release/build/millrace-sessions-host/621c958bb0aa7070/out/millrace_binding-621c958bb0aa7070)
[INFO] [stdout] 
[INFO] [stdout] running 6 tests
[INFO] [stderr] error: could not find `Cargo.toml` in `/opt` or any parent directory
[INFO] [stderr] error: could not find `Cargo.toml` in `/opt` or any parent directory
[INFO] [stderr] error: could not find `Cargo.toml` in `/opt` or any parent directory
[INFO] [stderr] error: could not find `Cargo.toml` in `/opt` or any parent directory
[INFO] [stdout] test auxiliary_roles_can_share_daemon_workspace ... FAILED
[INFO] [stdout] test status_probe_issue_is_recorded_but_start_continues ... FAILED
[INFO] [stdout] test daemon_start_requires_workspace_and_does_not_create_session ... FAILED
[INFO] [stdout] test daemon_duplicate_resolution_uses_canonical_workspace_and_command ... FAILED
[INFO] [stderr] error: could not find `Cargo.toml` in `/opt` or any parent directory
[INFO] [stderr] error: could not find `Cargo.toml` in `/opt` or any parent directory
[INFO] [stdout] test status_probe_running_refuses_daemon_without_registry_match ... FAILED
[INFO] [stdout] test daemon_stop_attempts_native_control_before_generic_fallback ... FAILED
[INFO] [stdout] 
[INFO] [stdout] failures:
[INFO] [stdout] 
[INFO] [stdout] ---- auxiliary_roles_can_share_daemon_workspace stdout ----
[INFO] [stdout] 
[INFO] [stdout] thread 'auxiliary_roles_can_share_daemon_workspace' (1010) panicked at tests/millrace_binding.rs:556:5:
[INFO] [stdout] failed to build millrace-sessiond
[INFO] [stdout] stack backtrace:
[INFO] [stdout]    0:     0x643a15590691 - <<std[617be2ca0a6fd877]::sys::backtrace::BacktraceLock>::print::DisplayBacktrace as core[a373ad73a504971]::fmt::Display>::fmt
[INFO] [stdout]    1:     0x643a155a564a - core[a373ad73a504971]::fmt::write
[INFO] [stdout]    2:     0x643a15594d4c - <alloc[2e1b2a31b91974c5]::vec::Vec<u8> as core[a373ad73a504971]::io::write::Write>::write_fmt
[INFO] [stdout]    3:     0x643a1556a3e6 - std[617be2ca0a6fd877]::panicking::default_hook::{closure#0}
[INFO] [stdout]    4:     0x643a15587999 - std[617be2ca0a6fd877]::panicking::default_hook
[INFO] [stdout]    5:     0x643a15516960 - test[aada8e7e76ba119b]::test_main_inner::{closure#0}
[INFO] [stdout]    6:     0x643a15587b52 - std[617be2ca0a6fd877]::panicking::panic_with_hook
[INFO] [stdout]    7:     0x643a1556a492 - std[617be2ca0a6fd877]::panicking::panic_handler::{closure#0}
[INFO] [stdout]    8:     0x643a15562df9 - std[617be2ca0a6fd877]::sys::backtrace::__rust_end_short_backtrace::<std[617be2ca0a6fd877]::panicking::panic_handler::{closure#0}, !>
[INFO] [stdout]    9:     0x643a1556b24d - __rustc[ea4f61d10b84890b]::rust_begin_unwind
[INFO] [stdout]   10:     0x643a155a5d7c - core[a373ad73a504971]::panicking::panic_fmt
[INFO] [stdout]   11:     0x643a154e3a16 - millrace_binding[5f04ddb5e7485cec]::ensure_bin
[INFO] [stdout]   12:     0x643a154e65bf - <millrace_binding[5f04ddb5e7485cec]::DaemonChild>::spawn
[INFO] [stdout]   13:     0x643a154e77d5 - <millrace_binding[5f04ddb5e7485cec]::auxiliary_roles_can_share_daemon_workspace::{closure#0} as core[a373ad73a504971]::ops::function::FnOnce<()>>::call_once
[INFO] [stdout]   14:     0x643a15509dab - test[aada8e7e76ba119b]::__rust_begin_short_backtrace::<core[a373ad73a504971]::result::Result<(), alloc[2e1b2a31b91974c5]::string::String>, fn() -> core[a373ad73a504971]::result::Result<(), alloc[2e1b2a31b91974c5]::string::String>>
[INFO] [stdout]   15:     0x643a15516f85 - test[aada8e7e76ba119b]::run_test::{closure#0}
[INFO] [stdout]   16:     0x643a15510874 - std[617be2ca0a6fd877]::sys::backtrace::__rust_begin_short_backtrace::<test[aada8e7e76ba119b]::run_test::{closure#1}, ()>
[INFO] [stdout]   17:     0x643a1551a012 - <std[617be2ca0a6fd877]::thread::lifecycle::spawn_unchecked<test[aada8e7e76ba119b]::run_test::{closure#1}, ()>::{closure#1} as core[a373ad73a504971]::ops::function::FnOnce<()>>::call_once::{shim:vtable#0}
[INFO] [stdout]   18:     0x643a1558f9af - <std[617be2ca0a6fd877]::sys::thread::unix::Thread>::new::thread_start
[INFO] [stdout]   19:     0x7583c5b4cdfa - <unknown>
[INFO] [stdout]   20:     0x7583c5be03d4 - clone
[INFO] [stdout]   21:                0x0 - <unknown>
[INFO] [stdout] 
[INFO] [stdout] ---- status_probe_issue_is_recorded_but_start_continues stdout ----
[INFO] [stdout] 
[INFO] [stdout] thread 'status_probe_issue_is_recorded_but_start_continues' (1014) panicked at tests/millrace_binding.rs:556:5:
[INFO] [stdout] failed to build millrace-sessiond
[INFO] [stdout] stack backtrace:
[INFO] [stdout]    0:     0x643a15590691 - <<std[617be2ca0a6fd877]::sys::backtrace::BacktraceLock>::print::DisplayBacktrace as core[a373ad73a504971]::fmt::Display>::fmt
[INFO] [stdout]    1:     0x643a155a564a - core[a373ad73a504971]::fmt::write
[INFO] [stdout]    2:     0x643a15594d4c - <alloc[2e1b2a31b91974c5]::vec::Vec<u8> as core[a373ad73a504971]::io::write::Write>::write_fmt
[INFO] [stdout]    3:     0x643a1556a3e6 - std[617be2ca0a6fd877]::panicking::default_hook::{closure#0}
[INFO] [stdout]    4:     0x643a15587999 - std[617be2ca0a6fd877]::panicking::default_hook
[INFO] [stdout]    5:     0x643a15516960 - test[aada8e7e76ba119b]::test_main_inner::{closure#0}
[INFO] [stdout]    6:     0x643a15587b52 - std[617be2ca0a6fd877]::panicking::panic_with_hook
[INFO] [stdout]    7:     0x643a1556a492 - std[617be2ca0a6fd877]::panicking::panic_handler::{closure#0}
[INFO] [stdout]    8:     0x643a15562df9 - std[617be2ca0a6fd877]::sys::backtrace::__rust_end_short_backtrace::<std[617be2ca0a6fd877]::panicking::panic_handler::{closure#0}, !>
[INFO] [stdout]    9:     0x643a1556b24d - __rustc[ea4f61d10b84890b]::rust_begin_unwind
[INFO] [stdout]   10:     0x643a155a5d7c - core[a373ad73a504971]::panicking::panic_fmt
[INFO] [stdout]   11:     0x643a154e3a16 - millrace_binding[5f04ddb5e7485cec]::ensure_bin
[INFO] [stdout]   12:     0x643a154e65bf - <millrace_binding[5f04ddb5e7485cec]::DaemonChild>::spawn
[INFO] [stdout]   13:     0x643a154e5b0d - millrace_binding[5f04ddb5e7485cec]::assert_status_probe_issue_is_recorded
[INFO] [stdout]   14:     0x643a154e83e0 - <millrace_binding[5f04ddb5e7485cec]::status_probe_issue_is_recorded_but_start_continues::{closure#0} as core[a373ad73a504971]::ops::function::FnOnce<()>>::call_once
[INFO] [stdout]   15:     0x643a15509dab - test[aada8e7e76ba119b]::__rust_begin_short_backtrace::<core[a373ad73a504971]::result::Result<(), alloc[2e1b2a31b91974c5]::string::String>, fn() -> core[a373ad73a504971]::result::Result<(), alloc[2e1b2a31b91974c5]::string::String>>
[INFO] [stdout]   16:     0x643a15516f85 - test[aada8e7e76ba119b]::run_test::{closure#0}
[INFO] [stdout]   17:     0x643a15510874 - std[617be2ca0a6fd877]::sys::backtrace::__rust_begin_short_backtrace::<test[aada8e7e76ba119b]::run_test::{closure#1}, ()>
[INFO] [stdout]   18:     0x643a1551a012 - <std[617be2ca0a6fd877]::thread::lifecycle::spawn_unchecked<test[aada8e7e76ba119b]::run_test::{closure#1}, ()>::{closure#1} as core[a373ad73a504971]::ops::function::FnOnce<()>>::call_once::{shim:vtable#0}
[INFO] [stdout]   19:     0x643a1558f9af - <std[617be2ca0a6fd877]::sys::thread::unix::Thread>::new::thread_start
[INFO] [stdout]   20:     0x7583c5b4cdfa - <unknown>
[INFO] [stdout]   21:     0x7583c5be03d4 - clone
[INFO] [stdout]   22:                0x0 - <unknown>
[INFO] [stdout] 
[INFO] [stdout] ---- daemon_start_requires_workspace_and_does_not_create_session stdout ----
[INFO] [stdout] 
[INFO] [stdout] thread 'daemon_start_requires_workspace_and_does_not_create_session' (1012) panicked at tests/millrace_binding.rs:556:5:
[INFO] [stdout] failed to build millrace-sessiond
[INFO] [stdout] stack backtrace:
[INFO] [stdout]    0:     0x643a15590691 - <<std[617be2ca0a6fd877]::sys::backtrace::BacktraceLock>::print::DisplayBacktrace as core[a373ad73a504971]::fmt::Display>::fmt
[INFO] [stdout]    1:     0x643a155a564a - core[a373ad73a504971]::fmt::write
[INFO] [stdout]    2:     0x643a15594d4c - <alloc[2e1b2a31b91974c5]::vec::Vec<u8> as core[a373ad73a504971]::io::write::Write>::write_fmt
[INFO] [stdout]    3:     0x643a1556a3e6 - std[617be2ca0a6fd877]::panicking::default_hook::{closure#0}
[INFO] [stdout]    4:     0x643a15587999 - std[617be2ca0a6fd877]::panicking::default_hook
[INFO] [stdout]    5:     0x643a15516960 - test[aada8e7e76ba119b]::test_main_inner::{closure#0}
[INFO] [stdout]    6:     0x643a15587b52 - std[617be2ca0a6fd877]::panicking::panic_with_hook
[INFO] [stdout]    7:     0x643a1556a492 - std[617be2ca0a6fd877]::panicking::panic_handler::{closure#0}
[INFO] [stdout]    8:     0x643a15562df9 - std[617be2ca0a6fd877]::sys::backtrace::__rust_end_short_backtrace::<std[617be2ca0a6fd877]::panicking::panic_handler::{closure#0}, !>
[INFO] [stdout]    9:     0x643a1556b24d - __rustc[ea4f61d10b84890b]::rust_begin_unwind
[INFO] [stdout]   10:     0x643a155a5d7c - core[a373ad73a504971]::panicking::panic_fmt
[INFO] [stdout]   11:     0x643a154e3a16 - millrace_binding[5f04ddb5e7485cec]::ensure_bin
[INFO] [stdout]   12:     0x643a154e65bf - <millrace_binding[5f04ddb5e7485cec]::DaemonChild>::spawn
[INFO] [stdout]   13:     0x643a154e9896 - <millrace_binding[5f04ddb5e7485cec]::daemon_start_requires_workspace_and_does_not_create_session::{closure#0} as core[a373ad73a504971]::ops::function::FnOnce<()>>::call_once
[INFO] [stdout]   14:     0x643a15509dab - test[aada8e7e76ba119b]::__rust_begin_short_backtrace::<core[a373ad73a504971]::result::Result<(), alloc[2e1b2a31b91974c5]::string::String>, fn() -> core[a373ad73a504971]::result::Result<(), alloc[2e1b2a31b91974c5]::string::String>>
[INFO] [stdout]   15:     0x643a15516f85 - test[aada8e7e76ba119b]::run_test::{closure#0}
[INFO] [stdout]   16:     0x643a15510874 - std[617be2ca0a6fd877]::sys::backtrace::__rust_begin_short_backtrace::<test[aada8e7e76ba119b]::run_test::{closure#1}, ()>
[INFO] [stdout]   17:     0x643a1551a012 - <std[617be2ca0a6fd877]::thread::lifecycle::spawn_unchecked<test[aada8e7e76ba119b]::run_test::{closure#1}, ()>::{closure#1} as core[a373ad73a504971]::ops::function::FnOnce<()>>::call_once::{shim:vtable#0}
[INFO] [stdout]   18:     0x643a1558f9af - <std[617be2ca0a6fd877]::sys::thread::unix::Thread>::new::thread_start
[INFO] [stdout]   19:     0x7583c5b4cdfa - <unknown>
[INFO] [stdout]   20:     0x7583c5be03d4 - clone
[INFO] [stdout]   21:                0x0 - <unknown>
[INFO] [stdout] 
[INFO] [stdout] ---- daemon_duplicate_resolution_uses_canonical_workspace_and_command stdout ----
[INFO] [stdout] 
[INFO] [stdout] thread 'daemon_duplicate_resolution_uses_canonical_workspace_and_command' (1011) panicked at tests/millrace_binding.rs:556:5:
[INFO] [stdout] failed to build millrace-sessiond
[INFO] [stdout] stack backtrace:
[INFO] [stdout]    0:     0x643a15590691 - <<std[617be2ca0a6fd877]::sys::backtrace::BacktraceLock>::print::DisplayBacktrace as core[a373ad73a504971]::fmt::Display>::fmt
[INFO] [stdout]    1:     0x643a155a564a - core[a373ad73a504971]::fmt::write
[INFO] [stdout]    2:     0x643a15594d4c - <alloc[2e1b2a31b91974c5]::vec::Vec<u8> as core[a373ad73a504971]::io::write::Write>::write_fmt
[INFO] [stdout]    3:     0x643a1556a3e6 - std[617be2ca0a6fd877]::panicking::default_hook::{closure#0}
[INFO] [stdout]    4:     0x643a15587999 - std[617be2ca0a6fd877]::panicking::default_hook
[INFO] [stdout]    5:     0x643a15516960 - test[aada8e7e76ba119b]::test_main_inner::{closure#0}
[INFO] [stdout]    6:     0x643a15587b52 - std[617be2ca0a6fd877]::panicking::panic_with_hook
[INFO] [stdout]    7:     0x643a1556a492 - std[617be2ca0a6fd877]::panicking::panic_handler::{closure#0}
[INFO] [stdout]    8:     0x643a15562df9 - std[617be2ca0a6fd877]::sys::backtrace::__rust_end_short_backtrace::<std[617be2ca0a6fd877]::panicking::panic_handler::{closure#0}, !>
[INFO] [stdout]    9:     0x643a1556b24d - __rustc[ea4f61d10b84890b]::rust_begin_unwind
[INFO] [stdout]   10:     0x643a155a5d7c - core[a373ad73a504971]::panicking::panic_fmt
[INFO] [stdout]   11:     0x643a154e3a16 - millrace_binding[5f04ddb5e7485cec]::ensure_bin
[INFO] [stdout]   12:     0x643a154e65bf - <millrace_binding[5f04ddb5e7485cec]::DaemonChild>::spawn
[INFO] [stdout]   13:     0x643a154ebe87 - <millrace_binding[5f04ddb5e7485cec]::daemon_duplicate_resolution_uses_canonical_workspace_and_command::{closure#0} as core[a373ad73a504971]::ops::function::FnOnce<()>>::call_once
[INFO] [stdout]   14:     0x643a15509dab - test[aada8e7e76ba119b]::__rust_begin_short_backtrace::<core[a373ad73a504971]::result::Result<(), alloc[2e1b2a31b91974c5]::string::String>, fn() -> core[a373ad73a504971]::result::Result<(), alloc[2e1b2a31b91974c5]::string::String>>
[INFO] [stdout]   15:     0x643a15516f85 - test[aada8e7e76ba119b]::run_test::{closure#0}
[INFO] [stdout]   16:     0x643a15510874 - std[617be2ca0a6fd877]::sys::backtrace::__rust_begin_short_backtrace::<test[aada8e7e76ba119b]::run_test::{closure#1}, ()>
[INFO] [stdout]   17:     0x643a1551a012 - <std[617be2ca0a6fd877]::thread::lifecycle::spawn_unchecked<test[aada8e7e76ba119b]::run_test::{closure#1}, ()>::{closure#1} as core[a373ad73a504971]::ops::function::FnOnce<()>>::call_once::{shim:vtable#0}
[INFO] [stdout]   18:     0x643a1558f9af - <std[617be2ca0a6fd877]::sys::thread::unix::Thread>::new::thread_start
[INFO] [stdout]   19:     0x7583c5b4cdfa - <unknown>
[INFO] [stdout]   20:     0x7583c5be03d4 - clone
[INFO] [stdout]   21:                0x0 - <unknown>
[INFO] [stdout] 
[INFO] [stdout] ---- status_probe_running_refuses_daemon_without_registry_match stdout ----
[INFO] [stdout] 
[INFO] [stdout] thread 'status_probe_running_refuses_daemon_without_registry_match' (1015) panicked at tests/millrace_binding.rs:556:5:
[INFO] [stdout] failed to build millrace-sessiond
[INFO] [stdout] stack backtrace:
[INFO] [stdout]    0:     0x643a15590691 - <<std[617be2ca0a6fd877]::sys::backtrace::BacktraceLock>::print::DisplayBacktrace as core[a373ad73a504971]::fmt::Display>::fmt
[INFO] [stdout]    1:     0x643a155a564a - core[a373ad73a504971]::fmt::write
[INFO] [stdout]    2:     0x643a15594d4c - <alloc[2e1b2a31b91974c5]::vec::Vec<u8> as core[a373ad73a504971]::io::write::Write>::write_fmt
[INFO] [stdout]    3:     0x643a1556a3e6 - std[617be2ca0a6fd877]::panicking::default_hook::{closure#0}
[INFO] [stdout]    4:     0x643a15587999 - std[617be2ca0a6fd877]::panicking::default_hook
[INFO] [stdout]    5:     0x643a15516960 - test[aada8e7e76ba119b]::test_main_inner::{closure#0}
[INFO] [stdout]    6:     0x643a15587b52 - std[617be2ca0a6fd877]::panicking::panic_with_hook
[INFO] [stdout]    7:     0x643a1556a492 - std[617be2ca0a6fd877]::panicking::panic_handler::{closure#0}
[INFO] [stdout]    8:     0x643a15562df9 - std[617be2ca0a6fd877]::sys::backtrace::__rust_end_short_backtrace::<std[617be2ca0a6fd877]::panicking::panic_handler::{closure#0}, !>
[INFO] [stdout]    9:     0x643a1556b24d - __rustc[ea4f61d10b84890b]::rust_begin_unwind
[INFO] [stdout]   10:     0x643a155a5d7c - core[a373ad73a504971]::panicking::panic_fmt
[INFO] [stdout]   11:     0x643a154e3a16 - millrace_binding[5f04ddb5e7485cec]::ensure_bin
[INFO] [stdout]   12:     0x643a154e65bf - <millrace_binding[5f04ddb5e7485cec]::DaemonChild>::spawn
[INFO] [stdout]   13:     0x643a154e8a35 - <millrace_binding[5f04ddb5e7485cec]::status_probe_running_refuses_daemon_without_registry_match::{closure#0} as core[a373ad73a504971]::ops::function::FnOnce<()>>::call_once
[INFO] [stdout]   14:     0x643a15509dab - test[aada8e7e76ba119b]::__rust_begin_short_backtrace::<core[a373ad73a504971]::result::Result<(), alloc[2e1b2a31b91974c5]::string::String>, fn() -> core[a373ad73a504971]::result::Result<(), alloc[2e1b2a31b91974c5]::string::String>>
[INFO] [stdout]   15:     0x643a15516f85 - test[aada8e7e76ba119b]::run_test::{closure#0}
[INFO] [stdout]   16:     0x643a15510874 - std[617be2ca0a6fd877]::sys::backtrace::__rust_begin_short_backtrace::<test[aada8e7e76ba119b]::run_test::{closure#1}, ()>
[INFO] [stdout]   17:     0x643a1551a012 - <std[617be2ca0a6fd877]::thread::lifecycle::spawn_unchecked<test[aada8e7e76ba119b]::run_test::{closure#1}, ()>::{closure#1} as core[a373ad73a504971]::ops::function::FnOnce<()>>::call_once::{shim:vtable#0}
[INFO] [stdout]   18:     0x643a1558f9af - <std[617be2ca0a6fd877]::sys::thread::unix::Thread>::new::thread_start
[INFO] [stdout]   19:     0x7583c5b4cdfa - <unknown>
[INFO] [stdout]   20:     0x7583c5be03d4 - clone
[INFO] [stdout]   21:                0x0 - <unknown>
[INFO] [stdout] 
[INFO] [stdout] ---- daemon_stop_attempts_native_control_before_generic_fallback stdout ----
[INFO] [stdout] 
[INFO] [stdout] thread 'daemon_stop_attempts_native_control_before_generic_fallback' (1013) panicked at tests/millrace_binding.rs:556:5:
[INFO] [stdout] failed to build millrace-sessiond
[INFO] [stdout] stack backtrace:
[INFO] [stdout]    0:     0x643a15590691 - <<std[617be2ca0a6fd877]::sys::backtrace::BacktraceLock>::print::DisplayBacktrace as core[a373ad73a504971]::fmt::Display>::fmt
[INFO] [stdout]    1:     0x643a155a564a - core[a373ad73a504971]::fmt::write
[INFO] [stdout]    2:     0x643a15594d4c - <alloc[2e1b2a31b91974c5]::vec::Vec<u8> as core[a373ad73a504971]::io::write::Write>::write_fmt
[INFO] [stdout]    3:     0x643a1556a3e6 - std[617be2ca0a6fd877]::panicking::default_hook::{closure#0}
[INFO] [stdout]    4:     0x643a15587999 - std[617be2ca0a6fd877]::panicking::default_hook
[INFO] [stdout]    5:     0x643a15516960 - test[aada8e7e76ba119b]::test_main_inner::{closure#0}
[INFO] [stdout]    6:     0x643a15587b52 - std[617be2ca0a6fd877]::panicking::panic_with_hook
[INFO] [stdout]    7:     0x643a1556a492 - std[617be2ca0a6fd877]::panicking::panic_handler::{closure#0}
[INFO] [stdout]    8:     0x643a15562df9 - std[617be2ca0a6fd877]::sys::backtrace::__rust_end_short_backtrace::<std[617be2ca0a6fd877]::panicking::panic_handler::{closure#0}, !>
[INFO] [stdout]    9:     0x643a1556b24d - __rustc[ea4f61d10b84890b]::rust_begin_unwind
[INFO] [stdout]   10:     0x643a155a5d7c - core[a373ad73a504971]::panicking::panic_fmt
[INFO] [stdout]   11:     0x643a154e3a16 - millrace_binding[5f04ddb5e7485cec]::ensure_bin
[INFO] [stdout]   12:     0x643a154e65bf - <millrace_binding[5f04ddb5e7485cec]::DaemonChild>::spawn
[INFO] [stdout]   13:     0x643a154ea4e4 - <millrace_binding[5f04ddb5e7485cec]::daemon_stop_attempts_native_control_before_generic_fallback::{closure#0} as core[a373ad73a504971]::ops::function::FnOnce<()>>::call_once
[INFO] [stdout]   14:     0x643a15509dab - test[aada8e7e76ba119b]::__rust_begin_short_backtrace::<core[a373ad73a504971]::result::Result<(), alloc[2e1b2a31b91974c5]::string::String>, fn() -> core[a373ad73a504971]::result::Result<(), alloc[2e1b2a31b91974c5]::string::String>>
[INFO] [stdout]   15:     0x643a15516f85 - test[aada8e7e76ba119b]::run_test::{closure#0}
[INFO] [stdout]   16:     0x643a15510874 - std[617be2ca0a6fd877]::sys::backtrace::__rust_begin_short_backtrace::<test[aada8e7e76ba119b]::run_test::{closure#1}, ()>
[INFO] [stdout]   17:     0x643a1551a012 - <std[617be2ca0a6fd877]::thread::lifecycle::spawn_unchecked<test[aada8e7e76ba119b]::run_test::{closure#1}, ()>::{closure#1} as core[a373ad73a504971]::ops::function::FnOnce<()>>::call_once::{shim:vtable#0}
[INFO] [stdout]   18:     0x643a1558f9af - <std[617be2ca0a6fd877]::sys::thread::unix::Thread>::new::thread_start
[INFO] [stdout]   19:     0x7583c5b4cdfa - <unknown>
[INFO] [stdout]   20:     0x7583c5be03d4 - clone
[INFO] [stdout]   21:                0x0 - <unknown>
[INFO] [stdout] 
[INFO] [stdout] 
[INFO] [stdout] failures:
[INFO] [stdout]     auxiliary_roles_can_share_daemon_workspace
[INFO] [stdout]     daemon_duplicate_resolution_uses_canonical_workspace_and_command
[INFO] [stdout]     daemon_start_requires_workspace_and_does_not_create_session
[INFO] [stdout]     daemon_stop_attempts_native_control_before_generic_fallback
[INFO] [stdout]     status_probe_issue_is_recorded_but_start_continues
[INFO] [stdout]     status_probe_running_refuses_daemon_without_registry_match
[INFO] [stdout] 
[INFO] [stdout] test result: FAILED. 0 passed; 6 failed; 0 ignored; 0 measured; 0 filtered out; finished in 0.15s
[INFO] [stdout] 
[INFO] [stderr] error: test failed, to rerun pass `--test millrace_binding`
[INFO] running `Command { std: "docker" "inspect" "6b5de1f72ce173e971c8662a7a197469b0809d0d0daf8ead236c101ce468ec9f", kill_on_drop: false }`
[INFO] running `Command { std: "docker" "rm" "-f" "6b5de1f72ce173e971c8662a7a197469b0809d0d0daf8ead236c101ce468ec9f", kill_on_drop: false }`
[INFO] [stdout] 6b5de1f72ce173e971c8662a7a197469b0809d0d0daf8ead236c101ce468ec9f
