[INFO] fetching crate miljo 0.2.0...
[INFO] testing miljo-0.2.0 against 1.100.0-beta.1+cargoflags=--release for beta-release-1.100-2
[INFO] extracting crate miljo 0.2.0 into /workspace/builds/worker-5-tc2/source
[INFO] started tweaking crates.io crate miljo 0.2.0
[INFO] finished tweaking crates.io crate miljo 0.2.0
[INFO] tweaked toml for crates.io crate miljo 0.2.0 written to /workspace/builds/worker-5-tc2/source/Cargo.toml
[INFO] validating manifest of crates.io crate miljo 0.2.0 on toolchain 1.100.0-beta.1
[INFO] running `Command { std: CARGO_HOME="/workspace/cargo-home" RUSTUP_HOME="/workspace/rustup-home" "/workspace/cargo-home/bin/cargo" "+1.100.0-beta.1" "metadata" "--manifest-path" "Cargo.toml" "--no-deps", kill_on_drop: false }`
[INFO] crate crates.io crate miljo 0.2.0 already has a lockfile, it will not be regenerated
[INFO] running `Command { std: CARGO_HOME="/workspace/cargo-home" RUSTUP_HOME="/workspace/rustup-home" "/workspace/cargo-home/bin/cargo" "+1.100.0-beta.1" "fetch" "--manifest-path" "Cargo.toml", kill_on_drop: false }`
[INFO] running `Command { std: "docker" "create" "-v" "/var/lib/crater-agent-workspace/builds/worker-5-tc2/source:/opt/rustwide/workdir:ro,Z" "-v" "/var/lib/crater-agent-workspace/builds/worker-5-tc2/target:/opt/rustwide/target:rw,Z" "-v" "/var/lib/crater-agent-workspace/cargo-home:/opt/rustwide/cargo-home:ro,Z" "-v" "/var/lib/crater-agent-workspace/rustup-home:/opt/rustwide/rustup-home:ro,Z" "-m" "1610612736" "--network" "none" "ghcr.io/rust-lang/crates-build-env/linux@sha256:77db811e55d90add9212f6832c23229e3de5f1c1f9905e8cb07319ea15df73ac" "sleep" "infinity", kill_on_drop: false }`
[INFO] [stdout] 65fe71a4fa238aff386b1eabae745d21585206d55e4d5346012299244e0287ac
[INFO] running `Command { std: "docker" "start" "65fe71a4fa238aff386b1eabae745d21585206d55e4d5346012299244e0287ac", kill_on_drop: false }`
[INFO] running `Command { std: "docker" "inspect" "65fe71a4fa238aff386b1eabae745d21585206d55e4d5346012299244e0287ac", kill_on_drop: false }`
[INFO] running `Command { std: "docker" "exec" "-e" "SOURCE_DIR=/opt/rustwide/workdir" "-e" "CARGO_HOME=/opt/rustwide/cargo-home" "-e" "RUSTUP_HOME=/opt/rustwide/rustup-home" "-e" "CARGO_TARGET_DIR=/opt/rustwide/target" "-w" "/opt/rustwide/workdir" "--user" "0:0" "65fe71a4fa238aff386b1eabae745d21585206d55e4d5346012299244e0287ac" "/opt/rustwide/cargo-home/bin/cargo" "+1.100.0-beta.1" "metadata" "--no-deps" "--format-version=1", kill_on_drop: false }`
[INFO] running `Command { std: "docker" "inspect" "65fe71a4fa238aff386b1eabae745d21585206d55e4d5346012299244e0287ac", kill_on_drop: false }`
[INFO] running `Command { std: "docker" "exec" "-e" "SOURCE_DIR=/opt/rustwide/workdir" "-e" "CARGO_HOME=/opt/rustwide/cargo-home" "-e" "RUSTUP_HOME=/opt/rustwide/rustup-home" "-e" "CARGO_TARGET_DIR=/opt/rustwide/target" "-e" "CARGO_INCREMENTAL=0" "-e" "RUST_BACKTRACE=full" "-e" "RUSTFLAGS=--cap-lints=warn" "-e" "RUSTDOCFLAGS=--cap-lints=warn" "-w" "/opt/rustwide/workdir" "--user" "0:0" "65fe71a4fa238aff386b1eabae745d21585206d55e4d5346012299244e0287ac" "/opt/rustwide/cargo-home/bin/cargo" "+1.100.0-beta.1" "build" "--frozen" "--message-format=json" "--release", kill_on_drop: false }`
[INFO] [stderr]    Compiling unicode-ident v1.0.22
[INFO] [stderr]    Compiling quote v1.0.44
[INFO] [stderr]    Compiling anstyle v1.0.13
[INFO] [stderr]    Compiling colorchoice v1.0.4
[INFO] [stderr]    Compiling anstyle-parse v0.2.7
[INFO] [stderr]    Compiling anyhow v1.0.100
[INFO] [stderr]    Compiling clap_lex v0.7.7
[INFO] [stderr]    Compiling proc-macro2 v1.0.106
[INFO] [stderr]    Compiling anstream v0.6.21
[INFO] [stderr]    Compiling clap_builder v4.5.56
[INFO] [stderr]    Compiling syn v2.0.114
[INFO] [stderr]    Compiling clap_derive v4.5.55
[INFO] [stderr]    Compiling strum_macros v0.27.2
[INFO] [stderr]    Compiling clap v4.5.56
[INFO] [stderr]    Compiling strum v0.27.2
[INFO] [stderr]    Compiling miljo v0.2.0 (/opt/rustwide/workdir)
[INFO] [stdout] warning: unused variable: `other`
[INFO] [stdout]    --> src/resolve/partial.rs:222:29
[INFO] [stdout]     |
[INFO] [stdout] 222 |     pub fn merge(&mut self, other: Self) {
[INFO] [stdout]     |                             ^^^^^ help: if this is intentional, prefix it with an underscore: `_other`
[INFO] [stdout]     |
[INFO] [stdout]     = note: `#[warn(unused_variables)]` (part of `#[warn(unused)]`) on by default
[INFO] [stdout] 
[INFO] [stdout] 
[INFO] [stdout] warning: fields `kind` and `position` are never read
[INFO] [stdout]    --> src/dotenv/parser.rs:229:5
[INFO] [stdout]     |
[INFO] [stdout] 228 | pub struct ParsingError<'src> {
[INFO] [stdout]     |            ------------ fields in this struct
[INFO] [stdout] 229 |     kind: ParsingErrorKind<'src>,
[INFO] [stdout]     |     ^^^^
[INFO] [stdout] 230 |     position: Position,
[INFO] [stdout]     |     ^^^^^^^^
[INFO] [stdout]     |
[INFO] [stdout]     = note: `ParsingError` has a derived impl for the trait `Debug`, but this is intentionally ignored during dead code analysis
[INFO] [stdout]     = note: `#[warn(dead_code)]` (part of `#[warn(unused)]`) on by default
[INFO] [stdout] 
[INFO] [stdout] 
[INFO] [stdout] warning: variants `Double` and `CurlyBraces` are never constructed
[INFO] [stdout]    --> src/dotenv/tokenizer.rs:262:5
[INFO] [stdout]     |
[INFO] [stdout] 260 | enum PairType {
[INFO] [stdout]     |      -------- variants in this enum
[INFO] [stdout] 261 |     Single,
[INFO] [stdout] 262 |     Double,
[INFO] [stdout]     |     ^^^^^^
[INFO] [stdout] 263 |     CurlyBraces,
[INFO] [stdout]     |     ^^^^^^^^^^^
[INFO] [stdout] 
[INFO] [stdout] 
[INFO] [stdout] warning: function `find_git_root` is never used
[INFO] [stdout]   --> src/helpers.rs:60:8
[INFO] [stdout]    |
[INFO] [stdout] 60 | pub fn find_git_root(start_dir: &Path) -> Option<PathBuf> {
[INFO] [stdout]    |        ^^^^^^^^^^^^^
[INFO] [stdout] 
[INFO] [stdout] 
[INFO] [stdout] warning: function `find_env_dir` is never used
[INFO] [stdout]   --> src/helpers.rs:83:8
[INFO] [stdout]    |
[INFO] [stdout] 83 | pub fn find_env_dir(start_dir: &Path) -> Option<PathBuf> {
[INFO] [stdout]    |        ^^^^^^^^^^^^
[INFO] [stdout] 
[INFO] [stdout] 
[INFO] [stdout] warning: function `find_env_dir_with_git_dir` is never used
[INFO] [stdout]   --> src/helpers.rs:88:8
[INFO] [stdout]    |
[INFO] [stdout] 88 | pub fn find_env_dir_with_git_dir(start_dir: &Path, git_root: &Path) -> Option<PathBuf> {
[INFO] [stdout]    |        ^^^^^^^^^^^^^^^^^^^^^^^^^
[INFO] [stdout] 
[INFO] [stdout] 
[INFO] [stdout] warning: bounds on generic parameters in type aliases are not enforced
[INFO] [stdout]  --> src/resolve/tarjan.rs:8:17
[INFO] [stdout]   |
[INFO] [stdout] 8 | pub type SCC<T: Hash> = HashSet<T>;
[INFO] [stdout]   |                 ^^^^ will not be checked at usage sites of the type alias
[INFO] [stdout]   |
[INFO] [stdout]   = note: this is a known limitation of the type checker that may be lifted in a future edition.
[INFO] [stdout]           see issue #112792 <https://github.com/rust-lang/rust/issues/112792> for more information
[INFO] [stdout]   = note: `#[warn(type_alias_bounds)]` on by default
[INFO] [stdout] help: remove this bound
[INFO] [stdout]   |
[INFO] [stdout] 8 - pub type SCC<T: Hash> = HashSet<T>;
[INFO] [stdout] 8 + pub type SCC<T> = HashSet<T>;
[INFO] [stdout]   |
[INFO] [stdout] 
[INFO] [stdout] 
[INFO] [stdout] warning: unused variable: `other`
[INFO] [stdout]    --> src/resolve/partial.rs:222:29
[INFO] [stdout]     |
[INFO] [stdout] 222 |     pub fn merge(&mut self, other: Self) {
[INFO] [stdout]     |                             ^^^^^ help: if this is intentional, prefix it with an underscore: `_other`
[INFO] [stdout]     |
[INFO] [stdout]     = note: `#[warn(unused_variables)]` (part of `#[warn(unused)]`) on by default
[INFO] [stdout] 
[INFO] [stdout] 
[INFO] [stdout] warning: method `span` is never used
[INFO] [stdout]   --> src/dotenv/mod.rs:47:12
[INFO] [stdout]    |
[INFO] [stdout] 35 | impl<'src> Token<'src> {
[INFO] [stdout]    | ---------------------- method in this implementation
[INFO] [stdout] ...
[INFO] [stdout] 47 |     pub fn span(&self) -> Range<usize> {
[INFO] [stdout]    |            ^^^^
[INFO] [stdout]    |
[INFO] [stdout]    = note: `#[warn(dead_code)]` (part of `#[warn(unused)]`) on by default
[INFO] [stdout] 
[INFO] [stdout] 
[INFO] [stdout] warning: methods `len` and `as_vec` are never used
[INFO] [stdout]    --> src/dotenv/mod.rs:69:12
[INFO] [stdout]     |
[INFO] [stdout]  65 | impl<'src> TokenValue<'src> {
[INFO] [stdout]     | --------------------------- methods in this implementation
[INFO] [stdout] ...
[INFO] [stdout]  69 |     pub fn len(&self) -> usize {
[INFO] [stdout]     |            ^^^
[INFO] [stdout] ...
[INFO] [stdout] 109 |     pub fn as_vec(self) -> Vec<TemplateStringToken<'src>> {
[INFO] [stdout]     |            ^^^^^^
[INFO] [stdout] 
[INFO] [stdout] 
[INFO] [stdout] warning: field `line_comment` is never read
[INFO] [stdout]    --> src/dotenv/mod.rs:130:9
[INFO] [stdout]     |
[INFO] [stdout] 126 | pub struct EnvVariable<'src> {
[INFO] [stdout]     |            ----------- field in this struct
[INFO] [stdout] ...
[INFO] [stdout] 130 |     pub line_comment: Option<&'src str>,
[INFO] [stdout]     |         ^^^^^^^^^^^^
[INFO] [stdout]     |
[INFO] [stdout]     = note: `EnvVariable` has derived impls for the traits `Clone` and `Debug`, but these are intentionally ignored during dead code analysis
[INFO] [stdout] 
[INFO] [stdout] 
[INFO] [stdout] warning: fields `kind` and `position` are never read
[INFO] [stdout]    --> src/dotenv/parser.rs:229:5
[INFO] [stdout]     |
[INFO] [stdout] 228 | pub struct ParsingError<'src> {
[INFO] [stdout]     |            ------------ fields in this struct
[INFO] [stdout] 229 |     kind: ParsingErrorKind<'src>,
[INFO] [stdout]     |     ^^^^
[INFO] [stdout] 230 |     position: Position,
[INFO] [stdout]     |     ^^^^^^^^
[INFO] [stdout]     |
[INFO] [stdout]     = note: `ParsingError` has a derived impl for the trait `Debug`, but this is intentionally ignored during dead code analysis
[INFO] [stdout] 
[INFO] [stdout] 
[INFO] [stdout] warning: variants `Double` and `CurlyBraces` are never constructed
[INFO] [stdout]    --> src/dotenv/tokenizer.rs:262:5
[INFO] [stdout]     |
[INFO] [stdout] 260 | enum PairType {
[INFO] [stdout]     |      -------- variants in this enum
[INFO] [stdout] 261 |     Single,
[INFO] [stdout] 262 |     Double,
[INFO] [stdout]     |     ^^^^^^
[INFO] [stdout] 263 |     CurlyBraces,
[INFO] [stdout]     |     ^^^^^^^^^^^
[INFO] [stdout] 
[INFO] [stdout] 
[INFO] [stdout] warning: method `into_variables` is never used
[INFO] [stdout]   --> src/environment/mod.rs:56:12
[INFO] [stdout]    |
[INFO] [stdout] 12 | impl<'src> Environment<'src> {
[INFO] [stdout]    | ---------------------------- method in this implementation
[INFO] [stdout] ...
[INFO] [stdout] 56 |     pub fn into_variables(self) -> impl Iterator<Item = Value<'src>> {
[INFO] [stdout]    |            ^^^^^^^^^^^^^^
[INFO] [stdout] 
[INFO] [stdout] 
[INFO] [stdout] warning: struct `EnvironmentSample` is never constructed
[INFO] [stdout]  --> src/environment/sample.rs:5:12
[INFO] [stdout]   |
[INFO] [stdout] 5 | pub struct EnvironmentSample<'src> {
[INFO] [stdout]   |            ^^^^^^^^^^^^^^^^^
[INFO] [stdout] 
[INFO] [stdout] 
[INFO] [stdout] warning: struct `SampleValue` is never constructed
[INFO] [stdout]   --> src/environment/sample.rs:38:12
[INFO] [stdout]    |
[INFO] [stdout] 38 | pub struct SampleValue<'src> {
[INFO] [stdout]    |            ^^^^^^^^^^^
[INFO] [stdout] 
[INFO] [stdout] 
[INFO] [stdout] warning: function `find_env_dir` is never used
[INFO] [stdout]   --> src/helpers.rs:83:8
[INFO] [stdout]    |
[INFO] [stdout] 83 | pub fn find_env_dir(start_dir: &Path) -> Option<PathBuf> {
[INFO] [stdout]    |        ^^^^^^^^^^^^
[INFO] [stdout] 
[INFO] [stdout] 
[INFO] [stdout] warning: associated items `new`, `add_edge`, and `add_node` are never used
[INFO] [stdout]   --> src/resolve/adjacency.rs:8:12
[INFO] [stdout]    |
[INFO] [stdout]  7 | impl<T: Hash + Eq> AdjacencyMap<T> {
[INFO] [stdout]    | ---------------------------------- associated items in this implementation
[INFO] [stdout]  8 |     pub fn new() -> Self {
[INFO] [stdout]    |            ^^^
[INFO] [stdout] ...
[INFO] [stdout] 20 |     pub fn add_edge(&mut self, from: T, to: T) {
[INFO] [stdout]    |            ^^^^^^^^
[INFO] [stdout] ...
[INFO] [stdout] 24 |     pub fn add_node(&mut self, node: T) {
[INFO] [stdout]    |            ^^^^^^^^
[INFO] [stdout] 
[INFO] [stdout] 
[INFO] [stdout] warning: methods `merge` and `force_resolve` are never used
[INFO] [stdout]    --> src/resolve/partial.rs:222:12
[INFO] [stdout]     |
[INFO] [stdout]  44 | impl<'src> PartialEnvironment<'src> {
[INFO] [stdout]     | ----------------------------------- methods in this implementation
[INFO] [stdout] ...
[INFO] [stdout] 222 |     pub fn merge(&mut self, other: Self) {
[INFO] [stdout]     |            ^^^^^
[INFO] [stdout] ...
[INFO] [stdout] 230 |     pub fn force_resolve(self) -> Environment<'src> {
[INFO] [stdout]     |            ^^^^^^^^^^^^^
[INFO] [stdout] 
[INFO] [stdout] 
[INFO] [stdout] warning: bounds on generic parameters in type aliases are not enforced
[INFO] [stdout]  --> src/resolve/tarjan.rs:8:17
[INFO] [stdout]   |
[INFO] [stdout] 8 | pub type SCC<T: Hash> = HashSet<T>;
[INFO] [stdout]   |                 ^^^^ will not be checked at usage sites of the type alias
[INFO] [stdout]   |
[INFO] [stdout]   = note: this is a known limitation of the type checker that may be lifted in a future edition.
[INFO] [stdout]           see issue #112792 <https://github.com/rust-lang/rust/issues/112792> for more information
[INFO] [stdout]   = note: `#[warn(type_alias_bounds)]` on by default
[INFO] [stdout] help: remove this bound
[INFO] [stdout]   |
[INFO] [stdout] 8 - pub type SCC<T: Hash> = HashSet<T>;
[INFO] [stdout] 8 + pub type SCC<T> = HashSet<T>;
[INFO] [stdout]   |
[INFO] [stdout] 
[INFO] [stdout] 
[INFO] [stderr]     Finished `release` profile [optimized] target(s) in 33.14s
[INFO] running `Command { std: "docker" "inspect" "65fe71a4fa238aff386b1eabae745d21585206d55e4d5346012299244e0287ac", kill_on_drop: false }`
[INFO] running `Command { std: "docker" "exec" "-e" "SOURCE_DIR=/opt/rustwide/workdir" "-e" "CARGO_HOME=/opt/rustwide/cargo-home" "-e" "RUSTUP_HOME=/opt/rustwide/rustup-home" "-e" "CARGO_TARGET_DIR=/opt/rustwide/target" "-e" "CARGO_INCREMENTAL=0" "-e" "RUST_BACKTRACE=full" "-e" "RUSTFLAGS=--cap-lints=warn" "-e" "RUSTDOCFLAGS=--cap-lints=warn" "-w" "/opt/rustwide/workdir" "--user" "0:0" "65fe71a4fa238aff386b1eabae745d21585206d55e4d5346012299244e0287ac" "/opt/rustwide/cargo-home/bin/cargo" "+1.100.0-beta.1" "test" "--frozen" "--no-run" "--message-format=json" "--release", kill_on_drop: false }`
[INFO] [stderr]    Compiling libc v0.2.180
[INFO] [stderr]    Compiling getrandom v0.3.4
[INFO] [stderr]    Compiling bitflags v2.10.0
[INFO] [stderr]    Compiling fastrand v2.3.0
[INFO] [stdout] warning: unused variable: `other`
[INFO] [stdout]    --> src/resolve/partial.rs:222:29
[INFO] [stdout]     |
[INFO] [stdout] 222 |     pub fn merge(&mut self, other: Self) {
[INFO] [stdout]     |                             ^^^^^ help: if this is intentional, prefix it with an underscore: `_other`
[INFO] [stdout]     |
[INFO] [stdout]     = note: `#[warn(unused_variables)]` (part of `#[warn(unused)]`) on by default
[INFO] [stdout] 
[INFO] [stdout] 
[INFO] [stdout] warning: fields `kind` and `position` are never read
[INFO] [stdout]    --> src/dotenv/parser.rs:229:5
[INFO] [stdout]     |
[INFO] [stdout] 228 | pub struct ParsingError<'src> {
[INFO] [stdout]     |            ------------ fields in this struct
[INFO] [stdout] 229 |     kind: ParsingErrorKind<'src>,
[INFO] [stdout]     |     ^^^^
[INFO] [stdout] 230 |     position: Position,
[INFO] [stdout]     |     ^^^^^^^^
[INFO] [stdout]     |
[INFO] [stdout]     = note: `ParsingError` has a derived impl for the trait `Debug`, but this is intentionally ignored during dead code analysis
[INFO] [stdout]     = note: `#[warn(dead_code)]` (part of `#[warn(unused)]`) on by default
[INFO] [stdout] 
[INFO] [stdout] 
[INFO] [stdout] warning: variants `Double` and `CurlyBraces` are never constructed
[INFO] [stdout]    --> src/dotenv/tokenizer.rs:262:5
[INFO] [stdout]     |
[INFO] [stdout] 260 | enum PairType {
[INFO] [stdout]     |      -------- variants in this enum
[INFO] [stdout] 261 |     Single,
[INFO] [stdout] 262 |     Double,
[INFO] [stdout]     |     ^^^^^^
[INFO] [stdout] 263 |     CurlyBraces,
[INFO] [stdout]     |     ^^^^^^^^^^^
[INFO] [stdout] 
[INFO] [stdout] 
[INFO] [stdout] warning: function `find_git_root` is never used
[INFO] [stdout]   --> src/helpers.rs:60:8
[INFO] [stdout]    |
[INFO] [stdout] 60 | pub fn find_git_root(start_dir: &Path) -> Option<PathBuf> {
[INFO] [stdout]    |        ^^^^^^^^^^^^^
[INFO] [stdout] 
[INFO] [stdout] 
[INFO] [stdout] warning: function `find_env_dir` is never used
[INFO] [stdout]   --> src/helpers.rs:83:8
[INFO] [stdout]    |
[INFO] [stdout] 83 | pub fn find_env_dir(start_dir: &Path) -> Option<PathBuf> {
[INFO] [stdout]    |        ^^^^^^^^^^^^
[INFO] [stdout] 
[INFO] [stdout] 
[INFO] [stdout] warning: function `find_env_dir_with_git_dir` is never used
[INFO] [stdout]   --> src/helpers.rs:88:8
[INFO] [stdout]    |
[INFO] [stdout] 88 | pub fn find_env_dir_with_git_dir(start_dir: &Path, git_root: &Path) -> Option<PathBuf> {
[INFO] [stdout]    |        ^^^^^^^^^^^^^^^^^^^^^^^^^
[INFO] [stdout] 
[INFO] [stdout] 
[INFO] [stdout] warning: bounds on generic parameters in type aliases are not enforced
[INFO] [stdout]  --> src/resolve/tarjan.rs:8:17
[INFO] [stdout]   |
[INFO] [stdout] 8 | pub type SCC<T: Hash> = HashSet<T>;
[INFO] [stdout]   |                 ^^^^ will not be checked at usage sites of the type alias
[INFO] [stdout]   |
[INFO] [stdout]   = note: this is a known limitation of the type checker that may be lifted in a future edition.
[INFO] [stdout]           see issue #112792 <https://github.com/rust-lang/rust/issues/112792> for more information
[INFO] [stdout]   = note: `#[warn(type_alias_bounds)]` on by default
[INFO] [stdout] help: remove this bound
[INFO] [stdout]   |
[INFO] [stdout] 8 - pub type SCC<T: Hash> = HashSet<T>;
[INFO] [stdout] 8 + pub type SCC<T> = HashSet<T>;
[INFO] [stdout]   |
[INFO] [stdout] 
[INFO] [stdout] 
[INFO] [stderr]    Compiling rustix v1.1.3
[INFO] [stderr]    Compiling tempfile v3.24.0
[INFO] [stderr]    Compiling miljo v0.2.0 (/opt/rustwide/workdir)
[INFO] [stdout] warning: unused variable: `other`
[INFO] [stdout]    --> src/resolve/partial.rs:222:29
[INFO] [stdout]     |
[INFO] [stdout] 222 |     pub fn merge(&mut self, other: Self) {
[INFO] [stdout]     |                             ^^^^^ help: if this is intentional, prefix it with an underscore: `_other`
[INFO] [stdout]     |
[INFO] [stdout]     = note: `#[warn(unused_variables)]` (part of `#[warn(unused)]`) on by default
[INFO] [stdout] 
[INFO] [stdout] 
[INFO] [stdout] warning: field `position` is never read
[INFO] [stdout]    --> src/dotenv/parser.rs:230:5
[INFO] [stdout]     |
[INFO] [stdout] 228 | pub struct ParsingError<'src> {
[INFO] [stdout]     |            ------------ field in this struct
[INFO] [stdout] 229 |     kind: ParsingErrorKind<'src>,
[INFO] [stdout] 230 |     position: Position,
[INFO] [stdout]     |     ^^^^^^^^
[INFO] [stdout]     |
[INFO] [stdout]     = note: `ParsingError` has a derived impl for the trait `Debug`, but this is intentionally ignored during dead code analysis
[INFO] [stdout]     = note: `#[warn(dead_code)]` (part of `#[warn(unused)]`) on by default
[INFO] [stdout] 
[INFO] [stdout] 
[INFO] [stdout] warning: variants `Double` and `CurlyBraces` are never constructed
[INFO] [stdout]    --> src/dotenv/tokenizer.rs:262:5
[INFO] [stdout]     |
[INFO] [stdout] 260 | enum PairType {
[INFO] [stdout]     |      -------- variants in this enum
[INFO] [stdout] 261 |     Single,
[INFO] [stdout] 262 |     Double,
[INFO] [stdout]     |     ^^^^^^
[INFO] [stdout] 263 |     CurlyBraces,
[INFO] [stdout]     |     ^^^^^^^^^^^
[INFO] [stdout] 
[INFO] [stdout] 
[INFO] [stdout] warning: bounds on generic parameters in type aliases are not enforced
[INFO] [stdout]  --> src/resolve/tarjan.rs:8:17
[INFO] [stdout]   |
[INFO] [stdout] 8 | pub type SCC<T: Hash> = HashSet<T>;
[INFO] [stdout]   |                 ^^^^ will not be checked at usage sites of the type alias
[INFO] [stdout]   |
[INFO] [stdout]   = note: this is a known limitation of the type checker that may be lifted in a future edition.
[INFO] [stdout]           see issue #112792 <https://github.com/rust-lang/rust/issues/112792> for more information
[INFO] [stdout]   = note: `#[warn(type_alias_bounds)]` on by default
[INFO] [stdout] help: remove this bound
[INFO] [stdout]   |
[INFO] [stdout] 8 - pub type SCC<T: Hash> = HashSet<T>;
[INFO] [stdout] 8 + pub type SCC<T> = HashSet<T>;
[INFO] [stdout]   |
[INFO] [stdout] 
[INFO] [stdout] 
[INFO] [stdout] warning: unused variable: `other`
[INFO] [stdout]    --> src/resolve/partial.rs:222:29
[INFO] [stdout]     |
[INFO] [stdout] 222 |     pub fn merge(&mut self, other: Self) {
[INFO] [stdout]     |                             ^^^^^ help: if this is intentional, prefix it with an underscore: `_other`
[INFO] [stdout]     |
[INFO] [stdout]     = note: `#[warn(unused_variables)]` (part of `#[warn(unused)]`) on by default
[INFO] [stdout] 
[INFO] [stdout] 
[INFO] [stdout] warning: method `as_vec` is never used
[INFO] [stdout]    --> src/dotenv/mod.rs:109:12
[INFO] [stdout]     |
[INFO] [stdout]  65 | impl<'src> TokenValue<'src> {
[INFO] [stdout]     | --------------------------- method in this implementation
[INFO] [stdout] ...
[INFO] [stdout] 109 |     pub fn as_vec(self) -> Vec<TemplateStringToken<'src>> {
[INFO] [stdout]     |            ^^^^^^
[INFO] [stdout]     |
[INFO] [stdout]     = note: `#[warn(dead_code)]` (part of `#[warn(unused)]`) on by default
[INFO] [stdout] 
[INFO] [stdout] 
[INFO] [stdout] warning: field `position` is never read
[INFO] [stdout]    --> src/dotenv/parser.rs:230:5
[INFO] [stdout]     |
[INFO] [stdout] 228 | pub struct ParsingError<'src> {
[INFO] [stdout]     |            ------------ field in this struct
[INFO] [stdout] 229 |     kind: ParsingErrorKind<'src>,
[INFO] [stdout] 230 |     position: Position,
[INFO] [stdout]     |     ^^^^^^^^
[INFO] [stdout]     |
[INFO] [stdout]     = note: `ParsingError` has a derived impl for the trait `Debug`, but this is intentionally ignored during dead code analysis
[INFO] [stdout] 
[INFO] [stdout] 
[INFO] [stdout] warning: variants `Double` and `CurlyBraces` are never constructed
[INFO] [stdout]    --> src/dotenv/tokenizer.rs:262:5
[INFO] [stdout]     |
[INFO] [stdout] 260 | enum PairType {
[INFO] [stdout]     |      -------- variants in this enum
[INFO] [stdout] 261 |     Single,
[INFO] [stdout] 262 |     Double,
[INFO] [stdout]     |     ^^^^^^
[INFO] [stdout] 263 |     CurlyBraces,
[INFO] [stdout]     |     ^^^^^^^^^^^
[INFO] [stdout] 
[INFO] [stdout] 
[INFO] [stdout] warning: method `into_variables` is never used
[INFO] [stdout]   --> src/environment/mod.rs:56:12
[INFO] [stdout]    |
[INFO] [stdout] 12 | impl<'src> Environment<'src> {
[INFO] [stdout]    | ---------------------------- method in this implementation
[INFO] [stdout] ...
[INFO] [stdout] 56 |     pub fn into_variables(self) -> impl Iterator<Item = Value<'src>> {
[INFO] [stdout]    |            ^^^^^^^^^^^^^^
[INFO] [stdout] 
[INFO] [stdout] 
[INFO] [stdout] warning: struct `EnvironmentSample` is never constructed
[INFO] [stdout]  --> src/environment/sample.rs:5:12
[INFO] [stdout]   |
[INFO] [stdout] 5 | pub struct EnvironmentSample<'src> {
[INFO] [stdout]   |            ^^^^^^^^^^^^^^^^^
[INFO] [stdout] 
[INFO] [stdout] 
[INFO] [stdout] warning: struct `SampleValue` is never constructed
[INFO] [stdout]   --> src/environment/sample.rs:38:12
[INFO] [stdout]    |
[INFO] [stdout] 38 | pub struct SampleValue<'src> {
[INFO] [stdout]    |            ^^^^^^^^^^^
[INFO] [stdout] 
[INFO] [stdout] 
[INFO] [stdout] warning: methods `merge` and `force_resolve` are never used
[INFO] [stdout]    --> src/resolve/partial.rs:222:12
[INFO] [stdout]     |
[INFO] [stdout]  44 | impl<'src> PartialEnvironment<'src> {
[INFO] [stdout]     | ----------------------------------- methods in this implementation
[INFO] [stdout] ...
[INFO] [stdout] 222 |     pub fn merge(&mut self, other: Self) {
[INFO] [stdout]     |            ^^^^^
[INFO] [stdout] ...
[INFO] [stdout] 230 |     pub fn force_resolve(self) -> Environment<'src> {
[INFO] [stdout]     |            ^^^^^^^^^^^^^
[INFO] [stdout] 
[INFO] [stdout] 
[INFO] [stdout] warning: bounds on generic parameters in type aliases are not enforced
[INFO] [stdout]  --> src/resolve/tarjan.rs:8:17
[INFO] [stdout]   |
[INFO] [stdout] 8 | pub type SCC<T: Hash> = HashSet<T>;
[INFO] [stdout]   |                 ^^^^ will not be checked at usage sites of the type alias
[INFO] [stdout]   |
[INFO] [stdout]   = note: this is a known limitation of the type checker that may be lifted in a future edition.
[INFO] [stdout]           see issue #112792 <https://github.com/rust-lang/rust/issues/112792> for more information
[INFO] [stdout]   = note: `#[warn(type_alias_bounds)]` on by default
[INFO] [stdout] help: remove this bound
[INFO] [stdout]   |
[INFO] [stdout] 8 - pub type SCC<T: Hash> = HashSet<T>;
[INFO] [stdout] 8 + pub type SCC<T> = HashSet<T>;
[INFO] [stdout]   |
[INFO] [stdout] 
[INFO] [stdout] 
[INFO] [stderr]     Finished `release` profile [optimized] target(s) in 32.58s
[INFO] running `Command { std: "docker" "inspect" "65fe71a4fa238aff386b1eabae745d21585206d55e4d5346012299244e0287ac", kill_on_drop: false }`
[INFO] running `Command { std: "docker" "exec" "-e" "SOURCE_DIR=/opt/rustwide/workdir" "-e" "CARGO_HOME=/opt/rustwide/cargo-home" "-e" "RUSTUP_HOME=/opt/rustwide/rustup-home" "-e" "CARGO_TARGET_DIR=/opt/rustwide/target" "-e" "CARGO_INCREMENTAL=0" "-e" "RUST_BACKTRACE=full" "-e" "RUSTFLAGS=--cap-lints=warn" "-e" "RUSTDOCFLAGS=--cap-lints=warn" "-w" "/opt/rustwide/workdir" "--user" "0:0" "65fe71a4fa238aff386b1eabae745d21585206d55e4d5346012299244e0287ac" "/opt/rustwide/cargo-home/bin/cargo" "+1.100.0-beta.1" "test" "--frozen" "--release", kill_on_drop: false }`
[INFO] [stderr] warning: unused variable: `other`
[INFO] [stderr]    --> src/resolve/partial.rs:222:29
[INFO] [stderr]     |
[INFO] [stderr] 222 |     pub fn merge(&mut self, other: Self) {
[INFO] [stderr]     |                             ^^^^^ help: if this is intentional, prefix it with an underscore: `_other`
[INFO] [stderr]     |
[INFO] [stderr]     = note: `#[warn(unused_variables)]` (part of `#[warn(unused)]`) on by default
[INFO] [stderr] 
[INFO] [stderr] warning: fields `kind` and `position` are never read
[INFO] [stderr]    --> src/dotenv/parser.rs:229:5
[INFO] [stderr]     |
[INFO] [stderr] 228 | pub struct ParsingError<'src> {
[INFO] [stderr]     |            ------------ fields in this struct
[INFO] [stderr] 229 |     kind: ParsingErrorKind<'src>,
[INFO] [stderr]     |     ^^^^
[INFO] [stderr] 230 |     position: Position,
[INFO] [stderr]     |     ^^^^^^^^
[INFO] [stderr]     |
[INFO] [stderr]     = note: `ParsingError` has a derived impl for the trait `Debug`, but this is intentionally ignored during dead code analysis
[INFO] [stderr]     = note: `#[warn(dead_code)]` (part of `#[warn(unused)]`) on by default
[INFO] [stderr] 
[INFO] [stderr] warning: variants `Double` and `CurlyBraces` are never constructed
[INFO] [stderr]    --> src/dotenv/tokenizer.rs:262:5
[INFO] [stderr]     |
[INFO] [stderr] 260 | enum PairType {
[INFO] [stderr]     |      -------- variants in this enum
[INFO] [stderr] 261 |     Single,
[INFO] [stderr] 262 |     Double,
[INFO] [stderr]     |     ^^^^^^
[INFO] [stderr] 263 |     CurlyBraces,
[INFO] [stderr]     |     ^^^^^^^^^^^
[INFO] [stderr] 
[INFO] [stderr] warning: function `find_git_root` is never used
[INFO] [stderr]   --> src/helpers.rs:60:8
[INFO] [stderr]    |
[INFO] [stderr] 60 | pub fn find_git_root(start_dir: &Path) -> Option<PathBuf> {
[INFO] [stderr]    |        ^^^^^^^^^^^^^
[INFO] [stderr] 
[INFO] [stderr] warning: function `find_env_dir` is never used
[INFO] [stderr]   --> src/helpers.rs:83:8
[INFO] [stderr]    |
[INFO] [stderr] 83 | pub fn find_env_dir(start_dir: &Path) -> Option<PathBuf> {
[INFO] [stderr]    |        ^^^^^^^^^^^^
[INFO] [stderr] 
[INFO] [stderr] warning: function `find_env_dir_with_git_dir` is never used
[INFO] [stderr]   --> src/helpers.rs:88:8
[INFO] [stderr]    |
[INFO] [stderr] 88 | pub fn find_env_dir_with_git_dir(start_dir: &Path, git_root: &Path) -> Option<PathBuf> {
[INFO] [stderr]    |        ^^^^^^^^^^^^^^^^^^^^^^^^^
[INFO] [stderr] 
[INFO] [stderr] warning: bounds on generic parameters in type aliases are not enforced
[INFO] [stderr]  --> src/resolve/tarjan.rs:8:17
[INFO] [stderr]   |
[INFO] [stderr] 8 | pub type SCC<T: Hash> = HashSet<T>;
[INFO] [stderr]   |                 ^^^^ will not be checked at usage sites of the type alias
[INFO] [stderr]   |
[INFO] [stderr]   = note: this is a known limitation of the type checker that may be lifted in a future edition.
[INFO] [stderr]           see issue #112792 <https://github.com/rust-lang/rust/issues/112792> for more information
[INFO] [stderr]   = note: `#[warn(type_alias_bounds)]` on by default
[INFO] [stderr] help: remove this bound
[INFO] [stderr]   |
[INFO] [stderr] 8 - pub type SCC<T: Hash> = HashSet<T>;
[INFO] [stderr] 8 + pub type SCC<T> = HashSet<T>;
[INFO] [stderr]   |
[INFO] [stderr] 
[INFO] [stderr] warning: `miljo` (lib) generated 7 warnings (run `cargo fix --lib -p miljo` to apply 2 suggestions)
[INFO] [stderr] warning: method `as_vec` is never used
[INFO] [stderr]    --> src/dotenv/mod.rs:109:12
[INFO] [stderr]     |
[INFO] [stderr]  65 | impl<'src> TokenValue<'src> {
[INFO] [stderr]     | --------------------------- method in this implementation
[INFO] [stderr] ...
[INFO] [stderr] 109 |     pub fn as_vec(self) -> Vec<TemplateStringToken<'src>> {
[INFO] [stderr]     |            ^^^^^^
[INFO] [stderr]     |
[INFO] [stderr]     = note: `#[warn(dead_code)]` (part of `#[warn(unused)]`) on by default
[INFO] [stderr] 
[INFO] [stderr] warning: field `position` is never read
[INFO] [stderr]    --> src/dotenv/parser.rs:230:5
[INFO] [stderr]     |
[INFO] [stderr] 228 | pub struct ParsingError<'src> {
[INFO] [stderr]     |            ------------ field in this struct
[INFO] [stderr] 229 |     kind: ParsingErrorKind<'src>,
[INFO] [stderr] 230 |     position: Position,
[INFO] [stderr]     |     ^^^^^^^^
[INFO] [stderr]     |
[INFO] [stderr]     = note: `ParsingError` has a derived impl for the trait `Debug`, but this is intentionally ignored during dead code analysis
[INFO] [stderr] 
[INFO] [stderr] warning: method `into_variables` is never used
[INFO] [stderr]   --> src/environment/mod.rs:56:12
[INFO] [stderr]    |
[INFO] [stderr] 12 | impl<'src> Environment<'src> {
[INFO] [stderr]    | ---------------------------- method in this implementation
[INFO] [stderr] ...
[INFO] [stderr] 56 |     pub fn into_variables(self) -> impl Iterator<Item = Value<'src>> {
[INFO] [stderr]    |            ^^^^^^^^^^^^^^
[INFO] [stderr] 
[INFO] [stderr] warning: struct `EnvironmentSample` is never constructed
[INFO] [stderr]  --> src/environment/sample.rs:5:12
[INFO] [stderr]   |
[INFO] [stderr] 5 | pub struct EnvironmentSample<'src> {
[INFO] [stderr]   |            ^^^^^^^^^^^^^^^^^
[INFO] [stderr] 
[INFO] [stderr] warning: struct `SampleValue` is never constructed
[INFO] [stderr]   --> src/environment/sample.rs:38:12
[INFO] [stderr]    |
[INFO] [stderr] 38 | pub struct SampleValue<'src> {
[INFO] [stderr]    |            ^^^^^^^^^^^
[INFO] [stderr] 
[INFO] [stderr] warning: methods `merge` and `force_resolve` are never used
[INFO] [stderr]    --> src/resolve/partial.rs:222:12
[INFO] [stderr]     |
[INFO] [stderr]  44 | impl<'src> PartialEnvironment<'src> {
[INFO] [stderr]     | ----------------------------------- methods in this implementation
[INFO] [stderr] ...
[INFO] [stderr] 222 |     pub fn merge(&mut self, other: Self) {
[INFO] [stderr]     |            ^^^^^
[INFO] [stderr] ...
[INFO] [stderr] 230 |     pub fn force_resolve(self) -> Environment<'src> {
[INFO] [stderr]     |            ^^^^^^^^^^^^^
[INFO] [stderr] 
[INFO] [stderr] warning: field `position` is never read
[INFO] [stderr]    --> src/dotenv/parser.rs:230:5
[INFO] [stderr]     |
[INFO] [stderr] 228 | pub struct ParsingError<'src> {
[INFO] [stderr]     |            ------------ field in this struct
[INFO] [stderr] 229 |     kind: ParsingErrorKind<'src>,
[INFO] [stderr] 230 |     position: Position,
[INFO] [stderr]     |     ^^^^^^^^
[INFO] [stderr]     |
[INFO] [stderr]     = note: `ParsingError` has a derived impl for the trait `Debug`, but this is intentionally ignored during dead code analysis
[INFO] [stderr]     = note: `#[warn(dead_code)]` (part of `#[warn(unused)]`) on by default
[INFO] [stderr] 
[INFO] [stderr] warning: `miljo` (bin "miljo" test) generated 9 warnings (3 duplicates)
[INFO] [stderr] warning: `miljo` (lib test) generated 4 warnings (3 duplicates)
[INFO] [stderr]     Finished `release` profile [optimized] target(s) in 0.11s
[INFO] [stderr]      Running unittests src/lib.rs (/opt/rustwide/target/release/build/miljo/d820ebad6ebc134f/out/miljo-d820ebad6ebc134f)
[INFO] [stdout] 
[INFO] [stdout] running 177 tests
[INFO] [stdout] test dotenv::parser::tests::clears_doc_comments_after_empty_line ... ok
[INFO] [stdout] test dotenv::parser::tests::parses_all_value_types_in_single_file ... ok
[INFO] [stdout] test dotenv::parser::tests::errors_on_unexpected_token_equals_at_start ... ok
[INFO] [stdout] test dotenv::parser::tests::nul ... ok
[INFO] [stdout] test dotenv::parser::tests::errors_on_invalid_variable_name_with_special_chars ... ok
[INFO] [stdout] test dotenv::parser::tests::errors_on_premature_eof_after_key ... ok
[INFO] [stdout] test dotenv::parser::tests::errors_on_unexpected_token_quoted_key ... ok
[INFO] [stdout] test dotenv::parser::tests::parses_comment_with_special_characters ... ok
[INFO] [stdout] test dotenv::parser::tests::errors_on_invalid_variable_name_starting_with_number ... ok
[INFO] [stdout] test dotenv::parser::tests::parses_assignments_with_interspersed_comments ... ok
[INFO] [stdout] test dotenv::parser::tests::parses_completely_empty_file ... ok
[INFO] [stdout] test dotenv::parser::tests::parses_doc_and_line_comments_with_empty_value ... ok
[INFO] [stdout] test dotenv::parser::tests::parses_double_quotes_inside_single_quotes ... ok
[INFO] [stdout] test dotenv::parser::tests::parses_duplicate_keys_last_wins ... ok
[INFO] [stdout] test dotenv::parser::tests::parses_empty_comment ... ok
[INFO] [stdout] test dotenv::parser::tests::parses_env_line_with_comments ... ok
[INFO] [stdout] test dotenv::parser::tests::parses_empty_single_quoted_value ... ok
[INFO] [stdout] test dotenv::parser::tests::parses_empty_double_quoted_value ... ok
[INFO] [stdout] test dotenv::parser::tests::parses_eof_without_trailing_newline ... ok
[INFO] [stdout] test dotenv::parser::tests::parses_file_with_only_whitespace_newlines ... ok
[INFO] [stdout] test dotenv::parser::tests::parses_env_line_with_raw_value ... ok
[INFO] [stdout] test dotenv::parser::tests::parses_env_line_with_single_quoted_value ... ok
[INFO] [stdout] test dotenv::parser::tests::parses_comments_everywhere ... ok
[INFO] [stdout] test dotenv::parser::tests::parses_empty_value_without_newline ... ok
[INFO] [stdout] test dotenv::parser::tests::parses_env_line_with_doubly_quoted_value ... ok
[INFO] [stdout] test dotenv::parser::tests::parses_multiple_simple_assignments ... ok
[INFO] [stdout] test dotenv::parser::tests::parses_file_with_only_comments ... ok
[INFO] [stdout] test dotenv::parser::tests::parses_orphaned_comments_not_attached ... ok
[INFO] [stdout] test dotenv::parser::tests::parses_large_file_with_many_assignments ... ok
[INFO] [stdout] test dotenv::parser::tests::parses_mixed_value_types ... ok
[INFO] [stdout] test dotenv::parser::tests::parses_env_line_with_no_value ... ok
[INFO] [stdout] test dotenv::parser::tests::parses_multiple_doc_comments_accumulation ... ok
[INFO] [stdout] test dotenv::parser::tests::parses_multiple_equals_in_value ... ok
[INFO] [stdout] test dotenv::parser::tests::parses_nested_hash_in_comments ... ok
[INFO] [stdout] test dotenv::parser::tests::parses_single_assignment_raw ... ok
[INFO] [stdout] test dotenv::parser::tests::parses_value_with_spaces_in_quotes ... ok
[INFO] [stdout] test dotenv::parser::tests::parses_single_quotes_inside_double_quotes ... ok
[INFO] [stdout] test dotenv::parser::tests::parses_very_long_value ... ok
[INFO] [stdout] test dotenv::parser::tests::parses_realistic_env_file ... ok
[INFO] [stdout] test dotenv::parser::tests::parses_with_only_newlines ... ok
[INFO] [stdout] test dotenv::parser::tests::parses_single_assignment_empty_value ... ok
[INFO] [stdout] test dotenv::parser::tests::parses_with_empty_lines_between_assignments ... ok
[INFO] [stdout] test dotenv::parser::tests::parses_with_trailing_newlines ... ok
[INFO] [stdout] test dotenv::parser::tests::parses_with_multiple_consecutive_newlines ... ok
[INFO] [stdout] test dotenv::parser::tests::recovers_from_multiple_errors ... ok
[INFO] [stdout] test dotenv::parser::tests::reports_multiple_invalid_variable_names ... ok
[INFO] [stdout] test dotenv::parser::tests::stress_test_mixed_content ... ok
[INFO] [stdout] test dotenv::parser::tests::validates_value_type_preservation ... ok
[INFO] [stdout] test dotenv::tests::recognize_correct_env_keys ... ok
[INFO] [stdout] test dotenv::tests::recognize_incorrect_env_keys ... ok
[INFO] [stdout] test dotenv::parser::tests::parses_with_leading_newlines ... ok
[INFO] [stdout] test dotenv::parser::tests::simple_comment ... ok
[INFO] [stdout] test dotenv::parser::tests::validates_name_extraction_accuracy ... ok
[INFO] [stdout] test dotenv::tokenizer::string_template_tests::test_alternating_templates_and_literals ... ok
[INFO] [stdout] test dotenv::tokenizer::string_template_tests::test_braced_double_slash_prefix_with_space ... ok
[INFO] [stdout] test dotenv::tokenizer::string_template_tests::test_braced_double_slash_surround ... ok
[INFO] [stdout] test dotenv::tokenizer::string_template_tests::test_braced_empty_after_dollar ... ok
[INFO] [stdout] test dotenv::parser::tests::validates_doc_comment_attached_correctly ... ok
[INFO] [stdout] test dotenv::tokenizer::string_template_tests::test_braced_followed_by_unbraced ... ok
[INFO] [stdout] test dotenv::parser::tests::validates_line_comment_attached_correctly ... ok
[INFO] [stdout] test dotenv::tokenizer::string_template_tests::test_braced_single_underscore ... ok
[INFO] [stdout] test dotenv::tokenizer::string_template_tests::test_braced_leading_and_trailing_space ... ok
[INFO] [stdout] test dotenv::tokenizer::string_template_tests::test_braced_leading_space ... ok
[INFO] [stdout] test dotenv::tokenizer::string_template_tests::test_braced_starting_with_number ... ok
[INFO] [stdout] test dotenv::tokenizer::string_template_tests::test_braced_surrounded_by_special_chars ... ok
[INFO] [stdout] test dotenv::tokenizer::string_template_tests::test_braced_template ... ok
[INFO] [stdout] test dotenv::tokenizer::string_template_tests::test_braced_with_dot ... ok
[INFO] [stdout] test dotenv::tokenizer::string_template_tests::test_braced_trailing_space ... ok
[INFO] [stdout] test dotenv::tokenizer::string_template_tests::test_complex_escape_sequences ... ok
[INFO] [stdout] test dotenv::tokenizer::string_template_tests::test_consecutive_unbraced_templates ... ok
[INFO] [stdout] test dotenv::tokenizer::string_template_tests::test_dollar_alone ... ok
[INFO] [stdout] test dotenv::tokenizer::string_template_tests::test_braced_with_dash ... ok
[INFO] [stdout] test dotenv::tokenizer::string_template_tests::test_braced_with_trailing_underscore ... ok
[INFO] [stdout] test dotenv::tokenizer::string_template_tests::test_complex_nested_literals_and_templates ... ok
[INFO] [stdout] test dotenv::tokenizer::string_template_tests::test_consecutive_dollars_literal ... ok
[INFO] [stdout] test dotenv::tokenizer::string_template_tests::test_dollar_at_end_of_string ... ok
[INFO] [stdout] test dotenv::tokenizer::string_template_tests::test_consecutive_braced_templates ... ok
[INFO] [stdout] test dotenv::tokenizer::string_template_tests::test_braced_with_colon ... ok
[INFO] [stdout] test dotenv::tokenizer::string_template_tests::test_dollar_before_digit ... ok
[INFO] [stdout] test dotenv::tokenizer::string_template_tests::test_dollar_followed_by_opening_brace_no_closing ... ok
[INFO] [stdout] test dotenv::tokenizer::string_template_tests::test_double_dollar ... ok
[INFO] [stdout] test dotenv::tokenizer::string_template_tests::test_dollar_followed_by_at_symbol ... ok
[INFO] [stdout] test dotenv::tokenizer::string_template_tests::test_dollar_followed_by_hash ... ok
[INFO] [stdout] test dotenv::tokenizer::string_template_tests::test_empty_input ... ok
[INFO] [stdout] test dotenv::tokenizer::string_template_tests::test_empty_braced_template ... ok
[INFO] [stdout] test dotenv::tokenizer::string_template_tests::test_empty_braces ... ok
[INFO] [stdout] test dotenv::tokenizer::string_template_tests::test_escaped_backslash ... ok
[INFO] [stdout] test dotenv::tokenizer::string_template_tests::test_empty_literal_between_templates ... ok
[INFO] [stdout] test dotenv::tokenizer::string_template_tests::test_escaped_braces_around_template ... ok
[INFO] [stdout] test dotenv::tokenizer::string_template_tests::test_escaped_closing_brace_outside_template ... ok
[INFO] [stdout] test dotenv::tokenizer::string_template_tests::test_escaped_opening_brace_outside_template ... ok
[INFO] [stdout] test dotenv::tokenizer::string_template_tests::test_escaped_dollar ... ok
[INFO] [stdout] test dotenv::tokenizer::string_template_tests::test_escaped_dollar_followed_by_template ... ok
[INFO] [stdout] test dotenv::tokenizer::string_template_tests::test_escaped_quote ... ok
[INFO] [stdout] test dotenv::tokenizer::string_template_tests::test_mixed_braced_unbraced ... ok
[INFO] [stdout] test dotenv::tokenizer::string_template_tests::test_mixed_case_variable ... ok
[INFO] [stdout] test dotenv::tokenizer::string_template_tests::test_dollar_space_some_var ... ok
[INFO] [stdout] test dotenv::tokenizer::string_template_tests::test_invalid_utf8_variable_name ... ok
[INFO] [stdout] test dotenv::tokenizer::string_template_tests::test_dollar_with_space ... ok
[INFO] [stdout] test dotenv::tokenizer::string_template_tests::test_literal_with_special_chars ... ok
[INFO] [stdout] test dotenv::tokenizer::string_template_tests::test_multiple_escapes_before_dollar ... ok
[INFO] [stdout] test dotenv::tokenizer::string_template_tests::test_multiple_templates ... ok
[INFO] [stdout] test dotenv::tokenizer::string_template_tests::test_only_escape_sequences ... ok
[INFO] [stdout] test dotenv::tokenizer::string_template_tests::test_real_world_mixed_escapes ... ok
[INFO] [stdout] test dotenv::tokenizer::string_template_tests::test_real_world_path ... ok
[INFO] [stdout] test dotenv::tokenizer::string_template_tests::test_multiple_escaped_backslashes ... ok
[INFO] [stdout] test dotenv::tokenizer::string_template_tests::test_dollar_followed_by_question_mark ... ok
[INFO] [stdout] test dotenv::tokenizer::string_template_tests::test_double_dollar_with_variable ... ok
[INFO] [stdout] test dotenv::tokenizer::string_template_tests::test_real_world_url ... ok
[INFO] [stdout] test dotenv::tokenizer::string_template_tests::test_shell_backslash_caret ... ok
[INFO] [stdout] test dotenv::tokenizer::string_template_tests::test_shell_backslash_dollar ... ok
[INFO] [stdout] test dotenv::tokenizer::string_template_tests::test_shell_dollar_backslash_braced ... ok
[INFO] [stdout] test dotenv::tokenizer::string_template_tests::test_shell_dollar_space_braced ... ok
[INFO] [stdout] test dotenv::tokenizer::string_template_tests::test_shell_double_backslash_dollar ... ok
[INFO] [stdout] test dotenv::tokenizer::string_template_tests::test_shell_triple_backslash_dollar ... ok
[INFO] [stdout] test dotenv::tokenizer::string_template_tests::test_shell_double_backslash_template ... ok
[INFO] [stdout] test dotenv::tokenizer::string_template_tests::test_nested_dollar_in_braced ... ok
[INFO] [stdout] test dotenv::tokenizer::string_template_tests::test_only_dollar ... ok
[INFO] [stdout] test dotenv::tokenizer::string_template_tests::test_shell_backslash_dollar_braced ... ok
[INFO] [stdout] test dotenv::tokenizer::string_template_tests::test_shell_double_backslash_caret ... ok
[INFO] [stdout] test dotenv::tokenizer::string_template_tests::test_simple_literal ... ok
[INFO] [stdout] test dotenv::tokenizer::string_template_tests::test_simple_unbraced_expansion ... ok
[INFO] [stdout] test dotenv::tokenizer::string_template_tests::test_template_at_start_and_end ... ok
[INFO] [stdout] test dotenv::tokenizer::string_template_tests::test_tab_characters ... ok
[INFO] [stdout] test dotenv::tokenizer::string_template_tests::test_template_ending_at_dollar ... ok
[INFO] [stdout] test dotenv::tokenizer::string_template_tests::test_template_followed_by_punctuation ... ok
[INFO] [stdout] test dotenv::tokenizer::string_template_tests::test_template_with_only_underscores ... ok
[INFO] [stdout] test dotenv::tokenizer::string_template_tests::test_template_with_numbers_in_middle ... ok
[INFO] [stdout] test dotenv::tokenizer::string_template_tests::test_template_followed_by_equals ... ok
[INFO] [stdout] test dotenv::tokenizer::string_template_tests::test_template_starting_with_underscore ... ok
[INFO] [stdout] test dotenv::tokenizer::string_template_tests::test_template_with_newline ... ok
[INFO] [stdout] test dotenv::tokenizer::string_template_tests::test_template_surrounded_by_special_chars ... ok
[INFO] [stdout] test dotenv::tokenizer::string_template_tests::test_template_with_numbers ... ok
[INFO] [stdout] test dotenv::tokenizer::string_template_tests::test_escaped_backslash_before_template ... ok
[INFO] [stdout] test dotenv::tokenizer::string_template_tests::test_template_with_underscores ... ok
[INFO] [stdout] test dotenv::tokenizer::string_template_tests::test_unbraced_single_underscore ... ok
[INFO] [stdout] test dotenv::tokenizer::string_template_tests::test_unbraced_followed_by_braced ... ok
[INFO] [stdout] test dotenv::tokenizer::string_template_tests::test_unbraced_template ... ok
[INFO] [stdout] test dotenv::tokenizer::string_template_tests::test_unbraced_with_trailing_underscore ... ok
[INFO] [stdout] test dotenv::tokenizer::string_template_tests::test_unclosed_template_error ... ok
[INFO] [stdout] test dotenv::tokenizer::string_template_tests::test_unclosed_brace_with_valid_name ... ok
[INFO] [stdout] test dotenv::tokenizer::string_template_tests::test_unclosed_multiline_template ... ok
[INFO] [stdout] test dotenv::tokenizer::string_template_tests::test_utf8_multibyte_before_template ... ok
[INFO] [stdout] test dotenv::tokenizer::string_template_tests::test_unmatched_brace ... ok
[INFO] [stdout] test dotenv::tokenizer::string_template_tests::test_very_long_variable_name ... ok
[INFO] [stdout] test dotenv::tokenizer::string_template_tests::test_utf8_multibyte_japanese ... ok
[INFO] [stdout] test dotenv::tokenizer::string_template_tests::test_whitespace_before_template ... ok
[INFO] [stdout] test dotenv::tokenizer::string_template_tests::test_whitespace_after_template ... ok
[INFO] [stdout] test dotenv::tokenizer::tests::double_quotes_newline_interaction ... ok
[INFO] [stdout] test dotenv::tokenizer::tests::correctly_tokenizes ... ok
[INFO] [stdout] test dotenv::tokenizer::tests::errors_on_unclosed_double_quote ... ok
[INFO] [stdout] test dotenv::tokenizer::tests::nul ... ok
[INFO] [stdout] test dotenv::tokenizer::tests::only_newline ... ok
[INFO] [stdout] test dotenv::tokenizer::tests::errors_on_unclosed_single_quote ... ok
[INFO] [stdout] test dotenv::tokenizer::tests::open_string_value ... ok
[INFO] [stdout] test dotenv::tokenizer::tests::simple ... ok
[INFO] [stdout] test dotenv::tokenizer::tests::simple_comment ... ok
[INFO] [stdout] test dotenv::tokenizer::tests::tokenizes_edge_cases ... ok
[INFO] [stdout] test dotenv::tokenizer::tests::tokenizes_newlines_and_comments ... ok
[INFO] [stdout] test dotenv::tokenizer::tests::tokenizes_valid_but_unusual_syntax ... ok
[INFO] [stdout] test dotenv::tokenizer::tests::tokenizes_variable_substitution ... ok
[INFO] [stdout] test handlers::tests::test_find_env_dir_current_directory ... FAILED
[INFO] [stdout] test handlers::tests::test_find_env_dir_parent_directory ... ok
[INFO] [stdout] test handlers::tests::test_find_git_root ... ok
[INFO] [stdout] test handlers::tests::test_find_env_dir_stops_at_git_root ... ok
[INFO] [stdout] test handlers::tests::test_missing_variable_reference ... ok
[INFO] [stdout] test handlers::tests::test_nested_variables_with_system_env ... FAILED
[INFO] [stdout] test handlers::tests::test_find_git_root_not_in_repo ... ok
[INFO] [stdout] test resolve::tarjan::tests::finds_biggest_loop ... ok
[INFO] [stdout] test resolve::tarjan::tests::finds_loops_in_non_connected_graphs ... ok
[INFO] [stdout] test resolve::tarjan::tests::finds_self_loop_with_extra_edge ... ok
[INFO] [stdout] test resolve::tarjan::tests::finds_self_loop ... ok
[INFO] [stdout] test resolve::tarjan::tests::finds_three_loop ... ok
[INFO] [stdout] test resolve::tarjan::tests::finds_two_loop ... ok
[INFO] [stdout] test resolve::tarjan::tests::no_sccs_on_empty_graph ... ok
[INFO] [stdout] test resolve::tarjan::tests::no_sccs_on_line_graph ... ok
[INFO] [stdout] test resolve::tarjan::tests::no_sccs_on_single_node ... ok
[INFO] [stdout] 
[INFO] [stdout] failures:
[INFO] [stdout] 
[INFO] [stdout] ---- handlers::tests::test_find_env_dir_current_directory stdout ----
[INFO] [stdout] 
[INFO] [stdout] thread 'handlers::tests::test_find_env_dir_current_directory' (838) panicked at src/handlers.rs:264:48:
[INFO] [stdout] called `Option::unwrap()` on a `None` value
[INFO] [stdout] stack backtrace:
[INFO] [stdout]    0:     0x5f1377e738e1 - <<std[617be2ca0a6fd877]::sys::backtrace::BacktraceLock>::print::DisplayBacktrace as core[a373ad73a504971]::fmt::Display>::fmt
[INFO] [stdout]    1:     0x5f1377e8869a - core[a373ad73a504971]::fmt::write
[INFO] [stdout]    2:     0x5f1377e7847c - <alloc[2e1b2a31b91974c5]::vec::Vec<u8> as core[a373ad73a504971]::io::write::Write>::write_fmt
[INFO] [stdout]    3:     0x5f1377e4de26 - std[617be2ca0a6fd877]::panicking::default_hook::{closure#0}
[INFO] [stdout]    4:     0x5f1377e6b4a9 - std[617be2ca0a6fd877]::panicking::default_hook
[INFO] [stdout]    5:     0x5f1377e03750 - test[aada8e7e76ba119b]::test_main_inner::{closure#0}
[INFO] [stdout]    6:     0x5f1377e6b662 - std[617be2ca0a6fd877]::panicking::panic_with_hook
[INFO] [stdout]    7:     0x5f1377e4df04 - std[617be2ca0a6fd877]::panicking::panic_handler::{closure#0}
[INFO] [stdout]    8:     0x5f1377e463a9 - std[617be2ca0a6fd877]::sys::backtrace::__rust_end_short_backtrace::<std[617be2ca0a6fd877]::panicking::panic_handler::{closure#0}, !>
[INFO] [stdout]    9:     0x5f1377e4ee0d - __rustc[ea4f61d10b84890b]::rust_begin_unwind
[INFO] [stdout]   10:     0x5f1377e88dcc - core[a373ad73a504971]::panicking::panic_fmt
[INFO] [stdout]   11:     0x5f1377e88d92 - core[a373ad73a504971]::panicking::panic
[INFO] [stdout]   12:     0x5f1377e88b49 - core[a373ad73a504971]::option::unwrap_failed
[INFO] [stdout]   13:     0x5f1377de21b3 - <miljo[959abcbf9b21542d]::handlers::tests::test_find_env_dir_current_directory::{closure#0} as core[a373ad73a504971]::ops::function::FnOnce<()>>::call_once
[INFO] [stdout]   14:     0x5f1377df6b9b - test[aada8e7e76ba119b]::__rust_begin_short_backtrace::<core[a373ad73a504971]::result::Result<(), alloc[2e1b2a31b91974c5]::string::String>, fn() -> core[a373ad73a504971]::result::Result<(), alloc[2e1b2a31b91974c5]::string::String>>
[INFO] [stdout]   15:     0x5f1377e03d75 - test[aada8e7e76ba119b]::run_test::{closure#0}
[INFO] [stdout]   16:     0x5f1377dfd664 - std[617be2ca0a6fd877]::sys::backtrace::__rust_begin_short_backtrace::<test[aada8e7e76ba119b]::run_test::{closure#1}, ()>
[INFO] [stdout]   17:     0x5f1377e06e02 - <std[617be2ca0a6fd877]::thread::lifecycle::spawn_unchecked<test[aada8e7e76ba119b]::run_test::{closure#1}, ()>::{closure#1} as core[a373ad73a504971]::ops::function::FnOnce<()>>::call_once::{shim:vtable#0}
[INFO] [stdout]   18:     0x5f1377e72f5f - <std[617be2ca0a6fd877]::sys::thread::unix::Thread>::new::thread_start
[INFO] [stdout]   19:     0x7332b6eebdfa - <unknown>
[INFO] [stdout]   20:     0x7332b6f7f3d4 - clone
[INFO] [stdout]   21:                0x0 - <unknown>
[INFO] [stdout] 
[INFO] [stdout] ---- handlers::tests::test_nested_variables_with_system_env stdout ----
[INFO] [stdout] 
[INFO] [stdout] thread 'handlers::tests::test_nested_variables_with_system_env' (844) panicked at src/handlers.rs:176:9:
[INFO] [stdout] assertion `left == right` failed
[INFO] [stdout]   left: Some("${TEST_SYSTEM_VAR}_extended")
[INFO] [stdout]  right: Some("system_value_extended")
[INFO] [stdout] stack backtrace:
[INFO] [stdout]    0:     0x5f1377e738e1 - <<std[617be2ca0a6fd877]::sys::backtrace::BacktraceLock>::print::DisplayBacktrace as core[a373ad73a504971]::fmt::Display>::fmt
[INFO] [stdout]    1:     0x5f1377e8869a - core[a373ad73a504971]::fmt::write
[INFO] [stdout]    2:     0x5f1377e7847c - <alloc[2e1b2a31b91974c5]::vec::Vec<u8> as core[a373ad73a504971]::io::write::Write>::write_fmt
[INFO] [stdout]    3:     0x5f1377e4de26 - std[617be2ca0a6fd877]::panicking::default_hook::{closure#0}
[INFO] [stdout]    4:     0x5f1377e6b4a9 - std[617be2ca0a6fd877]::panicking::default_hook
[INFO] [stdout]    5:     0x5f1377e03750 - test[aada8e7e76ba119b]::test_main_inner::{closure#0}
[INFO] [stdout]    6:     0x5f1377e6b662 - std[617be2ca0a6fd877]::panicking::panic_with_hook
[INFO] [stdout]    7:     0x5f1377e4ded2 - std[617be2ca0a6fd877]::panicking::panic_handler::{closure#0}
[INFO] [stdout]    8:     0x5f1377e463a9 - std[617be2ca0a6fd877]::sys::backtrace::__rust_end_short_backtrace::<std[617be2ca0a6fd877]::panicking::panic_handler::{closure#0}, !>
[INFO] [stdout]    9:     0x5f1377e4ee0d - __rustc[ea4f61d10b84890b]::rust_begin_unwind
[INFO] [stdout]   10:     0x5f1377e88dcc - core[a373ad73a504971]::panicking::panic_fmt
[INFO] [stdout]   11:     0x5f1377e88ce3 - core[a373ad73a504971]::panicking::assert_failed_inner
[INFO] [stdout]   12:     0x5f1377df486a - core[a373ad73a504971]::panicking::assert_failed::<core[a373ad73a504971]::option::Option<&alloc[2e1b2a31b91974c5]::string::String>, core[a373ad73a504971]::option::Option<&alloc[2e1b2a31b91974c5]::string::String>>
[INFO] [stdout]   13:     0x5f1377de28d3 - <miljo[959abcbf9b21542d]::handlers::tests::test_nested_variables_with_system_env::{closure#0} as core[a373ad73a504971]::ops::function::FnOnce<()>>::call_once
[INFO] [stdout]   14:     0x5f1377df6b9b - test[aada8e7e76ba119b]::__rust_begin_short_backtrace::<core[a373ad73a504971]::result::Result<(), alloc[2e1b2a31b91974c5]::string::String>, fn() -> core[a373ad73a504971]::result::Result<(), alloc[2e1b2a31b91974c5]::string::String>>
[INFO] [stdout]   15:     0x5f1377e03d75 - test[aada8e7e76ba119b]::run_test::{closure#0}
[INFO] [stdout]   16:     0x5f1377dfd664 - std[617be2ca0a6fd877]::sys::backtrace::__rust_begin_short_backtrace::<test[aada8e7e76ba119b]::run_test::{closure#1}, ()>
[INFO] [stdout]   17:     0x5f1377e06e02 - <std[617be2ca0a6fd877]::thread::lifecycle::spawn_unchecked<test[aada8e7e76ba119b]::run_test::{closure#1}, ()>::{closure#1} as core[a373ad73a504971]::ops::function::FnOnce<()>>::call_once::{shim:vtable#0}
[INFO] [stdout]   18:     0x5f1377e72f5f - <std[617be2ca0a6fd877]::sys::thread::unix::Thread>::new::thread_start
[INFO] [stdout]   19:     0x7332b6eebdfa - <unknown>
[INFO] [stdout]   20:     0x7332b6f7f3d4 - clone
[INFO] [stdout]   21:                0x0 - <unknown>
[INFO] [stdout] 
[INFO] [stdout] 
[INFO] [stdout] failures:
[INFO] [stdout]     handlers::tests::test_find_env_dir_current_directory
[INFO] [stdout]     handlers::tests::test_nested_variables_with_system_env
[INFO] [stdout] 
[INFO] [stdout] test result: FAILED. 175 passed; 2 failed; 0 ignored; 0 measured; 0 filtered out; finished in 0.07s
[INFO] [stdout] 
[INFO] [stderr] error: test failed, to rerun pass `--lib`
[INFO] running `Command { std: "docker" "inspect" "65fe71a4fa238aff386b1eabae745d21585206d55e4d5346012299244e0287ac", kill_on_drop: false }`
[INFO] running `Command { std: "docker" "rm" "-f" "65fe71a4fa238aff386b1eabae745d21585206d55e4d5346012299244e0287ac", kill_on_drop: false }`
[INFO] [stdout] 65fe71a4fa238aff386b1eabae745d21585206d55e4d5346012299244e0287ac
