[INFO] fetching crate migrate_rustdoc_json 0.4.0...
[INFO] testing migrate_rustdoc_json-0.4.0 against 1.100.0-beta.1+cargoflags=--release for beta-release-1.100-2
[INFO] extracting crate migrate_rustdoc_json 0.4.0 into /workspace/builds/worker-7-tc2/source
[INFO] started tweaking crates.io crate migrate_rustdoc_json 0.4.0
[INFO] removed 0 missing tests
[INFO] finished tweaking crates.io crate migrate_rustdoc_json 0.4.0
[INFO] tweaked toml for crates.io crate migrate_rustdoc_json 0.4.0 written to /workspace/builds/worker-7-tc2/source/Cargo.toml
[INFO] validating manifest of crates.io crate migrate_rustdoc_json 0.4.0 on toolchain 1.100.0-beta.1
[INFO] running `Command { std: CARGO_HOME="/workspace/cargo-home" RUSTUP_HOME="/workspace/rustup-home" "/workspace/cargo-home/bin/cargo" "+1.100.0-beta.1" "metadata" "--manifest-path" "Cargo.toml" "--no-deps", kill_on_drop: false }`
[INFO] crate crates.io crate migrate_rustdoc_json 0.4.0 already has a lockfile, it will not be regenerated
[INFO] running `Command { std: CARGO_HOME="/workspace/cargo-home" RUSTUP_HOME="/workspace/rustup-home" "/workspace/cargo-home/bin/cargo" "+1.100.0-beta.1" "fetch" "--manifest-path" "Cargo.toml", kill_on_drop: false }`
[INFO] running `Command { std: "docker" "create" "-v" "/var/lib/crater-agent-workspace/builds/worker-7-tc2/source:/opt/rustwide/workdir:ro,Z" "-v" "/var/lib/crater-agent-workspace/builds/worker-7-tc2/target:/opt/rustwide/target:rw,Z" "-v" "/var/lib/crater-agent-workspace/cargo-home:/opt/rustwide/cargo-home:ro,Z" "-v" "/var/lib/crater-agent-workspace/rustup-home:/opt/rustwide/rustup-home:ro,Z" "-m" "1610612736" "--network" "none" "ghcr.io/rust-lang/crates-build-env/linux@sha256:77db811e55d90add9212f6832c23229e3de5f1c1f9905e8cb07319ea15df73ac" "sleep" "infinity", kill_on_drop: false }`
[INFO] [stdout] 630e5943d8076773f8987984da3c17b4f3333966a0db626d1f7b3da283da63b6
[INFO] running `Command { std: "docker" "start" "630e5943d8076773f8987984da3c17b4f3333966a0db626d1f7b3da283da63b6", kill_on_drop: false }`
[INFO] running `Command { std: "docker" "inspect" "630e5943d8076773f8987984da3c17b4f3333966a0db626d1f7b3da283da63b6", kill_on_drop: false }`
[INFO] running `Command { std: "docker" "exec" "-e" "SOURCE_DIR=/opt/rustwide/workdir" "-e" "CARGO_HOME=/opt/rustwide/cargo-home" "-e" "RUSTUP_HOME=/opt/rustwide/rustup-home" "-e" "CARGO_TARGET_DIR=/opt/rustwide/target" "-w" "/opt/rustwide/workdir" "--user" "0:0" "630e5943d8076773f8987984da3c17b4f3333966a0db626d1f7b3da283da63b6" "/opt/rustwide/cargo-home/bin/cargo" "+1.100.0-beta.1" "metadata" "--no-deps" "--format-version=1", kill_on_drop: false }`
[INFO] running `Command { std: "docker" "inspect" "630e5943d8076773f8987984da3c17b4f3333966a0db626d1f7b3da283da63b6", kill_on_drop: false }`
[INFO] running `Command { std: "docker" "exec" "-e" "SOURCE_DIR=/opt/rustwide/workdir" "-e" "CARGO_HOME=/opt/rustwide/cargo-home" "-e" "RUSTUP_HOME=/opt/rustwide/rustup-home" "-e" "CARGO_TARGET_DIR=/opt/rustwide/target" "-e" "CARGO_INCREMENTAL=0" "-e" "RUST_BACKTRACE=full" "-e" "RUSTFLAGS=--cap-lints=warn" "-e" "RUSTDOCFLAGS=--cap-lints=warn" "-w" "/opt/rustwide/workdir" "--user" "0:0" "630e5943d8076773f8987984da3c17b4f3333966a0db626d1f7b3da283da63b6" "/opt/rustwide/cargo-home/bin/cargo" "+1.100.0-beta.1" "build" "--frozen" "--message-format=json" "--release", kill_on_drop: false }`
[INFO] [stderr]    Compiling proc-macro2 v1.0.95
[INFO] [stderr]    Compiling serde v1.0.219
[INFO] [stderr]    Compiling serde_json v1.0.140
[INFO] [stderr]    Compiling memchr v2.7.5
[INFO] [stderr]    Compiling quote v1.0.40
[INFO] [stderr]    Compiling syn v2.0.102
[INFO] [stderr]    Compiling serde_derive v1.0.219
[INFO] [stderr]    Compiling rustdoc-types v0.39.0
[INFO] [stderr]    Compiling rustdoc-types v0.48.0
[INFO] [stderr]    Compiling rustdoc-types v0.41.0
[INFO] [stderr]    Compiling rustdoc-types v0.50.0
[INFO] [stderr]    Compiling rustdoc-types v0.37.0
[INFO] [stderr]    Compiling rustdoc-types v0.46.1
[INFO] [stderr]    Compiling rustdoc-types v0.40.0
[INFO] [stderr]    Compiling rustdoc-types v0.38.0
[INFO] [stderr]    Compiling rustdoc-types v0.49.0
[INFO] [stderr]    Compiling migrate_rustdoc_json v0.4.0 (/opt/rustwide/workdir)
[INFO] [stderr]     Finished `release` profile [optimized] target(s) in 1m 35s
[INFO] running `Command { std: "docker" "inspect" "630e5943d8076773f8987984da3c17b4f3333966a0db626d1f7b3da283da63b6", kill_on_drop: false }`
[INFO] running `Command { std: "docker" "exec" "-e" "SOURCE_DIR=/opt/rustwide/workdir" "-e" "CARGO_HOME=/opt/rustwide/cargo-home" "-e" "RUSTUP_HOME=/opt/rustwide/rustup-home" "-e" "CARGO_TARGET_DIR=/opt/rustwide/target" "-e" "CARGO_INCREMENTAL=0" "-e" "RUST_BACKTRACE=full" "-e" "RUSTFLAGS=--cap-lints=warn" "-e" "RUSTDOCFLAGS=--cap-lints=warn" "-w" "/opt/rustwide/workdir" "--user" "0:0" "630e5943d8076773f8987984da3c17b4f3333966a0db626d1f7b3da283da63b6" "/opt/rustwide/cargo-home/bin/cargo" "+1.100.0-beta.1" "test" "--frozen" "--no-run" "--message-format=json" "--release", kill_on_drop: false }`
[INFO] [stderr]    Compiling memchr v2.7.5
[INFO] [stderr]    Compiling once_cell v1.21.3
[INFO] [stderr]    Compiling regex-syntax v0.8.5
[INFO] [stderr]    Compiling thiserror v2.0.12
[INFO] [stderr]    Compiling aho-corasick v1.1.3
[INFO] [stderr]    Compiling syn v2.0.102
[INFO] [stderr]    Compiling regex-automata v0.4.9
[INFO] [stderr]    Compiling serde_derive v1.0.219
[INFO] [stderr]    Compiling thiserror-impl v2.0.12
[INFO] [stderr]    Compiling pest v2.8.0
[INFO] [stderr]    Compiling pest_meta v2.8.0
[INFO] [stderr]    Compiling regex v1.11.1
[INFO] [stderr]    Compiling serde v1.0.219
[INFO] [stderr]    Compiling pest_generator v2.8.0
[INFO] [stderr]    Compiling pest_derive v2.8.0
[INFO] [stderr]    Compiling serde_json v1.0.140
[INFO] [stderr]    Compiling rustdoc-types v0.38.0
[INFO] [stderr]    Compiling rustdoc-types v0.48.0
[INFO] [stderr]    Compiling rustdoc-types v0.39.0
[INFO] [stderr]    Compiling rustdoc-types v0.46.1
[INFO] [stderr]    Compiling rustdoc-types v0.40.0
[INFO] [stderr]    Compiling rustdoc-types v0.50.0
[INFO] [stderr]    Compiling rustdoc-types v0.41.0
[INFO] [stderr]    Compiling rustdoc-types v0.37.0
[INFO] [stderr]    Compiling rustdoc-types v0.49.0
[INFO] [stderr]    Compiling jsonpath-rust v1.0.2
[INFO] [stderr]    Compiling migrate_rustdoc_json v0.4.0 (/opt/rustwide/workdir)
[INFO] [stderr]     Finished `release` profile [optimized] target(s) in 2m 09s
[INFO] running `Command { std: "docker" "inspect" "630e5943d8076773f8987984da3c17b4f3333966a0db626d1f7b3da283da63b6", kill_on_drop: false }`
[INFO] running `Command { std: "docker" "exec" "-e" "SOURCE_DIR=/opt/rustwide/workdir" "-e" "CARGO_HOME=/opt/rustwide/cargo-home" "-e" "RUSTUP_HOME=/opt/rustwide/rustup-home" "-e" "CARGO_TARGET_DIR=/opt/rustwide/target" "-e" "CARGO_INCREMENTAL=0" "-e" "RUST_BACKTRACE=full" "-e" "RUSTFLAGS=--cap-lints=warn" "-e" "RUSTDOCFLAGS=--cap-lints=warn" "-w" "/opt/rustwide/workdir" "--user" "0:0" "630e5943d8076773f8987984da3c17b4f3333966a0db626d1f7b3da283da63b6" "/opt/rustwide/cargo-home/bin/cargo" "+1.100.0-beta.1" "test" "--frozen" "--release", kill_on_drop: false }`
[INFO] [stderr]     Finished `release` profile [optimized] target(s) in 0.11s
[INFO] [stderr]      Running unittests src/main.rs (/opt/rustwide/target/release/build/migrate_rustdoc_json/5a1ef1c43c303f2b/out/migrate_rustdoc_json-5a1ef1c43c303f2b)
[INFO] [stderr]      Running tests/migrate.rs (/opt/rustwide/target/release/build/migrate_rustdoc_json/287df4d38f5ecc65/out/migrate-287df4d38f5ecc65)
[INFO] [stdout] 
[INFO] [stdout] running 0 tests
[INFO] [stdout] 
[INFO] [stdout] test result: ok. 0 passed; 0 failed; 0 ignored; 0 measured; 0 filtered out; finished in 0.00s
[INFO] [stdout] 
[INFO] [stdout] 
[INFO] [stdout] running 7 tests
[INFO] [stderr] error: toolchain 'nightly-2025-03-17-x86_64-unknown-linux-gnu' is not installed
[INFO] [stdout] test v42 ... FAILED
[INFO] [stderr] help: run `rustup toolchain install nightly-2025-03-17-x86_64-unknown-linux-gnu` to install it
[INFO] [stdout] test v46 ... FAILED
[INFO] [stderr] error: toolchain 'nightly-2025-04-19-x86_64-unknown-linux-gnu' is not installed
[INFO] [stderr] help: run `rustup toolchain install nightly-2025-04-19-x86_64-unknown-linux-gnu` to install it
[INFO] [stderr] error: toolchain 'nightly-2025-04-20-x86_64-unknown-linux-gnu' is not installed
[INFO] [stderr] help: run `rustup toolchain install nightly-2025-04-20-x86_64-unknown-linux-gnu` to install it
[INFO] [stderr] error: toolchain 'nightly-2025-05-24-x86_64-unknown-linux-gnu' is not installed
[INFO] [stderr] help: run `rustup toolchain install nightly-2025-05-24-x86_64-unknown-linux-gnu` to install it
[INFO] [stderr] error: toolchain 'nightly-2025-03-24-x86_64-unknown-linux-gnu' is not installed
[INFO] [stderr] help: run `rustup toolchain install nightly-2025-03-24-x86_64-unknown-linux-gnu` to install it
[INFO] [stdout] test v43 ... FAILED
[INFO] [stderr] error: toolchain 'nightly-2025-06-19-x86_64-unknown-linux-gnu' is not installed
[INFO] [stderr] help: run `rustup toolchain install nightly-2025-06-19-x86_64-unknown-linux-gnu` to install it
[INFO] [stdout] test v44 ... FAILED
[INFO] [stderr] error: toolchain 'nightly-2025-06-21-x86_64-unknown-linux-gnu' is not installed
[INFO] [stderr] help: run `rustup toolchain install nightly-2025-06-21-x86_64-unknown-linux-gnu` to install it
[INFO] [stdout] test v48 ... FAILED
[INFO] [stdout] test v49 ... FAILED
[INFO] [stdout] test v45 ... FAILED
[INFO] [stdout] 
[INFO] [stdout] failures:
[INFO] [stdout] 
[INFO] [stdout] ---- v42 stdout ----
[INFO] [stdout] 
[INFO] [stdout] thread 'v42' (1108) panicked at tests/utils/json.rs:91:5:
[INFO] [stdout] failed to generate Rustdoc JSON, run with `INSTALL_TOOLCHAINS=1` to auto-install toolchains
[INFO] [stdout] stack backtrace:
[INFO] [stdout]    0:     0x610cea30cac1 - <<std[617be2ca0a6fd877]::sys::backtrace::BacktraceLock>::print::DisplayBacktrace as core[a373ad73a504971]::fmt::Display>::fmt
[INFO] [stdout]    1:     0x610cea322e2a - core[a373ad73a504971]::fmt::write
[INFO] [stdout]    2:     0x610cea3111fc - <alloc[2e1b2a31b91974c5]::vec::Vec<u8> as core[a373ad73a504971]::io::write::Write>::write_fmt
[INFO] [stdout]    3:     0x610cea2e81c6 - std[617be2ca0a6fd877]::panicking::default_hook::{closure#0}
[INFO] [stdout]    4:     0x610cea305099 - std[617be2ca0a6fd877]::panicking::default_hook
[INFO] [stdout]    5:     0x610cea1a5710 - test[aada8e7e76ba119b]::test_main_inner::{closure#0}
[INFO] [stdout]    6:     0x610cea305252 - std[617be2ca0a6fd877]::panicking::panic_with_hook
[INFO] [stdout]    7:     0x610cea2e82a4 - std[617be2ca0a6fd877]::panicking::panic_handler::{closure#0}
[INFO] [stdout]    8:     0x610cea2e09f9 - std[617be2ca0a6fd877]::sys::backtrace::__rust_end_short_backtrace::<std[617be2ca0a6fd877]::panicking::panic_handler::{closure#0}, !>
[INFO] [stdout]    9:     0x610cea2e8f8d - __rustc[ea4f61d10b84890b]::rust_begin_unwind
[INFO] [stdout]   10:     0x610cea32360c - core[a373ad73a504971]::panicking::panic_fmt
[INFO] [stdout]   11:     0x610cea18b808 - migrate[e7fddb69bedec254]::utils::json::generate_and_migrate_to::<&str>
[INFO] [stdout]   12:     0x610cea1913a8 - <migrate[e7fddb69bedec254]::v42::{closure#0} as core[a373ad73a504971]::ops::function::FnOnce<()>>::call_once
[INFO] [stdout]   13:     0x610cea198b5b - test[aada8e7e76ba119b]::__rust_begin_short_backtrace::<core[a373ad73a504971]::result::Result<(), alloc[2e1b2a31b91974c5]::string::String>, fn() -> core[a373ad73a504971]::result::Result<(), alloc[2e1b2a31b91974c5]::string::String>>
[INFO] [stdout]   14:     0x610cea1a5d35 - test[aada8e7e76ba119b]::run_test::{closure#0}
[INFO] [stdout]   15:     0x610cea19f624 - std[617be2ca0a6fd877]::sys::backtrace::__rust_begin_short_backtrace::<test[aada8e7e76ba119b]::run_test::{closure#1}, ()>
[INFO] [stdout]   16:     0x610cea1a8dc2 - <std[617be2ca0a6fd877]::thread::lifecycle::spawn_unchecked<test[aada8e7e76ba119b]::run_test::{closure#1}, ()>::{closure#1} as core[a373ad73a504971]::ops::function::FnOnce<()>>::call_once::{shim:vtable#0}
[INFO] [stdout]   17:     0x610cea30c31f - <std[617be2ca0a6fd877]::sys::thread::unix::Thread>::new::thread_start
[INFO] [stdout]   18:     0x7941c0fb5dfa - <unknown>
[INFO] [stdout]   19:     0x7941c10493d4 - clone
[INFO] [stdout]   20:                0x0 - <unknown>
[INFO] [stdout] 
[INFO] [stdout] ---- v46 stdout ----
[INFO] [stdout] 
[INFO] [stdout] thread 'v46' (1112) panicked at tests/utils/json.rs:91:5:
[INFO] [stdout] failed to generate Rustdoc JSON, run with `INSTALL_TOOLCHAINS=1` to auto-install toolchains
[INFO] [stdout] stack backtrace:
[INFO] [stdout]    0:     0x610cea30cac1 - <<std[617be2ca0a6fd877]::sys::backtrace::BacktraceLock>::print::DisplayBacktrace as core[a373ad73a504971]::fmt::Display>::fmt
[INFO] [stdout]    1:     0x610cea322e2a - core[a373ad73a504971]::fmt::write
[INFO] [stdout]    2:     0x610cea3111fc - <alloc[2e1b2a31b91974c5]::vec::Vec<u8> as core[a373ad73a504971]::io::write::Write>::write_fmt
[INFO] [stdout]    3:     0x610cea2e81c6 - std[617be2ca0a6fd877]::panicking::default_hook::{closure#0}
[INFO] [stdout]    4:     0x610cea305099 - std[617be2ca0a6fd877]::panicking::default_hook
[INFO] [stdout]    5:     0x610cea1a5710 - test[aada8e7e76ba119b]::test_main_inner::{closure#0}
[INFO] [stdout]    6:     0x610cea305252 - std[617be2ca0a6fd877]::panicking::panic_with_hook
[INFO] [stdout]    7:     0x610cea2e82a4 - std[617be2ca0a6fd877]::panicking::panic_handler::{closure#0}
[INFO] [stdout]    8:     0x610cea2e09f9 - std[617be2ca0a6fd877]::sys::backtrace::__rust_end_short_backtrace::<std[617be2ca0a6fd877]::panicking::panic_handler::{closure#0}, !>
[INFO] [stdout]    9:     0x610cea2e8f8d - __rustc[ea4f61d10b84890b]::rust_begin_unwind
[INFO] [stdout]   10:     0x610cea32360c - core[a373ad73a504971]::panicking::panic_fmt
[INFO] [stdout]   11:     0x610cea18b808 - migrate[e7fddb69bedec254]::utils::json::generate_and_migrate_to::<&str>
[INFO] [stdout]   12:     0x610cea194038 - <migrate[e7fddb69bedec254]::v46::{closure#0} as core[a373ad73a504971]::ops::function::FnOnce<()>>::call_once
[INFO] [stdout]   13:     0x610cea198b5b - test[aada8e7e76ba119b]::__rust_begin_short_backtrace::<core[a373ad73a504971]::result::Result<(), alloc[2e1b2a31b91974c5]::string::String>, fn() -> core[a373ad73a504971]::result::Result<(), alloc[2e1b2a31b91974c5]::string::String>>
[INFO] [stdout]   14:     0x610cea1a5d35 - test[aada8e7e76ba119b]::run_test::{closure#0}
[INFO] [stdout]   15:     0x610cea19f624 - std[617be2ca0a6fd877]::sys::backtrace::__rust_begin_short_backtrace::<test[aada8e7e76ba119b]::run_test::{closure#1}, ()>
[INFO] [stdout]   16:     0x610cea1a8dc2 - <std[617be2ca0a6fd877]::thread::lifecycle::spawn_unchecked<test[aada8e7e76ba119b]::run_test::{closure#1}, ()>::{closure#1} as core[a373ad73a504971]::ops::function::FnOnce<()>>::call_once::{shim:vtable#0}
[INFO] [stdout]   17:     0x610cea30c31f - <std[617be2ca0a6fd877]::sys::thread::unix::Thread>::new::thread_start
[INFO] [stdout]   18:     0x7941c0fb5dfa - <unknown>
[INFO] [stdout]   19:     0x7941c10493d4 - clone
[INFO] [stdout]   20:                0x0 - <unknown>
[INFO] [stdout] 
[INFO] [stdout] ---- v43 stdout ----
[INFO] [stdout] 
[INFO] [stdout] thread 'v43' (1109) panicked at tests/utils/json.rs:91:5:
[INFO] [stdout] failed to generate Rustdoc JSON, run with `INSTALL_TOOLCHAINS=1` to auto-install toolchains
[INFO] [stdout] stack backtrace:
[INFO] [stdout]    0:     0x610cea30cac1 - <<std[617be2ca0a6fd877]::sys::backtrace::BacktraceLock>::print::DisplayBacktrace as core[a373ad73a504971]::fmt::Display>::fmt
[INFO] [stdout]    1:     0x610cea322e2a - core[a373ad73a504971]::fmt::write
[INFO] [stdout]    2:     0x610cea3111fc - <alloc[2e1b2a31b91974c5]::vec::Vec<u8> as core[a373ad73a504971]::io::write::Write>::write_fmt
[INFO] [stdout]    3:     0x610cea2e81c6 - std[617be2ca0a6fd877]::panicking::default_hook::{closure#0}
[INFO] [stdout]    4:     0x610cea305099 - std[617be2ca0a6fd877]::panicking::default_hook
[INFO] [stdout]    5:     0x610cea1a5710 - test[aada8e7e76ba119b]::test_main_inner::{closure#0}
[INFO] [stdout]    6:     0x610cea305252 - std[617be2ca0a6fd877]::panicking::panic_with_hook
[INFO] [stdout]    7:     0x610cea2e82a4 - std[617be2ca0a6fd877]::panicking::panic_handler::{closure#0}
[INFO] [stdout]    8:     0x610cea2e09f9 - std[617be2ca0a6fd877]::sys::backtrace::__rust_end_short_backtrace::<std[617be2ca0a6fd877]::panicking::panic_handler::{closure#0}, !>
[INFO] [stdout]    9:     0x610cea2e8f8d - __rustc[ea4f61d10b84890b]::rust_begin_unwind
[INFO] [stdout]   10:     0x610cea32360c - core[a373ad73a504971]::panicking::panic_fmt
[INFO] [stdout]   11:     0x610cea18b808 - migrate[e7fddb69bedec254]::utils::json::generate_and_migrate_to::<&str>
[INFO] [stdout]   12:     0x610cea193341 - <migrate[e7fddb69bedec254]::v43::{closure#0} as core[a373ad73a504971]::ops::function::FnOnce<()>>::call_once
[INFO] [stdout]   13:     0x610cea198b5b - test[aada8e7e76ba119b]::__rust_begin_short_backtrace::<core[a373ad73a504971]::result::Result<(), alloc[2e1b2a31b91974c5]::string::String>, fn() -> core[a373ad73a504971]::result::Result<(), alloc[2e1b2a31b91974c5]::string::String>>
[INFO] [stdout]   14:     0x610cea1a5d35 - test[aada8e7e76ba119b]::run_test::{closure#0}
[INFO] [stdout]   15:     0x610cea19f624 - std[617be2ca0a6fd877]::sys::backtrace::__rust_begin_short_backtrace::<test[aada8e7e76ba119b]::run_test::{closure#1}, ()>
[INFO] [stdout]   16:     0x610cea1a8dc2 - <std[617be2ca0a6fd877]::thread::lifecycle::spawn_unchecked<test[aada8e7e76ba119b]::run_test::{closure#1}, ()>::{closure#1} as core[a373ad73a504971]::ops::function::FnOnce<()>>::call_once::{shim:vtable#0}
[INFO] [stdout]   17:     0x610cea30c31f - <std[617be2ca0a6fd877]::sys::thread::unix::Thread>::new::thread_start
[INFO] [stdout]   18:     0x7941c0fb5dfa - <unknown>
[INFO] [stdout]   19:     0x7941c10493d4 - clone
[INFO] [stdout]   20:                0x0 - <unknown>
[INFO] [stdout] 
[INFO] [stdout] ---- v44 stdout ----
[INFO] [stdout] 
[INFO] [stdout] thread 'v44' (1110) panicked at tests/utils/json.rs:91:5:
[INFO] [stdout] failed to generate Rustdoc JSON, run with `INSTALL_TOOLCHAINS=1` to auto-install toolchains
[INFO] [stdout] stack backtrace:
[INFO] [stdout]    0:     0x610cea30cac1 - <<std[617be2ca0a6fd877]::sys::backtrace::BacktraceLock>::print::DisplayBacktrace as core[a373ad73a504971]::fmt::Display>::fmt
[INFO] [stdout]    1:     0x610cea322e2a - core[a373ad73a504971]::fmt::write
[INFO] [stdout]    2:     0x610cea3111fc - <alloc[2e1b2a31b91974c5]::vec::Vec<u8> as core[a373ad73a504971]::io::write::Write>::write_fmt
[INFO] [stdout]    3:     0x610cea2e81c6 - std[617be2ca0a6fd877]::panicking::default_hook::{closure#0}
[INFO] [stdout]    4:     0x610cea305099 - std[617be2ca0a6fd877]::panicking::default_hook
[INFO] [stdout]    5:     0x610cea1a5710 - test[aada8e7e76ba119b]::test_main_inner::{closure#0}
[INFO] [stdout]    6:     0x610cea305252 - std[617be2ca0a6fd877]::panicking::panic_with_hook
[INFO] [stdout]    7:     0x610cea2e82a4 - std[617be2ca0a6fd877]::panicking::panic_handler::{closure#0}
[INFO] [stdout]    8:     0x610cea2e09f9 - std[617be2ca0a6fd877]::sys::backtrace::__rust_end_short_backtrace::<std[617be2ca0a6fd877]::panicking::panic_handler::{closure#0}, !>
[INFO] [stdout]    9:     0x610cea2e8f8d - __rustc[ea4f61d10b84890b]::rust_begin_unwind
[INFO] [stdout]   10:     0x610cea32360c - core[a373ad73a504971]::panicking::panic_fmt
[INFO] [stdout]   11:     0x610cea18b808 - migrate[e7fddb69bedec254]::utils::json::generate_and_migrate_to::<&str>
[INFO] [stdout]   12:     0x610cea1935c5 - <migrate[e7fddb69bedec254]::v44::{closure#0} as core[a373ad73a504971]::ops::function::FnOnce<()>>::call_once
[INFO] [stdout]   13:     0x610cea198b5b - test[aada8e7e76ba119b]::__rust_begin_short_backtrace::<core[a373ad73a504971]::result::Result<(), alloc[2e1b2a31b91974c5]::string::String>, fn() -> core[a373ad73a504971]::result::Result<(), alloc[2e1b2a31b91974c5]::string::String>>
[INFO] [stdout]   14:     0x610cea1a5d35 - test[aada8e7e76ba119b]::run_test::{closure#0}
[INFO] [stdout]   15:     0x610cea19f624 - std[617be2ca0a6fd877]::sys::backtrace::__rust_begin_short_backtrace::<test[aada8e7e76ba119b]::run_test::{closure#1}, ()>
[INFO] [stderr] error: test failed, to rerun pass `--test migrate`
[INFO] [stdout]   16:     0x610cea1a8dc2 - <std[617be2ca0a6fd877]::thread::lifecycle::spawn_unchecked<test[aada8e7e76ba119b]::run_test::{closure#1}, ()>::{closure#1} as core[a373ad73a504971]::ops::function::FnOnce<()>>::call_once::{shim:vtable#0}
[INFO] [stdout]   17:     0x610cea30c31f - <std[617be2ca0a6fd877]::sys::thread::unix::Thread>::new::thread_start
[INFO] [stdout]   18:     0x7941c0fb5dfa - <unknown>
[INFO] [stdout]   19:     0x7941c10493d4 - clone
[INFO] [stdout]   20:                0x0 - <unknown>
[INFO] [stdout] 
[INFO] [stdout] ---- v48 stdout ----
[INFO] [stdout] 
[INFO] [stdout] thread 'v48' (1115) panicked at tests/utils/json.rs:91:5:
[INFO] [stdout] failed to generate Rustdoc JSON, run with `INSTALL_TOOLCHAINS=1` to auto-install toolchains
[INFO] [stdout] stack backtrace:
[INFO] [stdout]    0:     0x610cea30cac1 - <<std[617be2ca0a6fd877]::sys::backtrace::BacktraceLock>::print::DisplayBacktrace as core[a373ad73a504971]::fmt::Display>::fmt
[INFO] [stdout]    1:     0x610cea322e2a - core[a373ad73a504971]::fmt::write
[INFO] [stdout]    2:     0x610cea3111fc - <alloc[2e1b2a31b91974c5]::vec::Vec<u8> as core[a373ad73a504971]::io::write::Write>::write_fmt
[INFO] [stdout]    3:     0x610cea2e81c6 - std[617be2ca0a6fd877]::panicking::default_hook::{closure#0}
[INFO] [stdout]    4:     0x610cea305099 - std[617be2ca0a6fd877]::panicking::default_hook
[INFO] [stdout]    5:     0x610cea1a5710 - test[aada8e7e76ba119b]::test_main_inner::{closure#0}
[INFO] [stdout]    6:     0x610cea305252 - std[617be2ca0a6fd877]::panicking::panic_with_hook
[INFO] [stdout]    7:     0x610cea2e82a4 - std[617be2ca0a6fd877]::panicking::panic_handler::{closure#0}
[INFO] [stdout]    8:     0x610cea2e09f9 - std[617be2ca0a6fd877]::sys::backtrace::__rust_end_short_backtrace::<std[617be2ca0a6fd877]::panicking::panic_handler::{closure#0}, !>
[INFO] [stdout]    9:     0x610cea2e8f8d - __rustc[ea4f61d10b84890b]::rust_begin_unwind
[INFO] [stdout]   10:     0x610cea32360c - core[a373ad73a504971]::panicking::panic_fmt
[INFO] [stdout]   11:     0x610cea18b808 - migrate[e7fddb69bedec254]::utils::json::generate_and_migrate_to::<&str>
[INFO] [stdout]   12:     0x610cea195118 - <migrate[e7fddb69bedec254]::v48::{closure#0} as core[a373ad73a504971]::ops::function::FnOnce<()>>::call_once
[INFO] [stdout]   13:     0x610cea198b5b - test[aada8e7e76ba119b]::__rust_begin_short_backtrace::<core[a373ad73a504971]::result::Result<(), alloc[2e1b2a31b91974c5]::string::String>, fn() -> core[a373ad73a504971]::result::Result<(), alloc[2e1b2a31b91974c5]::string::String>>
[INFO] [stdout]   14:     0x610cea1a5d35 - test[aada8e7e76ba119b]::run_test::{closure#0}
[INFO] [stdout]   15:     0x610cea19f624 - std[617be2ca0a6fd877]::sys::backtrace::__rust_begin_short_backtrace::<test[aada8e7e76ba119b]::run_test::{closure#1}, ()>
[INFO] [stdout]   16:     0x610cea1a8dc2 - <std[617be2ca0a6fd877]::thread::lifecycle::spawn_unchecked<test[aada8e7e76ba119b]::run_test::{closure#1}, ()>::{closure#1} as core[a373ad73a504971]::ops::function::FnOnce<()>>::call_once::{shim:vtable#0}
[INFO] [stdout]   17:     0x610cea30c31f - <std[617be2ca0a6fd877]::sys::thread::unix::Thread>::new::thread_start
[INFO] [stdout]   18:     0x7941c0fb5dfa - <unknown>
[INFO] [stdout]   19:     0x7941c10493d4 - clone
[INFO] [stdout]   20:                0x0 - <unknown>
[INFO] [stdout] 
[INFO] [stdout] ---- v49 stdout ----
[INFO] [stdout] 
[INFO] [stdout] thread 'v49' (1116) panicked at tests/utils/json.rs:91:5:
[INFO] [stdout] failed to generate Rustdoc JSON, run with `INSTALL_TOOLCHAINS=1` to auto-install toolchains
[INFO] [stdout] stack backtrace:
[INFO] [stdout]    0:     0x610cea30cac1 - <<std[617be2ca0a6fd877]::sys::backtrace::BacktraceLock>::print::DisplayBacktrace as core[a373ad73a504971]::fmt::Display>::fmt
[INFO] [stdout]    1:     0x610cea322e2a - core[a373ad73a504971]::fmt::write
[INFO] [stdout]    2:     0x610cea3111fc - <alloc[2e1b2a31b91974c5]::vec::Vec<u8> as core[a373ad73a504971]::io::write::Write>::write_fmt
[INFO] [stdout]    3:     0x610cea2e81c6 - std[617be2ca0a6fd877]::panicking::default_hook::{closure#0}
[INFO] [stdout]    4:     0x610cea305099 - std[617be2ca0a6fd877]::panicking::default_hook
[INFO] [stdout]    5:     0x610cea1a5710 - test[aada8e7e76ba119b]::test_main_inner::{closure#0}
[INFO] [stdout]    6:     0x610cea305252 - std[617be2ca0a6fd877]::panicking::panic_with_hook
[INFO] [stdout]    7:     0x610cea2e82a4 - std[617be2ca0a6fd877]::panicking::panic_handler::{closure#0}
[INFO] [stdout]    8:     0x610cea2e09f9 - std[617be2ca0a6fd877]::sys::backtrace::__rust_end_short_backtrace::<std[617be2ca0a6fd877]::panicking::panic_handler::{closure#0}, !>
[INFO] [stdout]    9:     0x610cea2e8f8d - __rustc[ea4f61d10b84890b]::rust_begin_unwind
[INFO] [stdout]   10:     0x610cea32360c - core[a373ad73a504971]::panicking::panic_fmt
[INFO] [stdout]   11:     0x610cea18b808 - migrate[e7fddb69bedec254]::utils::json::generate_and_migrate_to::<&str>
[INFO] [stdout]   12:     0x610cea1961f3 - <migrate[e7fddb69bedec254]::v49::{closure#0} as core[a373ad73a504971]::ops::function::FnOnce<()>>::call_once
[INFO] [stdout]   13:     0x610cea198b5b - test[aada8e7e76ba119b]::__rust_begin_short_backtrace::<core[a373ad73a504971]::result::Result<(), alloc[2e1b2a31b91974c5]::string::String>, fn() -> core[a373ad73a504971]::result::Result<(), alloc[2e1b2a31b91974c5]::string::String>>
[INFO] [stdout]   14:     0x610cea1a5d35 - test[aada8e7e76ba119b]::run_test::{closure#0}
[INFO] [stdout]   15:     0x610cea19f624 - std[617be2ca0a6fd877]::sys::backtrace::__rust_begin_short_backtrace::<test[aada8e7e76ba119b]::run_test::{closure#1}, ()>
[INFO] [stdout]   16:     0x610cea1a8dc2 - <std[617be2ca0a6fd877]::thread::lifecycle::spawn_unchecked<test[aada8e7e76ba119b]::run_test::{closure#1}, ()>::{closure#1} as core[a373ad73a504971]::ops::function::FnOnce<()>>::call_once::{shim:vtable#0}
[INFO] [stdout]   17:     0x610cea30c31f - <std[617be2ca0a6fd877]::sys::thread::unix::Thread>::new::thread_start
[INFO] [stdout]   18:     0x7941c0fb5dfa - <unknown>
[INFO] [stdout]   19:     0x7941c10493d4 - clone
[INFO] [stdout]   20:                0x0 - <unknown>
[INFO] [stdout] 
[INFO] [stdout] ---- v45 stdout ----
[INFO] [stdout] 
[INFO] [stdout] thread 'v45' (1111) panicked at tests/utils/json.rs:91:5:
[INFO] [stdout] failed to generate Rustdoc JSON, run with `INSTALL_TOOLCHAINS=1` to auto-install toolchains
[INFO] [stdout] stack backtrace:
[INFO] [stdout]    0:     0x610cea30cac1 - <<std[617be2ca0a6fd877]::sys::backtrace::BacktraceLock>::print::DisplayBacktrace as core[a373ad73a504971]::fmt::Display>::fmt
[INFO] [stdout]    1:     0x610cea322e2a - core[a373ad73a504971]::fmt::write
[INFO] [stdout]    2:     0x610cea3111fc - <alloc[2e1b2a31b91974c5]::vec::Vec<u8> as core[a373ad73a504971]::io::write::Write>::write_fmt
[INFO] [stdout]    3:     0x610cea2e81c6 - std[617be2ca0a6fd877]::panicking::default_hook::{closure#0}
[INFO] [stdout]    4:     0x610cea305099 - std[617be2ca0a6fd877]::panicking::default_hook
[INFO] [stdout]    5:     0x610cea1a5710 - test[aada8e7e76ba119b]::test_main_inner::{closure#0}
[INFO] [stdout]    6:     0x610cea305252 - std[617be2ca0a6fd877]::panicking::panic_with_hook
[INFO] [stdout]    7:     0x610cea2e82a4 - std[617be2ca0a6fd877]::panicking::panic_handler::{closure#0}
[INFO] [stdout]    8:     0x610cea2e09f9 - std[617be2ca0a6fd877]::sys::backtrace::__rust_end_short_backtrace::<std[617be2ca0a6fd877]::panicking::panic_handler::{closure#0}, !>
[INFO] [stdout]    9:     0x610cea2e8f8d - __rustc[ea4f61d10b84890b]::rust_begin_unwind
[INFO] [stdout]   10:     0x610cea32360c - core[a373ad73a504971]::panicking::panic_fmt
[INFO] [stdout]   11:     0x610cea18b808 - migrate[e7fddb69bedec254]::utils::json::generate_and_migrate_to::<&str>
[INFO] [stdout]   12:     0x610cea193b58 - <migrate[e7fddb69bedec254]::v45::{closure#0} as core[a373ad73a504971]::ops::function::FnOnce<()>>::call_once
[INFO] [stdout]   13:     0x610cea198b5b - test[aada8e7e76ba119b]::__rust_begin_short_backtrace::<core[a373ad73a504971]::result::Result<(), alloc[2e1b2a31b91974c5]::string::String>, fn() -> core[a373ad73a504971]::result::Result<(), alloc[2e1b2a31b91974c5]::string::String>>
[INFO] [stdout]   14:     0x610cea1a5d35 - test[aada8e7e76ba119b]::run_test::{closure#0}
[INFO] [stdout]   15:     0x610cea19f624 - std[617be2ca0a6fd877]::sys::backtrace::__rust_begin_short_backtrace::<test[aada8e7e76ba119b]::run_test::{closure#1}, ()>
[INFO] [stdout]   16:     0x610cea1a8dc2 - <std[617be2ca0a6fd877]::thread::lifecycle::spawn_unchecked<test[aada8e7e76ba119b]::run_test::{closure#1}, ()>::{closure#1} as core[a373ad73a504971]::ops::function::FnOnce<()>>::call_once::{shim:vtable#0}
[INFO] [stdout]   17:     0x610cea30c31f - <std[617be2ca0a6fd877]::sys::thread::unix::Thread>::new::thread_start
[INFO] [stdout]   18:     0x7941c0fb5dfa - <unknown>
[INFO] [stdout]   19:     0x7941c10493d4 - clone
[INFO] [stdout]   20:                0x0 - <unknown>
[INFO] [stdout] 
[INFO] [stdout] 
[INFO] [stdout] failures:
[INFO] [stdout]     v42
[INFO] [stdout]     v43
[INFO] [stdout]     v44
[INFO] [stdout]     v45
[INFO] [stdout]     v46
[INFO] [stdout]     v48
[INFO] [stdout]     v49
[INFO] [stdout] 
[INFO] [stdout] test result: FAILED. 0 passed; 7 failed; 0 ignored; 0 measured; 0 filtered out; finished in 0.05s
[INFO] [stdout] 
[INFO] running `Command { std: "docker" "inspect" "630e5943d8076773f8987984da3c17b4f3333966a0db626d1f7b3da283da63b6", kill_on_drop: false }`
[INFO] running `Command { std: "docker" "rm" "-f" "630e5943d8076773f8987984da3c17b4f3333966a0db626d1f7b3da283da63b6", kill_on_drop: false }`
[INFO] [stdout] 630e5943d8076773f8987984da3c17b4f3333966a0db626d1f7b3da283da63b6
