[INFO] fetching crate midnight-proofs 0.8.3...
[INFO] testing midnight-proofs-0.8.3 against 1.99.0-beta.8+cargoflags=--release for beta-release-1.100-2
[INFO] extracting crate midnight-proofs 0.8.3 into /workspace/builds/worker-7-tc1/source
[INFO] started tweaking crates.io crate midnight-proofs 0.8.3
[INFO] removed 0 missing examples
[INFO] removed 0 missing tests
[INFO] finished tweaking crates.io crate midnight-proofs 0.8.3
[INFO] tweaked toml for crates.io crate midnight-proofs 0.8.3 written to /workspace/builds/worker-7-tc1/source/Cargo.toml
[INFO] validating manifest of crates.io crate midnight-proofs 0.8.3 on toolchain 1.99.0-beta.8
[INFO] running `Command { std: CARGO_HOME="/workspace/cargo-home" RUSTUP_HOME="/workspace/rustup-home" "/workspace/cargo-home/bin/cargo" "+1.99.0-beta.8" "metadata" "--manifest-path" "Cargo.toml" "--no-deps", kill_on_drop: false }`
[INFO] crate crates.io crate midnight-proofs 0.8.3 already has a lockfile, it will not be regenerated
[INFO] running `Command { std: CARGO_HOME="/workspace/cargo-home" RUSTUP_HOME="/workspace/rustup-home" "/workspace/cargo-home/bin/cargo" "+1.99.0-beta.8" "fetch" "--manifest-path" "Cargo.toml", kill_on_drop: false }`
[INFO] [stderr]     Updating crates.io index
[INFO] [stderr]  Downloading crates ...
[INFO] [stderr]   Downloaded tabbycat v0.1.2
[INFO] [stderr]   Downloaded derive_builder_core v0.9.0
[INFO] [stderr]   Downloaded derive_builder v0.9.0
[INFO] [stderr]   Downloaded serde_arrays v0.2.0
[INFO] [stderr]   Downloaded rand_xorshift v0.3.0
[INFO] [stderr]   Downloaded pairing v0.23.0
[INFO] [stderr]   Downloaded midnight-curves v0.3.1
[INFO] [stderr]   Downloaded halo2derive v0.2.0
[INFO] [stderr]   Downloaded blake2b_simd v1.0.5
[INFO] running `Command { std: "docker" "create" "-v" "/var/lib/crater-agent-workspace/builds/worker-7-tc1/source:/opt/rustwide/workdir:ro,Z" "-v" "/var/lib/crater-agent-workspace/builds/worker-7-tc1/target:/opt/rustwide/target:rw,Z" "-v" "/var/lib/crater-agent-workspace/cargo-home:/opt/rustwide/cargo-home:ro,Z" "-v" "/var/lib/crater-agent-workspace/rustup-home:/opt/rustwide/rustup-home:ro,Z" "-m" "1610612736" "--network" "none" "ghcr.io/rust-lang/crates-build-env/linux@sha256:77db811e55d90add9212f6832c23229e3de5f1c1f9905e8cb07319ea15df73ac" "sleep" "infinity", kill_on_drop: false }`
[INFO] [stdout] 9d55402201f91ada62b33aab6b6d81a7aab309c353380efd75ad32afbadef38b
[INFO] running `Command { std: "docker" "start" "9d55402201f91ada62b33aab6b6d81a7aab309c353380efd75ad32afbadef38b", kill_on_drop: false }`
[INFO] running `Command { std: "docker" "inspect" "9d55402201f91ada62b33aab6b6d81a7aab309c353380efd75ad32afbadef38b", kill_on_drop: false }`
[INFO] running `Command { std: "docker" "exec" "-e" "SOURCE_DIR=/opt/rustwide/workdir" "-e" "CARGO_HOME=/opt/rustwide/cargo-home" "-e" "RUSTUP_HOME=/opt/rustwide/rustup-home" "-e" "CARGO_TARGET_DIR=/opt/rustwide/target" "-w" "/opt/rustwide/workdir" "--user" "0:0" "9d55402201f91ada62b33aab6b6d81a7aab309c353380efd75ad32afbadef38b" "/opt/rustwide/cargo-home/bin/cargo" "+1.99.0-beta.8" "metadata" "--no-deps" "--format-version=1", kill_on_drop: false }`
[INFO] running `Command { std: "docker" "inspect" "9d55402201f91ada62b33aab6b6d81a7aab309c353380efd75ad32afbadef38b", kill_on_drop: false }`
[INFO] running `Command { std: "docker" "exec" "-e" "SOURCE_DIR=/opt/rustwide/workdir" "-e" "CARGO_HOME=/opt/rustwide/cargo-home" "-e" "RUSTUP_HOME=/opt/rustwide/rustup-home" "-e" "CARGO_TARGET_DIR=/opt/rustwide/target" "-e" "CARGO_INCREMENTAL=0" "-e" "RUST_BACKTRACE=full" "-e" "RUSTFLAGS=--cap-lints=warn" "-e" "RUSTDOCFLAGS=--cap-lints=warn" "-w" "/opt/rustwide/workdir" "--user" "0:0" "9d55402201f91ada62b33aab6b6d81a7aab309c353380efd75ad32afbadef38b" "/opt/rustwide/cargo-home/bin/cargo" "+1.99.0-beta.8" "build" "--frozen" "--message-format=json" "--release", kill_on_drop: false }`
[INFO] [stderr]    Compiling syn v2.0.119
[INFO] [stderr]    Compiling typenum v1.20.1
[INFO] [stderr]    Compiling radium v0.7.0
[INFO] [stderr]    Compiling tap v1.0.1
[INFO] [stderr]    Compiling funty v2.0.0
[INFO] [stderr]    Compiling syn v3.0.6
[INFO] [stderr]    Compiling generic-array v0.14.9
[INFO] [stderr]    Compiling num-traits v0.2.19
[INFO] [stderr]    Compiling getrandom v0.2.17
[INFO] [stderr]    Compiling cc v1.5.1
[INFO] [stderr]    Compiling zerocopy v0.8.59
[INFO] [stderr]    Compiling num_cpus v1.17.0
[INFO] [stderr]    Compiling curve25519-dalek v4.1.3
[INFO] [stderr]    Compiling either v1.18.0
[INFO] [stderr]    Compiling byte-slice-cast v1.2.3
[INFO] [stderr]    Compiling blake2b_simd v1.0.5
[INFO] [stderr]    Compiling wyz v0.5.1
[INFO] [stderr]    Compiling rand_core v0.6.4
[INFO] [stderr]    Compiling threadpool v1.8.1
[INFO] [stderr]    Compiling rayon v1.12.0
[INFO] [stderr]    Compiling itertools v0.14.0
[INFO] [stderr]    Compiling rand v0.8.8
[INFO] [stderr]    Compiling rand_xorshift v0.3.0
[INFO] [stderr]    Compiling bitvec v1.1.1
[INFO] [stderr]    Compiling num-integer v0.1.47
[INFO] [stderr]    Compiling num-bigint v0.4.8
[INFO] [stderr]    Compiling blst v0.3.17
[INFO] [stderr]    Compiling serde_derive v1.0.229
[INFO] [stderr]    Compiling ff v0.13.1
[INFO] [stderr]    Compiling group v0.13.0
[INFO] [stderr]    Compiling pairing v0.23.0
[INFO] [stderr]    Compiling serde v1.0.229
[INFO] [stderr]    Compiling zeroize_derive v1.5.0
[INFO] [stderr]    Compiling curve25519-dalek-derive v0.1.1
[INFO] [stderr]    Compiling tracing-attributes v0.1.31
[INFO] [stderr]    Compiling hex v0.4.3
[INFO] [stderr]    Compiling serde_arrays v0.2.0
[INFO] [stderr]    Compiling zeroize v1.9.0
[INFO] [stderr]    Compiling ppv-lite86 v0.2.21
[INFO] [stderr]    Compiling der v0.7.10
[INFO] [stderr]    Compiling tracing v0.1.44
[INFO] [stderr]    Compiling rand_chacha v0.3.1
[INFO] [stderr]    Compiling crypto-bigint v0.5.5
[INFO] [stderr]    Compiling block-buffer v0.10.4
[INFO] [stderr]    Compiling crypto-common v0.1.6
[INFO] [stderr]    Compiling digest v0.10.7
[INFO] [stderr]    Compiling sha2 v0.10.9
[INFO] [stderr]    Compiling sec1 v0.7.3
[INFO] [stderr]    Compiling elliptic-curve v0.13.8
[INFO] [stderr]    Compiling primeorder v0.13.6
[INFO] [stderr]    Compiling k256 v0.13.4
[INFO] [stderr]    Compiling p256 v0.13.2
[INFO] [stderr]    Compiling midnight-curves v0.3.1
[INFO] [stderr]    Compiling midnight-proofs v0.8.3 (/opt/rustwide/workdir)
[INFO] [stderr]     Finished `release` profile [optimized] target(s) in 48.60s
[INFO] running `Command { std: "docker" "inspect" "9d55402201f91ada62b33aab6b6d81a7aab309c353380efd75ad32afbadef38b", kill_on_drop: false }`
[INFO] running `Command { std: "docker" "exec" "-e" "SOURCE_DIR=/opt/rustwide/workdir" "-e" "CARGO_HOME=/opt/rustwide/cargo-home" "-e" "RUSTUP_HOME=/opt/rustwide/rustup-home" "-e" "CARGO_TARGET_DIR=/opt/rustwide/target" "-e" "CARGO_INCREMENTAL=0" "-e" "RUST_BACKTRACE=full" "-e" "RUSTFLAGS=--cap-lints=warn" "-e" "RUSTDOCFLAGS=--cap-lints=warn" "-w" "/opt/rustwide/workdir" "--user" "0:0" "9d55402201f91ada62b33aab6b6d81a7aab309c353380efd75ad32afbadef38b" "/opt/rustwide/cargo-home/bin/cargo" "+1.99.0-beta.8" "test" "--frozen" "--no-run" "--message-format=json" "--release", kill_on_drop: false }`
[INFO] [stderr]    Compiling zerocopy v0.8.59
[INFO] [stderr]    Compiling serde v1.0.229
[INFO] [stderr]    Compiling getrandom v0.2.17
[INFO] [stderr]    Compiling getrandom v0.3.4
[INFO] [stderr]    Compiling rustix v1.1.5
[INFO] [stderr]    Compiling zerocopy-derive v0.8.59
[INFO] [stderr]    Compiling bitflags v2.13.2
[INFO] [stderr]    Compiling getrandom v0.4.3
[INFO] [stderr]    Compiling clap_lex v1.1.1
[INFO] [stderr]    Compiling plotters-backend v0.3.7
[INFO] [stderr]    Compiling ciborium-io v0.2.2
[INFO] [stderr]    Compiling serde_json v1.0.151
[INFO] [stderr]    Compiling regex-automata v0.4.18
[INFO] [stderr]    Compiling wait-timeout v0.2.1
[INFO] [stderr]    Compiling itertools v0.13.0
[INFO] [stderr]    Compiling cast v0.3.0
[INFO] [stderr]    Compiling bit-vec v0.8.0
[INFO] [stderr]    Compiling rand_core v0.6.4
[INFO] [stderr]    Compiling rand_core v0.9.5
[INFO] [stderr]    Compiling clap_builder v4.6.7
[INFO] [stderr]    Compiling quick-error v1.2.3
[INFO] [stderr]    Compiling oorandom v11.1.5
[INFO] [stderr]    Compiling plotters-svg v0.3.7
[INFO] [stderr]    Compiling rand_xorshift v0.3.0
[INFO] [stderr]    Compiling ff v0.13.1
[INFO] [stderr]    Compiling crypto-bigint v0.5.5
[INFO] [stderr]    Compiling bit-set v0.8.0
[INFO] [stderr]    Compiling rand_xorshift v0.4.0
[INFO] [stderr]    Compiling rand v0.9.5
[INFO] [stderr]    Compiling plotters v0.3.7
[INFO] [stderr]    Compiling anes v0.1.6
[INFO] [stderr]    Compiling unarray v0.1.4
[INFO] [stderr]    Compiling assert_matches v1.5.0
[INFO] [stderr]    Compiling hex v0.4.3
[INFO] [stderr]    Compiling serde_arrays v0.2.0
[INFO] [stderr]    Compiling criterion-plot v0.6.0
[INFO] [stderr]    Compiling tinytemplate v1.2.1
[INFO] [stderr]    Compiling regex v1.13.1
[INFO] [stderr]    Compiling tempfile v3.27.0
[INFO] [stderr]    Compiling rusty-fork v0.3.1
[INFO] [stderr]    Compiling clap v4.6.7
[INFO] [stderr]    Compiling ppv-lite86 v0.2.21
[INFO] [stderr]    Compiling half v2.7.1
[INFO] [stderr]    Compiling rand_chacha v0.3.1
[INFO] [stderr]    Compiling rand_chacha v0.9.0
[INFO] [stderr]    Compiling proptest v1.11.0
[INFO] [stderr]    Compiling ciborium-ll v0.2.2
[INFO] [stderr]    Compiling rand v0.8.8
[INFO] [stderr]    Compiling ciborium v0.2.2
[INFO] [stderr]    Compiling group v0.13.0
[INFO] [stderr]    Compiling criterion v0.7.0
[INFO] [stderr]    Compiling elliptic-curve v0.13.8
[INFO] [stderr]    Compiling curve25519-dalek v4.1.3
[INFO] [stderr]    Compiling pairing v0.23.0
[INFO] [stderr]    Compiling primeorder v0.13.6
[INFO] [stderr]    Compiling k256 v0.13.4
[INFO] [stderr]    Compiling p256 v0.13.2
[INFO] [stderr]    Compiling midnight-curves v0.3.1
[INFO] [stderr]    Compiling midnight-proofs v0.8.3 (/opt/rustwide/workdir)
[INFO] [stderr]     Finished `release` profile [optimized] target(s) in 1m 53s
[INFO] running `Command { std: "docker" "inspect" "9d55402201f91ada62b33aab6b6d81a7aab309c353380efd75ad32afbadef38b", kill_on_drop: false }`
[INFO] running `Command { std: "docker" "exec" "-e" "SOURCE_DIR=/opt/rustwide/workdir" "-e" "CARGO_HOME=/opt/rustwide/cargo-home" "-e" "RUSTUP_HOME=/opt/rustwide/rustup-home" "-e" "CARGO_TARGET_DIR=/opt/rustwide/target" "-e" "CARGO_INCREMENTAL=0" "-e" "RUST_BACKTRACE=full" "-e" "RUSTFLAGS=--cap-lints=warn" "-e" "RUSTDOCFLAGS=--cap-lints=warn" "-w" "/opt/rustwide/workdir" "--user" "0:0" "9d55402201f91ada62b33aab6b6d81a7aab309c353380efd75ad32afbadef38b" "/opt/rustwide/cargo-home/bin/cargo" "+1.99.0-beta.8" "test" "--frozen" "--release", kill_on_drop: false }`
[INFO] [stderr]     Finished `release` profile [optimized] target(s) in 0.24s
[INFO] [stderr]      Running unittests src/lib.rs (/opt/rustwide/target/release/deps/midnight_proofs-decc93b873a7814b)
[INFO] [stdout] 
[INFO] [stdout] running 27 tests
[INFO] [stdout] test circuit::table_layouter::tests::table_no_default ... ok
[INFO] [stdout] test dev::tests::unassigned_cell ... ok
[INFO] [stdout] test circuit::table_layouter::tests::table_reuse_column ... ok
[INFO] [stdout] test circuit::floor_planner::v1::tests::not_enough_columns_for_constants ... ok
[INFO] [stdout] test plonk::circuit::tests::iter_product ... ok
[INFO] [stdout] test circuit::floor_planner::v1::strategy::test_slot_in ... ok
[INFO] [stdout] test plonk::circuit::tests::iter_sum ... ok
[INFO] [stdout] test circuit::table_layouter::tests::table_uneven_columns ... ok
[INFO] [stdout] test circuit::table_layouter::tests::table_overwrite_default ... ok
[INFO] [stdout] test utils::arithmetic::test_lagrange_interpolate ... ok
[INFO] [stdout] test utils::rational::tests::add_rational_to_inv0_rational ... ok
[INFO] [stdout] test utils::rational::tests::add_trivial_to_inv0_rational ... ok
[INFO] [stdout] test dev::cost_model::tests::check_correct_computation_k ... ok
[INFO] [stdout] test dev::tests::contraint_unsatisfied ... ok
[INFO] [stdout] test dev::tests::bad_fixed_lookup ... ok
[INFO] [stdout] test dev::tests::bad_lookup_any ... ok
[INFO] [stdout] test utils::rational::proptests::operation_commutativity ... ok
[INFO] [stdout] test utils::rational::tests::sub_rational_from_inv0_rational ... ok
[INFO] [stdout] test utils::rational::tests::mul_rational_by_inv0_rational ... ok
[INFO] [stdout] test utils::rational::tests::sub_trivial_from_inv0_rational ... ok
[INFO] [stdout] test circuit::floor_planner::single_pass::tests::not_enough_columns_for_constants ... ok
[INFO] [stdout] test poly::domain::test_rotate ... ok
[INFO] [stdout] test poly::kzg::tests::test_roundtrip_gwc ... ok
[INFO] [stdout] test poly::domain::test_l_i ... ok
[INFO] [stdout] test poly::kzg::params::test::test_commit_lagrange ... ok
[INFO] [stdout] test poly::kzg::params::test::test_parameter_serialisation_roundtrip ... ok
[INFO] [stderr]      Running tests/plonk_api.rs (/opt/rustwide/target/release/deps/plonk_api-fd993398c37649f1)
[INFO] [stdout] test dev::cost_model::tests::cost_model ... ok
[INFO] [stdout] 
[INFO] [stdout] test result: ok. 27 passed; 0 failed; 0 ignored; 0 measured; 0 filtered out; finished in 0.40s
[INFO] [stdout] 
[INFO] [stdout] 
[INFO] [stdout] running 1 test
[INFO] [stdout] test plonk_api ... ok
[INFO] [stdout] 
[INFO] [stdout] test result: ok. 1 passed; 0 failed; 0 ignored; 0 measured; 0 filtered out; finished in 0.20s
[INFO] [stdout] 
[INFO] [stderr]    Doc-tests midnight_proofs
[INFO] [stdout] 
[INFO] [stdout] running 9 tests
[INFO] [stdout] test src/dev/tfp.rs - dev::tfp::TracingFloorPlanner (line 34) - compile ... ok
[INFO] [stdout] test src/dev/mod.rs - dev::RowSizer (line 605) ... FAILED
[INFO] [stdout] test src/circuit/value.rs - circuit::value::Value<V>::double (line 655) ... ok
[INFO] [stdout] test src/plonk/circuit.rs - plonk::circuit::Selector (line 432) ... ok
[INFO] [stdout] test src/circuit/value.rs - circuit::value::Value<V>::known (line 39) ... ok
[INFO] [stdout] test src/dev/gates.rs - dev::gates::CircuitGates (line 30) ... ok
[INFO] [stdout] test src/plonk/circuit.rs - plonk::circuit::Selector (line 410) ... ok
[INFO] [stdout] test src/plonk/circuit.rs - plonk::circuit::Constraints (line 1539) ... ok
[INFO] [stdout] test src/dev/mod.rs - dev::MockProver (line 183) ... ok
[INFO] [stdout] 
[INFO] [stdout] failures:
[INFO] [stdout] 
[INFO] [stdout] ---- src/dev/mod.rs - dev::RowSizer (line 605) stdout ----
[INFO] [stdout] error[E0437]: type `Params` is not a member of trait `Circuit`
[INFO] [stdout]    --> src/dev/mod.rs:619:5
[INFO] [stdout]     |
[INFO] [stdout] 619 |     type Params = ();
[INFO] [stdout]     |     ^^^^^^^^^^^^^^^^^ not a member of trait `Circuit`
[INFO] [stdout] 
[INFO] [stdout] error: aborting due to 1 previous error
[INFO] [stdout] 
[INFO] [stdout] For more information about this error, try `rustc --explain E0437`.
[INFO] [stdout] Couldn't compile the test.
[INFO] [stdout] 
[INFO] [stdout] failures:
[INFO] [stdout]     src/dev/mod.rs - dev::RowSizer (line 605)
[INFO] [stdout] 
[INFO] [stdout] test result: FAILED. 8 passed; 1 failed; 0 ignored; 0 measured; 0 filtered out; finished in 2.50s
[INFO] [stdout] 
[INFO] [stderr] error: doctest failed, to rerun pass `--doc`
[INFO] running `Command { std: "docker" "inspect" "9d55402201f91ada62b33aab6b6d81a7aab309c353380efd75ad32afbadef38b", kill_on_drop: false }`
[INFO] running `Command { std: "docker" "rm" "-f" "9d55402201f91ada62b33aab6b6d81a7aab309c353380efd75ad32afbadef38b", kill_on_drop: false }`
[INFO] [stdout] 9d55402201f91ada62b33aab6b6d81a7aab309c353380efd75ad32afbadef38b
