[INFO] fetching crate miden-format 0.36.0...
[INFO] testing miden-format-0.36.0 against 1.100.0-beta.1+cargoflags=--release for beta-release-1.100-2
[INFO] extracting crate miden-format 0.36.0 into /workspace/builds/worker-2-tc2/source
[INFO] started tweaking crates.io crate miden-format 0.36.0
[INFO] finished tweaking crates.io crate miden-format 0.36.0
[INFO] tweaked toml for crates.io crate miden-format 0.36.0 written to /workspace/builds/worker-2-tc2/source/Cargo.toml
[INFO] validating manifest of crates.io crate miden-format 0.36.0 on toolchain 1.100.0-beta.1
[INFO] running `Command { std: CARGO_HOME="/workspace/cargo-home" RUSTUP_HOME="/workspace/rustup-home" "/workspace/cargo-home/bin/cargo" "+1.100.0-beta.1" "metadata" "--manifest-path" "Cargo.toml" "--no-deps", kill_on_drop: false }`
[INFO] crate crates.io crate miden-format 0.36.0 already has a lockfile, it will not be regenerated
[INFO] running `Command { std: CARGO_HOME="/workspace/cargo-home" RUSTUP_HOME="/workspace/rustup-home" "/workspace/cargo-home/bin/cargo" "+1.100.0-beta.1" "fetch" "--manifest-path" "Cargo.toml", kill_on_drop: false }`
[INFO] running `Command { std: "docker" "create" "-v" "/var/lib/crater-agent-workspace/builds/worker-2-tc2/source:/opt/rustwide/workdir:ro,Z" "-v" "/var/lib/crater-agent-workspace/builds/worker-2-tc2/target:/opt/rustwide/target:rw,Z" "-v" "/var/lib/crater-agent-workspace/cargo-home:/opt/rustwide/cargo-home:ro,Z" "-v" "/var/lib/crater-agent-workspace/rustup-home:/opt/rustwide/rustup-home:ro,Z" "-m" "1610612736" "--network" "none" "ghcr.io/rust-lang/crates-build-env/linux@sha256:77db811e55d90add9212f6832c23229e3de5f1c1f9905e8cb07319ea15df73ac" "sleep" "infinity", kill_on_drop: false }`
[INFO] [stdout] 033c7d40f475de1b292b775ca643dc2fc6ad1246d5a4a4334920da62c6fb6bbd
[INFO] running `Command { std: "docker" "start" "033c7d40f475de1b292b775ca643dc2fc6ad1246d5a4a4334920da62c6fb6bbd", kill_on_drop: false }`
[INFO] running `Command { std: "docker" "inspect" "033c7d40f475de1b292b775ca643dc2fc6ad1246d5a4a4334920da62c6fb6bbd", kill_on_drop: false }`
[INFO] running `Command { std: "docker" "exec" "-e" "SOURCE_DIR=/opt/rustwide/workdir" "-e" "CARGO_HOME=/opt/rustwide/cargo-home" "-e" "RUSTUP_HOME=/opt/rustwide/rustup-home" "-e" "CARGO_TARGET_DIR=/opt/rustwide/target" "-w" "/opt/rustwide/workdir" "--user" "0:0" "033c7d40f475de1b292b775ca643dc2fc6ad1246d5a4a4334920da62c6fb6bbd" "/opt/rustwide/cargo-home/bin/cargo" "+1.100.0-beta.1" "metadata" "--no-deps" "--format-version=1", kill_on_drop: false }`
[INFO] running `Command { std: "docker" "inspect" "033c7d40f475de1b292b775ca643dc2fc6ad1246d5a4a4334920da62c6fb6bbd", kill_on_drop: false }`
[INFO] running `Command { std: "docker" "exec" "-e" "SOURCE_DIR=/opt/rustwide/workdir" "-e" "CARGO_HOME=/opt/rustwide/cargo-home" "-e" "RUSTUP_HOME=/opt/rustwide/rustup-home" "-e" "CARGO_TARGET_DIR=/opt/rustwide/target" "-e" "CARGO_INCREMENTAL=0" "-e" "RUST_BACKTRACE=full" "-e" "RUSTFLAGS=--cap-lints=warn" "-e" "RUSTDOCFLAGS=--cap-lints=warn" "-w" "/opt/rustwide/workdir" "--user" "0:0" "033c7d40f475de1b292b775ca643dc2fc6ad1246d5a4a4334920da62c6fb6bbd" "/opt/rustwide/cargo-home/bin/cargo" "+1.100.0-beta.1" "build" "--frozen" "--message-format=json" "--release", kill_on_drop: false }`
[INFO] [stderr]    Compiling subtle v2.6.1
[INFO] [stderr]    Compiling zeroize v1.9.0
[INFO] [stderr]    Compiling num-traits v0.2.19
[INFO] [stderr]    Compiling serde v1.0.229
[INFO] [stderr]    Compiling syn v3.0.6
[INFO] [stderr]    Compiling syn v2.0.119
[INFO] [stderr]    Compiling either v1.18.0
[INFO] [stderr]    Compiling p3-maybe-rayon v0.8.0
[INFO] [stderr]    Compiling tracing-core v0.1.36
[INFO] [stderr]    Compiling thiserror v2.0.21
[INFO] [stderr]    Compiling hybrid-array v0.4.15
[INFO] [stderr]    Compiling ctutils v0.4.2
[INFO] [stderr]    Compiling itertools v0.15.0
[INFO] [stderr]    Compiling rand v0.10.3
[INFO] [stderr]    Compiling lock_api v0.4.14
[INFO] [stderr]    Compiling stable_deref_trait v1.2.1
[INFO] [stderr]    Compiling spin v0.12.3
[INFO] [stderr]    Compiling crunchy v0.2.4
[INFO] [stderr]    Compiling crypto-common v0.2.2
[INFO] [stderr]    Compiling block-buffer v0.12.1
[INFO] [stderr]    Compiling tiny-keccak v2.0.2
[INFO] [stderr]    Compiling num-integer v0.1.47
[INFO] [stderr]    Compiling crypto-bigint v0.7.5
[INFO] [stderr]    Compiling der v0.8.2
[INFO] [stderr]    Compiling ff v0.14.0
[INFO] [stderr]    Compiling num-bigint v0.5.1
[INFO] [stderr]    Compiling writeable v0.6.4
[INFO] [stderr]    Compiling digest v0.11.3
[INFO] [stderr]    Compiling cc v1.5.1
[INFO] [stderr]    Compiling hmac v0.13.0
[INFO] [stderr]    Compiling group v0.14.0
[INFO] [stderr]    Compiling spki v0.8.0
[INFO] [stderr]    Compiling wincode v0.6.2
[INFO] [stderr]    Compiling icu_locale_fallback_data v2.3.0
[INFO] [stderr]    Compiling litemap v0.8.3
[INFO] [stderr]    Compiling base16ct v1.0.0
[INFO] [stderr]    Compiling sec1 v0.8.1
[INFO] [stderr]    Compiling pkcs8 v0.11.0
[INFO] [stderr]    Compiling curve25519-dalek v5.0.0
[INFO] [stderr]    Compiling hkdf v0.13.0
[INFO] [stderr]    Compiling signature v3.0.0
[INFO] [stderr]    Compiling inout v0.2.2
[INFO] [stderr]    Compiling synstructure v0.14.0
[INFO] [stderr]    Compiling portable-atomic v1.15.0
[INFO] [stderr]    Compiling icu_segmenter_data v2.3.0
[INFO] [stderr]    Compiling zerocopy v0.8.59
[INFO] [stderr]    Compiling primefield v0.14.0
[INFO] [stderr]    Compiling elliptic-curve v0.14.1
[INFO] [stderr]    Compiling blake3 v1.8.7
[INFO] [stderr]    Compiling wnaf v0.14.1
[INFO] [stderr]    Compiling rfc6979 v0.6.0
[INFO] [stderr]    Compiling cipher v0.5.2
[INFO] [stderr]    Compiling sha2 v0.11.0
[INFO] [stderr]    Compiling universal-hash v0.6.1
[INFO] [stderr]    Compiling num-bigint v0.4.8
[INFO] [stderr]    Compiling spin v0.9.9
[INFO] [stderr]    Compiling miden-field v0.36.0
[INFO] [stderr]    Compiling constant_time_eq v0.4.2
[INFO] [stderr]    Compiling once_cell v1.21.4
[INFO] [stderr]    Compiling chacha20 v0.10.2
[INFO] [stderr]    Compiling tracing-attributes v0.1.31
[INFO] [stderr]    Compiling zerocopy-derive v0.8.59
[INFO] [stderr]    Compiling curve25519-dalek-derive v0.1.1
[INFO] [stderr]    Compiling serde_derive v1.0.229
[INFO] [stderr]    Compiling thiserror-impl v2.0.21
[INFO] [stderr]    Compiling zerofrom-derive v0.1.8
[INFO] [stderr]    Compiling yoke-derive v0.8.4
[INFO] [stderr]    Compiling tracing v0.1.44
[INFO] [stderr]    Compiling zerovec-derive v0.11.6
[INFO] [stderr]    Compiling displaydoc v0.2.7
[INFO] [stderr]    Compiling zerofrom v0.1.8
[INFO] [stderr]    Compiling yoke v0.8.3
[INFO] [stderr]    Compiling num-rational v0.4.2
[INFO] [stderr]    Compiling zerotrie v0.2.5
[INFO] [stderr]    Compiling zerovec v0.11.8
[INFO] [stderr]    Compiling tinystr v0.8.4
[INFO] [stderr]    Compiling potential_utf v0.1.6
[INFO] [stderr]    Compiling icu_locale_core v2.3.0
[INFO] [stderr]    Compiling icu_collections v2.3.0
[INFO] [stderr]    Compiling poly1305 v0.9.1
[INFO] [stderr]    Compiling p3-util v0.8.0
[INFO] [stderr]    Compiling p3-field v0.8.0
[INFO] [stderr]    Compiling primeorder v0.14.0
[INFO] [stderr]    Compiling ecdsa v0.17.0
[INFO] [stderr]    Compiling parking_lot_core v0.9.12
[INFO] [stderr]    Compiling aead v0.6.1
[INFO] [stderr]    Compiling ed25519 v3.0.0
[INFO] [stderr]    Compiling miden-crypto v0.36.0
[INFO] [stderr]    Compiling num-iter v0.1.46
[INFO] [stderr]    Compiling num-complex v0.4.6
[INFO] [stderr]    Compiling keccak v0.2.2
[INFO] [stderr]    Compiling sponge-cursor v0.1.0
[INFO] [stderr]    Compiling smawk v0.3.3
[INFO] [stderr]    Compiling k256 v0.14.0
[INFO] [stderr]    Compiling sha3 v0.12.0
[INFO] [stderr]    Compiling ed25519-dalek v3.0.0
[INFO] [stderr]    Compiling chacha20poly1305 v0.11.0
[INFO] [stderr]    Compiling parking_lot v0.12.5
[INFO] [stderr]    Compiling icu_provider v2.3.1
[INFO] [stderr]    Compiling num v0.4.3
[INFO] [stderr]    Compiling x25519-dalek v3.0.0
[INFO] [stderr]    Compiling miden-miette-derive v8.0.0
[INFO] [stderr]    Compiling miden-crypto-derive v0.36.0
[INFO] [stderr]    Compiling p3-symmetric v0.8.0
[INFO] [stderr]    Compiling p3-matrix v0.8.0
[INFO] [stderr]    Compiling icu_locale_fallback v2.3.0
[INFO] [stderr]    Compiling p3-keccak v0.8.0
[INFO] [stderr]    Compiling p3-challenger v0.8.0
[INFO] [stderr]    Compiling icu_segmenter v2.3.0
[INFO] [stderr]    Compiling miden-stateful-hasher v0.36.0
[INFO] [stderr]    Compiling p3-dft v0.8.0
[INFO] [stderr]    Compiling p3-air v0.8.0
[INFO] [stderr]    Compiling p3-blake3 v0.8.0
[INFO] [stderr]    Compiling ppv-lite86 v0.2.21
[INFO] [stderr]    Compiling p3-mds v0.8.0
[INFO] [stderr]    Compiling miden-stark-transcript v0.36.0
[INFO] [stderr]    Compiling rand_chacha v0.10.0
[INFO] [stderr]    Compiling p3-poseidon2 v0.8.0
[INFO] [stderr]    Compiling p3-poseidon1 v0.8.0
[INFO] [stderr]    Compiling textwrap v0.16.4
[INFO] [stderr]    Compiling flume v0.12.0
[INFO] [stderr]    Compiling p3-goldilocks v0.8.0
[INFO] [stderr]    Compiling miden-lifted-air v0.36.0
[INFO] [stderr]    Compiling serde_spanned v1.1.1
[INFO] [stderr]    Compiling owo-colors v4.4.0
[INFO] [stderr]    Compiling miden-utils-sync v0.36.0
[INFO] [stderr]    Compiling miden-formatting v0.1.1
[INFO] [stderr]    Compiling hashbrown v0.17.1
[INFO] [stderr]    Compiling winnow v1.0.4
[INFO] [stderr]    Compiling miden-serde-utils v0.36.0
[INFO] [stderr]    Compiling miden-lifted-stark v0.36.0
[INFO] [stderr]    Compiling rustc-hash v2.1.3
[INFO] [stderr]    Compiling miden-rowan v0.16.4
[INFO] [stderr]    Compiling miden-utils-indexing v0.36.0
[INFO] [stderr]    Compiling miden-miette v8.0.0
[INFO] [stderr]    Compiling toml_parser v1.1.3+spec-1.1.0
[INFO] [stderr]    Compiling clap_builder v4.6.7
[INFO] [stderr]    Compiling clap_derive v4.6.7
[INFO] [stderr]    Compiling toml_datetime v1.1.1+spec-1.1.0
[INFO] [stderr]    Compiling toml_writer v1.1.2+spec-1.1.0
[INFO] [stderr]    Compiling toml v1.1.6+spec-1.1.0
[INFO] [stderr]    Compiling clap v4.6.7
[INFO] [stderr]    Compiling miden-debug-types v0.36.0
[INFO] [stderr]    Compiling miden-utils-diagnostics v0.36.0
[INFO] [stderr]    Compiling miden-assembly-syntax-cst v0.36.0
[INFO] [stderr]    Compiling miden-format v0.36.0 (/opt/rustwide/workdir)
[INFO] [stderr]     Finished `release` profile [optimized] target(s) in 3m 22s
[INFO] running `Command { std: "docker" "inspect" "033c7d40f475de1b292b775ca643dc2fc6ad1246d5a4a4334920da62c6fb6bbd", kill_on_drop: false }`
[INFO] running `Command { std: "docker" "exec" "-e" "SOURCE_DIR=/opt/rustwide/workdir" "-e" "CARGO_HOME=/opt/rustwide/cargo-home" "-e" "RUSTUP_HOME=/opt/rustwide/rustup-home" "-e" "CARGO_TARGET_DIR=/opt/rustwide/target" "-e" "CARGO_INCREMENTAL=0" "-e" "RUST_BACKTRACE=full" "-e" "RUSTFLAGS=--cap-lints=warn" "-e" "RUSTDOCFLAGS=--cap-lints=warn" "-w" "/opt/rustwide/workdir" "--user" "0:0" "033c7d40f475de1b292b775ca643dc2fc6ad1246d5a4a4334920da62c6fb6bbd" "/opt/rustwide/cargo-home/bin/cargo" "+1.100.0-beta.1" "test" "--frozen" "--no-run" "--message-format=json" "--release", kill_on_drop: false }`
[INFO] [stderr]    Compiling chacha20 v0.10.2
[INFO] [stderr]    Compiling getrandom v0.4.3
[INFO] [stderr]    Compiling smallvec v1.16.2
[INFO] [stderr]    Compiling blake3 v1.8.7
[INFO] [stderr]    Compiling once_cell v1.21.4
[INFO] [stderr]    Compiling miden-crypto v0.36.0
[INFO] [stderr]    Compiling syn v1.0.109
[INFO] [stderr]    Compiling aho-corasick v1.1.5
[INFO] [stderr]    Compiling derive_more-impl v2.1.1
[INFO] [stderr]    Compiling regex-syntax v0.8.11
[INFO] [stderr]    Compiling miden-assembly-syntax v0.36.0
[INFO] [stderr]    Compiling icu_segmenter v2.3.0
[INFO] [stderr]    Compiling parking_lot_core v0.9.12
[INFO] [stderr]    Compiling rand v0.10.3
[INFO] [stderr]    Compiling parking_lot v0.12.5
[INFO] [stderr]    Compiling p3-field v0.8.0
[INFO] [stderr]    Compiling textwrap v0.16.4
[INFO] [stderr]    Compiling chacha20poly1305 v0.11.0
[INFO] [stderr]    Compiling miden-utils-sync v0.36.0
[INFO] [stderr]    Compiling derive_more v2.1.1
[INFO] [stderr]    Compiling miden-miette v8.0.0
[INFO] [stderr]    Compiling semver v1.0.28
[INFO] [stderr]    Compiling tempfile v3.27.0
[INFO] [stderr]    Compiling regex-automata v0.4.18
[INFO] [stderr]    Compiling p3-symmetric v0.8.0
[INFO] [stderr]    Compiling p3-matrix v0.8.0
[INFO] [stderr]    Compiling p3-keccak v0.8.0
[INFO] [stderr]    Compiling p3-challenger v0.8.0
[INFO] [stderr]    Compiling miden-stateful-hasher v0.36.0
[INFO] [stderr]    Compiling p3-blake3 v0.8.0
[INFO] [stderr]    Compiling p3-dft v0.8.0
[INFO] [stderr]    Compiling p3-air v0.8.0
[INFO] [stderr]    Compiling miden-stark-transcript v0.36.0
[INFO] [stderr]    Compiling p3-mds v0.8.0
[INFO] [stderr]    Compiling p3-poseidon2 v0.8.0
[INFO] [stderr]    Compiling p3-poseidon1 v0.8.0
[INFO] [stderr]    Compiling miden-utils-core-derive v0.36.0
[INFO] [stderr]    Compiling p3-goldilocks v0.8.0
[INFO] [stderr]    Compiling miden-lifted-air v0.36.0
[INFO] [stderr]    Compiling miden-serde-utils v0.36.0
[INFO] [stderr]    Compiling miden-lifted-stark v0.36.0
[INFO] [stderr]    Compiling regex v1.13.1
[INFO] [stderr]    Compiling miden-field v0.36.0
[INFO] [stderr]    Compiling miden-utils-indexing v0.36.0
[INFO] [stderr]    Compiling midenc-hir-type v0.18.0
[INFO] [stderr]    Compiling miden-debug-types v0.36.0
[INFO] [stderr]    Compiling miden-utils-diagnostics v0.36.0
[INFO] [stderr]    Compiling miden-core v0.36.0
[INFO] [stderr]    Compiling miden-assembly-syntax-cst v0.36.0
[INFO] [stderr]    Compiling miden-format v0.36.0 (/opt/rustwide/workdir)
[INFO] [stderr]     Finished `release` profile [optimized] target(s) in 2m 42s
[INFO] running `Command { std: "docker" "inspect" "033c7d40f475de1b292b775ca643dc2fc6ad1246d5a4a4334920da62c6fb6bbd", kill_on_drop: false }`
[INFO] running `Command { std: "docker" "exec" "-e" "SOURCE_DIR=/opt/rustwide/workdir" "-e" "CARGO_HOME=/opt/rustwide/cargo-home" "-e" "RUSTUP_HOME=/opt/rustwide/rustup-home" "-e" "CARGO_TARGET_DIR=/opt/rustwide/target" "-e" "CARGO_INCREMENTAL=0" "-e" "RUST_BACKTRACE=full" "-e" "RUSTFLAGS=--cap-lints=warn" "-e" "RUSTDOCFLAGS=--cap-lints=warn" "-w" "/opt/rustwide/workdir" "--user" "0:0" "033c7d40f475de1b292b775ca643dc2fc6ad1246d5a4a4334920da62c6fb6bbd" "/opt/rustwide/cargo-home/bin/cargo" "+1.100.0-beta.1" "test" "--frozen" "--release", kill_on_drop: false }`
[INFO] [stderr]     Finished `release` profile [optimized] target(s) in 0.31s
[INFO] [stderr]      Running unittests src/main.rs (/opt/rustwide/target/release/build/miden-format/bf2a20ad0e5f622c/out/miden_format-bf2a20ad0e5f622c)
[INFO] [stdout] 
[INFO] [stdout] running 49 tests
[INFO] [stdout] test config::tests::toml_config_keeps_indent_size_as_legacy_alias ... ok
[INFO] [stdout] test config::tests::cli_config_accepts_documented_indent_width ... ok
[INFO] [stdout] test formatter::package_visibility_tests::formatting_preserves_package_visibility ... ok
[INFO] [stdout] test config::tests::toml_config_accepts_documented_indent_width ... ok
[INFO] [stdout] test formatter::tests::breaks_grouped_instruction_lines_when_they_overflow ... ok
[INFO] [stdout] test formatter::tests::format_import_module_and_item_forms ... ok
[INFO] [stdout] test formatter::tests::format_import_preserves_comments_inside_item_list ... ok
[INFO] [stdout] test formatter::package_visibility_tests::formatting_preserves_comments_in_visibility_modifiers ... ok
[INFO] [stdout] test formatter::tests::formats_namespace_extern_package_and_submodule_forms ... ok
[INFO] [stdout] test formatter::package_visibility_tests::visibility_comments_follow_procedure_attributes ... ok
[INFO] [stdout] test formatter::tests::format_import_wraps_commented_item_import_from_clause ... ok
[INFO] [stdout] test formatter::tests::formats_top_level_forms_and_anchors_comments ... ok
[INFO] [stdout] test formatter::tests::formatter_is_idempotent_for_representative_sources ... ok
[INFO] [stdout] test formatter::tests::format_import_wraps_long_item_imports_without_breaking_module_paths ... ok
[INFO] [stdout] test formatter::tests::leading_comment_in_procedure_body_is_correctly_placed_when_signature_is_wrapped ... ok
[INFO] [stdout] test formatter::tests::preserves_blank_lines_between_root_comment_blocks ... ok
[INFO] [stdout] test formatter::tests::formats_do_while_loop ... ok
[INFO] [stdout] test formatter::tests::preserves_comments_inside_instruction_token_groups ... ok
[INFO] [stdout] test formatter::tests::formatter_is_idempotent_for_checked_in_masm_corpus ... FAILED
[INFO] [stdout] test formatter::tests::preserves_comments_between_procedure_attributes ... ok
[INFO] [stdout] test formatter::tests::keeps_a_leading_item_doc_off_the_first_line ... ok
[INFO] [stdout] test formatter::tests::keeps_long_const_call_head_with_assignment_when_configured ... ok
[INFO] [stdout] test formatter::tests::preserves_compact_instruction_error_operands ... ok
[INFO] [stdout] test formatter::tests::preserves_space_before_parenthesized_value_expressions ... ok
[INFO] [stdout] test formatter::tests::preserves_root_import_spacing_and_structured_header_comments ... ok
[INFO] [stdout] test formatter::tests::leading_comment_in_procedure_body_is_correctly_placed_when_signature_fits_on_one_line ... ok
[INFO] [stdout] test formatter::tests::wraps_long_const_call_head_on_next_line_by_default ... ok
[INFO] [stdout] test formatter::tests::wraps_long_constants_and_advice_maps ... ok
[INFO] [stdout] test formatter::tests::preserves_stack_comments_after_the_preceding_instruction ... ok
[INFO] [stdout] test formatter::tests::preserves_standalone_body_comments_after_headers ... ok
[INFO] [stdout] test formatter::tests::wrapped_long_imports_do_not_break_on_components ... ok
[INFO] [stdout] test formatter::tests::wraps_long_imports_and_procedure_headers_without_mangling_generic_types ... ok
[INFO] [stdout] test formatter::tests::wraps_long_item_imports_vertically ... ok
[INFO] [stdout] test formatter::tests::preserves_comments_inside_multiline_value_expressions ... ok
[INFO] [stdout] test formatter::tests::preserves_comments_inside_wrapped_procedure_signatures ... ok
[INFO] [stdout] test formatter::tests::preserves_compact_instruction_bracket_suffixes_across_formatting_passes ... ok
[INFO] [stdout] test tests::atomic_replacement_preserves_original_on_write_failure ... ok
[INFO] [stdout] test tests::output_path_uses_original_path_instead_of_source_uri_round_trip ... ok
[INFO] [stdout] test formatter::tests::wraps_long_type_bodies_and_normalizes_multiline_body_comments ... ok
[INFO] [stdout] test formatter::tests::wraps_root_parenthesized_value_expressions ... ok
[INFO] [stdout] test tests::stdout_writer_accepts_broken_pipe_on_flush ... ok
[INFO] [stdout] test tests::stdout_writer_reports_non_broken_pipe_errors ... ok
[INFO] [stdout] test tests::atomic_replacement_overwrites_existing_file ... ok
[INFO] [stdout] test tests::atomic_replacement_rejects_read_only_existing_file ... FAILED
[INFO] [stdout] test tests::parse_diagnostics_include_source_context ... ok
[INFO] [stdout] test tests::stdout_writer_writes_formatted_source ... ok
[INFO] [stdout] test tests::stdout_writer_reports_non_broken_pipe_flush_errors ... ok
[INFO] [stdout] test tests::atomic_replacement_follows_symlinked_source ... ok
[INFO] [stderr] error: test failed, to rerun pass `--bin miden-format`
[INFO] [stdout] test tests::stdout_writer_accepts_broken_pipe ... ok
[INFO] [stdout] 
[INFO] [stdout] failures:
[INFO] [stdout] 
[INFO] [stdout] ---- formatter::tests::formatter_is_idempotent_for_checked_in_masm_corpus stdout ----
[INFO] [stdout] 
[INFO] [stdout] thread 'formatter::tests::formatter_is_idempotent_for_checked_in_masm_corpus' (3297) panicked at src/formatter.rs:1876:37:
[INFO] [stdout] failed to read /opt/crates/lib/core/asm: No such file or directory (os error 2)
[INFO] [stdout] stack backtrace:
[INFO] [stdout]    0:     0x5bba77329c21 - <<std[617be2ca0a6fd877]::sys::backtrace::BacktraceLock>::print::DisplayBacktrace as core[a373ad73a504971]::fmt::Display>::fmt
[INFO] [stdout]    1:     0x5bba7734048a - core[a373ad73a504971]::fmt::write
[INFO] [stdout]    2:     0x5bba7732e12c - <alloc[2e1b2a31b91974c5]::vec::Vec<u8> as core[a373ad73a504971]::io::write::Write>::write_fmt
[INFO] [stdout]    3:     0x5bba77303446 - std[617be2ca0a6fd877]::panicking::default_hook::{closure#0}
[INFO] [stdout]    4:     0x5bba77320bf9 - std[617be2ca0a6fd877]::panicking::default_hook
[INFO] [stdout]    5:     0x5bba771b0530 - test[aada8e7e76ba119b]::test_main_inner::{closure#0}
[INFO] [stdout]    6:     0x5bba77320db2 - std[617be2ca0a6fd877]::panicking::panic_with_hook
[INFO] [stdout]    7:     0x5bba773034f2 - std[617be2ca0a6fd877]::panicking::panic_handler::{closure#0}
[INFO] [stdout]    8:     0x5bba772fbdf9 - std[617be2ca0a6fd877]::sys::backtrace::__rust_end_short_backtrace::<std[617be2ca0a6fd877]::panicking::panic_handler::{closure#0}, !>
[INFO] [stdout]    9:     0x5bba7730439d - __rustc[ea4f61d10b84890b]::rust_begin_unwind
[INFO] [stdout]   10:     0x5bba77340c2c - core[a373ad73a504971]::panicking::panic_fmt
[INFO] [stdout]   11:     0x5bba771628e9 - miden_format[7422dc2dac2b5b21]::formatter::tests::collect_masm_files::{closure#0}
[INFO] [stdout]   12:     0x5bba77162d6a - miden_format[7422dc2dac2b5b21]::formatter::tests::collect_masm_files
[INFO] [stdout]   13:     0x5bba77165788 - <miden_format[7422dc2dac2b5b21]::formatter::tests::formatter_is_idempotent_for_checked_in_masm_corpus::{closure#0} as core[a373ad73a504971]::ops::function::FnOnce<()>>::call_once
[INFO] [stdout]   14:     0x5bba771a397b - test[aada8e7e76ba119b]::__rust_begin_short_backtrace::<core[a373ad73a504971]::result::Result<(), alloc[2e1b2a31b91974c5]::string::String>, fn() -> core[a373ad73a504971]::result::Result<(), alloc[2e1b2a31b91974c5]::string::String>>
[INFO] [stdout]   15:     0x5bba771b0b55 - test[aada8e7e76ba119b]::run_test::{closure#0}
[INFO] [stdout]   16:     0x5bba771aa444 - std[617be2ca0a6fd877]::sys::backtrace::__rust_begin_short_backtrace::<test[aada8e7e76ba119b]::run_test::{closure#1}, ()>
[INFO] [stdout]   17:     0x5bba771b3be2 - <std[617be2ca0a6fd877]::thread::lifecycle::spawn_unchecked<test[aada8e7e76ba119b]::run_test::{closure#1}, ()>::{closure#1} as core[a373ad73a504971]::ops::function::FnOnce<()>>::call_once::{shim:vtable#0}
[INFO] [stdout]   18:     0x5bba77328f0f - <std[617be2ca0a6fd877]::sys::thread::unix::Thread>::new::thread_start
[INFO] [stdout]   19:     0x77d30b474dfa - <unknown>
[INFO] [stdout]   20:     0x77d30b5083d4 - clone
[INFO] [stdout]   21:                0x0 - <unknown>
[INFO] [stdout] 
[INFO] [stdout] ---- tests::atomic_replacement_rejects_read_only_existing_file stdout ----
[INFO] [stdout] 
[INFO] [stdout] thread 'tests::atomic_replacement_rejects_read_only_existing_file' (3324) panicked at src/main.rs:539:14:
[INFO] [stdout] expected read-only source write to fail: ()
[INFO] [stdout] stack backtrace:
[INFO] [stdout]    0:     0x5bba77329c21 - <<std[617be2ca0a6fd877]::sys::backtrace::BacktraceLock>::print::DisplayBacktrace as core[a373ad73a504971]::fmt::Display>::fmt
[INFO] [stdout]    1:     0x5bba7734048a - core[a373ad73a504971]::fmt::write
[INFO] [stdout]    2:     0x5bba7732e12c - <alloc[2e1b2a31b91974c5]::vec::Vec<u8> as core[a373ad73a504971]::io::write::Write>::write_fmt
[INFO] [stdout]    3:     0x5bba77303446 - std[617be2ca0a6fd877]::panicking::default_hook::{closure#0}
[INFO] [stdout]    4:     0x5bba77320bf9 - std[617be2ca0a6fd877]::panicking::default_hook
[INFO] [stdout]    5:     0x5bba771b0530 - test[aada8e7e76ba119b]::test_main_inner::{closure#0}
[INFO] [stdout]    6:     0x5bba77320db2 - std[617be2ca0a6fd877]::panicking::panic_with_hook
[INFO] [stdout]    7:     0x5bba773034f2 - std[617be2ca0a6fd877]::panicking::panic_handler::{closure#0}
[INFO] [stdout]    8:     0x5bba772fbdf9 - std[617be2ca0a6fd877]::sys::backtrace::__rust_end_short_backtrace::<std[617be2ca0a6fd877]::panicking::panic_handler::{closure#0}, !>
[INFO] [stdout]    9:     0x5bba7730439d - __rustc[ea4f61d10b84890b]::rust_begin_unwind
[INFO] [stdout]   10:     0x5bba77340c2c - core[a373ad73a504971]::panicking::panic_fmt
[INFO] [stdout]   11:     0x5bba77340a02 - core[a373ad73a504971]::result::unwrap_failed
[INFO] [stdout]   12:     0x5bba77172b8d - <miden_format[7422dc2dac2b5b21]::tests::atomic_replacement_rejects_read_only_existing_file::{closure#0} as core[a373ad73a504971]::ops::function::FnOnce<()>>::call_once
[INFO] [stdout]   13:     0x5bba771a397b - test[aada8e7e76ba119b]::__rust_begin_short_backtrace::<core[a373ad73a504971]::result::Result<(), alloc[2e1b2a31b91974c5]::string::String>, fn() -> core[a373ad73a504971]::result::Result<(), alloc[2e1b2a31b91974c5]::string::String>>
[INFO] [stdout]   14:     0x5bba771b0b55 - test[aada8e7e76ba119b]::run_test::{closure#0}
[INFO] [stdout]   15:     0x5bba771aa444 - std[617be2ca0a6fd877]::sys::backtrace::__rust_begin_short_backtrace::<test[aada8e7e76ba119b]::run_test::{closure#1}, ()>
[INFO] [stdout]   16:     0x5bba771b3be2 - <std[617be2ca0a6fd877]::thread::lifecycle::spawn_unchecked<test[aada8e7e76ba119b]::run_test::{closure#1}, ()>::{closure#1} as core[a373ad73a504971]::ops::function::FnOnce<()>>::call_once::{shim:vtable#0}
[INFO] [stdout]   17:     0x5bba77328f0f - <std[617be2ca0a6fd877]::sys::thread::unix::Thread>::new::thread_start
[INFO] [stdout]   18:     0x77d30b474dfa - <unknown>
[INFO] [stdout]   19:     0x77d30b5083d4 - clone
[INFO] [stdout]   20:                0x0 - <unknown>
[INFO] [stdout] 
[INFO] [stdout] 
[INFO] [stdout] failures:
[INFO] [stdout]     formatter::tests::formatter_is_idempotent_for_checked_in_masm_corpus
[INFO] [stdout]     tests::atomic_replacement_rejects_read_only_existing_file
[INFO] [stdout] 
[INFO] [stdout] test result: FAILED. 47 passed; 2 failed; 0 ignored; 0 measured; 0 filtered out; finished in 0.02s
[INFO] [stdout] 
[INFO] running `Command { std: "docker" "inspect" "033c7d40f475de1b292b775ca643dc2fc6ad1246d5a4a4334920da62c6fb6bbd", kill_on_drop: false }`
[INFO] running `Command { std: "docker" "rm" "-f" "033c7d40f475de1b292b775ca643dc2fc6ad1246d5a4a4334920da62c6fb6bbd", kill_on_drop: false }`
[INFO] [stdout] 033c7d40f475de1b292b775ca643dc2fc6ad1246d5a4a4334920da62c6fb6bbd
