[INFO] fetching crate miden-assembly-syntax 0.36.0...
[INFO] testing miden-assembly-syntax-0.36.0 against 1.99.0-beta.8+cargoflags=--release for beta-release-1.100-2
[INFO] extracting crate miden-assembly-syntax 0.36.0 into /workspace/builds/worker-6-tc1/source
[INFO] started tweaking crates.io crate miden-assembly-syntax 0.36.0
[INFO] finished tweaking crates.io crate miden-assembly-syntax 0.36.0
[INFO] tweaked toml for crates.io crate miden-assembly-syntax 0.36.0 written to /workspace/builds/worker-6-tc1/source/Cargo.toml
[INFO] validating manifest of crates.io crate miden-assembly-syntax 0.36.0 on toolchain 1.99.0-beta.8
[INFO] running `Command { std: CARGO_HOME="/workspace/cargo-home" RUSTUP_HOME="/workspace/rustup-home" "/workspace/cargo-home/bin/cargo" "+1.99.0-beta.8" "metadata" "--manifest-path" "Cargo.toml" "--no-deps", kill_on_drop: false }`
[INFO] crate crates.io crate miden-assembly-syntax 0.36.0 already has a lockfile, it will not be regenerated
[INFO] running `Command { std: CARGO_HOME="/workspace/cargo-home" RUSTUP_HOME="/workspace/rustup-home" "/workspace/cargo-home/bin/cargo" "+1.99.0-beta.8" "fetch" "--manifest-path" "Cargo.toml", kill_on_drop: false }`
[INFO] [stderr]     Updating crates.io index
[INFO] [stderr]  Downloading crates ...
[INFO] [stderr]   Downloaded inout v0.2.2
[INFO] [stderr]   Downloaded target-tuple v1.0.2
[INFO] [stderr]   Downloaded wincode v0.6.2
[INFO] [stderr]   Downloaded icu_locale_fallback_data v2.3.0
[INFO] [stderr]   Downloaded p3-maybe-rayon v0.8.0
[INFO] [stderr]   Downloaded strip-ansi-escapes v0.2.1
[INFO] [stderr]   Downloaded miden-formatting v0.1.1
[INFO] [stderr]   Downloaded miden-utils-diagnostics v0.36.0
[INFO] [stderr]   Downloaded p3-mds v0.8.0
[INFO] [stderr]   Downloaded miden-stark-transcript v0.36.0
[INFO] [stderr]   Downloaded p3-blake3 v0.8.0
[INFO] [stderr]   Downloaded miden-utils-indexing v0.36.0
[INFO] [stderr]   Downloaded miden-crypto-derive v0.36.0
[INFO] [stderr]   Downloaded wnaf v0.14.1
[INFO] [stderr]   Downloaded miden-serde-utils v0.36.0
[INFO] [stderr]   Downloaded cipher v0.5.2
[INFO] [stderr]   Downloaded smawk v0.3.3
[INFO] [stderr]   Downloaded icu_locale_fallback v2.3.0
[INFO] [stderr]   Downloaded owo-colors v4.4.0
[INFO] [stderr]   Downloaded miden-miette-derive v8.0.0
[INFO] [stderr]   Downloaded p3-symmetric v0.8.0
[INFO] [stderr]   Downloaded miden-utils-sync v0.36.0
[INFO] [stderr]   Downloaded p3-poseidon2 v0.8.0
[INFO] [stderr]   Downloaded spin v0.12.3
[INFO] [stderr]   Downloaded universal-hash v0.6.1
[INFO] [stderr]   Downloaded miden-utils-core-derive v0.36.0
[INFO] [stderr]   Downloaded keccak v0.2.2
[INFO] [stderr]   Downloaded rand_chacha v0.10.0
[INFO] [stderr]   Downloaded p3-keccak v0.8.0
[INFO] [stderr]   Downloaded miden-stateful-hasher v0.36.0
[INFO] [stderr]   Downloaded miden-lifted-air v0.36.0
[INFO] [stderr]   Downloaded miden-field v0.36.0
[INFO] [stderr]   Downloaded aead v0.6.1
[INFO] [stderr]   Downloaded p3-dft v0.8.0
[INFO] [stderr]   Downloaded p3-poseidon1 v0.8.0
[INFO] [stderr]   Downloaded trybuild v1.0.121
[INFO] [stderr]   Downloaded miden-debug-types v0.36.0
[INFO] [stderr]   Downloaded proptest-derive v0.8.0
[INFO] [stderr]   Downloaded midenc-hir-type v0.18.0
[INFO] [stderr]   Downloaded textwrap v0.16.4
[INFO] [stderr]   Downloaded vte v0.14.1
[INFO] [stderr]   Downloaded serdect v0.4.3
[INFO] [stderr]   Downloaded poly1305 v0.9.1
[INFO] [stderr]   Downloaded p3-util v0.8.0
[INFO] [stderr]   Downloaded toml v1.1.6+spec-1.1.0
[INFO] [stderr]   Downloaded generator v0.8.10
[INFO] [stderr]   Downloaded p3-air v0.8.0
[INFO] [stderr]   Downloaded p3-matrix v0.8.0
[INFO] [stderr]   Downloaded chacha20poly1305 v0.11.0
[INFO] [stderr]   Downloaded miden-rowan v0.16.4
[INFO] [stderr]   Downloaded p3-field v0.8.0
[INFO] [stderr]   Downloaded loom v0.7.2
[INFO] [stderr]   Downloaded x25519-dalek v3.0.0
[INFO] [stderr]   Downloaded miden-assembly-syntax-cst v0.36.0
[INFO] [stderr]   Downloaded p3-challenger v0.8.0
[INFO] [stderr]   Downloaded p3-goldilocks v0.8.0
[INFO] [stderr]   Downloaded num-bigint v0.5.1
[INFO] [stderr]   Downloaded miden-miette v8.0.0
[INFO] [stderr]   Downloaded der v0.8.2
[INFO] [stderr]   Downloaded miden-lifted-stark v0.36.0
[INFO] [stderr]   Downloaded sha3 v0.12.0
[INFO] [stderr]   Downloaded miden-core v0.36.0
[INFO] [stderr]   Downloaded miden-crypto v0.36.0
[INFO] [stderr]   Downloaded icu_segmenter_data v2.3.0
[INFO] [stderr]   Downloaded icu_segmenter v2.3.0
[INFO] running `Command { std: "docker" "create" "-v" "/var/lib/crater-agent-workspace/builds/worker-6-tc1/source:/opt/rustwide/workdir:ro,Z" "-v" "/var/lib/crater-agent-workspace/builds/worker-6-tc1/target:/opt/rustwide/target:rw,Z" "-v" "/var/lib/crater-agent-workspace/cargo-home:/opt/rustwide/cargo-home:ro,Z" "-v" "/var/lib/crater-agent-workspace/rustup-home:/opt/rustwide/rustup-home:ro,Z" "-m" "1610612736" "--network" "none" "ghcr.io/rust-lang/crates-build-env/linux@sha256:77db811e55d90add9212f6832c23229e3de5f1c1f9905e8cb07319ea15df73ac" "sleep" "infinity", kill_on_drop: false }`
[INFO] [stdout] b2bb756502196f821b4737067e5997c6c8df7a3bdfe0932f402d63845f533713
[INFO] running `Command { std: "docker" "start" "b2bb756502196f821b4737067e5997c6c8df7a3bdfe0932f402d63845f533713", kill_on_drop: false }`
[INFO] running `Command { std: "docker" "inspect" "b2bb756502196f821b4737067e5997c6c8df7a3bdfe0932f402d63845f533713", kill_on_drop: false }`
[INFO] running `Command { std: "docker" "exec" "-e" "SOURCE_DIR=/opt/rustwide/workdir" "-e" "CARGO_HOME=/opt/rustwide/cargo-home" "-e" "RUSTUP_HOME=/opt/rustwide/rustup-home" "-e" "CARGO_TARGET_DIR=/opt/rustwide/target" "-w" "/opt/rustwide/workdir" "--user" "0:0" "b2bb756502196f821b4737067e5997c6c8df7a3bdfe0932f402d63845f533713" "/opt/rustwide/cargo-home/bin/cargo" "+1.99.0-beta.8" "metadata" "--no-deps" "--format-version=1", kill_on_drop: false }`
[INFO] running `Command { std: "docker" "inspect" "b2bb756502196f821b4737067e5997c6c8df7a3bdfe0932f402d63845f533713", kill_on_drop: false }`
[INFO] running `Command { std: "docker" "exec" "-e" "SOURCE_DIR=/opt/rustwide/workdir" "-e" "CARGO_HOME=/opt/rustwide/cargo-home" "-e" "RUSTUP_HOME=/opt/rustwide/rustup-home" "-e" "CARGO_TARGET_DIR=/opt/rustwide/target" "-e" "CARGO_INCREMENTAL=0" "-e" "RUST_BACKTRACE=full" "-e" "RUSTFLAGS=--cap-lints=warn" "-e" "RUSTDOCFLAGS=--cap-lints=warn" "-w" "/opt/rustwide/workdir" "--user" "0:0" "b2bb756502196f821b4737067e5997c6c8df7a3bdfe0932f402d63845f533713" "/opt/rustwide/cargo-home/bin/cargo" "+1.99.0-beta.8" "build" "--frozen" "--message-format=json" "--release", kill_on_drop: false }`
[INFO] [stderr]    Compiling zeroize v1.9.0
[INFO] [stderr]    Compiling subtle v2.6.1
[INFO] [stderr]    Compiling num-traits v0.2.19
[INFO] [stderr]    Compiling serde v1.0.229
[INFO] [stderr]    Compiling cpufeatures v0.3.1
[INFO] [stderr]    Compiling syn v3.0.6
[INFO] [stderr]    Compiling syn v2.0.119
[INFO] [stderr]    Compiling getrandom v0.4.3
[INFO] [stderr]    Compiling either v1.18.0
[INFO] [stderr]    Compiling ctutils v0.4.2
[INFO] [stderr]    Compiling hybrid-array v0.4.15
[INFO] [stderr]    Compiling tracing-core v0.1.36
[INFO] [stderr]    Compiling thiserror v2.0.21
[INFO] [stderr]    Compiling p3-maybe-rayon v0.8.0
[INFO] [stderr]    Compiling itertools v0.15.0
[INFO] [stderr]    Compiling lock_api v0.4.14
[INFO] [stderr]    Compiling libc v0.2.189
[INFO] [stderr]    Compiling crunchy v0.2.4
[INFO] [stderr]    Compiling crypto-common v0.2.2
[INFO] [stderr]    Compiling block-buffer v0.12.1
[INFO] [stderr]    Compiling inout v0.2.2
[INFO] [stderr]    Compiling spin v0.12.3
[INFO] [stderr]    Compiling tiny-keccak v2.0.2
[INFO] [stderr]    Compiling cpubits v0.1.1
[INFO] [stderr]    Compiling num-integer v0.1.47
[INFO] [stderr]    Compiling crypto-bigint v0.7.5
[INFO] [stderr]    Compiling der v0.8.2
[INFO] [stderr]    Compiling num-bigint v0.5.1
[INFO] [stderr]    Compiling jobserver v0.1.35
[INFO] [stderr]    Compiling cipher v0.5.2
[INFO] [stderr]    Compiling chacha20 v0.10.2
[INFO] [stderr]    Compiling digest v0.11.3
[INFO] [stderr]    Compiling synstructure v0.14.0
[INFO] [stderr]    Compiling rand v0.10.3
[INFO] [stderr]    Compiling ff v0.14.0
[INFO] [stderr]    Compiling writeable v0.6.4
[INFO] [stderr]    Compiling cc v1.5.1
[INFO] [stderr]    Compiling hmac v0.13.0
[INFO] [stderr]    Compiling wincode v0.6.2
[INFO] [stderr]    Compiling serde_derive v1.0.229
[INFO] [stderr]    Compiling thiserror-impl v2.0.21
[INFO] [stderr]    Compiling zerofrom-derive v0.1.8
[INFO] [stderr]    Compiling yoke-derive v0.8.4
[INFO] [stderr]    Compiling zerofrom v0.1.8
[INFO] [stderr]    Compiling zerovec-derive v0.11.6
[INFO] [stderr]    Compiling displaydoc v0.2.7
[INFO] [stderr]    Compiling yoke v0.8.3
[INFO] [stderr]    Compiling group v0.14.0
[INFO] [stderr]    Compiling spki v0.8.0
[INFO] [stderr]    Compiling base16ct v1.0.0
[INFO] [stderr]    Compiling litemap v0.8.3
[INFO] [stderr]    Compiling icu_locale_fallback_data v2.3.0
[INFO] [stderr]    Compiling tracing-attributes v0.1.31
[INFO] [stderr]    Compiling zerotrie v0.2.5
[INFO] [stderr]    Compiling zerovec v0.11.8
[INFO] [stderr]    Compiling sec1 v0.8.1
[INFO] [stderr]    Compiling pkcs8 v0.11.0
[INFO] [stderr]    Compiling hkdf v0.13.0
[INFO] [stderr]    Compiling signature v3.0.0
[INFO] [stderr]    Compiling curve25519-dalek v5.0.0
[INFO] [stderr]    Compiling portable-atomic v1.15.0
[INFO] [stderr]    Compiling zerocopy v0.8.59
[INFO] [stderr]    Compiling tracing v0.1.44
[INFO] [stderr]    Compiling icu_segmenter_data v2.3.0
[INFO] [stderr]    Compiling elliptic-curve v0.14.1
[INFO] [stderr]    Compiling curve25519-dalek-derive v0.1.1
[INFO] [stderr]    Compiling zerocopy-derive v0.8.59
[INFO] [stderr]    Compiling tinystr v0.8.4
[INFO] [stderr]    Compiling icu_locale_core v2.3.0
[INFO] [stderr]    Compiling potential_utf v0.1.6
[INFO] [stderr]    Compiling blake3 v1.8.7
[INFO] [stderr]    Compiling primefield v0.14.0
[INFO] [stderr]    Compiling p3-util v0.8.0
[INFO] [stderr]    Compiling smallvec v1.16.2
[INFO] [stderr]    Compiling icu_collections v2.3.0
[INFO] [stderr]    Compiling wnaf v0.14.1
[INFO] [stderr]    Compiling p3-field v0.8.0
[INFO] [stderr]    Compiling rfc6979 v0.6.0
[INFO] [stderr]    Compiling sha2 v0.11.0
[INFO] [stderr]    Compiling universal-hash v0.6.1
[INFO] [stderr]    Compiling num-bigint v0.4.8
[INFO] [stderr]    Compiling spin v0.9.9
[INFO] [stderr]    Compiling miden-field v0.36.0
[INFO] [stderr]    Compiling constant_time_eq v0.4.2
[INFO] [stderr]    Compiling arrayvec v0.7.8
[INFO] [stderr]    Compiling critical-section v1.2.0
[INFO] [stderr]    Compiling once_cell v1.21.4
[INFO] [stderr]    Compiling icu_provider v2.3.1
[INFO] [stderr]    Compiling p3-symmetric v0.8.0
[INFO] [stderr]    Compiling p3-matrix v0.8.0
[INFO] [stderr]    Compiling p3-keccak v0.8.0
[INFO] [stderr]    Compiling p3-challenger v0.8.0
[INFO] [stderr]    Compiling icu_locale_fallback v2.3.0
[INFO] [stderr]    Compiling p3-dft v0.8.0
[INFO] [stderr]    Compiling p3-air v0.8.0
[INFO] [stderr]    Compiling icu_segmenter v2.3.0
[INFO] [stderr]    Compiling p3-mds v0.8.0
[INFO] [stderr]    Compiling p3-poseidon1 v0.8.0
[INFO] [stderr]    Compiling p3-poseidon2 v0.8.0
[INFO] [stderr]    Compiling miden-stark-transcript v0.36.0
[INFO] [stderr]    Compiling p3-goldilocks v0.8.0
[INFO] [stderr]    Compiling num-rational v0.4.2
[INFO] [stderr]    Compiling miden-stateful-hasher v0.36.0
[INFO] [stderr]    Compiling poly1305 v0.9.1
[INFO] [stderr]    Compiling miden-lifted-air v0.36.0
[INFO] [stderr]    Compiling miden-serde-utils v0.36.0
[INFO] [stderr]    Compiling ecdsa v0.17.0
[INFO] [stderr]    Compiling parking_lot_core v0.9.12
[INFO] [stderr]    Compiling primeorder v0.14.0
[INFO] [stderr]    Compiling ed25519 v3.0.0
[INFO] [stderr]    Compiling miden-crypto v0.36.0
[INFO] [stderr]    Compiling aead v0.6.1
[INFO] [stderr]    Compiling num-iter v0.1.46
[INFO] [stderr]    Compiling num-complex v0.4.6
[INFO] [stderr]    Compiling keccak v0.2.2
[INFO] [stderr]    Compiling sponge-cursor v0.1.0
[INFO] [stderr]    Compiling smawk v0.3.3
[INFO] [stderr]    Compiling textwrap v0.16.4
[INFO] [stderr]    Compiling sha3 v0.12.0
[INFO] [stderr]    Compiling k256 v0.14.0
[INFO] [stderr]    Compiling num v0.4.3
[INFO] [stderr]    Compiling chacha20poly1305 v0.11.0
[INFO] [stderr]    Compiling ed25519-dalek v3.0.0
[INFO] [stderr]    Compiling parking_lot v0.12.5
[INFO] [stderr]    Compiling miden-lifted-stark v0.36.0
[INFO] [stderr]    Compiling p3-blake3 v0.8.0
[INFO] [stderr]    Compiling x25519-dalek v3.0.0
[INFO] [stderr]    Compiling miden-formatting v0.1.1
[INFO] [stderr]    Compiling ppv-lite86 v0.2.21
[INFO] [stderr]    Compiling flume v0.12.0
[INFO] [stderr]    Compiling miden-crypto-derive v0.36.0
[INFO] [stderr]    Compiling rand_chacha v0.10.0
[INFO] [stderr]    Compiling miden-miette-derive v8.0.0
[INFO] [stderr]    Compiling owo-colors v4.4.0
[INFO] [stderr]    Compiling miden-utils-sync v0.36.0
[INFO] [stderr]    Compiling miden-utils-indexing v0.36.0
[INFO] [stderr]    Compiling serde_spanned v1.1.1
[INFO] [stderr]    Compiling syn v1.0.109
[INFO] [stderr]    Compiling aho-corasick v1.1.5
[INFO] [stderr]    Compiling derive_more-impl v2.1.1
[INFO] [stderr]    Compiling rustc-hash v2.1.3
[INFO] [stderr]    Compiling hashbrown v0.17.1
[INFO] [stderr]    Compiling miden-miette v8.0.0
[INFO] [stderr]    Compiling regex-syntax v0.8.11
[INFO] [stderr]    Compiling derive_more v2.1.1
[INFO] [stderr]    Compiling miden-assembly-syntax v0.36.0 (/opt/rustwide/workdir)
[INFO] [stderr]    Compiling midenc-hir-type v0.18.0
[INFO] [stderr]    Compiling miden-rowan v0.16.4
[INFO] [stderr]    Compiling semver v1.0.28
[INFO] [stderr]    Compiling regex-automata v0.4.18
[INFO] [stderr]    Compiling miden-utils-core-derive v0.36.0
[INFO] [stderr]    Compiling miden-debug-types v0.36.0
[INFO] [stderr]    Compiling miden-utils-diagnostics v0.36.0
[INFO] [stderr]    Compiling miden-assembly-syntax-cst v0.36.0
[INFO] [stderr]    Compiling regex v1.13.1
[INFO] [stderr]    Compiling miden-core v0.36.0
[INFO] [stderr]     Finished `release` profile [optimized] target(s) in 4m 03s
[INFO] running `Command { std: "docker" "inspect" "b2bb756502196f821b4737067e5997c6c8df7a3bdfe0932f402d63845f533713", kill_on_drop: false }`
[INFO] running `Command { std: "docker" "exec" "-e" "SOURCE_DIR=/opt/rustwide/workdir" "-e" "CARGO_HOME=/opt/rustwide/cargo-home" "-e" "RUSTUP_HOME=/opt/rustwide/rustup-home" "-e" "CARGO_TARGET_DIR=/opt/rustwide/target" "-e" "CARGO_INCREMENTAL=0" "-e" "RUST_BACKTRACE=full" "-e" "RUSTFLAGS=--cap-lints=warn" "-e" "RUSTDOCFLAGS=--cap-lints=warn" "-w" "/opt/rustwide/workdir" "--user" "0:0" "b2bb756502196f821b4737067e5997c6c8df7a3bdfe0932f402d63845f533713" "/opt/rustwide/cargo-home/bin/cargo" "+1.99.0-beta.8" "test" "--frozen" "--no-run" "--message-format=json" "--release", kill_on_drop: false }`
[INFO] [stderr]    Compiling num-traits v0.2.19
[INFO] [stderr]    Compiling getrandom v0.3.4
[INFO] [stderr]    Compiling aho-corasick v1.1.5
[INFO] [stderr]    Compiling log v0.4.34
[INFO] [stderr]    Compiling jiff-core v0.1.1
[INFO] [stderr]    Compiling serde_json v1.0.151
[INFO] [stderr]    Compiling anstream v1.0.0
[INFO] [stderr]    Compiling yansi v1.0.1
[INFO] [stderr]    Compiling rand_core v0.9.5
[INFO] [stderr]    Compiling diff v0.1.13
[INFO] [stderr]    Compiling unarray v0.1.4
[INFO] [stderr]    Compiling rand_xorshift v0.4.0
[INFO] [stderr]    Compiling rand v0.9.5
[INFO] [stderr]    Compiling rand_chacha v0.9.0
[INFO] [stderr]    Compiling pretty_assertions v1.4.1
[INFO] [stderr]    Compiling num-integer v0.1.47
[INFO] [stderr]    Compiling crypto-bigint v0.7.5
[INFO] [stderr]    Compiling num-complex v0.4.6
[INFO] [stderr]    Compiling proptest v1.11.0
[INFO] [stderr]    Compiling jiff v0.2.37
[INFO] [stderr]    Compiling num-bigint v0.5.1
[INFO] [stderr]    Compiling num-bigint v0.4.8
[INFO] [stderr]    Compiling num-iter v0.1.46
[INFO] [stderr]    Compiling regex-automata v0.4.18
[INFO] [stderr]    Compiling num-rational v0.4.2
[INFO] [stderr]    Compiling p3-field v0.8.0
[INFO] [stderr]    Compiling elliptic-curve v0.14.1
[INFO] [stderr]    Compiling primefield v0.14.0
[INFO] [stderr]    Compiling wnaf v0.14.1
[INFO] [stderr]    Compiling rfc6979 v0.6.0
[INFO] [stderr]    Compiling ecdsa v0.17.0
[INFO] [stderr]    Compiling primeorder v0.14.0
[INFO] [stderr]    Compiling p3-symmetric v0.8.0
[INFO] [stderr]    Compiling p3-matrix v0.8.0
[INFO] [stderr]    Compiling num v0.4.3
[INFO] [stderr]    Compiling regex v1.13.1
[INFO] [stderr]    Compiling p3-keccak v0.8.0
[INFO] [stderr]    Compiling miden-stateful-hasher v0.36.0
[INFO] [stderr]    Compiling k256 v0.14.0
[INFO] [stderr]    Compiling p3-blake3 v0.8.0
[INFO] [stderr]    Compiling p3-challenger v0.8.0
[INFO] [stderr]    Compiling p3-dft v0.8.0
[INFO] [stderr]    Compiling p3-air v0.8.0
[INFO] [stderr]    Compiling p3-mds v0.8.0
[INFO] [stderr]    Compiling miden-stark-transcript v0.36.0
[INFO] [stderr]    Compiling env_filter v2.0.0
[INFO] [stderr]    Compiling p3-poseidon1 v0.8.0
[INFO] [stderr]    Compiling p3-poseidon2 v0.8.0
[INFO] [stderr]    Compiling env_logger v0.11.11
[INFO] [stderr]    Compiling p3-goldilocks v0.8.0
[INFO] [stderr]    Compiling miden-lifted-air v0.36.0
[INFO] [stderr]    Compiling miden-serde-utils v0.36.0
[INFO] [stderr]    Compiling miden-lifted-stark v0.36.0
[INFO] [stderr]    Compiling miden-field v0.36.0
[INFO] [stderr]    Compiling miden-utils-indexing v0.36.0
[INFO] [stderr]    Compiling midenc-hir-type v0.18.0
[INFO] [stderr]    Compiling miden-crypto v0.36.0
[INFO] [stderr]    Compiling miden-debug-types v0.36.0
[INFO] [stderr]    Compiling miden-utils-diagnostics v0.36.0
[INFO] [stderr]    Compiling miden-core v0.36.0
[INFO] [stderr]    Compiling miden-assembly-syntax-cst v0.36.0
[INFO] [stderr]    Compiling miden-assembly-syntax v0.36.0 (/opt/rustwide/workdir)
[INFO] [stderr]     Finished `release` profile [optimized] target(s) in 3m 36s
[INFO] running `Command { std: "docker" "inspect" "b2bb756502196f821b4737067e5997c6c8df7a3bdfe0932f402d63845f533713", kill_on_drop: false }`
[INFO] running `Command { std: "docker" "exec" "-e" "SOURCE_DIR=/opt/rustwide/workdir" "-e" "CARGO_HOME=/opt/rustwide/cargo-home" "-e" "RUSTUP_HOME=/opt/rustwide/rustup-home" "-e" "CARGO_TARGET_DIR=/opt/rustwide/target" "-e" "CARGO_INCREMENTAL=0" "-e" "RUST_BACKTRACE=full" "-e" "RUSTFLAGS=--cap-lints=warn" "-e" "RUSTDOCFLAGS=--cap-lints=warn" "-w" "/opt/rustwide/workdir" "--user" "0:0" "b2bb756502196f821b4737067e5997c6c8df7a3bdfe0932f402d63845f533713" "/opt/rustwide/cargo-home/bin/cargo" "+1.99.0-beta.8" "test" "--frozen" "--release", kill_on_drop: false }`
[INFO] [stderr]     Finished `release` profile [optimized] target(s) in 0.38s
[INFO] [stderr]      Running unittests src/lib.rs (/opt/rustwide/target/release/deps/miden_assembly_syntax-c30f0e94f24f1eb4)
[INFO] [stdout] 
[INFO] [stdout] running 290 tests
[INFO] [stdout] test ast::instruction::debug_var::tests::debug_location_expression_constructor_rejects_oversized_input ... ok
[INFO] [stdout] test ast::instruction::debug_var::tests::debug_location_expression_rejects_unknown_operation ... ok
[INFO] [stdout] test ast::instruction::debug_var::tests::debug_location_expression_wire_encoding_is_stable ... ok
[INFO] [stdout] test ast::instruction::debug_var::tests::debug_var_info_display_simple ... ok
[INFO] [stdout] test ast::instruction::debug_var::tests::debug_var_info_display_with_arg ... ok
[INFO] [stdout] test ast::ident::tests::ident_with_quotes_is_properly_escaped ... ok
[INFO] [stdout] test ast::instruction::debug_var::tests::debug_var_info_display_with_location ... ok
[INFO] [stdout] test ast::instruction::debug_var::tests::debug_var_location_display ... ok
[INFO] [stdout] test ast::instruction::debug_var::tests::debug_var_location_min_serialized_size_matches_shortest_variant ... ok
[INFO] [stdout] test ast::instruction::debug_var::tests::debug_var_location_serialization_round_trip ... ok
[INFO] [stdout] test ast::instruction::debug_var::tests::debug_location_expression_caps_operation_count_before_allocation ... ok
[INFO] [stdout] test ast::instruction::debug_var::tests::debug_var_info_set_value_location ... ok
[INFO] [stdout] test ast::item::resolver::symbol_table::tests::local_symbol_table_duplicate_symbols_have_explicit_behavior ... ok
[INFO] [stdout] test ast::item::index::regression_tests::module_index_try_new_checks_capacity ... ok
[INFO] [stdout] test ast::path::components::tests::absolute_nested_path ... ok
[INFO] [stdout] test ast::path::components::tests::absolute_nested_path_back ... ok
[INFO] [stdout] test ast::path::components::tests::absolute_path ... ok
[INFO] [stdout] test ast::item::resolver::symbol_table::tests::checked_symbols_guard_custom_symbol_table_exact ... ok
[INFO] [stdout] test ast::path::components::tests::nested_path_with_interspersed_quoted_component ... ok
[INFO] [stdout] test ast::path::components::tests::absolute_path_back ... ok
[INFO] [stdout] test ast::path::components::tests::nested_path_with_interspersed_quoted_component_back ... ok
[INFO] [stdout] test ast::path::components::tests::nested_path_with_quoted_component_back ... ok
[INFO] [stdout] test ast::path::components::tests::nested_path_with_quoted_component ... ok
[INFO] [stdout] test ast::path::components::tests::path_with_quoted_component ... ok
[INFO] [stdout] test ast::path::components::tests::path_with_quoted_component_back ... ok
[INFO] [stdout] test ast::path::components::tests::empty_path ... ok
[INFO] [stdout] test ast::path::components::tests::relative_nested_path_back ... ok
[INFO] [stdout] test ast::path::components::tests::empty_path_back ... ok
[INFO] [stdout] test ast::path::components::tests::relative_path_back ... ok
[INFO] [stdout] test ast::path::components::tests::root_prefix_path ... ok
[INFO] [stdout] test ast::path::components::tests::root_prefix_path_back ... ok
[INFO] [stdout] test ast::path::components::tests::special_nested_path ... ok
[INFO] [stdout] test ast::path::components::tests::relative_path ... ok
[INFO] [stdout] test ast::path::components::tests::special_nested_path_back ... ok
[INFO] [stdout] test ast::path::components::tests::special_path ... ok
[INFO] [stdout] test ast::path::components::tests::special_path_back ... ok
[INFO] [stdout] test ast::path::join::tests::test_join_absolute_path_to_path_plain ... ok
[INFO] [stdout] test ast::path::join::tests::test_join_invalid_absolute_path_does_not_panic ... ok
[INFO] [stdout] test ast::path::join::tests::test_join_path_to_absolute_path_quoted ... ok
[INFO] [stdout] test ast::path::join::tests::test_join_path_to_path_plain ... ok
[INFO] [stdout] test ast::path::join::tests::test_join_qualified_proc_name_to_path ... ok
[INFO] [stdout] test ast::path::join::tests::test_join_str_to_path_multi_component_quoted ... ok
[INFO] [stdout] test ast::path::components::tests::relative_nested_path ... ok
[INFO] [stdout] test ast::path::path::tests::test_canonicalize_path_add_required_quoting_to_components_without_delimiter ... ok
[INFO] [stdout] test ast::path::join::tests::test_join_str_to_path_multi_component_unquoted ... ok
[INFO] [stdout] test ast::path::join::tests::test_join_str_to_path_simple ... ok
[INFO] [stdout] test ast::path::join::tests::test_join_path_to_path_quoted ... ok
[INFO] [stdout] test ast::path::path::tests::test_canonicalize_path_exec_is_absolute ... ok
[INFO] [stdout] test ast::path::path::tests::test_canonicalize_path_identity ... ok
[INFO] [stdout] test ast::path::path::tests::test_canonicalize_path_kernel_is_absolute ... ok
[INFO] [stdout] test ast::path::path::tests::test_canonicalize_path_rejects_canonical_result_longer_than_u16_max ... ok
[INFO] [stdout] test ast::path::path::tests::test_canonicalize_path_preserve_necessary_quoting ... ok
[INFO] [stdout] test ast::path::path::tests::test_canonicalize_path_remove_unnecessary_quoting ... ok
[INFO] [stdout] test ast::path::path::tests::test_path_split_with_quotes_and_large_components ... ok
[INFO] [stdout] test ast::attribute::set::tests::attribute_set_rejects_over_budget_len ... ok
[INFO] [stdout] test ast::path::path::tests::test_to_absolute_rejects_invalid_absolute_path_component ... ok
[INFO] [stdout] test ast::path::path::tests::test_to_absolute_rejects_oversized_absolute_result ... ok
[INFO] [stdout] test ast::instruction::print::tests::test_instruction_display ... ok
[INFO] [stdout] test ast::path::path_buf::tests::exec_path ... ok
[INFO] [stdout] test ast::path::path_buf::tests::invalid_path_trailing_delimiter ... ok
[INFO] [stdout] test ast::path::path_buf::tests::mixed_quoted_components_regression ... ok
[INFO] [stdout] test ast::path::path_buf::tests::relative_path_three_components ... ok
[INFO] [stdout] test ast::path::path_buf::tests::relative_path_two_components ... ok
[INFO] [stdout] test ast::path::path_buf::tests::single_component_path ... ok
[INFO] [stdout] test ast::path::path_buf::tests::interspersed_quoted_component ... ok
[INFO] [stdout] test ast::path::path_buf::tests::invalid_path_empty_component ... ok
[INFO] [stdout] test ast::path::path_buf::tests::invalid_path_empty ... ok
[INFO] [stdout] test ast::path::path_buf::tests::kernel_path ... ok
[INFO] [stdout] test ast::path::path_buf::tests::invalid_path_invalid_character ... ok
[INFO] [stdout] test ast::path::path_buf::tests::single_quoted_component ... ok
[INFO] [stdout] test ast::path::path_buf::tests::trailing_quoted_component ... ok
[INFO] [stdout] test ast::r#type::tests::type_expr_conversion_of_a_recursive_struct_terminates ... ok
[INFO] [stdout] test ast::path::path_buf::tests::try_from_string_reuses_canonical_allocation ... ok
[INFO] [stdout] test ast::r#type::tests::type_expr_depth_boundary ... ok
[INFO] [stdout] test ast::r#type::tests::parsed_struct_type_preserves_field_names_through_resolution ... ok
[INFO] [stdout] test ast::r#type::tests::struct_type_expr_render_round_trips_non_default_reprs ... ok
[INFO] [stdout] test ast::tests::assert_parsing_line_extra_param ... ok
[INFO] [stdout] test ast::tests::assert_parsing_line_unmatched_begin ... ok
[INFO] [stdout] test ast::tests::cannot_mem_store_word ... ok
[INFO] [stdout] test ast::r#type::tests::type_expr_from_type_preserves_wide_integer_primitives ... ok
[INFO] [stdout] test ast::tests::locals_max_valid_accepted ... ok
[INFO] [stdout] test ast::tests::assert_parsing_line_invalid_op ... ok
[INFO] [stdout] test ast::tests::assert_parsing_line_unexpected_token ... ok
[INFO] [stdout] test ast::tests::locals_overflow_rejected ... ok
[INFO] [stdout] test ast::tests::test_ast_parsing_adv_injection ... ok
[INFO] [stdout] test ast::tests::test_ast_parsing_bitwise_counters ... ok
[INFO] [stdout] test ast::tests::test_ast_parsing_ilog2 ... ok
[INFO] [stdout] test ast::tests::test_ast_parsing_module ... ok
[INFO] [stdout] test ast::tests::test_ast_parsing_deferred_advice ... ok
[INFO] [stdout] test ast::tests::test_ast_parsing_adv_ops ... ok
[INFO] [stdout] test ast::tests::test_ast_parsing_attributes ... ok
[INFO] [stdout] test ast::tests::test_ast_parsing_module_docs_valid ... ok
[INFO] [stdout] test ast::tests::test_ast_parsing_module_nested_if ... ok
[INFO] [stdout] test ast::tests::test_ast_parsing_program_proc ... ok
[INFO] [stdout] test ast::tests::test_ast_parsing_module_docs_fail ... ok
[INFO] [stdout] test ast::tests::test_ast_parsing_program_push ... ok
[INFO] [stdout] test ast::tests::test_ast_parsing_program_u32 ... ok
[INFO] [stdout] test ast::tests::test_ast_parsing_use ... ok
[INFO] [stdout] test ast::tests::test_ast_parsing_while_if_body ... ok
[INFO] [stdout] test ast::tests::test_conflicting_implied_calling_convention_is_rejected ... ok
[INFO] [stdout] test ast::tests::test_ast_parsing_module_sequential_if ... ok
[INFO] [stdout] test ast::tests::test_ast_parsing_program_simple ... ok
[INFO] [stdout] test ast::tests::test_ast_parsing_simple_docs ... ok
[INFO] [stdout] test ast::tests::test_constant_expr_parentheses_roundtrip_formatting ... ok
[INFO] [stdout] test ast::tests::test_conflicting_protocol_abi_is_rejected ... ok
[INFO] [stdout] test ast::tests::test_function_type_prints_parameter_names ... ok
[INFO] [stdout] test ast::tests::test_enum_declarations ... ok
[INFO] [stdout] test ast::tests::test_event_immediate_roundtrip_formatting ... ok
[INFO] [stdout] test ast::tests::test_implied_call_convention ... ok
[INFO] [stdout] test ast::tests::test_parameter_names_roundtrip_formatting ... ok
[INFO] [stdout] test ast::tests::test_invalid_mapvaln_pad ... ok
[INFO] [stdout] test ast::tests::test_protocol_abi_attribute_forms_imply_calling_convention ... ok
[INFO] [stdout] test ast::tests::test_protocol_abi_conflicting_callconv_in_either_order ... ok
[INFO] [stdout] test ast::tests::test_protocol_abi_key_value_attributes_can_merge ... ok
[INFO] [stdout] test ast::tests::test_locals_attribute_roundtrip_formatting ... ok
[INFO] [stdout] test ast::tests::test_protocol_abi_matching_callconv_in_either_order ... ok
[INFO] [stdout] test ast::tests::test_roundtrip_formatting ... ok
[INFO] [stdout] test ast::tests::test_type_signatures ... ok
[INFO] [stdout] test ast::tests::test_resolved_event_immediate_formatting ... ok
[INFO] [stdout] test ast::tests::test_type_declarations ... ok
[INFO] [stdout] test ast::path::path_buf::tests::try_from_string_canonicalizes_like_str ... ok
[INFO] [stdout] test ast::r#type::tests::type_expr_from_type_preserves_struct_metadata ... ok
[INFO] [stdout] test ast::tests::test_unterminated_if ... ok
[INFO] [stdout] test ast::tests::test_words_roundtrip_formatting ... ok
[INFO] [stdout] test ast::types::signatures::tests::a_bool_is_the_felt_0_or_the_felt_1_and_nothing_else ... ok
[INFO] [stdout] test ast::tests::test_unterminated_proc ... ok
[INFO] [stdout] test ast::types::signatures::tests::a_codec_encodes_its_type_from_one_token ... ok
[INFO] [stdout] test ast::tests::test_use_in_proc_body ... ok
[INFO] [stdout] test ast::types::signatures::tests::a_codec_names_its_type_in_the_signature_whatever_its_fields_look_like ... ok
[INFO] [stdout] test ast::types::signatures::tests::a_builtin_codec_claims_its_type_across_core_type_versions ... ok
[INFO] [stdout] test ast::types::signatures::tests::a_builtin_codec_does_not_claim_a_same_named_type_from_another_interface ... ok
[INFO] [stdout] test ast::types::signatures::tests::a_codec_decodes_its_own_type ... ok
[INFO] [stdout] test ast::types::signatures::tests::a_codec_reads_its_token_for_every_array_element ... ok
[INFO] [stdout] test ast::types::signatures::tests::a_codec_narrower_than_its_type_is_reported ... ok
[INFO] [stdout] test ast::types::signatures::tests::a_codec_rejecting_a_value_reaches_the_caller ... ok
[INFO] [stdout] test ast::types::signatures::tests::a_named_record_decodes_with_its_field_names ... ok
[INFO] [stdout] test ast::types::signatures::tests::a_parameter_that_cannot_be_encoded_names_the_procedure ... ok
[INFO] [stdout] test ast::types::signatures::tests::a_codec_that_disagrees_with_its_type_width_is_rejected ... ok
[INFO] [stdout] test ast::types::signatures::tests::a_recursive_struct_argument_is_refused_rather_than_walked_forever ... ok
[INFO] [stdout] test ast::types::signatures::tests::a_count_that_does_not_fit_a_usize_is_no_count_at_all ... ok
[INFO] [stdout] test ast::types::signatures::tests::a_result_that_cannot_be_decoded_names_the_procedure ... ok
[INFO] [stdout] test ast::types::signatures::tests::a_result_that_takes_no_felts_is_still_a_result ... ok
[INFO] [stdout] test ast::types::signatures::tests::a_short_stack_names_the_procedure_and_both_counts ... ok
[INFO] [stdout] test ast::types::signatures::tests::a_signed_slot_outside_the_range_of_its_type_is_reported ... ok
[INFO] [stdout] test ast::types::signatures::tests::a_tuple_struct_decodes_without_field_names ... ok
[INFO] [stdout] test ast::types::signatures::tests::a_wide_integer_holds_its_low_limb_on_top_of_the_stack ... ok
[INFO] [stdout] test ast::types::signatures::tests::a_type_that_occupies_no_felts_never_reaches_the_stack ... ok
[INFO] [stdout] test ast::types::signatures::tests::an_anonymous_recursive_signature_formats_without_aborting ... ok
[INFO] [stdout] test ast::types::signatures::tests::a_fast_procedure_reads_our_felts_as_a_different_value ... ok
[INFO] [stdout] test ast::types::signatures::tests::a_struct_mixing_named_and_unnamed_fields_is_invalid_type_info ... ok
[INFO] [stdout] test ast::types::signatures::tests::an_anonymous_struct_renders_its_body_instead_of_a_name ... ok
[INFO] [stdout] test ast::types::signatures::tests::an_array_of_elements_that_take_no_felts_is_not_decoded ... ok
[INFO] [stdout] test ast::types::signatures::tests::an_unregistered_scalar_type_falls_back_to_its_fields ... ok
[INFO] [stdout] test ast::types::signatures::tests::an_out_of_range_limb_is_reported_as_malformed ... ok
[INFO] [stdout] test ast::types::signatures::tests::encoding_flattens_aggregate_fields_in_order ... ok
[INFO] [stdout] test ast::types::signatures::tests::integers_round_trip_through_the_stack ... ok
[INFO] [stdout] test ast::types::signatures::tests::aggregates_take_one_token_per_leaf ... ok
[INFO] [stdout] test ast::types::signatures::tests::a_wrong_argument_count_names_the_procedure_and_both_numbers ... ok
[INFO] [stdout] test ast::types::signatures::tests::only_the_canonical_calling_convention_has_the_layout_we_encode ... ok
[INFO] [stdout] test ast::types::signatures::tests::primitive_results_carry_their_type_but_bools_do_not ... ok
[INFO] [stdout] test ast::types::signatures::tests::results_are_sized_by_their_leaves ... ok
[INFO] [stdout] test ast::types::signatures::tests::shapes_without_an_encoding_have_no_token_count ... ok
[INFO] [stdout] test ast::types::signatures::tests::signature_without_results_has_no_arrow ... ok
[INFO] [stdout] test ast::types::signatures::tests::signature_renders_bare_type_names ... ok
[INFO] [stdout] test ast::types::signatures::tests::signature_renders_several_results_as_a_tuple ... ok
[INFO] [stdout] test ast::types::signatures::tests::signature_strips_the_wit_interface_prefix ... ok
[INFO] [stdout] test ast::types::signatures::tests::integers_are_range_checked ... ok
[INFO] [stdout] test parser::cst::fragments::tests::lowers_advice_map_decls_from_cst_tokens ... ok
[INFO] [stdout] test ast::types::signatures::tests::signed_small_integers_fill_their_stack_slot ... ok
[INFO] [stdout] test ast::types::signatures::tests::the_word_codec_reads_one_felt_from_every_eight_bytes_of_the_hex ... ok
[INFO] [stdout] test parser::cst::fragments::tests::lowers_named_type_alias_bodies_from_cst_tokens ... ok
[INFO] [stdout] test parser::cst::fragments::tests::lowers_variadic_type_parameters_in_trailing_position ... ok
[INFO] [stdout] test parser::cst::fragments::tests::rejects_variadic_outside_a_function_signature ... ok
[INFO] [stdout] test ast::types::signatures::tests::u256_has_no_token_or_felt_count ... ok
[INFO] [stdout] test ast::types::signatures::tests::unsigned_small_integers_are_masked_to_their_own_width ... ok
[INFO] [stdout] test parser::cst::fragments::tests::rejects_variadic_type_parameters_out_of_trailing_position ... ok
[INFO] [stdout] test parser::tests::invalid_package_visibility_qualifiers_are_rejected ... ok
[INFO] [stdout] test parser::cst::fragments::tests::lowers_attributes_from_cst_tokens ... ok
[INFO] [stdout] test parser::cst::fragments::tests::lowers_procedure_signatures_from_cst_tokens ... ok
[INFO] [stdout] test parser::tests::control_flow_nesting_depth_exceeded_during_lowering ... ok
[INFO] [stdout] test parser::tests::package_visibility_survives_ast_roundtrip ... ok
[INFO] [stdout] test parser::tests::overlong_path_component_is_rejected_without_panic ... ok
[INFO] [stdout] test parser::tests::parse_doc_comment_trimming ... ok
[INFO] [stdout] test parser::tests::parse_doc_kind_after_leading_line_comment ... ok
[INFO] [stdout] test parser::tests::parse_empty_else_block ... ok
[INFO] [stdout] test parser::tests::parse_extended_instruction_blocks ... ok
[INFO] [stdout] test parser::tests::expression_nesting_limits_are_inclusive ... ok
[INFO] [stdout] test parser::tests::parse_advice_map_and_begin_forms ... ok
[INFO] [stdout] test parser::tests::parse_constant_forms ... ok
[INFO] [stdout] test ast::item::resolver::symbol_table::tests::checked_symbols_rejects_oversized_module ... ok
[INFO] [stdout] test parser::tests::parse_import_accepts_unqualified_module_imports ... ok
[INFO] [stdout] test ast::tests::test_protocol_abi_conflicting_attribute_forms_are_rejected ... ok
[INFO] [stdout] test parser::tests::parse_import_item_group_decl ... ok
[INFO] [stdout] test parser::tests::parse_enum_forms ... ok
[INFO] [stdout] test parser::tests::parse_import_module_decl_alias ... ok
[INFO] [stdout] test parser::tests::parse_import_module_decl_single_segment ... ok
[INFO] [stdout] test parser::tests::parse_import_rejects_pub_module_import ... ok
[INFO] [stdout] test parser::tests::parse_import_public_item_reexport_decl ... ok
[INFO] [stdout] test parser::tests::parse_forms_parses_basic_program_forms ... ok
[INFO] [stdout] test parser::tests::parse_if_false_with_else ... ok
[INFO] [stdout] test parser::tests::parse_forms_lowers_module_surface_declarations ... ok
[INFO] [stdout] test parser::tests::parse_immediate_instruction_blocks ... ok
[INFO] [stdout] test parser::tests::parse_procedure_attributes ... ok
[INFO] [stdout] test parser::tests::parse_procedure_signatures ... ok
[INFO] [stdout] test parser::tests::parse_import_old_arrow_syntax_rejected ... ok
[INFO] [stdout] test parser::tests::parse_import_rejects_source_digest_import_but_allows_direct_digest_target ... ok
[INFO] [stdout] test parser::tests::parse_type_alias_forms ... ok
[INFO] [stdout] test parser::tests::parse_nested_structured_blocks ... ok
[INFO] [stdout] test parser::tests::parse_variadic_procedure_signatures ... ok
[INFO] [stdout] test parser::tests::parse_package_visibility_on_all_declarations ... ok
[INFO] [stdout] test parser::tests::parse_primitive_instruction_blocks ... ok
[INFO] [stdout] test parser::tests::parser_lowers_missing_else_to_empty_block ... ok
[INFO] [stdout] test parser::tests::parser_preserves_immediate_spellings_without_rewrites ... ok
[INFO] [stdout] test parser::tests::parse_string_constant_forms ... ok
[INFO] [stdout] test parser::tests::parse_top_level_form_sequences ... ok
[INFO] [stdout] test parser::tests::parser_accepts_power_of_two_struct_packed_alignment ... ok
[INFO] [stdout] test parser::tests::parser_preserves_explicit_zero_shift_rotate_instructions ... ok
[INFO] [stdout] test parser::tests::parser_preserves_literal_constant_expr_tree ... ok
[INFO] [stdout] test parser::tests::parser_rejects_non_power_of_two_struct_align_alignment ... ok
[INFO] [stdout] test parser::tests::parser_rejects_debug_instructions ... ok
[INFO] [stdout] test parser::tests::parser_rejects_empty_while_blocks ... ok
[INFO] [stdout] test parser::tests::parser_accepts_checked_in_masm_corpus ... FAILED
[INFO] [stdout] test parser::tests::parser_reports_bit_size_errors ... ok
[INFO] [stdout] test parser::tests::parser_rejects_oversized_bit_size_without_panic ... ok
[INFO] [stdout] test parser::tests::parser_reports_attribute_key_value_conflicts ... ok
[INFO] [stdout] test parser::tests::parser_reports_direct_deprecated_memory_word_aliases ... ok
[INFO] [stdout] test parser::tests::parser_reports_direct_deprecated_local_word_aliases ... ok
[INFO] [stdout] test parser::tests::parser_reports_direct_invalid_instruction_syntax ... ok
[INFO] [stdout] test parser::tests::parser_reports_direct_invalid_mast_roots ... ok
[INFO] [stdout] test parser::tests::parser_reports_invalid_advice_map_keys ... ok
[INFO] [stdout] test parser::tests::parser_reports_invalid_struct_repr_from_direct_type_lowering ... ok
[INFO] [stdout] test parser::tests::parser_reports_direct_push_overflow ... ok
[INFO] [stdout] test parser::tests::parser_reports_parse_errors ... ok
[INFO] [stdout] test parser::tests::parser_reports_suffixless_primitive_syntax_errors ... ok
[INFO] [stdout] test parser::tests::parser_reports_direct_invalid_pad_values ... ok
[INFO] [stdout] test parser::tests::parser_reports_stack_immediate_errors ... ok
[INFO] [stdout] test parser::tests::read_modules_from_root_walks_valid_submodule_tree ... ok
[INFO] [stdout] test parser::tests::printed_core_library_modules_parse_again ... FAILED
[INFO] [stdout] test parser::tests::parser_rejects_empty_if_then_without_else ... ok
[INFO] [stdout] test parser::tests::parser_rejects_non_power_of_two_struct_packed_alignment ... ok
[INFO] [stdout] test parser::value::tests::felt_display_preserves_canonical_hex ... ok
[INFO] [stdout] test sema::context::tests::semantic_const_eval_memoizes_shared_subexpressions ... ok
[INFO] [stdout] test sema::tests::deferred_binary_expr_reports_invalid_rhs_operand ... ok
[INFO] [stdout] test sema::tests::docs_import_docstrings_before_imports_and_reexports_warn_and_do_not_attach ... ok
[INFO] [stdout] test sema::tests::empty_enum_still_reports_type_name_conflicts ... ok
[INFO] [stdout] test sema::tests::enum_variant_matching_enum_name_reports_symbol_conflict ... ok
[INFO] [stdout] test sema::tests::explicit_namespace_conflict_still_reports_expected_path ... ok
[INFO] [stdout] test sema::tests::exported_constant_with_private_local_dependency_is_preserved_in_analysis ... ok
[INFO] [stdout] test parser::tests::parser_reports_direct_malformed_push_slice_ranges ... ok
[INFO] [stdout] test sema::tests::explicit_namespace_is_normalized_before_expected_path_check ... ok
[INFO] [stdout] test sema::tests::exported_proc_signature_rejects_private_local_type_via_absolute_path ... ok
[INFO] [stdout] test sema::tests::expected_path_is_used_when_namespace_is_omitted ... ok
[INFO] [stdout] test sema::tests::exported_proc_signature_rejects_private_local_type ... ok
[INFO] [stdout] test sema::tests::name_map_drops_old_name_after_mutable_item_rename ... ok
[INFO] [stdout] test sema::tests::exported_type_alias_rejects_private_type ... ok
[INFO] [stdout] test sema::tests::name_map_detects_conflict_via_define_api ... ok
[INFO] [stdout] test parser::tests::rejects_deeply_nested_binary_constant_expression ... ok
[INFO] [stdout] test sema::tests::name_map_stays_consistent_after_take_items ... ok
[INFO] [stdout] test sema::tests::private_proc_signature_allows_private_local_type ... ok
[INFO] [stdout] test sema::tests::name_map_rebuilds_after_mutable_item_rename ... ok
[INFO] [stdout] test sema::tests::repeat_count_constant_zero_rejected_in_analysis ... ok
[INFO] [stdout] test sema::tests::repeat_count_constant_at_limit_allowed_in_analysis ... ok
[INFO] [stdout] test sema::tests::repeat_count_zero_rejected_in_analysis ... ok
[INFO] [stdout] test sema::tests::sema_import_duplicate_local_names_in_item_group_conflict ... ok
[INFO] [stdout] test sema::tests::repeat_count_too_large_rejected_in_analysis ... ok
[INFO] [stdout] test sema::tests::repeat_count_constant_too_large_rejected_in_analysis ... ok
[INFO] [stdout] test sema::tests::sema_import_item_const_resolves_constant_reference ... ok
[INFO] [stdout] test sema::tests::sema_import_define_items_detect_cross_kind_duplicates_for_all_pairs_and_orders ... ok
[INFO] [stdout] test sema::tests::sema_import_item_import_conflicts_with_module_import_alias ... ok
[INFO] [stdout] test sema::tests::sema_import_item_proc_resolves_unqualified_invocation ... ok
[INFO] [stdout] test sema::tests::sema_import_item_import_conflicts_with_proc_const_type_and_submodule ... ok
[INFO] [stdout] test sema::tests::sema_import_module_alias_resolves_qualified_invocation ... ok
[INFO] [stdout] test sema::tests::sema_import_module_import_rejects_unqualified_const_reference ... ok
[INFO] [stdout] test sema::tests::sema_import_module_import_rejects_unqualified_proc_reference ... ok
[INFO] [stdout] test sema::tests::sema_import_module_import_rejects_unqualified_type_reference ... ok
[INFO] [stdout] test sema::tests::sema_import_multi_segment_module_import_resolves_via_last_segment ... ok
[INFO] [stdout] test sema::tests::sema_import_item_type_resolves_type_reference ... ok
[INFO] [stdout] test sema::tests::sema_import_old_no_brace_item_import_not_usable_as_proc_const_or_type ... ok
[INFO] [stdout] test sema::tests::repeat_count_at_limit_allowed_in_analysis ... ok
[INFO] [stdout] test sema::tests::sema_import_renamed_const_resolves_local_name ... ok
[INFO] [stdout] test sema::tests::sema_import_renamed_proc_resolves_local_name ... ok
[INFO] [stdout] test sema::tests::sema_import_single_segment_module_import_resolves_qualified_invocation ... ok
[INFO] [stdout] test sema::tests::sema_import_unused_grouped_items_warn_on_each_item_local_name_span ... ok
[INFO] [stdout] test sema::tests::sema_import_renamed_type_resolves_local_name ... ok
[INFO] [stdout] test sema::tests::sema_import_unused_module_import_warns_on_local_name_span ... ok
[INFO] [stdout] test sema::tests::sema_import_used_grouped_item_suppresses_only_that_item_warning ... ok
[INFO] [stdout] test sema::tests::sema_import_module_import_alias_conflicts_with_item_import ... ok
[INFO] [stdout] test parser::tests::rejects_deeply_nested_constant_expression ... ok
[INFO] [stdout] test parser::tests::rejects_deeply_nested_type_expression ... ok
[INFO] [stdout] test ast::item::index::regression_tests::too_many_items_in_module_is_rejected_during_analysis ... ok
[INFO] [stdout] 
[INFO] [stdout] failures:
[INFO] [stdout] 
[INFO] [stdout] ---- parser::tests::parser_accepts_checked_in_masm_corpus stdout ----
[INFO] [stdout] 
[INFO] [stdout] thread 'parser::tests::parser_accepts_checked_in_masm_corpus' (3831) panicked at src/parser/tests.rs:51:33:
[INFO] [stdout] failed to read /opt/crates/lib/core/asm: No such file or directory (os error 2)
[INFO] [stdout] stack backtrace:
[INFO] [stdout]    0:     0x585f5b201411 - <<std[70759c8f55707aa4]::sys::backtrace::BacktraceLock>::print::DisplayBacktrace as core[df12db4294e9bfd3]::fmt::Display>::fmt
[INFO] [stdout]    1:     0x585f5b2181ea - core[df12db4294e9bfd3]::fmt::write
[INFO] [stdout]    2:     0x585f5b205b9c - <alloc[2182bb758b4b3781]::vec::Vec<u8> as core[df12db4294e9bfd3]::io::write::Write>::write_fmt
[INFO] [stdout]    3:     0x585f5b1db3f6 - std[70759c8f55707aa4]::panicking::default_hook::{closure#0}
[INFO] [stdout]    4:     0x585f5b1f8a99 - std[70759c8f55707aa4]::panicking::default_hook
[INFO] [stdout]    5:     0x585f5b0f6230 - test[9d35eded1c95d3be]::test_main_inner::<test[9d35eded1c95d3be]::test_main_static::{closure#0}>::{closure#0}
[INFO] [stdout]    6:     0x585f5b1f8c52 - std[70759c8f55707aa4]::panicking::panic_with_hook
[INFO] [stdout]    7:     0x585f5b1db4a2 - std[70759c8f55707aa4]::panicking::panic_handler::{closure#0}
[INFO] [stdout]    8:     0x585f5b1d3ed9 - std[70759c8f55707aa4]::sys::backtrace::__rust_end_short_backtrace::<std[70759c8f55707aa4]::panicking::panic_handler::{closure#0}, !>
[INFO] [stdout]    9:     0x585f5b1dc09d - __rustc[8fa7c3cbc660c2b3]::rust_begin_unwind
[INFO] [stdout]   10:     0x585f5b2189cc - core[df12db4294e9bfd3]::panicking::panic_fmt
[INFO] [stdout]   11:     0x585f5af70159 - miden_assembly_syntax[411323c6226373c4]::parser::tests::collect_masm_files::{closure#0}
[INFO] [stdout]   12:     0x585f5af725aa - miden_assembly_syntax[411323c6226373c4]::parser::tests::collect_masm_files
[INFO] [stdout]   13:     0x585f5af74019 - miden_assembly_syntax[411323c6226373c4]::parser::tests::parser_accepts_checked_in_masm_corpus
[INFO] [stdout]   14:     0x585f5af5f979 - <miden_assembly_syntax[411323c6226373c4]::parser::tests::parser_accepts_checked_in_masm_corpus::{closure#0} as core[df12db4294e9bfd3]::ops::function::FnOnce<()>>::call_once
[INFO] [stdout]   15:     0x585f5b0e951b - test[9d35eded1c95d3be]::__rust_begin_short_backtrace::<core[df12db4294e9bfd3]::result::Result<(), alloc[2182bb758b4b3781]::string::String>, fn() -> core[df12db4294e9bfd3]::result::Result<(), alloc[2182bb758b4b3781]::string::String>>
[INFO] [stdout]   16:     0x585f5b0f6b85 - test[9d35eded1c95d3be]::run_test::{closure#0}
[INFO] [stdout]   17:     0x585f5b0f0444 - std[70759c8f55707aa4]::sys::backtrace::__rust_begin_short_backtrace::<test[9d35eded1c95d3be]::run_test::{closure#1}, ()>
[INFO] [stdout]   18:     0x585f5b0f9ce2 - <std[70759c8f55707aa4]::thread::lifecycle::spawn_unchecked<test[9d35eded1c95d3be]::run_test::{closure#1}, ()>::{closure#1} as core[df12db4294e9bfd3]::ops::function::FnOnce<()>>::call_once::{shim:vtable#0}
[INFO] [stdout]   19:     0x585f5b200759 - <std[70759c8f55707aa4]::sys::thread::unix::Thread>::new::thread_start
[INFO] [stdout]   20:     0x7f90adbcedfa - <unknown>
[INFO] [stdout]   21:     0x7f90adc623d4 - clone
[INFO] [stdout]   22:                0x0 - <unknown>
[INFO] [stdout] 
[INFO] [stdout] ---- parser::tests::printed_core_library_modules_parse_again stdout ----
[INFO] [stdout] 
[INFO] [stdout] thread 'parser::tests::printed_core_library_modules_parse_again' (3857) panicked at src/parser/tests.rs:910:29:
[INFO] [stdout] failed to read the core library:   x invalid root module path '/opt/crates/lib/core/asm/mod.masm': No such file
[INFO] [stdout]   | or directory (os error 2)
[INFO] [stdout] 
[INFO] [stdout] stack backtrace:
[INFO] [stdout]    0:     0x585f5b201411 - <<std[70759c8f55707aa4]::sys::backtrace::BacktraceLock>::print::DisplayBacktrace as core[df12db4294e9bfd3]::fmt::Display>::fmt
[INFO] [stdout]    1:     0x585f5b2181ea - core[df12db4294e9bfd3]::fmt::write
[INFO] [stdout]    2:     0x585f5b205b9c - <alloc[2182bb758b4b3781]::vec::Vec<u8> as core[df12db4294e9bfd3]::io::write::Write>::write_fmt
[INFO] [stdout]    3:     0x585f5b1db3f6 - std[70759c8f55707aa4]::panicking::default_hook::{closure#0}
[INFO] [stdout]    4:     0x585f5b1f8a99 - std[70759c8f55707aa4]::panicking::default_hook
[INFO] [stdout]    5:     0x585f5b0f6230 - test[9d35eded1c95d3be]::test_main_inner::<test[9d35eded1c95d3be]::test_main_static::{closure#0}>::{closure#0}
[INFO] [stdout]    6:     0x585f5b1f8c52 - std[70759c8f55707aa4]::panicking::panic_with_hook
[INFO] [stdout]    7:     0x585f5b1db4a2 - std[70759c8f55707aa4]::panicking::panic_handler::{closure#0}
[INFO] [stdout]    8:     0x585f5b1d3ed9 - std[70759c8f55707aa4]::sys::backtrace::__rust_end_short_backtrace::<std[70759c8f55707aa4]::panicking::panic_handler::{closure#0}, !>
[INFO] [stdout]    9:     0x585f5b1dc09d - __rustc[8fa7c3cbc660c2b3]::rust_begin_unwind
[INFO] [stdout]   10:     0x585f5b2189cc - core[df12db4294e9bfd3]::panicking::panic_fmt
[INFO] [stdout]   11:     0x585f5af702f9 - miden_assembly_syntax[411323c6226373c4]::parser::tests::printed_core_library_modules_parse_again::{closure#0}
[INFO] [stdout]   12:     0x585f5af786fb - miden_assembly_syntax[411323c6226373c4]::parser::tests::printed_core_library_modules_parse_again
[INFO] [stdout]   13:     0x585f5af5faf9 - <miden_assembly_syntax[411323c6226373c4]::parser::tests::printed_core_library_modules_parse_again::{closure#0} as core[df12db4294e9bfd3]::ops::function::FnOnce<()>>::call_once
[INFO] [stdout]   14:     0x585f5b0e951b - test[9d35eded1c95d3be]::__rust_begin_short_backtrace::<core[df12db4294e9bfd3]::result::Result<(), alloc[2182bb758b4b3781]::string::String>, fn() -> core[df12db4294e9bfd3]::result::Result<(), alloc[2182bb758b4b3781]::string::String>>
[INFO] [stdout]   15:     0x585f5b0f6b85 - test[9d35eded1c95d3be]::run_test::{closure#0}
[INFO] [stdout]   16:     0x585f5b0f0444 - std[70759c8f55707aa4]::sys::backtrace::__rust_begin_short_backtrace::<test[9d35eded1c95d3be]::run_test::{closure#1}, ()>
[INFO] [stdout]   17:     0x585f5b0f9ce2 - <std[70759c8f55707aa4]::thread::lifecycle::spawn_unchecked<test[9d35eded1c95d3be]::run_test::{closure#1}, ()>::{closure#1} as core[df12db4294e9bfd3]::ops::function::FnOnce<()>>::call_once::{shim:vtable#0}
[INFO] [stdout]   18:     0x585f5b200759 - <std[70759c8f55707aa4]::sys::thread::unix::Thread>::new::thread_start
[INFO] [stdout]   19:     0x7f90adbcedfa - <unknown>
[INFO] [stdout]   20:     0x7f90adc623d4 - clone
[INFO] [stdout]   21:                0x0 - <unknown>
[INFO] [stdout] 
[INFO] [stdout] 
[INFO] [stdout] failures:
[INFO] [stdout]     parser::tests::parser_accepts_checked_in_masm_corpus
[INFO] [stdout]     parser::tests::printed_core_library_modules_parse_again
[INFO] [stdout] 
[INFO] [stdout] test result: FAILED. 288 passed; 2 failed; 0 ignored; 0 measured; 0 filtered out; finished in 0.77s
[INFO] [stdout] 
[INFO] [stderr] error: test failed, to rerun pass `--lib`
[INFO] running `Command { std: "docker" "inspect" "b2bb756502196f821b4737067e5997c6c8df7a3bdfe0932f402d63845f533713", kill_on_drop: false }`
[INFO] running `Command { std: "docker" "rm" "-f" "b2bb756502196f821b4737067e5997c6c8df7a3bdfe0932f402d63845f533713", kill_on_drop: false }`
[INFO] [stdout] b2bb756502196f821b4737067e5997c6c8df7a3bdfe0932f402d63845f533713
