[INFO] fetching crate microxdg 0.2.0...
[INFO] testing microxdg-0.2.0 against 1.99.0-beta.8+cargoflags=--release for beta-release-1.100-2
[INFO] extracting crate microxdg 0.2.0 into /workspace/builds/worker-6-tc1/source
[INFO] removed /workspace/builds/worker-6-tc1/source/.cargo/config.toml
[INFO] started tweaking crates.io crate microxdg 0.2.0
[INFO] finished tweaking crates.io crate microxdg 0.2.0
[INFO] tweaked toml for crates.io crate microxdg 0.2.0 written to /workspace/builds/worker-6-tc1/source/Cargo.toml
[INFO] validating manifest of crates.io crate microxdg 0.2.0 on toolchain 1.99.0-beta.8
[INFO] running `Command { std: CARGO_HOME="/workspace/cargo-home" RUSTUP_HOME="/workspace/rustup-home" "/workspace/cargo-home/bin/cargo" "+1.99.0-beta.8" "metadata" "--manifest-path" "Cargo.toml" "--no-deps", kill_on_drop: false }`
[INFO] running `Command { std: CARGO_HOME="/workspace/cargo-home" RUSTUP_HOME="/workspace/rustup-home" "/workspace/cargo-home/bin/cargo" "+1.99.0-beta.8" "generate-lockfile" "--manifest-path" "Cargo.toml", kill_on_drop: false }`
[INFO] [stderr]     Updating crates.io index
[INFO] [stderr]      Locking 13 packages to highest compatible versions
[INFO] running `Command { std: CARGO_HOME="/workspace/cargo-home" RUSTUP_HOME="/workspace/rustup-home" "/workspace/cargo-home/bin/cargo" "+1.99.0-beta.8" "fetch" "--manifest-path" "Cargo.toml", kill_on_drop: false }`
[INFO] running `Command { std: "docker" "create" "-v" "/var/lib/crater-agent-workspace/builds/worker-6-tc1/source:/opt/rustwide/workdir:ro,Z" "-v" "/var/lib/crater-agent-workspace/builds/worker-6-tc1/target:/opt/rustwide/target:rw,Z" "-v" "/var/lib/crater-agent-workspace/cargo-home:/opt/rustwide/cargo-home:ro,Z" "-v" "/var/lib/crater-agent-workspace/rustup-home:/opt/rustwide/rustup-home:ro,Z" "-m" "1610612736" "--network" "none" "ghcr.io/rust-lang/crates-build-env/linux@sha256:77db811e55d90add9212f6832c23229e3de5f1c1f9905e8cb07319ea15df73ac" "sleep" "infinity", kill_on_drop: false }`
[INFO] [stdout] 1fb311359f13cccc9a04f22eb2c3581eb9dd87a100deca013a3aa9522627f96a
[INFO] running `Command { std: "docker" "start" "1fb311359f13cccc9a04f22eb2c3581eb9dd87a100deca013a3aa9522627f96a", kill_on_drop: false }`
[INFO] running `Command { std: "docker" "inspect" "1fb311359f13cccc9a04f22eb2c3581eb9dd87a100deca013a3aa9522627f96a", kill_on_drop: false }`
[INFO] running `Command { std: "docker" "exec" "-e" "SOURCE_DIR=/opt/rustwide/workdir" "-e" "CARGO_HOME=/opt/rustwide/cargo-home" "-e" "RUSTUP_HOME=/opt/rustwide/rustup-home" "-e" "CARGO_TARGET_DIR=/opt/rustwide/target" "-w" "/opt/rustwide/workdir" "--user" "0:0" "1fb311359f13cccc9a04f22eb2c3581eb9dd87a100deca013a3aa9522627f96a" "/opt/rustwide/cargo-home/bin/cargo" "+1.99.0-beta.8" "metadata" "--no-deps" "--format-version=1", kill_on_drop: false }`
[INFO] running `Command { std: "docker" "inspect" "1fb311359f13cccc9a04f22eb2c3581eb9dd87a100deca013a3aa9522627f96a", kill_on_drop: false }`
[INFO] running `Command { std: "docker" "exec" "-e" "SOURCE_DIR=/opt/rustwide/workdir" "-e" "CARGO_HOME=/opt/rustwide/cargo-home" "-e" "RUSTUP_HOME=/opt/rustwide/rustup-home" "-e" "CARGO_TARGET_DIR=/opt/rustwide/target" "-e" "CARGO_INCREMENTAL=0" "-e" "RUST_BACKTRACE=full" "-e" "RUSTFLAGS=--cap-lints=warn" "-e" "RUSTDOCFLAGS=--cap-lints=warn" "-w" "/opt/rustwide/workdir" "--user" "0:0" "1fb311359f13cccc9a04f22eb2c3581eb9dd87a100deca013a3aa9522627f96a" "/opt/rustwide/cargo-home/bin/cargo" "+1.99.0-beta.8" "build" "--frozen" "--message-format=json" "--release", kill_on_drop: false }`
[INFO] [stderr]    Compiling microxdg v0.2.0 (/opt/rustwide/workdir)
[INFO] [stderr]     Finished `release` profile [optimized] target(s) in 0.36s
[INFO] running `Command { std: "docker" "inspect" "1fb311359f13cccc9a04f22eb2c3581eb9dd87a100deca013a3aa9522627f96a", kill_on_drop: false }`
[INFO] running `Command { std: "docker" "exec" "-e" "SOURCE_DIR=/opt/rustwide/workdir" "-e" "CARGO_HOME=/opt/rustwide/cargo-home" "-e" "RUSTUP_HOME=/opt/rustwide/rustup-home" "-e" "CARGO_TARGET_DIR=/opt/rustwide/target" "-e" "CARGO_INCREMENTAL=0" "-e" "RUST_BACKTRACE=full" "-e" "RUSTFLAGS=--cap-lints=warn" "-e" "RUSTDOCFLAGS=--cap-lints=warn" "-w" "/opt/rustwide/workdir" "--user" "0:0" "1fb311359f13cccc9a04f22eb2c3581eb9dd87a100deca013a3aa9522627f96a" "/opt/rustwide/cargo-home/bin/cargo" "+1.99.0-beta.8" "test" "--frozen" "--no-run" "--message-format=json" "--release", kill_on_drop: false }`
[INFO] [stderr]    Compiling rustix v1.1.5
[INFO] [stderr]    Compiling getrandom v0.4.3
[INFO] [stderr]    Compiling linux-raw-sys v0.12.1
[INFO] [stderr]    Compiling once_cell v1.21.4
[INFO] [stderr]    Compiling tempfile v3.27.0
[INFO] [stderr]    Compiling microxdg v0.2.0 (/opt/rustwide/workdir)
[INFO] [stderr]     Finished `release` profile [optimized] target(s) in 7.77s
[INFO] running `Command { std: "docker" "inspect" "1fb311359f13cccc9a04f22eb2c3581eb9dd87a100deca013a3aa9522627f96a", kill_on_drop: false }`
[INFO] running `Command { std: "docker" "exec" "-e" "SOURCE_DIR=/opt/rustwide/workdir" "-e" "CARGO_HOME=/opt/rustwide/cargo-home" "-e" "RUSTUP_HOME=/opt/rustwide/rustup-home" "-e" "CARGO_TARGET_DIR=/opt/rustwide/target" "-e" "CARGO_INCREMENTAL=0" "-e" "RUST_BACKTRACE=full" "-e" "RUSTFLAGS=--cap-lints=warn" "-e" "RUSTDOCFLAGS=--cap-lints=warn" "-w" "/opt/rustwide/workdir" "--user" "0:0" "1fb311359f13cccc9a04f22eb2c3581eb9dd87a100deca013a3aa9522627f96a" "/opt/rustwide/cargo-home/bin/cargo" "+1.99.0-beta.8" "test" "--frozen" "--release", kill_on_drop: false }`
[INFO] [stderr]     Finished `release` profile [optimized] target(s) in 0.07s
[INFO] [stderr]      Running unittests src/lib.rs (/opt/rustwide/target/release/deps/microxdg-f2d8f17a80d05ffd)
[INFO] [stdout] 
[INFO] [stdout] running 16 tests
[INFO] [stdout] test app::test::app_sys_dirs ... ok
[INFO] [stdout] test app::test::clone_debug ... ok
[INFO] [stdout] test app::test::app_usr_dirs ... ok
[INFO] [stdout] test app::test::app_usr_file ... ok
[INFO] [stdout] test app::test::new_xdg_app ... ok
[INFO] [stdout] test test::new_xdg ... ok
[INFO] [stdout] test app::test::sys_base_dirs ... ok
[INFO] [stdout] test app::test::search_file ... ok
[INFO] [stdout] test app::test::search_app_file ... ok
[INFO] [stdout] test app::test::usr_base_dirs ... ok
[INFO] [stdout] test app::test::usr_file ... ok
[INFO] [stdout] test error::test::display_error ... ok
[INFO] [stdout] test test::search_file ... FAILED
[INFO] [stdout] test test::usr_file ... ok
[INFO] [stdout] test test::sys_base_dirs ... ok
[INFO] [stdout] test test::usr_base_dirs ... ok
[INFO] [stdout] 
[INFO] [stdout] failures:
[INFO] [stdout] 
[INFO] [stdout] ---- test::search_file stdout ----
[INFO] [stdout] 
[INFO] [stdout] thread 'test::search_file' (260) panicked at src/lib.rs:1533:9:
[INFO] [stdout] assertion `left == right` failed
[INFO] [stdout]   left: Some("/tmp/microxdgrp5y/microxdg")
[INFO] [stdout]  right: None
[INFO] [stdout] stack backtrace:
[INFO] [stdout]    0:     0x5998caaefb21 - <<std[70759c8f55707aa4]::sys::backtrace::BacktraceLock>::print::DisplayBacktrace as core[df12db4294e9bfd3]::fmt::Display>::fmt
[INFO] [stdout]    1:     0x5998cab040ba - core[df12db4294e9bfd3]::fmt::write
[INFO] [stdout]    2:     0x5998caaf423c - <alloc[2182bb758b4b3781]::vec::Vec<u8> as core[df12db4294e9bfd3]::io::write::Write>::write_fmt
[INFO] [stdout]    3:     0x5998caaca786 - std[70759c8f55707aa4]::panicking::default_hook::{closure#0}
[INFO] [stdout]    4:     0x5998caae7869 - std[70759c8f55707aa4]::panicking::default_hook
[INFO] [stdout]    5:     0x5998caa82990 - test[9d35eded1c95d3be]::test_main_inner::<test[9d35eded1c95d3be]::test_main_static::{closure#0}>::{closure#0}
[INFO] [stdout]    6:     0x5998caae7a22 - std[70759c8f55707aa4]::panicking::panic_with_hook
[INFO] [stdout]    7:     0x5998caaca832 - std[70759c8f55707aa4]::panicking::panic_handler::{closure#0}
[INFO] [stdout]    8:     0x5998caac3309 - std[70759c8f55707aa4]::sys::backtrace::__rust_end_short_backtrace::<std[70759c8f55707aa4]::panicking::panic_handler::{closure#0}, !>
[INFO] [stdout]    9:     0x5998caacb64d - __rustc[8fa7c3cbc660c2b3]::rust_begin_unwind
[INFO] [stdout]   10:     0x5998cab047ec - core[df12db4294e9bfd3]::panicking::panic_fmt
[INFO] [stdout]   11:     0x5998cab04703 - core[df12db4294e9bfd3]::panicking::assert_failed_inner
[INFO] [stdout]   12:     0x5998caa72317 - core[df12db4294e9bfd3]::panicking::assert_failed::<core[df12db4294e9bfd3]::option::Option<std[70759c8f55707aa4]::path::PathBuf>, core[df12db4294e9bfd3]::option::Option<std[70759c8f55707aa4]::path::PathBuf>>
[INFO] [stdout]   13:     0x5998caa6a27f - microxdg[270270721ad1ad21]::test::search_file
[INFO] [stdout]   14:     0x5998caa730dd - <microxdg[270270721ad1ad21]::test::search_file::{closure#0} as core[df12db4294e9bfd3]::ops::function::FnOnce<()>>::call_once
[INFO] [stdout]   15:     0x5998caa75c7b - test[9d35eded1c95d3be]::__rust_begin_short_backtrace::<core[df12db4294e9bfd3]::result::Result<(), alloc[2182bb758b4b3781]::string::String>, fn() -> core[df12db4294e9bfd3]::result::Result<(), alloc[2182bb758b4b3781]::string::String>>
[INFO] [stdout]   16:     0x5998caa832e5 - test[9d35eded1c95d3be]::run_test::{closure#0}
[INFO] [stdout]   17:     0x5998caa7cba4 - std[70759c8f55707aa4]::sys::backtrace::__rust_begin_short_backtrace::<test[9d35eded1c95d3be]::run_test::{closure#1}, ()>
[INFO] [stdout]   18:     0x5998caa86442 - <std[70759c8f55707aa4]::thread::lifecycle::spawn_unchecked<test[9d35eded1c95d3be]::run_test::{closure#1}, ()>::{closure#1} as core[df12db4294e9bfd3]::ops::function::FnOnce<()>>::call_once::{shim:vtable#0}
[INFO] [stdout]   19:     0x5998caaef3f9 - <std[70759c8f55707aa4]::sys::thread::unix::Thread>::new::thread_start
[INFO] [stdout]   20:     0x7747ca141dfa - <unknown>
[INFO] [stdout]   21:     0x7747ca1d53d4 - clone
[INFO] [stdout]   22:                0x0 - <unknown>
[INFO] [stdout] 
[INFO] [stdout] 
[INFO] [stdout] failures:
[INFO] [stdout]     test::search_file
[INFO] [stdout] 
[INFO] [stdout] test result: FAILED. 15 passed; 1 failed; 0 ignored; 0 measured; 0 filtered out; finished in 0.02s
[INFO] [stdout] 
[INFO] [stderr] error: test failed, to rerun pass `--lib`
[INFO] running `Command { std: "docker" "inspect" "1fb311359f13cccc9a04f22eb2c3581eb9dd87a100deca013a3aa9522627f96a", kill_on_drop: false }`
[INFO] running `Command { std: "docker" "rm" "-f" "1fb311359f13cccc9a04f22eb2c3581eb9dd87a100deca013a3aa9522627f96a", kill_on_drop: false }`
[INFO] [stdout] 1fb311359f13cccc9a04f22eb2c3581eb9dd87a100deca013a3aa9522627f96a
