[INFO] fetching crate microsoft-webui-dev-server 3.0.2...
[INFO] testing microsoft-webui-dev-server-3.0.2 against 1.100.0-beta.1+cargoflags=--release for beta-release-1.100-2
[INFO] extracting crate microsoft-webui-dev-server 3.0.2 into /workspace/builds/worker-1-tc2/source
[INFO] started tweaking crates.io crate microsoft-webui-dev-server 3.0.2
[INFO] finished tweaking crates.io crate microsoft-webui-dev-server 3.0.2
[INFO] tweaked toml for crates.io crate microsoft-webui-dev-server 3.0.2 written to /workspace/builds/worker-1-tc2/source/Cargo.toml
[INFO] validating manifest of crates.io crate microsoft-webui-dev-server 3.0.2 on toolchain 1.100.0-beta.1
[INFO] running `Command { std: CARGO_HOME="/workspace/cargo-home" RUSTUP_HOME="/workspace/rustup-home" "/workspace/cargo-home/bin/cargo" "+1.100.0-beta.1" "metadata" "--manifest-path" "Cargo.toml" "--no-deps", kill_on_drop: false }`
[INFO] crate crates.io crate microsoft-webui-dev-server 3.0.2 already has a lockfile, it will not be regenerated
[INFO] running `Command { std: CARGO_HOME="/workspace/cargo-home" RUSTUP_HOME="/workspace/rustup-home" "/workspace/cargo-home/bin/cargo" "+1.100.0-beta.1" "fetch" "--manifest-path" "Cargo.toml", kill_on_drop: false }`
[INFO] running `Command { std: "docker" "create" "-v" "/var/lib/crater-agent-workspace/builds/worker-1-tc2/source:/opt/rustwide/workdir:ro,Z" "-v" "/var/lib/crater-agent-workspace/builds/worker-1-tc2/target:/opt/rustwide/target:rw,Z" "-v" "/var/lib/crater-agent-workspace/cargo-home:/opt/rustwide/cargo-home:ro,Z" "-v" "/var/lib/crater-agent-workspace/rustup-home:/opt/rustwide/rustup-home:ro,Z" "-m" "1610612736" "--network" "none" "ghcr.io/rust-lang/crates-build-env/linux@sha256:77db811e55d90add9212f6832c23229e3de5f1c1f9905e8cb07319ea15df73ac" "sleep" "infinity", kill_on_drop: false }`
[INFO] [stdout] 27990d20f9d4c8bef13330fda97d2a68f1d9a240b45bdff0f85ebd7c42667edc
[INFO] running `Command { std: "docker" "start" "27990d20f9d4c8bef13330fda97d2a68f1d9a240b45bdff0f85ebd7c42667edc", kill_on_drop: false }`
[INFO] running `Command { std: "docker" "inspect" "27990d20f9d4c8bef13330fda97d2a68f1d9a240b45bdff0f85ebd7c42667edc", kill_on_drop: false }`
[INFO] running `Command { std: "docker" "exec" "-e" "SOURCE_DIR=/opt/rustwide/workdir" "-e" "CARGO_HOME=/opt/rustwide/cargo-home" "-e" "RUSTUP_HOME=/opt/rustwide/rustup-home" "-e" "CARGO_TARGET_DIR=/opt/rustwide/target" "-w" "/opt/rustwide/workdir" "--user" "0:0" "27990d20f9d4c8bef13330fda97d2a68f1d9a240b45bdff0f85ebd7c42667edc" "/opt/rustwide/cargo-home/bin/cargo" "+1.100.0-beta.1" "metadata" "--no-deps" "--format-version=1", kill_on_drop: false }`
[INFO] running `Command { std: "docker" "inspect" "27990d20f9d4c8bef13330fda97d2a68f1d9a240b45bdff0f85ebd7c42667edc", kill_on_drop: false }`
[INFO] running `Command { std: "docker" "exec" "-e" "SOURCE_DIR=/opt/rustwide/workdir" "-e" "CARGO_HOME=/opt/rustwide/cargo-home" "-e" "RUSTUP_HOME=/opt/rustwide/rustup-home" "-e" "CARGO_TARGET_DIR=/opt/rustwide/target" "-e" "CARGO_INCREMENTAL=0" "-e" "RUST_BACKTRACE=full" "-e" "RUSTFLAGS=--cap-lints=warn" "-e" "RUSTDOCFLAGS=--cap-lints=warn" "-w" "/opt/rustwide/workdir" "--user" "0:0" "27990d20f9d4c8bef13330fda97d2a68f1d9a240b45bdff0f85ebd7c42667edc" "/opt/rustwide/cargo-home/bin/cargo" "+1.100.0-beta.1" "build" "--frozen" "--message-format=json" "--release", kill_on_drop: false }`
[INFO] [stderr]    Compiling smallvec v1.16.1
[INFO] [stderr]    Compiling displaydoc v0.2.6
[INFO] [stderr]    Compiling mio v1.2.3
[INFO] [stderr]    Compiling errno v0.3.14
[INFO] [stderr]    Compiling target-features v0.1.6
[INFO] [stderr]    Compiling serde v1.0.228
[INFO] [stderr]    Compiling tokio-macros v2.7.1
[INFO] [stderr]    Compiling tracing v0.1.44
[INFO] [stderr]    Compiling zstd-sys v2.1.0+zstd.1.5.7
[INFO] [stderr]    Compiling getrandom v0.4.3
[INFO] [stderr]    Compiling futures-macro v0.3.33
[INFO] [stderr]    Compiling inotify-sys v0.1.8
[INFO] [stderr]    Compiling crc32fast v1.5.2
[INFO] [stderr]    Compiling zstd-safe v7.3.0
[INFO] [stderr]    Compiling encoding_rs v0.8.41
[INFO] [stderr]    Compiling bytes v1.12.1
[INFO] [stderr]    Compiling tracing-core v0.1.36
[INFO] [stderr]    Compiling signal-hook-registry v1.4.8
[INFO] [stderr]    Compiling nix v0.31.3
[INFO] [stderr]    Compiling parking_lot_core v0.9.12
[INFO] [stderr]    Compiling cookie v0.16.2
[INFO] [stderr]    Compiling derive_more-impl v2.1.1
[INFO] [stderr]    Compiling chacha20 v0.10.2
[INFO] [stderr]    Compiling parking_lot v0.12.5
[INFO] [stderr]    Compiling bytestring v1.5.1
[INFO] [stderr]    Compiling actix-service v2.0.3
[INFO] [stderr]    Compiling futures-util v0.3.33
[INFO] [stderr]    Compiling regex-lite v0.1.9
[INFO] [stderr]    Compiling multiversion-macros v0.8.0
[INFO] [stderr]    Compiling tinystr v0.8.3
[INFO] [stderr]    Compiling zerotrie v0.2.5
[INFO] [stderr]    Compiling icu_collections v2.2.0
[INFO] [stderr]    Compiling time v0.3.55
[INFO] [stderr]    Compiling icu_locale_core v2.2.0
[INFO] [stderr]    Compiling tokio v1.53.1
[INFO] [stderr]    Compiling rustix v1.1.4
[INFO] [stderr]    Compiling rand v0.10.2
[INFO] [stderr]    Compiling sha1 v0.11.0
[INFO] [stderr]    Compiling flate2 v1.1.10
[INFO] [stderr]    Compiling inotify v0.11.5
[INFO] [stderr]    Compiling actix-utils v3.0.1
[INFO] [stderr]    Compiling local-channel v0.1.5
[INFO] [stderr]    Compiling actix-router v0.5.4
[INFO] [stderr]    Compiling notify-types v2.1.0
[INFO] [stderr]    Compiling multiversion v0.8.0
[INFO] [stderr]    Compiling serde_urlencoded v0.7.1
[INFO] [stderr]    Compiling notify v8.2.0
[INFO] [stderr]    Compiling serde_json v1.0.151
[INFO] [stderr]    Compiling thiserror-impl v2.0.18
[INFO] [stderr]    Compiling actix-macros v0.2.4
[INFO] [stderr]    Compiling actix-web-codegen v4.3.0
[INFO] [stderr]    Compiling console v0.16.6
[INFO] [stderr]    Compiling mime_guess v2.0.5
[INFO] [stderr]    Compiling icu_provider v2.2.0
[INFO] [stderr]    Compiling icu_properties v2.2.0
[INFO] [stderr]    Compiling icu_normalizer v2.2.0
[INFO] [stderr]    Compiling tempfile v3.27.0
[INFO] [stderr]    Compiling notify-debouncer-mini v0.7.0
[INFO] [stderr]    Compiling thiserror v2.0.18
[INFO] [stderr]    Compiling ctrlc v3.5.2
[INFO] [stderr]    Compiling derive_more v2.1.1
[INFO] [stderr]    Compiling idna_adapter v1.2.2
[INFO] [stderr]    Compiling idna v1.1.0
[INFO] [stderr]    Compiling url v2.5.8
[INFO] [stderr]    Compiling tokio-util v0.7.19
[INFO] [stderr]    Compiling actix-rt v2.15.0
[INFO] [stderr]    Compiling actix-server v2.9.5
[INFO] [stderr]    Compiling actix-codec v0.5.4
[INFO] [stderr]    Compiling h2 v0.3.27
[INFO] [stderr]    Compiling zstd v0.13.3
[INFO] [stderr]    Compiling actix-http v3.13.5
[INFO] [stderr]    Compiling actix-web v4.15.0
[INFO] [stderr]    Compiling microsoft-webui-dev-server v3.0.2 (/opt/rustwide/workdir)
[INFO] [stderr]     Finished `release` profile [optimized] target(s) in 1m 49s
[INFO] running `Command { std: "docker" "inspect" "27990d20f9d4c8bef13330fda97d2a68f1d9a240b45bdff0f85ebd7c42667edc", kill_on_drop: false }`
[INFO] running `Command { std: "docker" "exec" "-e" "SOURCE_DIR=/opt/rustwide/workdir" "-e" "CARGO_HOME=/opt/rustwide/cargo-home" "-e" "RUSTUP_HOME=/opt/rustwide/rustup-home" "-e" "CARGO_TARGET_DIR=/opt/rustwide/target" "-e" "CARGO_INCREMENTAL=0" "-e" "RUST_BACKTRACE=full" "-e" "RUSTFLAGS=--cap-lints=warn" "-e" "RUSTDOCFLAGS=--cap-lints=warn" "-w" "/opt/rustwide/workdir" "--user" "0:0" "27990d20f9d4c8bef13330fda97d2a68f1d9a240b45bdff0f85ebd7c42667edc" "/opt/rustwide/cargo-home/bin/cargo" "+1.100.0-beta.1" "test" "--frozen" "--no-run" "--message-format=json" "--release", kill_on_drop: false }`
[INFO] [stderr]    Compiling serde_derive v1.0.228
[INFO] [stderr]    Compiling zerocopy v0.8.57
[INFO] [stderr]    Compiling zerocopy-derive v0.8.57
[INFO] [stderr]    Compiling serde_json v1.0.151
[INFO] [stderr]    Compiling alloca v0.4.0
[INFO] [stderr]    Compiling clap_builder v4.6.2
[INFO] [stderr]    Compiling itertools v0.13.0
[INFO] [stderr]    Compiling plotters v0.3.7
[INFO] [stderr]    Compiling page_size v0.6.0
[INFO] [stderr]    Compiling criterion-plot v0.8.2
[INFO] [stderr]    Compiling clap v4.6.3
[INFO] [stderr]    Compiling serde v1.0.228
[INFO] [stderr]    Compiling serde_urlencoded v0.7.1
[INFO] [stderr]    Compiling actix-router v0.5.4
[INFO] [stderr]    Compiling tinytemplate v1.2.1
[INFO] [stderr]    Compiling actix-web v4.15.0
[INFO] [stderr]    Compiling half v2.7.1
[INFO] [stderr]    Compiling ciborium-ll v0.2.2
[INFO] [stderr]    Compiling ciborium v0.2.2
[INFO] [stderr]    Compiling criterion v0.8.2
[INFO] [stderr]    Compiling microsoft-webui-dev-server v3.0.2 (/opt/rustwide/workdir)
[INFO] [stderr]     Finished `release` profile [optimized] target(s) in 30.09s
[INFO] running `Command { std: "docker" "inspect" "27990d20f9d4c8bef13330fda97d2a68f1d9a240b45bdff0f85ebd7c42667edc", kill_on_drop: false }`
[INFO] running `Command { std: "docker" "exec" "-e" "SOURCE_DIR=/opt/rustwide/workdir" "-e" "CARGO_HOME=/opt/rustwide/cargo-home" "-e" "RUSTUP_HOME=/opt/rustwide/rustup-home" "-e" "CARGO_TARGET_DIR=/opt/rustwide/target" "-e" "CARGO_INCREMENTAL=0" "-e" "RUST_BACKTRACE=full" "-e" "RUSTFLAGS=--cap-lints=warn" "-e" "RUSTDOCFLAGS=--cap-lints=warn" "-w" "/opt/rustwide/workdir" "--user" "0:0" "27990d20f9d4c8bef13330fda97d2a68f1d9a240b45bdff0f85ebd7c42667edc" "/opt/rustwide/cargo-home/bin/cargo" "+1.100.0-beta.1" "test" "--frozen" "--release", kill_on_drop: false }`
[INFO] [stderr]     Finished `release` profile [optimized] target(s) in 0.25s
[INFO] [stderr]      Running unittests src/lib.rs (/opt/rustwide/target/release/build/microsoft-webui-dev-server/771a84e7a10b742f/out/webui_dev_server-771a84e7a10b742f)
[INFO] [stdout] 
[INFO] [stdout] running 62 tests
[INFO] [stdout] test livereload::tests::broadcast_error_carries_message ... ok
[INFO] [stdout] test livereload::tests::live_reload_endpoint_round_trips ... ok
[INFO] [stdout] test livereload::tests::client_script_includes_endpoint ... ok
[INFO] [stdout] test inject::tests::inject_before_close_body ... ok
[INFO] [stdout] test livereload::tests::json_string_literal_escapes_quote_and_backslash ... ok
[INFO] [stdout] test path::tests::resolve_safe_path_rejects_drive_letters ... ok
[INFO] [stdout] test path::tests::resolve_safe_path_rejects_traversal ... ok
[INFO] [stdout] test path::tests::strip_base_path_rejects_similar_prefix ... ok
[INFO] [stdout] test livereload::tests::broadcast_reload_does_not_panic_with_no_subscribers ... ok
[INFO] [stdout] test path::tests::resolve_safe_path_basic ... ok
[INFO] [stdout] test path::tests::normalize_base_path_handles_root ... ok
[INFO] [stdout] test path::tests::normalize_base_path_adds_slashes ... ok
[INFO] [stdout] test livereload::tests::broadcast_reload_reaches_subscriber ... ok
[INFO] [stdout] test reporter::tests::format_elapsed_uses_ms_below_one_second ... ok
[INFO] [stdout] test reporter::tests::format_elapsed_uses_seconds_at_or_above_one_second ... ok
[INFO] [stdout] test inject::tests::inject_uses_last_close_body_when_multiple ... ok
[INFO] [stdout] test path::tests::resolve_safe_path_decodes_legal_percent ... ok
[INFO] [stdout] test inject::tests::inject_handles_missing_close_body ... ok
[INFO] [stdout] test shutdown::tests::fixture ... ignored, subprocess fixture
[INFO] [stdout] test reporter::tests::format_trigger_renders_file_names ... ok
[INFO] [stdout] test livereload::tests::inject_places_script_before_close_body ... ok
[INFO] [stdout] test path::tests::strip_base_path_root ... ok
[INFO] [stdout] test shutdown::tests::graceful_stop_waits_for_child_cleanup ... FAILED
[INFO] [stdout] test shutdown::tests::no_policy_is_direct_and_large_timeout_is_rejected ... ok
[INFO] [stdout] test shutdown::tests::deadline_kills_the_owned_process_group ... FAILED
[INFO] [stdout] test path::tests::strip_base_path_segment_boundary ... ok
[INFO] [stdout] test watch::hash_tests::non_regular_socket_is_rejected ... FAILED
[INFO] [stdout] test watch::hash_tests::read_errors_do_not_return_partial_hashes_or_poison_reuse ... ok
[INFO] [stdout] test watch::hash_tests::digest_matches_whole_file_with_varied_read_boundaries_and_reused_buffer ... ok
[INFO] [stdout] test reporter::tests::local_hms_returns_eight_chars ... ok
[INFO] [stdout] test watch::tests::directory_event_rechecks_explicit_files_created_before_recursive_watch ... ok
[INFO] [stdout] test reporter::tests::warnings_commit_pending_line ... ok
[INFO] [stdout] test shutdown::tests::spawn_failure_does_not_fall_back_to_direct_execution ... ok
[INFO] [stdout] test watch::hash_tests::missing_non_file_and_oversized_inputs_have_no_digest ... ok
[INFO] [stdout] test reporter::tests::framed_blocks_track_state_for_blank_line_framing ... ok
[INFO] [stdout] test reporter::tests::empty_warnings_keep_rolling_line ... ok
[INFO] [stdout] test reporter::tests::reporter_tracks_pending_state ... ok
[INFO] [stdout] test reporter::tests::error_resets_pending ... ok
[INFO] [stdout] test watch::tests::explicit_file_tracks_missing_parent_directories ... ok
[INFO] [stdout] test watch::tests::directory_events_ignore_unrelated_files_and_recheck_removed_parents ... ok
[INFO] [stdout] test watch::tests::is_ignored_is_false_when_no_ignores ... ok
[INFO] [stdout] test watch::tests::is_ignored_handles_node_modules_and_git ... ok
[INFO] [stdout] test inject::tests::inject_case_insensitive_close_body ... ok
[INFO] [stdout] test watch::tests::is_ignored_matches_relative_component_anywhere ... ok
[INFO] [stdout] test watch::tests::is_ignored_matches_descendant ... ok
[INFO] [stdout] test watch::tests::read_only_access_events_are_not_content_changes ... ok
[INFO] [stdout] test watch::tests::directory_rechecks_dedupe_and_skip_unchanged_explicit_files ... ok
[INFO] [stdout] test watch::tests::explicit_manifest_bypasses_ignored_output_directory ... ok
[INFO] [stdout] test watch::tests::content_changed_skips_identical_saves ... ok
[INFO] [stdout] test watch::tests::is_ignored_matches_node_modules_symlink_path ... ok
[INFO] [stdout] test watch::tests::hash_buffer_is_reused_across_files_and_event_batches ... ok
[INFO] [stdout] test watch::tests::unchanged_save_can_retry_when_error_active ... ok
[INFO] [stdout] test shutdown::tests::control_stops_the_http_server ... ok
[INFO] [stdout] test watch::tests::is_ignored_misses_sibling ... ok
[INFO] [stdout] test shutdown::tests::second_request_forces_immediate_termination ... FAILED
[INFO] [stdout] test watch::tests::unreadable_symlink_loop_forgets_cached_content ... ok
[INFO] [stdout] test watch::tests::missing_include_does_not_recursively_watch_ignored_ancestor ... ok
[INFO] [stdout] test worker::tests::shutdown_drains_active_work_but_discards_queued_ticks_with_live_senders ... ok
[INFO] [stdout] test watch::tests::unhashable_paths_forget_cached_content ... ok
[INFO] [stdout] test watch::hash_tests::growth_after_metadata_is_rejected_and_does_not_poison_reuse ... ok
[INFO] [stdout] test watch::hash_tests::cap_is_inclusive_and_reads_at_most_one_extra_byte ... ok
[INFO] [stdout] test watch::hash_tests::file_hash_covers_empty_multibuffer_and_cap_sized_files ... ok
[INFO] [stdout] 
[INFO] [stdout] failures:
[INFO] [stdout] 
[INFO] [stdout] ---- shutdown::tests::graceful_stop_waits_for_child_cleanup stdout ----
[INFO] [stdout] Error: Os { code: 30, kind: ReadOnlyFilesystem, message: "Read-only file system" }
[INFO] [stdout] 
[INFO] [stdout] ---- shutdown::tests::deadline_kills_the_owned_process_group stdout ----
[INFO] [stdout] Error: Os { code: 30, kind: ReadOnlyFilesystem, message: "Read-only file system" }
[INFO] [stdout] 
[INFO] [stdout] ---- watch::hash_tests::non_regular_socket_is_rejected stdout ----
[INFO] [stdout] Error: Custom { kind: ReadOnlyFilesystem, error: PathError { path: "/opt/rustwide/workdir/./.tmpQo2Swh", err: Os { code: 30, kind: ReadOnlyFilesystem, message: "Read-only file system" } } }
[INFO] [stdout] 
[INFO] [stdout] ---- shutdown::tests::second_request_forces_immediate_termination stdout ----
[INFO] [stdout] Error: Os { code: 30, kind: ReadOnlyFilesystem, message: "Read-only file system" }
[INFO] [stdout] 
[INFO] [stdout] 
[INFO] [stdout] failures:
[INFO] [stdout]     shutdown::tests::deadline_kills_the_owned_process_group
[INFO] [stdout]     shutdown::tests::graceful_stop_waits_for_child_cleanup
[INFO] [stdout]     shutdown::tests::second_request_forces_immediate_termination
[INFO] [stdout]     watch::hash_tests::non_regular_socket_is_rejected
[INFO] [stdout] 
[INFO] [stdout] test result: FAILED. 57 passed; 4 failed; 1 ignored; 0 measured; 0 filtered out; finished in 0.11s
[INFO] [stdout] 
[INFO] [stderr] error: test failed, to rerun pass `--lib`
[INFO] running `Command { std: "docker" "inspect" "27990d20f9d4c8bef13330fda97d2a68f1d9a240b45bdff0f85ebd7c42667edc", kill_on_drop: false }`
[INFO] running `Command { std: "docker" "rm" "-f" "27990d20f9d4c8bef13330fda97d2a68f1d9a240b45bdff0f85ebd7c42667edc", kill_on_drop: false }`
[INFO] [stdout] 27990d20f9d4c8bef13330fda97d2a68f1d9a240b45bdff0f85ebd7c42667edc
