[INFO] fetching crate microsoft-webui-desktop-build 3.0.2...
[INFO] testing microsoft-webui-desktop-build-3.0.2 against 1.100.0-beta.1+cargoflags=--release for beta-release-1.100-2
[INFO] extracting crate microsoft-webui-desktop-build 3.0.2 into /workspace/builds/worker-5-tc2/source
[INFO] started tweaking crates.io crate microsoft-webui-desktop-build 3.0.2
[INFO] removed 0 missing tests
[INFO] finished tweaking crates.io crate microsoft-webui-desktop-build 3.0.2
[INFO] tweaked toml for crates.io crate microsoft-webui-desktop-build 3.0.2 written to /workspace/builds/worker-5-tc2/source/Cargo.toml
[INFO] validating manifest of crates.io crate microsoft-webui-desktop-build 3.0.2 on toolchain 1.100.0-beta.1
[INFO] running `Command { std: CARGO_HOME="/workspace/cargo-home" RUSTUP_HOME="/workspace/rustup-home" "/workspace/cargo-home/bin/cargo" "+1.100.0-beta.1" "metadata" "--manifest-path" "Cargo.toml" "--no-deps", kill_on_drop: false }`
[INFO] crate crates.io crate microsoft-webui-desktop-build 3.0.2 already has a lockfile, it will not be regenerated
[INFO] running `Command { std: CARGO_HOME="/workspace/cargo-home" RUSTUP_HOME="/workspace/rustup-home" "/workspace/cargo-home/bin/cargo" "+1.100.0-beta.1" "fetch" "--manifest-path" "Cargo.toml", kill_on_drop: false }`
[INFO] running `Command { std: "docker" "create" "-v" "/var/lib/crater-agent-workspace/builds/worker-5-tc2/source:/opt/rustwide/workdir:ro,Z" "-v" "/var/lib/crater-agent-workspace/builds/worker-5-tc2/target:/opt/rustwide/target:rw,Z" "-v" "/var/lib/crater-agent-workspace/cargo-home:/opt/rustwide/cargo-home:ro,Z" "-v" "/var/lib/crater-agent-workspace/rustup-home:/opt/rustwide/rustup-home:ro,Z" "-m" "1610612736" "--network" "none" "ghcr.io/rust-lang/crates-build-env/linux@sha256:77db811e55d90add9212f6832c23229e3de5f1c1f9905e8cb07319ea15df73ac" "sleep" "infinity", kill_on_drop: false }`
[INFO] [stdout] 10014149b3a689c6c936296adc0a77d58323b5188c48e20f634d34197c4ff7d2
[INFO] running `Command { std: "docker" "start" "10014149b3a689c6c936296adc0a77d58323b5188c48e20f634d34197c4ff7d2", kill_on_drop: false }`
[INFO] running `Command { std: "docker" "inspect" "10014149b3a689c6c936296adc0a77d58323b5188c48e20f634d34197c4ff7d2", kill_on_drop: false }`
[INFO] running `Command { std: "docker" "exec" "-e" "SOURCE_DIR=/opt/rustwide/workdir" "-e" "CARGO_HOME=/opt/rustwide/cargo-home" "-e" "RUSTUP_HOME=/opt/rustwide/rustup-home" "-e" "CARGO_TARGET_DIR=/opt/rustwide/target" "-w" "/opt/rustwide/workdir" "--user" "0:0" "10014149b3a689c6c936296adc0a77d58323b5188c48e20f634d34197c4ff7d2" "/opt/rustwide/cargo-home/bin/cargo" "+1.100.0-beta.1" "metadata" "--no-deps" "--format-version=1", kill_on_drop: false }`
[INFO] running `Command { std: "docker" "inspect" "10014149b3a689c6c936296adc0a77d58323b5188c48e20f634d34197c4ff7d2", kill_on_drop: false }`
[INFO] running `Command { std: "docker" "exec" "-e" "SOURCE_DIR=/opt/rustwide/workdir" "-e" "CARGO_HOME=/opt/rustwide/cargo-home" "-e" "RUSTUP_HOME=/opt/rustwide/rustup-home" "-e" "CARGO_TARGET_DIR=/opt/rustwide/target" "-e" "CARGO_INCREMENTAL=0" "-e" "RUST_BACKTRACE=full" "-e" "RUSTFLAGS=--cap-lints=warn" "-e" "RUSTDOCFLAGS=--cap-lints=warn" "-w" "/opt/rustwide/workdir" "--user" "0:0" "10014149b3a689c6c936296adc0a77d58323b5188c48e20f634d34197c4ff7d2" "/opt/rustwide/cargo-home/bin/cargo" "+1.100.0-beta.1" "build" "--frozen" "--message-format=json" "--release", kill_on_drop: false }`
[INFO] [stderr]    Compiling syn v2.0.119
[INFO] [stderr]    Compiling bytes v1.12.1
[INFO] [stderr]    Compiling anyhow v1.0.104
[INFO] [stderr]    Compiling itertools v0.14.0
[INFO] [stderr]    Compiling crypto-common v0.2.2
[INFO] [stderr]    Compiling block-buffer v0.12.1
[INFO] [stderr]    Compiling serde_json v1.0.151
[INFO] [stderr]    Compiling digest v0.11.3
[INFO] [stderr]    Compiling sha2 v0.11.0
[INFO] [stderr]    Compiling prost-derive v0.14.4
[INFO] [stderr]    Compiling serde_derive v1.0.228
[INFO] [stderr]    Compiling thiserror-impl v2.0.18
[INFO] [stderr]    Compiling thiserror v2.0.18
[INFO] [stderr]    Compiling prost v0.14.4
[INFO] [stderr]    Compiling prost-types v0.14.4
[INFO] [stderr]    Compiling serde v1.0.228
[INFO] [stderr]    Compiling prost-reflect v0.16.5
[INFO] [stderr]    Compiling microsoft-webui-desktop-build v3.0.2 (/opt/rustwide/workdir)
[INFO] [stderr]     Finished `release` profile [optimized] target(s) in 39.49s
[INFO] running `Command { std: "docker" "inspect" "10014149b3a689c6c936296adc0a77d58323b5188c48e20f634d34197c4ff7d2", kill_on_drop: false }`
[INFO] running `Command { std: "docker" "exec" "-e" "SOURCE_DIR=/opt/rustwide/workdir" "-e" "CARGO_HOME=/opt/rustwide/cargo-home" "-e" "RUSTUP_HOME=/opt/rustwide/rustup-home" "-e" "CARGO_TARGET_DIR=/opt/rustwide/target" "-e" "CARGO_INCREMENTAL=0" "-e" "RUST_BACKTRACE=full" "-e" "RUSTFLAGS=--cap-lints=warn" "-e" "RUSTDOCFLAGS=--cap-lints=warn" "-w" "/opt/rustwide/workdir" "--user" "0:0" "10014149b3a689c6c936296adc0a77d58323b5188c48e20f634d34197c4ff7d2" "/opt/rustwide/cargo-home/bin/cargo" "+1.100.0-beta.1" "test" "--frozen" "--no-run" "--message-format=json" "--release", kill_on_drop: false }`
[INFO] [stderr]    Compiling rustix v1.1.4
[INFO] [stderr]    Compiling getrandom v0.4.3
[INFO] [stderr]    Compiling tempfile v3.27.0
[INFO] [stderr]    Compiling microsoft-webui-desktop-build v3.0.2 (/opt/rustwide/workdir)
[INFO] [stderr]     Finished `release` profile [optimized] target(s) in 8.24s
[INFO] running `Command { std: "docker" "inspect" "10014149b3a689c6c936296adc0a77d58323b5188c48e20f634d34197c4ff7d2", kill_on_drop: false }`
[INFO] running `Command { std: "docker" "exec" "-e" "SOURCE_DIR=/opt/rustwide/workdir" "-e" "CARGO_HOME=/opt/rustwide/cargo-home" "-e" "RUSTUP_HOME=/opt/rustwide/rustup-home" "-e" "CARGO_TARGET_DIR=/opt/rustwide/target" "-e" "CARGO_INCREMENTAL=0" "-e" "RUST_BACKTRACE=full" "-e" "RUSTFLAGS=--cap-lints=warn" "-e" "RUSTDOCFLAGS=--cap-lints=warn" "-w" "/opt/rustwide/workdir" "--user" "0:0" "10014149b3a689c6c936296adc0a77d58323b5188c48e20f634d34197c4ff7d2" "/opt/rustwide/cargo-home/bin/cargo" "+1.100.0-beta.1" "test" "--frozen" "--release", kill_on_drop: false }`
[INFO] [stderr]     Finished `release` profile [optimized] target(s) in 0.12s
[INFO] [stderr]      Running unittests src/lib.rs (/opt/rustwide/target/release/build/microsoft-webui-desktop-build/0d5468038db16a10/out/webui_desktop_build-0d5468038db16a10)
[INFO] [stdout] 
[INFO] [stdout] running 7 tests
[INFO] [stdout] test compiler::tests::compiler_options_keep_paths_with_spaces_in_one_argument ... ok
[INFO] [stdout] test compiler::tests::protoc_include_arguments_do_not_expose_windows_verbatim_prefixes ... ok
[INFO] [stdout] test compiler::tests::only_windows_drive_verbatim_prefixes_are_adapted ... ok
[INFO] [stdout] test artifacts::transaction::tests::successful_publication_advances_metadata_after_payloads_and_removals ... ok
[INFO] [stdout] test artifacts::transaction::tests::changed_removal_is_preserved_and_earlier_install_is_rolled_back ... ok
[INFO] [stdout] test artifacts::transaction::tests::rename_failure_after_backup_restores_old_inventory_and_all_previous_changes ... ok
[INFO] [stdout] test artifacts::transaction::tests::rollback_restores_every_operation_including_completed_lock_and_inventory ... ok
[INFO] [stderr]      Running tests/generate.rs (/opt/rustwide/target/release/build/microsoft-webui-desktop-build/30e5440acffcb518/out/generate-30e5440acffcb518)
[INFO] [stdout] 
[INFO] [stdout] test result: ok. 7 passed; 0 failed; 0 ignored; 0 measured; 0 filtered out; finished in 0.10s
[INFO] [stdout] 
[INFO] [stdout] 
[INFO] [stdout] running 28 tests
[INFO] [stdout] test descriptor_order_does_not_change_hash ... FAILED
[INFO] [stdout] test method_ids_and_enum_reservations_are_permanent ... FAILED
[INFO] [stdout] test generated_connection_facade_defers_runtime_and_codecs ... FAILED
[INFO] [stdout] test publication::current_artifact_symlink_never_overwrites_external_data ... FAILED
[INFO] [stdout] test native_fixture_matches_generator ... FAILED
[INFO] [stdout] test deep_acyclic_schemas_are_bounded ... FAILED
[INFO] [stdout] test publication::late_write_failure_preserves_previous_outputs_and_metadata ... FAILED
[INFO] [stdout] test missing_tools_report_actionable_errors_without_outputs ... FAILED
[INFO] [stdout] test comments_do_not_change_schema_hash ... FAILED
[INFO] [stdout] test proto2_and_notification_request_are_rejected ... FAILED
[INFO] [stdout] test publication::escaped_keywords_remain_valid_but_normalized_keyword_duplicates_fail ... FAILED
[INFO] [stdout] test disconnected_types_do_not_lose_compatibility_history ... FAILED
[INFO] [stdout] test publication::stale_symlink_and_directory_fail_without_advancing_lock ... FAILED
[INFO] [stdout] test publication::current_parent_symlink_is_rejected_even_when_bytes_match ... FAILED
[INFO] [stdout] test deterministic_and_check_mode_is_read_only ... FAILED
[INFO] [stdout] test retired_ids_cannot_be_reused ... FAILED
[INFO] [stdout] test publication::generated_constructor_and_normalized_symbols_are_rejected_before_publication ... FAILED
[INFO] [stdout] test shared_fixture_matches_generator ... FAILED
[INFO] [stdout] test publication::metadata_root_and_dangling_symlinks_are_rejected ... FAILED
[INFO] [stdout] test generated_inventory_contains_only_protobuf_bindings ... FAILED
[INFO] [stdout] test publication::obsolete_backend_outputs_are_removed_only_by_normal_publication ... FAILED
[INFO] [stdout] test canonical_inputs_outside_cwd_keep_cwd_and_output_containment ... FAILED
[INFO] [stdout] test generated_typescript_excludes_host_compiler_version_metadata ... FAILED
[INFO] [stdout] test removed_fields_require_reservations ... FAILED
[INFO] [stdout] test invalid_schemas_have_stable_codes ... FAILED
[INFO] [stdout] test paths_with_spaces_and_removed_codec_modules ... FAILED
[INFO] [stdout] test removed_backend_does_not_reserve_schema_codec_names ... FAILED
[INFO] [stdout] test private_typescript_runtime_cannot_overwrite_a_schema_codec ... FAILED
[INFO] [stdout] 
[INFO] [stdout] failures:
[INFO] [stdout] 
[INFO] [stdout] ---- descriptor_order_does_not_change_hash stdout ----
[INFO] [stdout] 
[INFO] [stdout] thread 'descriptor_order_does_not_change_hash' (590) panicked at tests/generate.rs:31:64:
[INFO] [stdout] called `Result::unwrap()` on an `Err` value: Custom { kind: ReadOnlyFilesystem, error: PathError { path: "/opt/rustwide/workdir/.tmpk3BCnr", err: Os { code: 30, kind: ReadOnlyFilesystem, message: "Read-only file system" } } }
[INFO] [stdout] stack backtrace:
[INFO] [stdout]    0:     0x5c350b7bf8f1 - <<std[617be2ca0a6fd877]::sys::backtrace::BacktraceLock>::print::DisplayBacktrace as core[a373ad73a504971]::fmt::Display>::fmt
[INFO] [stdout]    1:     0x5c350b7d71ea - core[a373ad73a504971]::fmt::write
[INFO] [stdout]    2:     0x5c350b7c3e4c - <alloc[2e1b2a31b91974c5]::vec::Vec<u8> as core[a373ad73a504971]::io::write::Write>::write_fmt
[INFO] [stdout]    3:     0x5c350b7979e6 - std[617be2ca0a6fd877]::panicking::default_hook::{closure#0}
[INFO] [stdout]    4:     0x5c350b7b5779 - std[617be2ca0a6fd877]::panicking::default_hook
[INFO] [stdout]    5:     0x5c350b6105c0 - test[aada8e7e76ba119b]::test_main_inner::{closure#0}
[INFO] [stdout]    6:     0x5c350b7b5932 - std[617be2ca0a6fd877]::panicking::panic_with_hook
[INFO] [stdout]    7:     0x5c350b797a92 - std[617be2ca0a6fd877]::panicking::panic_handler::{closure#0}
[INFO] [stdout]    8:     0x5c350b790439 - std[617be2ca0a6fd877]::sys::backtrace::__rust_end_short_backtrace::<std[617be2ca0a6fd877]::panicking::panic_handler::{closure#0}, !>
[INFO] [stdout]    9:     0x5c350b79893d - __rustc[ea4f61d10b84890b]::rust_begin_unwind
[INFO] [stdout]   10:     0x5c350b7d791c - core[a373ad73a504971]::panicking::panic_fmt
[INFO] [stdout]   11:     0x5c350b7d76f2 - core[a373ad73a504971]::result::unwrap_failed
[INFO] [stdout]   12:     0x5c350b5e2919 - generate[524c5bf62e99457d]::temporary
[INFO] [stdout]   13:     0x5c350b5e612e - <generate[524c5bf62e99457d]::descriptor_order_does_not_change_hash::{closure#0} as core[a373ad73a504971]::ops::function::FnOnce<()>>::call_once
[INFO] [stdout]   14:     0x5c350b603a0b - test[aada8e7e76ba119b]::__rust_begin_short_backtrace::<core[a373ad73a504971]::result::Result<(), alloc[2e1b2a31b91974c5]::string::String>, fn() -> core[a373ad73a504971]::result::Result<(), alloc[2e1b2a31b91974c5]::string::String>>
[INFO] [stdout]   15:     0x5c350b610be5 - test[aada8e7e76ba119b]::run_test::{closure#0}
[INFO] [stdout]   16:     0x5c350b60a4d4 - std[617be2ca0a6fd877]::sys::backtrace::__rust_begin_short_backtrace::<test[aada8e7e76ba119b]::run_test::{closure#1}, ()>
[INFO] [stdout]   17:     0x5c350b613c72 - <std[617be2ca0a6fd877]::thread::lifecycle::spawn_unchecked<test[aada8e7e76ba119b]::run_test::{closure#1}, ()>::{closure#1} as core[a373ad73a504971]::ops::function::FnOnce<()>>::call_once::{shim:vtable#0}
[INFO] [stdout]   18:     0x5c350b7be83f - <std[617be2ca0a6fd877]::sys::thread::unix::Thread>::new::thread_start
[INFO] [stdout]   19:     0x7692091c8dfa - <unknown>
[INFO] [stdout]   20:     0x76920925c3d4 - clone
[INFO] [stdout]   21:                0x0 - <unknown>
[INFO] [stdout] 
[INFO] [stdout] ---- method_ids_and_enum_reservations_are_permanent stdout ----
[INFO] [stdout] 
[INFO] [stdout] thread 'method_ids_and_enum_reservations_are_permanent' (597) panicked at tests/generate.rs:31:64:
[INFO] [stdout] called `Result::unwrap()` on an `Err` value: Custom { kind: ReadOnlyFilesystem, error: PathError { path: "/opt/rustwide/workdir/.tmpJrBBXv", err: Os { code: 30, kind: ReadOnlyFilesystem, message: "Read-only file system" } } }
[INFO] [stdout] stack backtrace:
[INFO] [stdout]    0:     0x5c350b7bf8f1 - <<std[617be2ca0a6fd877]::sys::backtrace::BacktraceLock>::print::DisplayBacktrace as core[a373ad73a504971]::fmt::Display>::fmt
[INFO] [stdout]    1:     0x5c350b7d71ea - core[a373ad73a504971]::fmt::write
[INFO] [stdout]    2:     0x5c350b7c3e4c - <alloc[2e1b2a31b91974c5]::vec::Vec<u8> as core[a373ad73a504971]::io::write::Write>::write_fmt
[INFO] [stdout]    3:     0x5c350b7979e6 - std[617be2ca0a6fd877]::panicking::default_hook::{closure#0}
[INFO] [stdout]    4:     0x5c350b7b5779 - std[617be2ca0a6fd877]::panicking::default_hook
[INFO] [stdout]    5:     0x5c350b6105c0 - test[aada8e7e76ba119b]::test_main_inner::{closure#0}
[INFO] [stdout]    6:     0x5c350b7b5932 - std[617be2ca0a6fd877]::panicking::panic_with_hook
[INFO] [stdout]    7:     0x5c350b797a92 - std[617be2ca0a6fd877]::panicking::panic_handler::{closure#0}
[INFO] [stdout]    8:     0x5c350b790439 - std[617be2ca0a6fd877]::sys::backtrace::__rust_end_short_backtrace::<std[617be2ca0a6fd877]::panicking::panic_handler::{closure#0}, !>
[INFO] [stdout]    9:     0x5c350b79893d - __rustc[ea4f61d10b84890b]::rust_begin_unwind
[INFO] [stdout]   10:     0x5c350b7d791c - core[a373ad73a504971]::panicking::panic_fmt
[INFO] [stdout]   11:     0x5c350b7d76f2 - core[a373ad73a504971]::result::unwrap_failed
[INFO] [stdout]   12:     0x5c350b5e2919 - generate[524c5bf62e99457d]::temporary
[INFO] [stdout]   13:     0x5c350b5e85ae - <generate[524c5bf62e99457d]::method_ids_and_enum_reservations_are_permanent::{closure#0} as core[a373ad73a504971]::ops::function::FnOnce<()>>::call_once
[INFO] [stdout]   14:     0x5c350b603a0b - test[aada8e7e76ba119b]::__rust_begin_short_backtrace::<core[a373ad73a504971]::result::Result<(), alloc[2e1b2a31b91974c5]::string::String>, fn() -> core[a373ad73a504971]::result::Result<(), alloc[2e1b2a31b91974c5]::string::String>>
[INFO] [stdout]   15:     0x5c350b610be5 - test[aada8e7e76ba119b]::run_test::{closure#0}
[INFO] [stdout]   16:     0x5c350b60a4d4 - std[617be2ca0a6fd877]::sys::backtrace::__rust_begin_short_backtrace::<test[aada8e7e76ba119b]::run_test::{closure#1}, ()>
[INFO] [stdout]   17:     0x5c350b613c72 - <std[617be2ca0a6fd877]::thread::lifecycle::spawn_unchecked<test[aada8e7e76ba119b]::run_test::{closure#1}, ()>::{closure#1} as core[a373ad73a504971]::ops::function::FnOnce<()>>::call_once::{shim:vtable#0}
[INFO] [stdout]   18:     0x5c350b7be83f - <std[617be2ca0a6fd877]::sys::thread::unix::Thread>::new::thread_start
[INFO] [stdout]   19:     0x7692091c8dfa - <unknown>
[INFO] [stdout]   20:     0x76920925c3d4 - clone
[INFO] [stdout]   21:                0x0 - <unknown>
[INFO] [stdout] 
[INFO] [stdout] ---- generated_connection_facade_defers_runtime_and_codecs stdout ----
[INFO] [stdout] 
[INFO] [stdout] thread 'generated_connection_facade_defers_runtime_and_codecs' (593) panicked at tests/generate.rs:31:64:
[INFO] [stdout] called `Result::unwrap()` on an `Err` value: Custom { kind: ReadOnlyFilesystem, error: PathError { path: "/opt/rustwide/workdir/.tmphaZF9A", err: Os { code: 30, kind: ReadOnlyFilesystem, message: "Read-only file system" } } }
[INFO] [stdout] stack backtrace:
[INFO] [stdout]    0:     0x5c350b7bf8f1 - <<std[617be2ca0a6fd877]::sys::backtrace::BacktraceLock>::print::DisplayBacktrace as core[a373ad73a504971]::fmt::Display>::fmt
[INFO] [stdout]    1:     0x5c350b7d71ea - core[a373ad73a504971]::fmt::write
[INFO] [stdout]    2:     0x5c350b7c3e4c - <alloc[2e1b2a31b91974c5]::vec::Vec<u8> as core[a373ad73a504971]::io::write::Write>::write_fmt
[INFO] [stdout]    3:     0x5c350b7979e6 - std[617be2ca0a6fd877]::panicking::default_hook::{closure#0}
[INFO] [stdout]    4:     0x5c350b7b5779 - std[617be2ca0a6fd877]::panicking::default_hook
[INFO] [stdout]    5:     0x5c350b6105c0 - test[aada8e7e76ba119b]::test_main_inner::{closure#0}
[INFO] [stdout]    6:     0x5c350b7b5932 - std[617be2ca0a6fd877]::panicking::panic_with_hook
[INFO] [stdout]    7:     0x5c350b797a92 - std[617be2ca0a6fd877]::panicking::panic_handler::{closure#0}
[INFO] [stdout]    8:     0x5c350b790439 - std[617be2ca0a6fd877]::sys::backtrace::__rust_end_short_backtrace::<std[617be2ca0a6fd877]::panicking::panic_handler::{closure#0}, !>
[INFO] [stdout]    9:     0x5c350b79893d - __rustc[ea4f61d10b84890b]::rust_begin_unwind
[INFO] [stdout]   10:     0x5c350b7d791c - core[a373ad73a504971]::panicking::panic_fmt
[INFO] [stdout]   11:     0x5c350b7d76f2 - core[a373ad73a504971]::result::unwrap_failed
[INFO] [stdout]   12:     0x5c350b5e2919 - generate[524c5bf62e99457d]::temporary
[INFO] [stdout]   13:     0x5c350b5ea93e - <generate[524c5bf62e99457d]::generated_connection_facade_defers_runtime_and_codecs::{closure#0} as core[a373ad73a504971]::ops::function::FnOnce<()>>::call_once
[INFO] [stdout]   14:     0x5c350b603a0b - test[aada8e7e76ba119b]::__rust_begin_short_backtrace::<core[a373ad73a504971]::result::Result<(), alloc[2e1b2a31b91974c5]::string::String>, fn() -> core[a373ad73a504971]::result::Result<(), alloc[2e1b2a31b91974c5]::string::String>>
[INFO] [stdout]   15:     0x5c350b610be5 - test[aada8e7e76ba119b]::run_test::{closure#0}
[INFO] [stdout]   16:     0x5c350b60a4d4 - std[617be2ca0a6fd877]::sys::backtrace::__rust_begin_short_backtrace::<test[aada8e7e76ba119b]::run_test::{closure#1}, ()>
[INFO] [stdout]   17:     0x5c350b613c72 - <std[617be2ca0a6fd877]::thread::lifecycle::spawn_unchecked<test[aada8e7e76ba119b]::run_test::{closure#1}, ()>::{closure#1} as core[a373ad73a504971]::ops::function::FnOnce<()>>::call_once::{shim:vtable#0}
[INFO] [stdout]   18:     0x5c350b7be83f - <std[617be2ca0a6fd877]::sys::thread::unix::Thread>::new::thread_start
[INFO] [stdout]   19:     0x7692091c8dfa - <unknown>
[INFO] [stdout]   20:     0x76920925c3d4 - clone
[INFO] [stdout]   21:                0x0 - <unknown>
[INFO] [stdout] 
[INFO] [stdout] ---- publication::current_artifact_symlink_never_overwrites_external_data stdout ----
[INFO] [stdout] 
[INFO] [stdout] thread 'publication::current_artifact_symlink_never_overwrites_external_data' (603) panicked at tests/generate.rs:31:64:
[INFO] [stdout] called `Result::unwrap()` on an `Err` value: Custom { kind: ReadOnlyFilesystem, error: PathError { path: "/opt/rustwide/workdir/.tmp0GH5uu", err: Os { code: 30, kind: ReadOnlyFilesystem, message: "Read-only file system" } } }
[INFO] [stdout] stack backtrace:
[INFO] [stdout]    0:     0x5c350b7bf8f1 - <<std[617be2ca0a6fd877]::sys::backtrace::BacktraceLock>::print::DisplayBacktrace as core[a373ad73a504971]::fmt::Display>::fmt
[INFO] [stdout]    1:     0x5c350b7d71ea - core[a373ad73a504971]::fmt::write
[INFO] [stdout]    2:     0x5c350b7c3e4c - <alloc[2e1b2a31b91974c5]::vec::Vec<u8> as core[a373ad73a504971]::io::write::Write>::write_fmt
[INFO] [stdout]    3:     0x5c350b7979e6 - std[617be2ca0a6fd877]::panicking::default_hook::{closure#0}
[INFO] [stdout]    4:     0x5c350b7b5779 - std[617be2ca0a6fd877]::panicking::default_hook
[INFO] [stdout]    5:     0x5c350b6105c0 - test[aada8e7e76ba119b]::test_main_inner::{closure#0}
[INFO] [stdout]    6:     0x5c350b7b5932 - std[617be2ca0a6fd877]::panicking::panic_with_hook
[INFO] [stdout]    7:     0x5c350b797a92 - std[617be2ca0a6fd877]::panicking::panic_handler::{closure#0}
[INFO] [stdout]    8:     0x5c350b790439 - std[617be2ca0a6fd877]::sys::backtrace::__rust_end_short_backtrace::<std[617be2ca0a6fd877]::panicking::panic_handler::{closure#0}, !>
[INFO] [stdout]    9:     0x5c350b79893d - __rustc[ea4f61d10b84890b]::rust_begin_unwind
[INFO] [stdout]   10:     0x5c350b7d791c - core[a373ad73a504971]::panicking::panic_fmt
[INFO] [stdout]   11:     0x5c350b7d76f2 - core[a373ad73a504971]::result::unwrap_failed
[INFO] [stdout]   12:     0x5c350b5e2919 - generate[524c5bf62e99457d]::temporary
[INFO] [stdout]   13:     0x5c350b5eefc6 - <generate[524c5bf62e99457d]::publication::current_artifact_symlink_never_overwrites_external_data::{closure#0} as core[a373ad73a504971]::ops::function::FnOnce<()>>::call_once
[INFO] [stdout]   14:     0x5c350b603a0b - test[aada8e7e76ba119b]::__rust_begin_short_backtrace::<core[a373ad73a504971]::result::Result<(), alloc[2e1b2a31b91974c5]::string::String>, fn() -> core[a373ad73a504971]::result::Result<(), alloc[2e1b2a31b91974c5]::string::String>>
[INFO] [stdout]   15:     0x5c350b610be5 - test[aada8e7e76ba119b]::run_test::{closure#0}
[INFO] [stdout]   16:     0x5c350b60a4d4 - std[617be2ca0a6fd877]::sys::backtrace::__rust_begin_short_backtrace::<test[aada8e7e76ba119b]::run_test::{closure#1}, ()>
[INFO] [stdout]   17:     0x5c350b613c72 - <std[617be2ca0a6fd877]::thread::lifecycle::spawn_unchecked<test[aada8e7e76ba119b]::run_test::{closure#1}, ()>::{closure#1} as core[a373ad73a504971]::ops::function::FnOnce<()>>::call_once::{shim:vtable#0}
[INFO] [stdout]   18:     0x5c350b7be83f - <std[617be2ca0a6fd877]::sys::thread::unix::Thread>::new::thread_start
[INFO] [stdout]   19:     0x7692091c8dfa - <unknown>
[INFO] [stdout]   20:     0x76920925c3d4 - clone
[INFO] [stdout]   21:                0x0 - <unknown>
[INFO] [stdout] 
[INFO] [stdout] ---- native_fixture_matches_generator stdout ----
[INFO] [stdout] 
[INFO] [stdout] thread 'native_fixture_matches_generator' (599) panicked at tests/generate.rs:427:20:
[INFO] [stdout] called `Result::unwrap()` on an `Err` value: Schema { code: "ipc-output", context: "/opt/rustwide/workdir/../webui-desktop/tests/fixtures/native-ipc", message: "lock directory does not exist", help: "create the application schema directory first" }
[INFO] [stdout] stack backtrace:
[INFO] [stdout]    0:     0x5c350b7bf8f1 - <<std[617be2ca0a6fd877]::sys::backtrace::BacktraceLock>::print::DisplayBacktrace as core[a373ad73a504971]::fmt::Display>::fmt
[INFO] [stdout]    1:     0x5c350b7d71ea - core[a373ad73a504971]::fmt::write
[INFO] [stdout]    2:     0x5c350b7c3e4c - <alloc[2e1b2a31b91974c5]::vec::Vec<u8> as core[a373ad73a504971]::io::write::Write>::write_fmt
[INFO] [stdout]    3:     0x5c350b7979e6 - std[617be2ca0a6fd877]::panicking::default_hook::{closure#0}
[INFO] [stdout]    4:     0x5c350b7b5779 - std[617be2ca0a6fd877]::panicking::default_hook
[INFO] [stdout]    5:     0x5c350b6105c0 - test[aada8e7e76ba119b]::test_main_inner::{closure#0}
[INFO] [stdout]    6:     0x5c350b7b5932 - std[617be2ca0a6fd877]::panicking::panic_with_hook
[INFO] [stdout]    7:     0x5c350b797a92 - std[617be2ca0a6fd877]::panicking::panic_handler::{closure#0}
[INFO] [stdout]    8:     0x5c350b790439 - std[617be2ca0a6fd877]::sys::backtrace::__rust_end_short_backtrace::<std[617be2ca0a6fd877]::panicking::panic_handler::{closure#0}, !>
[INFO] [stdout]    9:     0x5c350b79893d - __rustc[ea4f61d10b84890b]::rust_begin_unwind
[INFO] [stdout]   10:     0x5c350b7d791c - core[a373ad73a504971]::panicking::panic_fmt
[INFO] [stdout]   11:     0x5c350b7d76f2 - core[a373ad73a504971]::result::unwrap_failed
[INFO] [stdout]   12:     0x5c350b5e21d5 - generate[524c5bf62e99457d]::check_fixture
[INFO] [stdout]   13:     0x5c350b5e4812 - <generate[524c5bf62e99457d]::native_fixture_matches_generator::{closure#0} as core[a373ad73a504971]::ops::function::FnOnce<()>>::call_once
[INFO] [stdout]   14:     0x5c350b603a0b - test[aada8e7e76ba119b]::__rust_begin_short_backtrace::<core[a373ad73a504971]::result::Result<(), alloc[2e1b2a31b91974c5]::string::String>, fn() -> core[a373ad73a504971]::result::Result<(), alloc[2e1b2a31b91974c5]::string::String>>
[INFO] [stdout]   15:     0x5c350b610be5 - test[aada8e7e76ba119b]::run_test::{closure#0}
[INFO] [stdout]   16:     0x5c350b60a4d4 - std[617be2ca0a6fd877]::sys::backtrace::__rust_begin_short_backtrace::<test[aada8e7e76ba119b]::run_test::{closure#1}, ()>
[INFO] [stdout]   17:     0x5c350b613c72 - <std[617be2ca0a6fd877]::thread::lifecycle::spawn_unchecked<test[aada8e7e76ba119b]::run_test::{closure#1}, ()>::{closure#1} as core[a373ad73a504971]::ops::function::FnOnce<()>>::call_once::{shim:vtable#0}
[INFO] [stdout]   18:     0x5c350b7be83f - <std[617be2ca0a6fd877]::sys::thread::unix::Thread>::new::thread_start
[INFO] [stdout]   19:     0x7692091c8dfa - <unknown>
[INFO] [stdout]   20:     0x76920925c3d4 - clone
[INFO] [stdout]   21:                0x0 - <unknown>
[INFO] [stdout] 
[INFO] [stdout] ---- deep_acyclic_schemas_are_bounded stdout ----
[INFO] [stdout] 
[INFO] [stdout] thread 'deep_acyclic_schemas_are_bounded' (589) panicked at tests/generate.rs:31:64:
[INFO] [stdout] called `Result::unwrap()` on an `Err` value: Custom { kind: ReadOnlyFilesystem, error: PathError { path: "/opt/rustwide/workdir/.tmp3JDASd", err: Os { code: 30, kind: ReadOnlyFilesystem, message: "Read-only file system" } } }
[INFO] [stdout] stack backtrace:
[INFO] [stdout]    0:     0x5c350b7bf8f1 - <<std[617be2ca0a6fd877]::sys::backtrace::BacktraceLock>::print::DisplayBacktrace as core[a373ad73a504971]::fmt::Display>::fmt
[INFO] [stdout]    1:     0x5c350b7d71ea - core[a373ad73a504971]::fmt::write
[INFO] [stdout]    2:     0x5c350b7c3e4c - <alloc[2e1b2a31b91974c5]::vec::Vec<u8> as core[a373ad73a504971]::io::write::Write>::write_fmt
[INFO] [stdout]    3:     0x5c350b7979e6 - std[617be2ca0a6fd877]::panicking::default_hook::{closure#0}
[INFO] [stdout]    4:     0x5c350b7b5779 - std[617be2ca0a6fd877]::panicking::default_hook
[INFO] [stdout]    5:     0x5c350b6105c0 - test[aada8e7e76ba119b]::test_main_inner::{closure#0}
[INFO] [stdout]    6:     0x5c350b7b5932 - std[617be2ca0a6fd877]::panicking::panic_with_hook
[INFO] [stdout]    7:     0x5c350b797a92 - std[617be2ca0a6fd877]::panicking::panic_handler::{closure#0}
[INFO] [stdout]    8:     0x5c350b790439 - std[617be2ca0a6fd877]::sys::backtrace::__rust_end_short_backtrace::<std[617be2ca0a6fd877]::panicking::panic_handler::{closure#0}, !>
[INFO] [stdout]    9:     0x5c350b79893d - __rustc[ea4f61d10b84890b]::rust_begin_unwind
[INFO] [stdout]   10:     0x5c350b7d791c - core[a373ad73a504971]::panicking::panic_fmt
[INFO] [stdout]   11:     0x5c350b7d76f2 - core[a373ad73a504971]::result::unwrap_failed
[INFO] [stdout]   12:     0x5c350b5e2919 - generate[524c5bf62e99457d]::temporary
[INFO] [stdout]   13:     0x5c350b5e4030 - <generate[524c5bf62e99457d]::deep_acyclic_schemas_are_bounded::{closure#0} as core[a373ad73a504971]::ops::function::FnOnce<()>>::call_once
[INFO] [stdout]   14:     0x5c350b603a0b - test[aada8e7e76ba119b]::__rust_begin_short_backtrace::<core[a373ad73a504971]::result::Result<(), alloc[2e1b2a31b91974c5]::string::String>, fn() -> core[a373ad73a504971]::result::Result<(), alloc[2e1b2a31b91974c5]::string::String>>
[INFO] [stdout]   15:     0x5c350b610be5 - test[aada8e7e76ba119b]::run_test::{closure#0}
[INFO] [stdout]   16:     0x5c350b60a4d4 - std[617be2ca0a6fd877]::sys::backtrace::__rust_begin_short_backtrace::<test[aada8e7e76ba119b]::run_test::{closure#1}, ()>
[INFO] [stdout]   17:     0x5c350b613c72 - <std[617be2ca0a6fd877]::thread::lifecycle::spawn_unchecked<test[aada8e7e76ba119b]::run_test::{closure#1}, ()>::{closure#1} as core[a373ad73a504971]::ops::function::FnOnce<()>>::call_once::{shim:vtable#0}
[INFO] [stdout]   18:     0x5c350b7be83f - <std[617be2ca0a6fd877]::sys::thread::unix::Thread>::new::thread_start
[INFO] [stdout]   19:     0x7692091c8dfa - <unknown>
[INFO] [stdout]   20:     0x76920925c3d4 - clone
[INFO] [stdout]   21:                0x0 - <unknown>
[INFO] [stdout] 
[INFO] [stdout] ---- publication::late_write_failure_preserves_previous_outputs_and_metadata stdout ----
[INFO] [stdout] 
[INFO] [stdout] thread 'publication::late_write_failure_preserves_previous_outputs_and_metadata' (607) panicked at tests/generate.rs:31:64:
[INFO] [stdout] called `Result::unwrap()` on an `Err` value: Custom { kind: ReadOnlyFilesystem, error: PathError { path: "/opt/rustwide/workdir/.tmp7e9k02", err: Os { code: 30, kind: ReadOnlyFilesystem, message: "Read-only file system" } } }
[INFO] [stdout] stack backtrace:
[INFO] [stdout]    0:     0x5c350b7bf8f1 - <<std[617be2ca0a6fd877]::sys::backtrace::BacktraceLock>::print::DisplayBacktrace as core[a373ad73a504971]::fmt::Display>::fmt
[INFO] [stdout]    1:     0x5c350b7d71ea - core[a373ad73a504971]::fmt::write
[INFO] [stdout]    2:     0x5c350b7c3e4c - <alloc[2e1b2a31b91974c5]::vec::Vec<u8> as core[a373ad73a504971]::io::write::Write>::write_fmt
[INFO] [stdout]    3:     0x5c350b7979e6 - std[617be2ca0a6fd877]::panicking::default_hook::{closure#0}
[INFO] [stdout]    4:     0x5c350b7b5779 - std[617be2ca0a6fd877]::panicking::default_hook
[INFO] [stdout]    5:     0x5c350b6105c0 - test[aada8e7e76ba119b]::test_main_inner::{closure#0}
[INFO] [stdout]    6:     0x5c350b7b5932 - std[617be2ca0a6fd877]::panicking::panic_with_hook
[INFO] [stdout]    7:     0x5c350b797a92 - std[617be2ca0a6fd877]::panicking::panic_handler::{closure#0}
[INFO] [stdout]    8:     0x5c350b790439 - std[617be2ca0a6fd877]::sys::backtrace::__rust_end_short_backtrace::<std[617be2ca0a6fd877]::panicking::panic_handler::{closure#0}, !>
[INFO] [stdout]    9:     0x5c350b79893d - __rustc[ea4f61d10b84890b]::rust_begin_unwind
[INFO] [stdout]   10:     0x5c350b7d791c - core[a373ad73a504971]::panicking::panic_fmt
[INFO] [stdout]   11:     0x5c350b7d76f2 - core[a373ad73a504971]::result::unwrap_failed
[INFO] [stdout]   12:     0x5c350b5e2919 - generate[524c5bf62e99457d]::temporary
[INFO] [stdout]   13:     0x5c350b5f10de - <generate[524c5bf62e99457d]::publication::late_write_failure_preserves_previous_outputs_and_metadata::{closure#0} as core[a373ad73a504971]::ops::function::FnOnce<()>>::call_once
[INFO] [stdout]   14:     0x5c350b603a0b - test[aada8e7e76ba119b]::__rust_begin_short_backtrace::<core[a373ad73a504971]::result::Result<(), alloc[2e1b2a31b91974c5]::string::String>, fn() -> core[a373ad73a504971]::result::Result<(), alloc[2e1b2a31b91974c5]::string::String>>
[INFO] [stdout]   15:     0x5c350b610be5 - test[aada8e7e76ba119b]::run_test::{closure#0}
[INFO] [stdout]   16:     0x5c350b60a4d4 - std[617be2ca0a6fd877]::sys::backtrace::__rust_begin_short_backtrace::<test[aada8e7e76ba119b]::run_test::{closure#1}, ()>
[INFO] [stdout]   17:     0x5c350b613c72 - <std[617be2ca0a6fd877]::thread::lifecycle::spawn_unchecked<test[aada8e7e76ba119b]::run_test::{closure#1}, ()>::{closure#1} as core[a373ad73a504971]::ops::function::FnOnce<()>>::call_once::{shim:vtable#0}
[INFO] [stdout]   18:     0x5c350b7be83f - <std[617be2ca0a6fd877]::sys::thread::unix::Thread>::new::thread_start
[INFO] [stdout]   19:     0x7692091c8dfa - <unknown>
[INFO] [stdout]   20:     0x76920925c3d4 - clone
[INFO] [stdout]   21:                0x0 - <unknown>
[INFO] [stdout] 
[INFO] [stdout] ---- missing_tools_report_actionable_errors_without_outputs stdout ----
[INFO] [stdout] 
[INFO] [stdout] thread 'missing_tools_report_actionable_errors_without_outputs' (598) panicked at tests/generate.rs:31:64:
[INFO] [stdout] called `Result::unwrap()` on an `Err` value: Custom { kind: ReadOnlyFilesystem, error: PathError { path: "/opt/rustwide/workdir/.tmpTGbFtW", err: Os { code: 30, kind: ReadOnlyFilesystem, message: "Read-only file system" } } }
[INFO] [stdout] stack backtrace:
[INFO] [stdout]    0:     0x5c350b7bf8f1 - <<std[617be2ca0a6fd877]::sys::backtrace::BacktraceLock>::print::DisplayBacktrace as core[a373ad73a504971]::fmt::Display>::fmt
[INFO] [stdout]    1:     0x5c350b7d71ea - core[a373ad73a504971]::fmt::write
[INFO] [stdout]    2:     0x5c350b7c3e4c - <alloc[2e1b2a31b91974c5]::vec::Vec<u8> as core[a373ad73a504971]::io::write::Write>::write_fmt
[INFO] [stdout]    3:     0x5c350b7979e6 - std[617be2ca0a6fd877]::panicking::default_hook::{closure#0}
[INFO] [stdout]    4:     0x5c350b7b5779 - std[617be2ca0a6fd877]::panicking::default_hook
[INFO] [stdout]    5:     0x5c350b6105c0 - test[aada8e7e76ba119b]::test_main_inner::{closure#0}
[INFO] [stdout]    6:     0x5c350b7b5932 - std[617be2ca0a6fd877]::panicking::panic_with_hook
[INFO] [stdout]    7:     0x5c350b797a92 - std[617be2ca0a6fd877]::panicking::panic_handler::{closure#0}
[INFO] [stdout]    8:     0x5c350b790439 - std[617be2ca0a6fd877]::sys::backtrace::__rust_end_short_backtrace::<std[617be2ca0a6fd877]::panicking::panic_handler::{closure#0}, !>
[INFO] [stdout]    9:     0x5c350b79893d - __rustc[ea4f61d10b84890b]::rust_begin_unwind
[INFO] [stdout]   10:     0x5c350b7d791c - core[a373ad73a504971]::panicking::panic_fmt
[INFO] [stdout]   11:     0x5c350b7d76f2 - core[a373ad73a504971]::result::unwrap_failed
[INFO] [stdout]   12:     0x5c350b5e2919 - generate[524c5bf62e99457d]::temporary
[INFO] [stdout]   13:     0x5c350b5eb12d - <generate[524c5bf62e99457d]::missing_tools_report_actionable_errors_without_outputs::{closure#0} as core[a373ad73a504971]::ops::function::FnOnce<()>>::call_once
[INFO] [stdout]   14:     0x5c350b603a0b - test[aada8e7e76ba119b]::__rust_begin_short_backtrace::<core[a373ad73a504971]::result::Result<(), alloc[2e1b2a31b91974c5]::string::String>, fn() -> core[a373ad73a504971]::result::Result<(), alloc[2e1b2a31b91974c5]::string::String>>
[INFO] [stdout]   15:     0x5c350b610be5 - test[aada8e7e76ba119b]::run_test::{closure#0}
[INFO] [stdout]   16:     0x5c350b60a4d4 - std[617be2ca0a6fd877]::sys::backtrace::__rust_begin_short_backtrace::<test[aada8e7e76ba119b]::run_test::{closure#1}, ()>
[INFO] [stdout]   17:     0x5c350b613c72 - <std[617be2ca0a6fd877]::thread::lifecycle::spawn_unchecked<test[aada8e7e76ba119b]::run_test::{closure#1}, ()>::{closure#1} as core[a373ad73a504971]::ops::function::FnOnce<()>>::call_once::{shim:vtable#0}
[INFO] [stdout]   18:     0x5c350b7be83f - <std[617be2ca0a6fd877]::sys::thread::unix::Thread>::new::thread_start
[INFO] [stdout]   19:     0x7692091c8dfa - <unknown>
[INFO] [stdout]   20:     0x76920925c3d4 - clone
[INFO] [stdout]   21:                0x0 - <unknown>
[INFO] [stdout] 
[INFO] [stdout] ---- comments_do_not_change_schema_hash stdout ----
[INFO] [stdout] 
[INFO] [stdout] thread 'comments_do_not_change_schema_hash' (588) panicked at tests/generate.rs:31:64:
[INFO] [stdout] called `Result::unwrap()` on an `Err` value: Custom { kind: ReadOnlyFilesystem, error: PathError { path: "/opt/rustwide/workdir/.tmpAB7bPM", err: Os { code: 30, kind: ReadOnlyFilesystem, message: "Read-only file system" } } }
[INFO] [stdout] stack backtrace:
[INFO] [stdout]    0:     0x5c350b7bf8f1 - <<std[617be2ca0a6fd877]::sys::backtrace::BacktraceLock>::print::DisplayBacktrace as core[a373ad73a504971]::fmt::Display>::fmt
[INFO] [stdout]    1:     0x5c350b7d71ea - core[a373ad73a504971]::fmt::write
[INFO] [stdout]    2:     0x5c350b7c3e4c - <alloc[2e1b2a31b91974c5]::vec::Vec<u8> as core[a373ad73a504971]::io::write::Write>::write_fmt
[INFO] [stdout]    3:     0x5c350b7979e6 - std[617be2ca0a6fd877]::panicking::default_hook::{closure#0}
[INFO] [stdout]    4:     0x5c350b7b5779 - std[617be2ca0a6fd877]::panicking::default_hook
[INFO] [stdout]    5:     0x5c350b6105c0 - test[aada8e7e76ba119b]::test_main_inner::{closure#0}
[INFO] [stdout]    6:     0x5c350b7b5932 - std[617be2ca0a6fd877]::panicking::panic_with_hook
[INFO] [stdout]    7:     0x5c350b797a92 - std[617be2ca0a6fd877]::panicking::panic_handler::{closure#0}
[INFO] [stdout]    8:     0x5c350b790439 - std[617be2ca0a6fd877]::sys::backtrace::__rust_end_short_backtrace::<std[617be2ca0a6fd877]::panicking::panic_handler::{closure#0}, !>
[INFO] [stdout]    9:     0x5c350b79893d - __rustc[ea4f61d10b84890b]::rust_begin_unwind
[INFO] [stdout]   10:     0x5c350b7d791c - core[a373ad73a504971]::panicking::panic_fmt
[INFO] [stdout]   11:     0x5c350b7d76f2 - core[a373ad73a504971]::result::unwrap_failed
[INFO] [stdout]   12:     0x5c350b5e2919 - generate[524c5bf62e99457d]::temporary
[INFO] [stdout]   13:     0x5c350b5e52d9 - <generate[524c5bf62e99457d]::comments_do_not_change_schema_hash::{closure#0} as core[a373ad73a504971]::ops::function::FnOnce<()>>::call_once
[INFO] [stdout]   14:     0x5c350b603a0b - test[aada8e7e76ba119b]::__rust_begin_short_backtrace::<core[a373ad73a504971]::result::Result<(), alloc[2e1b2a31b91974c5]::string::String>, fn() -> core[a373ad73a504971]::result::Result<(), alloc[2e1b2a31b91974c5]::string::String>>
[INFO] [stdout]   15:     0x5c350b610be5 - test[aada8e7e76ba119b]::run_test::{closure#0}
[INFO] [stdout]   16:     0x5c350b60a4d4 - std[617be2ca0a6fd877]::sys::backtrace::__rust_begin_short_backtrace::<test[aada8e7e76ba119b]::run_test::{closure#1}, ()>
[INFO] [stdout]   17:     0x5c350b613c72 - <std[617be2ca0a6fd877]::thread::lifecycle::spawn_unchecked<test[aada8e7e76ba119b]::run_test::{closure#1}, ()>::{closure#1} as core[a373ad73a504971]::ops::function::FnOnce<()>>::call_once::{shim:vtable#0}
[INFO] [stdout]   18:     0x5c350b7be83f - <std[617be2ca0a6fd877]::sys::thread::unix::Thread>::new::thread_start
[INFO] [stdout]   19:     0x7692091c8dfa - <unknown>
[INFO] [stdout]   20:     0x76920925c3d4 - clone
[INFO] [stdout]   21:                0x0 - <unknown>
[INFO] [stdout] 
[INFO] [stdout] ---- proto2_and_notification_request_are_rejected stdout ----
[INFO] [stdout] 
[INFO] [stdout] thread 'proto2_and_notification_request_are_rejected' (602) panicked at tests/generate.rs:31:64:
[INFO] [stdout] called `Result::unwrap()` on an `Err` value: Custom { kind: ReadOnlyFilesystem, error: PathError { path: "/opt/rustwide/workdir/.tmp5Oj6Nc", err: Os { code: 30, kind: ReadOnlyFilesystem, message: "Read-only file system" } } }
[INFO] [stdout] stack backtrace:
[INFO] [stdout]    0:     0x5c350b7bf8f1 - <<std[617be2ca0a6fd877]::sys::backtrace::BacktraceLock>::print::DisplayBacktrace as core[a373ad73a504971]::fmt::Display>::fmt
[INFO] [stdout]    1:     0x5c350b7d71ea - core[a373ad73a504971]::fmt::write
[INFO] [stdout]    2:     0x5c350b7c3e4c - <alloc[2e1b2a31b91974c5]::vec::Vec<u8> as core[a373ad73a504971]::io::write::Write>::write_fmt
[INFO] [stdout]    3:     0x5c350b7979e6 - std[617be2ca0a6fd877]::panicking::default_hook::{closure#0}
[INFO] [stdout]    4:     0x5c350b7b5779 - std[617be2ca0a6fd877]::panicking::default_hook
[INFO] [stdout]    5:     0x5c350b6105c0 - test[aada8e7e76ba119b]::test_main_inner::{closure#0}
[INFO] [stdout]    6:     0x5c350b7b5932 - std[617be2ca0a6fd877]::panicking::panic_with_hook
[INFO] [stdout]    7:     0x5c350b797a92 - std[617be2ca0a6fd877]::panicking::panic_handler::{closure#0}
[INFO] [stdout]    8:     0x5c350b790439 - std[617be2ca0a6fd877]::sys::backtrace::__rust_end_short_backtrace::<std[617be2ca0a6fd877]::panicking::panic_handler::{closure#0}, !>
[INFO] [stdout]    9:     0x5c350b79893d - __rustc[ea4f61d10b84890b]::rust_begin_unwind
[INFO] [stdout]   10:     0x5c350b7d791c - core[a373ad73a504971]::panicking::panic_fmt
[INFO] [stdout]   11:     0x5c350b7d76f2 - core[a373ad73a504971]::result::unwrap_failed
[INFO] [stdout]   12:     0x5c350b5e2919 - generate[524c5bf62e99457d]::temporary
[INFO] [stdout]   13:     0x5c350b5e7e3e - <generate[524c5bf62e99457d]::proto2_and_notification_request_are_rejected::{closure#0} as core[a373ad73a504971]::ops::function::FnOnce<()>>::call_once
[INFO] [stdout]   14:     0x5c350b603a0b - test[aada8e7e76ba119b]::__rust_begin_short_backtrace::<core[a373ad73a504971]::result::Result<(), alloc[2e1b2a31b91974c5]::string::String>, fn() -> core[a373ad73a504971]::result::Result<(), alloc[2e1b2a31b91974c5]::string::String>>
[INFO] [stdout]   15:     0x5c350b610be5 - test[aada8e7e76ba119b]::run_test::{closure#0}
[INFO] [stdout]   16:     0x5c350b60a4d4 - std[617be2ca0a6fd877]::sys::backtrace::__rust_begin_short_backtrace::<test[aada8e7e76ba119b]::run_test::{closure#1}, ()>
[INFO] [stdout]   17:     0x5c350b613c72 - <std[617be2ca0a6fd877]::thread::lifecycle::spawn_unchecked<test[aada8e7e76ba119b]::run_test::{closure#1}, ()>::{closure#1} as core[a373ad73a504971]::ops::function::FnOnce<()>>::call_once::{shim:vtable#0}
[INFO] [stdout]   18:     0x5c350b7be83f - <std[617be2ca0a6fd877]::sys::thread::unix::Thread>::new::thread_start
[INFO] [stdout]   19:     0x7692091c8dfa - <unknown>
[INFO] [stdout]   20:     0x76920925c3d4 - clone
[INFO] [stdout]   21:                0x0 - <unknown>
[INFO] [stdout] 
[INFO] [stdout] ---- publication::escaped_keywords_remain_valid_but_normalized_keyword_duplicates_fail stdout ----
[INFO] [stdout] 
[INFO] [stdout] thread 'publication::escaped_keywords_remain_valid_but_normalized_keyword_duplicates_fail' (605) panicked at tests/generate.rs:31:64:
[INFO] [stdout] called `Result::unwrap()` on an `Err` value: Custom { kind: ReadOnlyFilesystem, error: PathError { path: "/opt/rustwide/workdir/.tmpsU6yKM", err: Os { code: 30, kind: ReadOnlyFilesystem, message: "Read-only file system" } } }
[INFO] [stdout] stack backtrace:
[INFO] [stdout]    0:     0x5c350b7bf8f1 - <<std[617be2ca0a6fd877]::sys::backtrace::BacktraceLock>::print::DisplayBacktrace as core[a373ad73a504971]::fmt::Display>::fmt
[INFO] [stdout]    1:     0x5c350b7d71ea - core[a373ad73a504971]::fmt::write
[INFO] [stdout]    2:     0x5c350b7c3e4c - <alloc[2e1b2a31b91974c5]::vec::Vec<u8> as core[a373ad73a504971]::io::write::Write>::write_fmt
[INFO] [stdout]    3:     0x5c350b7979e6 - std[617be2ca0a6fd877]::panicking::default_hook::{closure#0}
[INFO] [stdout]    4:     0x5c350b7b5779 - std[617be2ca0a6fd877]::panicking::default_hook
[INFO] [stdout]    5:     0x5c350b6105c0 - test[aada8e7e76ba119b]::test_main_inner::{closure#0}
[INFO] [stdout]    6:     0x5c350b7b5932 - std[617be2ca0a6fd877]::panicking::panic_with_hook
[INFO] [stdout]    7:     0x5c350b797a92 - std[617be2ca0a6fd877]::panicking::panic_handler::{closure#0}
[INFO] [stdout]    8:     0x5c350b790439 - std[617be2ca0a6fd877]::sys::backtrace::__rust_end_short_backtrace::<std[617be2ca0a6fd877]::panicking::panic_handler::{closure#0}, !>
[INFO] [stdout]    9:     0x5c350b79893d - __rustc[ea4f61d10b84890b]::rust_begin_unwind
[INFO] [stdout]   10:     0x5c350b7d791c - core[a373ad73a504971]::panicking::panic_fmt
[INFO] [stdout]   11:     0x5c350b7d76f2 - core[a373ad73a504971]::result::unwrap_failed
[INFO] [stdout]   12:     0x5c350b5e2919 - generate[524c5bf62e99457d]::temporary
[INFO] [stdout]   13:     0x5c350b5f36a3 - <generate[524c5bf62e99457d]::publication::escaped_keywords_remain_valid_but_normalized_keyword_duplicates_fail::{closure#0} as core[a373ad73a504971]::ops::function::FnOnce<()>>::call_once
[INFO] [stdout]   14:     0x5c350b603a0b - test[aada8e7e76ba119b]::__rust_begin_short_backtrace::<core[a373ad73a504971]::result::Result<(), alloc[2e1b2a31b91974c5]::string::String>, fn() -> core[a373ad73a504971]::result::Result<(), alloc[2e1b2a31b91974c5]::string::String>>
[INFO] [stdout]   15:     0x5c350b610be5 - test[aada8e7e76ba119b]::run_test::{closure#0}
[INFO] [stdout]   16:     0x5c350b60a4d4 - std[617be2ca0a6fd877]::sys::backtrace::__rust_begin_short_backtrace::<test[aada8e7e76ba119b]::run_test::{closure#1}, ()>
[INFO] [stdout]   17:     0x5c350b613c72 - <std[617be2ca0a6fd877]::thread::lifecycle::spawn_unchecked<test[aada8e7e76ba119b]::run_test::{closure#1}, ()>::{closure#1} as core[a373ad73a504971]::ops::function::FnOnce<()>>::call_once::{shim:vtable#0}
[INFO] [stdout]   18:     0x5c350b7be83f - <std[617be2ca0a6fd877]::sys::thread::unix::Thread>::new::thread_start
[INFO] [stdout]   19:     0x7692091c8dfa - <unknown>
[INFO] [stdout]   20:     0x76920925c3d4 - clone
[INFO] [stdout]   21:                0x0 - <unknown>
[INFO] [stdout] 
[INFO] [stdout] ---- disconnected_types_do_not_lose_compatibility_history stdout ----
[INFO] [stdout] 
[INFO] [stdout] thread 'disconnected_types_do_not_lose_compatibility_history' (592) panicked at tests/generate.rs:31:64:
[INFO] [stdout] called `Result::unwrap()` on an `Err` value: Custom { kind: ReadOnlyFilesystem, error: PathError { path: "/opt/rustwide/workdir/.tmpz6aQNk", err: Os { code: 30, kind: ReadOnlyFilesystem, message: "Read-only file system" } } }
[INFO] [stdout] stack backtrace:
[INFO] [stdout]    0:     0x5c350b7bf8f1 - <<std[617be2ca0a6fd877]::sys::backtrace::BacktraceLock>::print::DisplayBacktrace as core[a373ad73a504971]::fmt::Display>::fmt
[INFO] [stdout]    1:     0x5c350b7d71ea - core[a373ad73a504971]::fmt::write
[INFO] [stdout]    2:     0x5c350b7c3e4c - <alloc[2e1b2a31b91974c5]::vec::Vec<u8> as core[a373ad73a504971]::io::write::Write>::write_fmt
[INFO] [stdout]    3:     0x5c350b7979e6 - std[617be2ca0a6fd877]::panicking::default_hook::{closure#0}
[INFO] [stdout]    4:     0x5c350b7b5779 - std[617be2ca0a6fd877]::panicking::default_hook
[INFO] [stdout]    5:     0x5c350b6105c0 - test[aada8e7e76ba119b]::test_main_inner::{closure#0}
[INFO] [stdout]    6:     0x5c350b7b5932 - std[617be2ca0a6fd877]::panicking::panic_with_hook
[INFO] [stdout]    7:     0x5c350b797a92 - std[617be2ca0a6fd877]::panicking::panic_handler::{closure#0}
[INFO] [stdout]    8:     0x5c350b790439 - std[617be2ca0a6fd877]::sys::backtrace::__rust_end_short_backtrace::<std[617be2ca0a6fd877]::panicking::panic_handler::{closure#0}, !>
[INFO] [stdout]    9:     0x5c350b79893d - __rustc[ea4f61d10b84890b]::rust_begin_unwind
[INFO] [stdout]   10:     0x5c350b7d791c - core[a373ad73a504971]::panicking::panic_fmt
[INFO] [stdout]   11:     0x5c350b7d76f2 - core[a373ad73a504971]::result::unwrap_failed
[INFO] [stdout]   12:     0x5c350b5e2919 - generate[524c5bf62e99457d]::temporary
[INFO] [stdout]   13:     0x5c350b5ea0de - <generate[524c5bf62e99457d]::disconnected_types_do_not_lose_compatibility_history::{closure#0} as core[a373ad73a504971]::ops::function::FnOnce<()>>::call_once
[INFO] [stdout]   14:     0x5c350b603a0b - test[aada8e7e76ba119b]::__rust_begin_short_backtrace::<core[a373ad73a504971]::result::Result<(), alloc[2e1b2a31b91974c5]::string::String>, fn() -> core[a373ad73a504971]::result::Result<(), alloc[2e1b2a31b91974c5]::string::String>>
[INFO] [stdout]   15:     0x5c350b610be5 - test[aada8e7e76ba119b]::run_test::{closure#0}
[INFO] [stdout]   16:     0x5c350b60a4d4 - std[617be2ca0a6fd877]::sys::backtrace::__rust_begin_short_backtrace::<test[aada8e7e76ba119b]::run_test::{closure#1}, ()>
[INFO] [stdout]   17:     0x5c350b613c72 - <std[617be2ca0a6fd877]::thread::lifecycle::spawn_unchecked<test[aada8e7e76ba119b]::run_test::{closure#1}, ()>::{closure#1} as core[a373ad73a504971]::ops::function::FnOnce<()>>::call_once::{shim:vtable#0}
[INFO] [stdout]   18:     0x5c350b7be83f - <std[617be2ca0a6fd877]::sys::thread::unix::Thread>::new::thread_start
[INFO] [stdout]   19:     0x7692091c8dfa - <unknown>
[INFO] [stdout]   20:     0x76920925c3d4 - clone
[INFO] [stdout]   21:                0x0 - <unknown>
[INFO] [stdout] 
[INFO] [stdout] ---- publication::stale_symlink_and_directory_fail_without_advancing_lock stdout ----
[INFO] [stdout] 
[INFO] [stdout] thread 'publication::stale_symlink_and_directory_fail_without_advancing_lock' (610) panicked at tests/generate.rs:31:64:
[INFO] [stdout] called `Result::unwrap()` on an `Err` value: Custom { kind: ReadOnlyFilesystem, error: PathError { path: "/opt/rustwide/workdir/.tmpam6d2h", err: Os { code: 30, kind: ReadOnlyFilesystem, message: "Read-only file system" } } }
[INFO] [stdout] stack backtrace:
[INFO] [stdout]    0:     0x5c350b7bf8f1 - <<std[617be2ca0a6fd877]::sys::backtrace::BacktraceLock>::print::DisplayBacktrace as core[a373ad73a504971]::fmt::Display>::fmt
[INFO] [stdout]    1:     0x5c350b7d71ea - core[a373ad73a504971]::fmt::write
[INFO] [stdout]    2:     0x5c350b7c3e4c - <alloc[2e1b2a31b91974c5]::vec::Vec<u8> as core[a373ad73a504971]::io::write::Write>::write_fmt
[INFO] [stdout]    3:     0x5c350b7979e6 - std[617be2ca0a6fd877]::panicking::default_hook::{closure#0}
[INFO] [stdout]    4:     0x5c350b7b5779 - std[617be2ca0a6fd877]::panicking::default_hook
[INFO] [stdout]    5:     0x5c350b6105c0 - test[aada8e7e76ba119b]::test_main_inner::{closure#0}
[INFO] [stdout]    6:     0x5c350b7b5932 - std[617be2ca0a6fd877]::panicking::panic_with_hook
[INFO] [stdout]    7:     0x5c350b797a92 - std[617be2ca0a6fd877]::panicking::panic_handler::{closure#0}
[INFO] [stdout]    8:     0x5c350b790439 - std[617be2ca0a6fd877]::sys::backtrace::__rust_end_short_backtrace::<std[617be2ca0a6fd877]::panicking::panic_handler::{closure#0}, !>
[INFO] [stdout]    9:     0x5c350b79893d - __rustc[ea4f61d10b84890b]::rust_begin_unwind
[INFO] [stdout]   10:     0x5c350b7d791c - core[a373ad73a504971]::panicking::panic_fmt
[INFO] [stdout]   11:     0x5c350b7d76f2 - core[a373ad73a504971]::result::unwrap_failed
[INFO] [stdout]   12:     0x5c350b5e2919 - generate[524c5bf62e99457d]::temporary
[INFO] [stdout]   13:     0x5c350b5efa72 - <generate[524c5bf62e99457d]::publication::stale_symlink_and_directory_fail_without_advancing_lock::{closure#0} as core[a373ad73a504971]::ops::function::FnOnce<()>>::call_once
[INFO] [stdout]   14:     0x5c350b603a0b - test[aada8e7e76ba119b]::__rust_begin_short_backtrace::<core[a373ad73a504971]::result::Result<(), alloc[2e1b2a31b91974c5]::string::String>, fn() -> core[a373ad73a504971]::result::Result<(), alloc[2e1b2a31b91974c5]::string::String>>
[INFO] [stdout]   15:     0x5c350b610be5 - test[aada8e7e76ba119b]::run_test::{closure#0}
[INFO] [stdout]   16:     0x5c350b60a4d4 - std[617be2ca0a6fd877]::sys::backtrace::__rust_begin_short_backtrace::<test[aada8e7e76ba119b]::run_test::{closure#1}, ()>
[INFO] [stdout]   17:     0x5c350b613c72 - <std[617be2ca0a6fd877]::thread::lifecycle::spawn_unchecked<test[aada8e7e76ba119b]::run_test::{closure#1}, ()>::{closure#1} as core[a373ad73a504971]::ops::function::FnOnce<()>>::call_once::{shim:vtable#0}
[INFO] [stdout]   18:     0x5c350b7be83f - <std[617be2ca0a6fd877]::sys::thread::unix::Thread>::new::thread_start
[INFO] [stdout]   19:     0x7692091c8dfa - <unknown>
[INFO] [stdout]   20:     0x76920925c3d4 - clone
[INFO] [stdout]   21:                0x0 - <unknown>
[INFO] [stdout] 
[INFO] [stdout] ---- publication::current_parent_symlink_is_rejected_even_when_bytes_match stdout ----
[INFO] [stdout] 
[INFO] [stdout] thread 'publication::current_parent_symlink_is_rejected_even_when_bytes_match' (604) panicked at tests/generate.rs:31:64:
[INFO] [stdout] called `Result::unwrap()` on an `Err` value: Custom { kind: ReadOnlyFilesystem, error: PathError { path: "/opt/rustwide/workdir/.tmp1n0Cx3", err: Os { code: 30, kind: ReadOnlyFilesystem, message: "Read-only file system" } } }
[INFO] [stdout] stack backtrace:
[INFO] [stdout]    0:     0x5c350b7bf8f1 - <<std[617be2ca0a6fd877]::sys::backtrace::BacktraceLock>::print::DisplayBacktrace as core[a373ad73a504971]::fmt::Display>::fmt
[INFO] [stdout]    1:     0x5c350b7d71ea - core[a373ad73a504971]::fmt::write
[INFO] [stdout]    2:     0x5c350b7c3e4c - <alloc[2e1b2a31b91974c5]::vec::Vec<u8> as core[a373ad73a504971]::io::write::Write>::write_fmt
[INFO] [stdout]    3:     0x5c350b7979e6 - std[617be2ca0a6fd877]::panicking::default_hook::{closure#0}
[INFO] [stdout]    4:     0x5c350b7b5779 - std[617be2ca0a6fd877]::panicking::default_hook
[INFO] [stdout]    5:     0x5c350b6105c0 - test[aada8e7e76ba119b]::test_main_inner::{closure#0}
[INFO] [stdout]    6:     0x5c350b7b5932 - std[617be2ca0a6fd877]::panicking::panic_with_hook
[INFO] [stdout]    7:     0x5c350b797a92 - std[617be2ca0a6fd877]::panicking::panic_handler::{closure#0}
[INFO] [stdout]    8:     0x5c350b790439 - std[617be2ca0a6fd877]::sys::backtrace::__rust_end_short_backtrace::<std[617be2ca0a6fd877]::panicking::panic_handler::{closure#0}, !>
[INFO] [stdout]    9:     0x5c350b79893d - __rustc[ea4f61d10b84890b]::rust_begin_unwind
[INFO] [stdout]   10:     0x5c350b7d791c - core[a373ad73a504971]::panicking::panic_fmt
[INFO] [stdout]   11:     0x5c350b7d76f2 - core[a373ad73a504971]::result::unwrap_failed
[INFO] [stdout]   12:     0x5c350b5e2919 - generate[524c5bf62e99457d]::temporary
[INFO] [stdout]   13:     0x5c350b5f08ee - <generate[524c5bf62e99457d]::publication::current_parent_symlink_is_rejected_even_when_bytes_match::{closure#0} as core[a373ad73a504971]::ops::function::FnOnce<()>>::call_once
[INFO] [stdout]   14:     0x5c350b603a0b - test[aada8e7e76ba119b]::__rust_begin_short_backtrace::<core[a373ad73a504971]::result::Result<(), alloc[2e1b2a31b91974c5]::string::String>, fn() -> core[a373ad73a504971]::result::Result<(), alloc[2e1b2a31b91974c5]::string::String>>
[INFO] [stdout]   15:     0x5c350b610be5 - test[aada8e7e76ba119b]::run_test::{closure#0}
[INFO] [stdout]   16:     0x5c350b60a4d4 - std[617be2ca0a6fd877]::sys::backtrace::__rust_begin_short_backtrace::<test[aada8e7e76ba119b]::run_test::{closure#1}, ()>
[INFO] [stdout]   17:     0x5c350b613c72 - <std[617be2ca0a6fd877]::thread::lifecycle::spawn_unchecked<test[aada8e7e76ba119b]::run_test::{closure#1}, ()>::{closure#1} as core[a373ad73a504971]::ops::function::FnOnce<()>>::call_once::{shim:vtable#0}
[INFO] [stdout]   18:     0x5c350b7be83f - <std[617be2ca0a6fd877]::sys::thread::unix::Thread>::new::thread_start
[INFO] [stdout]   19:     0x7692091c8dfa - <unknown>
[INFO] [stdout]   20:     0x76920925c3d4 - clone
[INFO] [stdout]   21:                0x0 - <unknown>
[INFO] [stdout] 
[INFO] [stdout] ---- deterministic_and_check_mode_is_read_only stdout ----
[INFO] [stdout] 
[INFO] [stdout] thread 'deterministic_and_check_mode_is_read_only' (591) panicked at tests/generate.rs:31:64:
[INFO] [stdout] called `Result::unwrap()` on an `Err` value: Custom { kind: ReadOnlyFilesystem, error: PathError { path: "/opt/rustwide/workdir/.tmp3w2NhN", err: Os { code: 30, kind: ReadOnlyFilesystem, message: "Read-only file system" } } }
[INFO] [stdout] stack backtrace:
[INFO] [stdout]    0:     0x5c350b7bf8f1 - <<std[617be2ca0a6fd877]::sys::backtrace::BacktraceLock>::print::DisplayBacktrace as core[a373ad73a504971]::fmt::Display>::fmt
[INFO] [stdout]    1:     0x5c350b7d71ea - core[a373ad73a504971]::fmt::write
[INFO] [stdout]    2:     0x5c350b7c3e4c - <alloc[2e1b2a31b91974c5]::vec::Vec<u8> as core[a373ad73a504971]::io::write::Write>::write_fmt
[INFO] [stdout]    3:     0x5c350b7979e6 - std[617be2ca0a6fd877]::panicking::default_hook::{closure#0}
[INFO] [stdout]    4:     0x5c350b7b5779 - std[617be2ca0a6fd877]::panicking::default_hook
[INFO] [stdout]    5:     0x5c350b6105c0 - test[aada8e7e76ba119b]::test_main_inner::{closure#0}
[INFO] [stdout]    6:     0x5c350b7b5932 - std[617be2ca0a6fd877]::panicking::panic_with_hook
[INFO] [stdout]    7:     0x5c350b797a92 - std[617be2ca0a6fd877]::panicking::panic_handler::{closure#0}
[INFO] [stdout]    8:     0x5c350b790439 - std[617be2ca0a6fd877]::sys::backtrace::__rust_end_short_backtrace::<std[617be2ca0a6fd877]::panicking::panic_handler::{closure#0}, !>
[INFO] [stdout]    9:     0x5c350b79893d - __rustc[ea4f61d10b84890b]::rust_begin_unwind
[INFO] [stdout]   10:     0x5c350b7d791c - core[a373ad73a504971]::panicking::panic_fmt
[INFO] [stdout]   11:     0x5c350b7d76f2 - core[a373ad73a504971]::result::unwrap_failed
[INFO] [stdout]   12:     0x5c350b5e2919 - generate[524c5bf62e99457d]::temporary
[INFO] [stdout]   13:     0x5c350b5e66be - <generate[524c5bf62e99457d]::deterministic_and_check_mode_is_read_only::{closure#0} as core[a373ad73a504971]::ops::function::FnOnce<()>>::call_once
[INFO] [stdout]   14:     0x5c350b603a0b - test[aada8e7e76ba119b]::__rust_begin_short_backtrace::<core[a373ad73a504971]::result::Result<(), alloc[2e1b2a31b91974c5]::string::String>, fn() -> core[a373ad73a504971]::result::Result<(), alloc[2e1b2a31b91974c5]::string::String>>
[INFO] [stdout]   15:     0x5c350b610be5 - test[aada8e7e76ba119b]::run_test::{closure#0}
[INFO] [stdout]   16:     0x5c350b60a4d4 - std[617be2ca0a6fd877]::sys::backtrace::__rust_begin_short_backtrace::<test[aada8e7e76ba119b]::run_test::{closure#1}, ()>
[INFO] [stdout]   17:     0x5c350b613c72 - <std[617be2ca0a6fd877]::thread::lifecycle::spawn_unchecked<test[aada8e7e76ba119b]::run_test::{closure#1}, ()>::{closure#1} as core[a373ad73a504971]::ops::function::FnOnce<()>>::call_once::{shim:vtable#0}
[INFO] [stdout]   18:     0x5c350b7be83f - <std[617be2ca0a6fd877]::sys::thread::unix::Thread>::new::thread_start
[INFO] [stdout]   19:     0x7692091c8dfa - <unknown>
[INFO] [stdout]   20:     0x76920925c3d4 - clone
[INFO] [stdout]   21:                0x0 - <unknown>
[INFO] [stdout] 
[INFO] [stdout] ---- retired_ids_cannot_be_reused stdout ----
[INFO] [stdout] 
[INFO] [stdout] thread 'retired_ids_cannot_be_reused' (613) panicked at tests/generate.rs:31:64:
[INFO] [stdout] called `Result::unwrap()` on an `Err` value: Custom { kind: ReadOnlyFilesystem, error: PathError { path: "/opt/rustwide/workdir/.tmpzWty3P", err: Os { code: 30, kind: ReadOnlyFilesystem, message: "Read-only file system" } } }
[INFO] [stdout] stack backtrace:
[INFO] [stdout]    0:     0x5c350b7bf8f1 - <<std[617be2ca0a6fd877]::sys::backtrace::BacktraceLock>::print::DisplayBacktrace as core[a373ad73a504971]::fmt::Display>::fmt
[INFO] [stdout]    1:     0x5c350b7d71ea - core[a373ad73a504971]::fmt::write
[INFO] [stdout]    2:     0x5c350b7c3e4c - <alloc[2e1b2a31b91974c5]::vec::Vec<u8> as core[a373ad73a504971]::io::write::Write>::write_fmt
[INFO] [stdout]    3:     0x5c350b7979e6 - std[617be2ca0a6fd877]::panicking::default_hook::{closure#0}
[INFO] [stderr] error: test failed, to rerun pass `--test generate`
[INFO] [stdout]    4:     0x5c350b7b5779 - std[617be2ca0a6fd877]::panicking::default_hook
[INFO] [stdout]    5:     0x5c350b6105c0 - test[aada8e7e76ba119b]::test_main_inner::{closure#0}
[INFO] [stdout]    6:     0x5c350b7b5932 - std[617be2ca0a6fd877]::panicking::panic_with_hook
[INFO] [stdout]    7:     0x5c350b797a92 - std[617be2ca0a6fd877]::panicking::panic_handler::{closure#0}
[INFO] [stdout]    8:     0x5c350b790439 - std[617be2ca0a6fd877]::sys::backtrace::__rust_end_short_backtrace::<std[617be2ca0a6fd877]::panicking::panic_handler::{closure#0}, !>
[INFO] [stdout]    9:     0x5c350b79893d - __rustc[ea4f61d10b84890b]::rust_begin_unwind
[INFO] [stdout]   10:     0x5c350b7d791c - core[a373ad73a504971]::panicking::panic_fmt
[INFO] [stdout]   11:     0x5c350b7d76f2 - core[a373ad73a504971]::result::unwrap_failed
[INFO] [stdout]   12:     0x5c350b5e2919 - generate[524c5bf62e99457d]::temporary
[INFO] [stdout]   13:     0x5c350b5e39be - <generate[524c5bf62e99457d]::retired_ids_cannot_be_reused::{closure#0} as core[a373ad73a504971]::ops::function::FnOnce<()>>::call_once
[INFO] [stdout]   14:     0x5c350b603a0b - test[aada8e7e76ba119b]::__rust_begin_short_backtrace::<core[a373ad73a504971]::result::Result<(), alloc[2e1b2a31b91974c5]::string::String>, fn() -> core[a373ad73a504971]::result::Result<(), alloc[2e1b2a31b91974c5]::string::String>>
[INFO] [stdout]   15:     0x5c350b610be5 - test[aada8e7e76ba119b]::run_test::{closure#0}
[INFO] [stdout]   16:     0x5c350b60a4d4 - std[617be2ca0a6fd877]::sys::backtrace::__rust_begin_short_backtrace::<test[aada8e7e76ba119b]::run_test::{closure#1}, ()>
[INFO] [stdout]   17:     0x5c350b613c72 - <std[617be2ca0a6fd877]::thread::lifecycle::spawn_unchecked<test[aada8e7e76ba119b]::run_test::{closure#1}, ()>::{closure#1} as core[a373ad73a504971]::ops::function::FnOnce<()>>::call_once::{shim:vtable#0}
[INFO] [stdout]   18:     0x5c350b7be83f - <std[617be2ca0a6fd877]::sys::thread::unix::Thread>::new::thread_start
[INFO] [stdout]   19:     0x7692091c8dfa - <unknown>
[INFO] [stdout]   20:     0x76920925c3d4 - clone
[INFO] [stdout]   21:                0x0 - <unknown>
[INFO] [stdout] 
[INFO] [stdout] ---- publication::generated_constructor_and_normalized_symbols_are_rejected_before_publication stdout ----
[INFO] [stdout] 
[INFO] [stdout] thread 'publication::generated_constructor_and_normalized_symbols_are_rejected_before_publication' (606) panicked at tests/generate.rs:31:64:
[INFO] [stdout] called `Result::unwrap()` on an `Err` value: Custom { kind: ReadOnlyFilesystem, error: PathError { path: "/opt/rustwide/workdir/.tmp9lOyAF", err: Os { code: 30, kind: ReadOnlyFilesystem, message: "Read-only file system" } } }
[INFO] [stdout] stack backtrace:
[INFO] [stdout]    0:     0x5c350b7bf8f1 - <<std[617be2ca0a6fd877]::sys::backtrace::BacktraceLock>::print::DisplayBacktrace as core[a373ad73a504971]::fmt::Display>::fmt
[INFO] [stdout]    1:     0x5c350b7d71ea - core[a373ad73a504971]::fmt::write
[INFO] [stdout]    2:     0x5c350b7c3e4c - <alloc[2e1b2a31b91974c5]::vec::Vec<u8> as core[a373ad73a504971]::io::write::Write>::write_fmt
[INFO] [stdout]    3:     0x5c350b7979e6 - std[617be2ca0a6fd877]::panicking::default_hook::{closure#0}
[INFO] [stdout]    4:     0x5c350b7b5779 - std[617be2ca0a6fd877]::panicking::default_hook
[INFO] [stdout]    5:     0x5c350b6105c0 - test[aada8e7e76ba119b]::test_main_inner::{closure#0}
[INFO] [stdout]    6:     0x5c350b7b5932 - std[617be2ca0a6fd877]::panicking::panic_with_hook
[INFO] [stdout]    7:     0x5c350b797a92 - std[617be2ca0a6fd877]::panicking::panic_handler::{closure#0}
[INFO] [stdout]    8:     0x5c350b790439 - std[617be2ca0a6fd877]::sys::backtrace::__rust_end_short_backtrace::<std[617be2ca0a6fd877]::panicking::panic_handler::{closure#0}, !>
[INFO] [stdout]    9:     0x5c350b79893d - __rustc[ea4f61d10b84890b]::rust_begin_unwind
[INFO] [stdout]   10:     0x5c350b7d791c - core[a373ad73a504971]::panicking::panic_fmt
[INFO] [stdout]   11:     0x5c350b7d76f2 - core[a373ad73a504971]::result::unwrap_failed
[INFO] [stdout]   12:     0x5c350b5e2919 - generate[524c5bf62e99457d]::temporary
[INFO] [stdout]   13:     0x5c350b5f464b - <generate[524c5bf62e99457d]::publication::generated_constructor_and_normalized_symbols_are_rejected_before_publication::{closure#0} as core[a373ad73a504971]::ops::function::FnOnce<()>>::call_once
[INFO] [stdout]   14:     0x5c350b603a0b - test[aada8e7e76ba119b]::__rust_begin_short_backtrace::<core[a373ad73a504971]::result::Result<(), alloc[2e1b2a31b91974c5]::string::String>, fn() -> core[a373ad73a504971]::result::Result<(), alloc[2e1b2a31b91974c5]::string::String>>
[INFO] [stdout]   15:     0x5c350b610be5 - test[aada8e7e76ba119b]::run_test::{closure#0}
[INFO] [stdout]   16:     0x5c350b60a4d4 - std[617be2ca0a6fd877]::sys::backtrace::__rust_begin_short_backtrace::<test[aada8e7e76ba119b]::run_test::{closure#1}, ()>
[INFO] [stdout]   17:     0x5c350b613c72 - <std[617be2ca0a6fd877]::thread::lifecycle::spawn_unchecked<test[aada8e7e76ba119b]::run_test::{closure#1}, ()>::{closure#1} as core[a373ad73a504971]::ops::function::FnOnce<()>>::call_once::{shim:vtable#0}
[INFO] [stdout]   18:     0x5c350b7be83f - <std[617be2ca0a6fd877]::sys::thread::unix::Thread>::new::thread_start
[INFO] [stdout]   19:     0x7692091c8dfa - <unknown>
[INFO] [stdout]   20:     0x76920925c3d4 - clone
[INFO] [stdout]   21:                0x0 - <unknown>
[INFO] [stdout] 
[INFO] [stdout] ---- shared_fixture_matches_generator stdout ----
[INFO] [stdout] 
[INFO] [stdout] thread 'shared_fixture_matches_generator' (614) panicked at tests/generate.rs:427:20:
[INFO] [stdout] called `Result::unwrap()` on an `Err` value: Schema { code: "ipc-output", context: "/opt/rustwide/workdir/../webui-desktop/tests/fixtures/typed-ipc", message: "lock directory does not exist", help: "create the application schema directory first" }
[INFO] [stdout] stack backtrace:
[INFO] [stdout]    0:     0x5c350b7bf8f1 - <<std[617be2ca0a6fd877]::sys::backtrace::BacktraceLock>::print::DisplayBacktrace as core[a373ad73a504971]::fmt::Display>::fmt
[INFO] [stdout]    1:     0x5c350b7d71ea - core[a373ad73a504971]::fmt::write
[INFO] [stdout]    2:     0x5c350b7c3e4c - <alloc[2e1b2a31b91974c5]::vec::Vec<u8> as core[a373ad73a504971]::io::write::Write>::write_fmt
[INFO] [stdout]    3:     0x5c350b7979e6 - std[617be2ca0a6fd877]::panicking::default_hook::{closure#0}
[INFO] [stdout]    4:     0x5c350b7b5779 - std[617be2ca0a6fd877]::panicking::default_hook
[INFO] [stdout]    5:     0x5c350b6105c0 - test[aada8e7e76ba119b]::test_main_inner::{closure#0}
[INFO] [stdout]    6:     0x5c350b7b5932 - std[617be2ca0a6fd877]::panicking::panic_with_hook
[INFO] [stdout]    7:     0x5c350b797a92 - std[617be2ca0a6fd877]::panicking::panic_handler::{closure#0}
[INFO] [stdout]    8:     0x5c350b790439 - std[617be2ca0a6fd877]::sys::backtrace::__rust_end_short_backtrace::<std[617be2ca0a6fd877]::panicking::panic_handler::{closure#0}, !>
[INFO] [stdout]    9:     0x5c350b79893d - __rustc[ea4f61d10b84890b]::rust_begin_unwind
[INFO] [stdout]   10:     0x5c350b7d791c - core[a373ad73a504971]::panicking::panic_fmt
[INFO] [stdout]   11:     0x5c350b7d76f2 - core[a373ad73a504971]::result::unwrap_failed
[INFO] [stdout]   12:     0x5c350b5e21d5 - generate[524c5bf62e99457d]::check_fixture
[INFO] [stdout]   13:     0x5c350b5e4982 - <generate[524c5bf62e99457d]::shared_fixture_matches_generator::{closure#0} as core[a373ad73a504971]::ops::function::FnOnce<()>>::call_once
[INFO] [stdout]   14:     0x5c350b603a0b - test[aada8e7e76ba119b]::__rust_begin_short_backtrace::<core[a373ad73a504971]::result::Result<(), alloc[2e1b2a31b91974c5]::string::String>, fn() -> core[a373ad73a504971]::result::Result<(), alloc[2e1b2a31b91974c5]::string::String>>
[INFO] [stdout]   15:     0x5c350b610be5 - test[aada8e7e76ba119b]::run_test::{closure#0}
[INFO] [stdout]   16:     0x5c350b60a4d4 - std[617be2ca0a6fd877]::sys::backtrace::__rust_begin_short_backtrace::<test[aada8e7e76ba119b]::run_test::{closure#1}, ()>
[INFO] [stdout]   17:     0x5c350b613c72 - <std[617be2ca0a6fd877]::thread::lifecycle::spawn_unchecked<test[aada8e7e76ba119b]::run_test::{closure#1}, ()>::{closure#1} as core[a373ad73a504971]::ops::function::FnOnce<()>>::call_once::{shim:vtable#0}
[INFO] [stdout]   18:     0x5c350b7be83f - <std[617be2ca0a6fd877]::sys::thread::unix::Thread>::new::thread_start
[INFO] [stdout]   19:     0x7692091c8dfa - <unknown>
[INFO] [stdout]   20:     0x76920925c3d4 - clone
[INFO] [stdout]   21:                0x0 - <unknown>
[INFO] [stdout] 
[INFO] [stdout] ---- publication::metadata_root_and_dangling_symlinks_are_rejected stdout ----
[INFO] [stdout] 
[INFO] [stdout] thread 'publication::metadata_root_and_dangling_symlinks_are_rejected' (608) panicked at tests/generate.rs:31:64:
[INFO] [stdout] called `Result::unwrap()` on an `Err` value: Custom { kind: ReadOnlyFilesystem, error: PathError { path: "/opt/rustwide/workdir/.tmpD3x19o", err: Os { code: 30, kind: ReadOnlyFilesystem, message: "Read-only file system" } } }
[INFO] [stdout] stack backtrace:
[INFO] [stdout]    0:     0x5c350b7bf8f1 - <<std[617be2ca0a6fd877]::sys::backtrace::BacktraceLock>::print::DisplayBacktrace as core[a373ad73a504971]::fmt::Display>::fmt
[INFO] [stdout]    1:     0x5c350b7d71ea - core[a373ad73a504971]::fmt::write
[INFO] [stdout]    2:     0x5c350b7c3e4c - <alloc[2e1b2a31b91974c5]::vec::Vec<u8> as core[a373ad73a504971]::io::write::Write>::write_fmt
[INFO] [stdout]    3:     0x5c350b7979e6 - std[617be2ca0a6fd877]::panicking::default_hook::{closure#0}
[INFO] [stdout]    4:     0x5c350b7b5779 - std[617be2ca0a6fd877]::panicking::default_hook
[INFO] [stdout]    5:     0x5c350b6105c0 - test[aada8e7e76ba119b]::test_main_inner::{closure#0}
[INFO] [stdout]    6:     0x5c350b7b5932 - std[617be2ca0a6fd877]::panicking::panic_with_hook
[INFO] [stdout]    7:     0x5c350b797a92 - std[617be2ca0a6fd877]::panicking::panic_handler::{closure#0}
[INFO] [stdout]    8:     0x5c350b790439 - std[617be2ca0a6fd877]::sys::backtrace::__rust_end_short_backtrace::<std[617be2ca0a6fd877]::panicking::panic_handler::{closure#0}, !>
[INFO] [stdout]    9:     0x5c350b79893d - __rustc[ea4f61d10b84890b]::rust_begin_unwind
[INFO] [stdout]   10:     0x5c350b7d791c - core[a373ad73a504971]::panicking::panic_fmt
[INFO] [stdout]   11:     0x5c350b7d76f2 - core[a373ad73a504971]::result::unwrap_failed
[INFO] [stdout]   12:     0x5c350b5e2919 - generate[524c5bf62e99457d]::temporary
[INFO] [stdout]   13:     0x5c350b5ee6fb - <generate[524c5bf62e99457d]::publication::metadata_root_and_dangling_symlinks_are_rejected::{closure#0} as core[a373ad73a504971]::ops::function::FnOnce<()>>::call_once
[INFO] [stdout]   14:     0x5c350b603a0b - test[aada8e7e76ba119b]::__rust_begin_short_backtrace::<core[a373ad73a504971]::result::Result<(), alloc[2e1b2a31b91974c5]::string::String>, fn() -> core[a373ad73a504971]::result::Result<(), alloc[2e1b2a31b91974c5]::string::String>>
[INFO] [stdout]   15:     0x5c350b610be5 - test[aada8e7e76ba119b]::run_test::{closure#0}
[INFO] [stdout]   16:     0x5c350b60a4d4 - std[617be2ca0a6fd877]::sys::backtrace::__rust_begin_short_backtrace::<test[aada8e7e76ba119b]::run_test::{closure#1}, ()>
[INFO] [stdout]   17:     0x5c350b613c72 - <std[617be2ca0a6fd877]::thread::lifecycle::spawn_unchecked<test[aada8e7e76ba119b]::run_test::{closure#1}, ()>::{closure#1} as core[a373ad73a504971]::ops::function::FnOnce<()>>::call_once::{shim:vtable#0}
[INFO] [stdout]   18:     0x5c350b7be83f - <std[617be2ca0a6fd877]::sys::thread::unix::Thread>::new::thread_start
[INFO] [stdout]   19:     0x7692091c8dfa - <unknown>
[INFO] [stdout]   20:     0x76920925c3d4 - clone
[INFO] [stdout]   21:                0x0 - <unknown>
[INFO] [stdout] 
[INFO] [stdout] ---- generated_inventory_contains_only_protobuf_bindings stdout ----
[INFO] [stdout] 
[INFO] [stdout] thread 'generated_inventory_contains_only_protobuf_bindings' (594) panicked at tests/generate.rs:31:64:
[INFO] [stdout] called `Result::unwrap()` on an `Err` value: Custom { kind: ReadOnlyFilesystem, error: PathError { path: "/opt/rustwide/workdir/.tmpxMWfZW", err: Os { code: 30, kind: ReadOnlyFilesystem, message: "Read-only file system" } } }
[INFO] [stdout] stack backtrace:
[INFO] [stdout]    0:     0x5c350b7bf8f1 - <<std[617be2ca0a6fd877]::sys::backtrace::BacktraceLock>::print::DisplayBacktrace as core[a373ad73a504971]::fmt::Display>::fmt
[INFO] [stdout]    1:     0x5c350b7d71ea - core[a373ad73a504971]::fmt::write
[INFO] [stdout]    2:     0x5c350b7c3e4c - <alloc[2e1b2a31b91974c5]::vec::Vec<u8> as core[a373ad73a504971]::io::write::Write>::write_fmt
[INFO] [stdout]    3:     0x5c350b7979e6 - std[617be2ca0a6fd877]::panicking::default_hook::{closure#0}
[INFO] [stdout]    4:     0x5c350b7b5779 - std[617be2ca0a6fd877]::panicking::default_hook
[INFO] [stdout]    5:     0x5c350b6105c0 - test[aada8e7e76ba119b]::test_main_inner::{closure#0}
[INFO] [stdout]    6:     0x5c350b7b5932 - std[617be2ca0a6fd877]::panicking::panic_with_hook
[INFO] [stdout]    7:     0x5c350b797a92 - std[617be2ca0a6fd877]::panicking::panic_handler::{closure#0}
[INFO] [stdout]    8:     0x5c350b790439 - std[617be2ca0a6fd877]::sys::backtrace::__rust_end_short_backtrace::<std[617be2ca0a6fd877]::panicking::panic_handler::{closure#0}, !>
[INFO] [stdout]    9:     0x5c350b79893d - __rustc[ea4f61d10b84890b]::rust_begin_unwind
[INFO] [stdout]   10:     0x5c350b7d791c - core[a373ad73a504971]::panicking::panic_fmt
[INFO] [stdout]   11:     0x5c350b7d76f2 - core[a373ad73a504971]::result::unwrap_failed
[INFO] [stdout]   12:     0x5c350b5e2919 - generate[524c5bf62e99457d]::temporary
[INFO] [stdout]   13:     0x5c350b5e919d - <generate[524c5bf62e99457d]::generated_inventory_contains_only_protobuf_bindings::{closure#0} as core[a373ad73a504971]::ops::function::FnOnce<()>>::call_once
[INFO] [stdout]   14:     0x5c350b603a0b - test[aada8e7e76ba119b]::__rust_begin_short_backtrace::<core[a373ad73a504971]::result::Result<(), alloc[2e1b2a31b91974c5]::string::String>, fn() -> core[a373ad73a504971]::result::Result<(), alloc[2e1b2a31b91974c5]::string::String>>
[INFO] [stdout]   15:     0x5c350b610be5 - test[aada8e7e76ba119b]::run_test::{closure#0}
[INFO] [stdout]   16:     0x5c350b60a4d4 - std[617be2ca0a6fd877]::sys::backtrace::__rust_begin_short_backtrace::<test[aada8e7e76ba119b]::run_test::{closure#1}, ()>
[INFO] [stdout]   17:     0x5c350b613c72 - <std[617be2ca0a6fd877]::thread::lifecycle::spawn_unchecked<test[aada8e7e76ba119b]::run_test::{closure#1}, ()>::{closure#1} as core[a373ad73a504971]::ops::function::FnOnce<()>>::call_once::{shim:vtable#0}
[INFO] [stdout]   18:     0x5c350b7be83f - <std[617be2ca0a6fd877]::sys::thread::unix::Thread>::new::thread_start
[INFO] [stdout]   19:     0x7692091c8dfa - <unknown>
[INFO] [stdout]   20:     0x76920925c3d4 - clone
[INFO] [stdout]   21:                0x0 - <unknown>
[INFO] [stdout] 
[INFO] [stdout] ---- publication::obsolete_backend_outputs_are_removed_only_by_normal_publication stdout ----
[INFO] [stdout] 
[INFO] [stdout] thread 'publication::obsolete_backend_outputs_are_removed_only_by_normal_publication' (609) panicked at tests/generate.rs:31:64:
[INFO] [stdout] called `Result::unwrap()` on an `Err` value: Custom { kind: ReadOnlyFilesystem, error: PathError { path: "/opt/rustwide/workdir/.tmpZnlDnq", err: Os { code: 30, kind: ReadOnlyFilesystem, message: "Read-only file system" } } }
[INFO] [stdout] stack backtrace:
[INFO] [stdout]    0:     0x5c350b7bf8f1 - <<std[617be2ca0a6fd877]::sys::backtrace::BacktraceLock>::print::DisplayBacktrace as core[a373ad73a504971]::fmt::Display>::fmt
[INFO] [stdout]    1:     0x5c350b7d71ea - core[a373ad73a504971]::fmt::write
[INFO] [stdout]    2:     0x5c350b7c3e4c - <alloc[2e1b2a31b91974c5]::vec::Vec<u8> as core[a373ad73a504971]::io::write::Write>::write_fmt
[INFO] [stdout]    3:     0x5c350b7979e6 - std[617be2ca0a6fd877]::panicking::default_hook::{closure#0}
[INFO] [stdout]    4:     0x5c350b7b5779 - std[617be2ca0a6fd877]::panicking::default_hook
[INFO] [stdout]    5:     0x5c350b6105c0 - test[aada8e7e76ba119b]::test_main_inner::{closure#0}
[INFO] [stdout]    6:     0x5c350b7b5932 - std[617be2ca0a6fd877]::panicking::panic_with_hook
[INFO] [stdout]    7:     0x5c350b797a92 - std[617be2ca0a6fd877]::panicking::panic_handler::{closure#0}
[INFO] [stdout]    8:     0x5c350b790439 - std[617be2ca0a6fd877]::sys::backtrace::__rust_end_short_backtrace::<std[617be2ca0a6fd877]::panicking::panic_handler::{closure#0}, !>
[INFO] [stdout]    9:     0x5c350b79893d - __rustc[ea4f61d10b84890b]::rust_begin_unwind
[INFO] [stdout]   10:     0x5c350b7d791c - core[a373ad73a504971]::panicking::panic_fmt
[INFO] [stdout]   11:     0x5c350b7d76f2 - core[a373ad73a504971]::result::unwrap_failed
[INFO] [stdout]   12:     0x5c350b5e2919 - generate[524c5bf62e99457d]::temporary
[INFO] [stdout]   13:     0x5c350b5f1a71 - <generate[524c5bf62e99457d]::publication::obsolete_backend_outputs_are_removed_only_by_normal_publication::{closure#0} as core[a373ad73a504971]::ops::function::FnOnce<()>>::call_once
[INFO] [stdout]   14:     0x5c350b603a0b - test[aada8e7e76ba119b]::__rust_begin_short_backtrace::<core[a373ad73a504971]::result::Result<(), alloc[2e1b2a31b91974c5]::string::String>, fn() -> core[a373ad73a504971]::result::Result<(), alloc[2e1b2a31b91974c5]::string::String>>
[INFO] [stdout]   15:     0x5c350b610be5 - test[aada8e7e76ba119b]::run_test::{closure#0}
[INFO] [stdout]   16:     0x5c350b60a4d4 - std[617be2ca0a6fd877]::sys::backtrace::__rust_begin_short_backtrace::<test[aada8e7e76ba119b]::run_test::{closure#1}, ()>
[INFO] [stdout]   17:     0x5c350b613c72 - <std[617be2ca0a6fd877]::thread::lifecycle::spawn_unchecked<test[aada8e7e76ba119b]::run_test::{closure#1}, ()>::{closure#1} as core[a373ad73a504971]::ops::function::FnOnce<()>>::call_once::{shim:vtable#0}
[INFO] [stdout]   18:     0x5c350b7be83f - <std[617be2ca0a6fd877]::sys::thread::unix::Thread>::new::thread_start
[INFO] [stdout]   19:     0x7692091c8dfa - <unknown>
[INFO] [stdout]   20:     0x76920925c3d4 - clone
[INFO] [stdout]   21:                0x0 - <unknown>
[INFO] [stdout] 
[INFO] [stdout] ---- canonical_inputs_outside_cwd_keep_cwd_and_output_containment stdout ----
[INFO] [stdout] 
[INFO] [stdout] thread 'canonical_inputs_outside_cwd_keep_cwd_and_output_containment' (587) panicked at tests/generate.rs:31:64:
[INFO] [stdout] called `Result::unwrap()` on an `Err` value: Custom { kind: ReadOnlyFilesystem, error: PathError { path: "/opt/rustwide/workdir/.tmpwCGEvf", err: Os { code: 30, kind: ReadOnlyFilesystem, message: "Read-only file system" } } }
[INFO] [stdout] stack backtrace:
[INFO] [stdout]    0:     0x5c350b7bf8f1 - <<std[617be2ca0a6fd877]::sys::backtrace::BacktraceLock>::print::DisplayBacktrace as core[a373ad73a504971]::fmt::Display>::fmt
[INFO] [stdout]    1:     0x5c350b7d71ea - core[a373ad73a504971]::fmt::write
[INFO] [stdout]    2:     0x5c350b7c3e4c - <alloc[2e1b2a31b91974c5]::vec::Vec<u8> as core[a373ad73a504971]::io::write::Write>::write_fmt
[INFO] [stdout]    3:     0x5c350b7979e6 - std[617be2ca0a6fd877]::panicking::default_hook::{closure#0}
[INFO] [stdout]    4:     0x5c350b7b5779 - std[617be2ca0a6fd877]::panicking::default_hook
[INFO] [stdout]    5:     0x5c350b6105c0 - test[aada8e7e76ba119b]::test_main_inner::{closure#0}
[INFO] [stdout]    6:     0x5c350b7b5932 - std[617be2ca0a6fd877]::panicking::panic_with_hook
[INFO] [stdout]    7:     0x5c350b797a92 - std[617be2ca0a6fd877]::panicking::panic_handler::{closure#0}
[INFO] [stdout]    8:     0x5c350b790439 - std[617be2ca0a6fd877]::sys::backtrace::__rust_end_short_backtrace::<std[617be2ca0a6fd877]::panicking::panic_handler::{closure#0}, !>
[INFO] [stdout]    9:     0x5c350b79893d - __rustc[ea4f61d10b84890b]::rust_begin_unwind
[INFO] [stdout]   10:     0x5c350b7d791c - core[a373ad73a504971]::panicking::panic_fmt
[INFO] [stdout]   11:     0x5c350b7d76f2 - core[a373ad73a504971]::result::unwrap_failed
[INFO] [stdout]   12:     0x5c350b5e2919 - generate[524c5bf62e99457d]::temporary
[INFO] [stdout]   13:     0x5c350b5ebb0e - <generate[524c5bf62e99457d]::canonical_inputs_outside_cwd_keep_cwd_and_output_containment::{closure#0} as core[a373ad73a504971]::ops::function::FnOnce<()>>::call_once
[INFO] [stdout]   14:     0x5c350b603a0b - test[aada8e7e76ba119b]::__rust_begin_short_backtrace::<core[a373ad73a504971]::result::Result<(), alloc[2e1b2a31b91974c5]::string::String>, fn() -> core[a373ad73a504971]::result::Result<(), alloc[2e1b2a31b91974c5]::string::String>>
[INFO] [stdout]   15:     0x5c350b610be5 - test[aada8e7e76ba119b]::run_test::{closure#0}
[INFO] [stdout]   16:     0x5c350b60a4d4 - std[617be2ca0a6fd877]::sys::backtrace::__rust_begin_short_backtrace::<test[aada8e7e76ba119b]::run_test::{closure#1}, ()>
[INFO] [stdout]   17:     0x5c350b613c72 - <std[617be2ca0a6fd877]::thread::lifecycle::spawn_unchecked<test[aada8e7e76ba119b]::run_test::{closure#1}, ()>::{closure#1} as core[a373ad73a504971]::ops::function::FnOnce<()>>::call_once::{shim:vtable#0}
[INFO] [stdout]   18:     0x5c350b7be83f - <std[617be2ca0a6fd877]::sys::thread::unix::Thread>::new::thread_start
[INFO] [stdout]   19:     0x7692091c8dfa - <unknown>
[INFO] [stdout]   20:     0x76920925c3d4 - clone
[INFO] [stdout]   21:                0x0 - <unknown>
[INFO] [stdout] 
[INFO] [stdout] ---- generated_typescript_excludes_host_compiler_version_metadata stdout ----
[INFO] [stdout] 
[INFO] [stdout] thread 'generated_typescript_excludes_host_compiler_version_metadata' (595) panicked at tests/generate.rs:31:64:
[INFO] [stdout] called `Result::unwrap()` on an `Err` value: Custom { kind: ReadOnlyFilesystem, error: PathError { path: "/opt/rustwide/workdir/.tmp6tPGck", err: Os { code: 30, kind: ReadOnlyFilesystem, message: "Read-only file system" } } }
[INFO] [stdout] stack backtrace:
[INFO] [stdout]    0:     0x5c350b7bf8f1 - <<std[617be2ca0a6fd877]::sys::backtrace::BacktraceLock>::print::DisplayBacktrace as core[a373ad73a504971]::fmt::Display>::fmt
[INFO] [stdout]    1:     0x5c350b7d71ea - core[a373ad73a504971]::fmt::write
[INFO] [stdout]    2:     0x5c350b7c3e4c - <alloc[2e1b2a31b91974c5]::vec::Vec<u8> as core[a373ad73a504971]::io::write::Write>::write_fmt
[INFO] [stdout]    3:     0x5c350b7979e6 - std[617be2ca0a6fd877]::panicking::default_hook::{closure#0}
[INFO] [stdout]    4:     0x5c350b7b5779 - std[617be2ca0a6fd877]::panicking::default_hook
[INFO] [stdout]    5:     0x5c350b6105c0 - test[aada8e7e76ba119b]::test_main_inner::{closure#0}
[INFO] [stdout]    6:     0x5c350b7b5932 - std[617be2ca0a6fd877]::panicking::panic_with_hook
[INFO] [stdout]    7:     0x5c350b797a92 - std[617be2ca0a6fd877]::panicking::panic_handler::{closure#0}
[INFO] [stdout]    8:     0x5c350b790439 - std[617be2ca0a6fd877]::sys::backtrace::__rust_end_short_backtrace::<std[617be2ca0a6fd877]::panicking::panic_handler::{closure#0}, !>
[INFO] [stdout]    9:     0x5c350b79893d - __rustc[ea4f61d10b84890b]::rust_begin_unwind
[INFO] [stdout]   10:     0x5c350b7d791c - core[a373ad73a504971]::panicking::panic_fmt
[INFO] [stdout]   11:     0x5c350b7d76f2 - core[a373ad73a504971]::result::unwrap_failed
[INFO] [stdout]   12:     0x5c350b5e2919 - generate[524c5bf62e99457d]::temporary
[INFO] [stdout]   13:     0x5c350b5ecad1 - <generate[524c5bf62e99457d]::generated_typescript_excludes_host_compiler_version_metadata::{closure#0} as core[a373ad73a504971]::ops::function::FnOnce<()>>::call_once
[INFO] [stdout]   14:     0x5c350b603a0b - test[aada8e7e76ba119b]::__rust_begin_short_backtrace::<core[a373ad73a504971]::result::Result<(), alloc[2e1b2a31b91974c5]::string::String>, fn() -> core[a373ad73a504971]::result::Result<(), alloc[2e1b2a31b91974c5]::string::String>>
[INFO] [stdout]   15:     0x5c350b610be5 - test[aada8e7e76ba119b]::run_test::{closure#0}
[INFO] [stdout]   16:     0x5c350b60a4d4 - std[617be2ca0a6fd877]::sys::backtrace::__rust_begin_short_backtrace::<test[aada8e7e76ba119b]::run_test::{closure#1}, ()>
[INFO] [stdout]   17:     0x5c350b613c72 - <std[617be2ca0a6fd877]::thread::lifecycle::spawn_unchecked<test[aada8e7e76ba119b]::run_test::{closure#1}, ()>::{closure#1} as core[a373ad73a504971]::ops::function::FnOnce<()>>::call_once::{shim:vtable#0}
[INFO] [stdout]   18:     0x5c350b7be83f - <std[617be2ca0a6fd877]::sys::thread::unix::Thread>::new::thread_start
[INFO] [stdout]   19:     0x7692091c8dfa - <unknown>
[INFO] [stdout]   20:     0x76920925c3d4 - clone
[INFO] [stdout]   21:                0x0 - <unknown>
[INFO] [stdout] 
[INFO] [stdout] ---- removed_fields_require_reservations stdout ----
[INFO] [stdout] 
[INFO] [stdout] thread 'removed_fields_require_reservations' (612) panicked at tests/generate.rs:31:64:
[INFO] [stdout] called `Result::unwrap()` on an `Err` value: Custom { kind: ReadOnlyFilesystem, error: PathError { path: "/opt/rustwide/workdir/.tmpxtrRGl", err: Os { code: 30, kind: ReadOnlyFilesystem, message: "Read-only file system" } } }
[INFO] [stdout] stack backtrace:
[INFO] [stdout]    0:     0x5c350b7bf8f1 - <<std[617be2ca0a6fd877]::sys::backtrace::BacktraceLock>::print::DisplayBacktrace as core[a373ad73a504971]::fmt::Display>::fmt
[INFO] [stdout]    1:     0x5c350b7d71ea - core[a373ad73a504971]::fmt::write
[INFO] [stdout]    2:     0x5c350b7c3e4c - <alloc[2e1b2a31b91974c5]::vec::Vec<u8> as core[a373ad73a504971]::io::write::Write>::write_fmt
[INFO] [stdout]    3:     0x5c350b7979e6 - std[617be2ca0a6fd877]::panicking::default_hook::{closure#0}
[INFO] [stdout]    4:     0x5c350b7b5779 - std[617be2ca0a6fd877]::panicking::default_hook
[INFO] [stdout]    5:     0x5c350b6105c0 - test[aada8e7e76ba119b]::test_main_inner::{closure#0}
[INFO] [stdout]    6:     0x5c350b7b5932 - std[617be2ca0a6fd877]::panicking::panic_with_hook
[INFO] [stdout]    7:     0x5c350b797a92 - std[617be2ca0a6fd877]::panicking::panic_handler::{closure#0}
[INFO] [stdout]    8:     0x5c350b790439 - std[617be2ca0a6fd877]::sys::backtrace::__rust_end_short_backtrace::<std[617be2ca0a6fd877]::panicking::panic_handler::{closure#0}, !>
[INFO] [stdout]    9:     0x5c350b79893d - __rustc[ea4f61d10b84890b]::rust_begin_unwind
[INFO] [stdout]   10:     0x5c350b7d791c - core[a373ad73a504971]::panicking::panic_fmt
[INFO] [stdout]   11:     0x5c350b7d76f2 - core[a373ad73a504971]::result::unwrap_failed
[INFO] [stdout]   12:     0x5c350b5e2919 - generate[524c5bf62e99457d]::temporary
[INFO] [stdout]   13:     0x5c350b5e57ae - <generate[524c5bf62e99457d]::removed_fields_require_reservations::{closure#0} as core[a373ad73a504971]::ops::function::FnOnce<()>>::call_once
[INFO] [stdout]   14:     0x5c350b603a0b - test[aada8e7e76ba119b]::__rust_begin_short_backtrace::<core[a373ad73a504971]::result::Result<(), alloc[2e1b2a31b91974c5]::string::String>, fn() -> core[a373ad73a504971]::result::Result<(), alloc[2e1b2a31b91974c5]::string::String>>
[INFO] [stdout]   15:     0x5c350b610be5 - test[aada8e7e76ba119b]::run_test::{closure#0}
[INFO] [stdout]   16:     0x5c350b60a4d4 - std[617be2ca0a6fd877]::sys::backtrace::__rust_begin_short_backtrace::<test[aada8e7e76ba119b]::run_test::{closure#1}, ()>
[INFO] [stdout]   17:     0x5c350b613c72 - <std[617be2ca0a6fd877]::thread::lifecycle::spawn_unchecked<test[aada8e7e76ba119b]::run_test::{closure#1}, ()>::{closure#1} as core[a373ad73a504971]::ops::function::FnOnce<()>>::call_once::{shim:vtable#0}
[INFO] [stdout]   18:     0x5c350b7be83f - <std[617be2ca0a6fd877]::sys::thread::unix::Thread>::new::thread_start
[INFO] [stdout]   19:     0x7692091c8dfa - <unknown>
[INFO] [stdout]   20:     0x76920925c3d4 - clone
[INFO] [stdout]   21:                0x0 - <unknown>
[INFO] [stdout] 
[INFO] [stdout] ---- invalid_schemas_have_stable_codes stdout ----
[INFO] [stdout] 
[INFO] [stdout] thread 'invalid_schemas_have_stable_codes' (596) panicked at tests/generate.rs:31:64:
[INFO] [stdout] called `Result::unwrap()` on an `Err` value: Custom { kind: ReadOnlyFilesystem, error: PathError { path: "/opt/rustwide/workdir/.tmp41F08c", err: Os { code: 30, kind: ReadOnlyFilesystem, message: "Read-only file system" } } }
[INFO] [stdout] stack backtrace:
[INFO] [stdout]    0:     0x5c350b7bf8f1 - <<std[617be2ca0a6fd877]::sys::backtrace::BacktraceLock>::print::DisplayBacktrace as core[a373ad73a504971]::fmt::Display>::fmt
[INFO] [stdout]    1:     0x5c350b7d71ea - core[a373ad73a504971]::fmt::write
[INFO] [stdout]    2:     0x5c350b7c3e4c - <alloc[2e1b2a31b91974c5]::vec::Vec<u8> as core[a373ad73a504971]::io::write::Write>::write_fmt
[INFO] [stdout]    3:     0x5c350b7979e6 - std[617be2ca0a6fd877]::panicking::default_hook::{closure#0}
[INFO] [stdout]    4:     0x5c350b7b5779 - std[617be2ca0a6fd877]::panicking::default_hook
[INFO] [stdout]    5:     0x5c350b6105c0 - test[aada8e7e76ba119b]::test_main_inner::{closure#0}
[INFO] [stdout]    6:     0x5c350b7b5932 - std[617be2ca0a6fd877]::panicking::panic_with_hook
[INFO] [stdout]    7:     0x5c350b797a92 - std[617be2ca0a6fd877]::panicking::panic_handler::{closure#0}
[INFO] [stdout]    8:     0x5c350b790439 - std[617be2ca0a6fd877]::sys::backtrace::__rust_end_short_backtrace::<std[617be2ca0a6fd877]::panicking::panic_handler::{closure#0}, !>
[INFO] [stdout]    9:     0x5c350b79893d - __rustc[ea4f61d10b84890b]::rust_begin_unwind
[INFO] [stdout]   10:     0x5c350b7d791c - core[a373ad73a504971]::panicking::panic_fmt
[INFO] [stdout]   11:     0x5c350b7d76f2 - core[a373ad73a504971]::result::unwrap_failed
[INFO] [stdout]   12:     0x5c350b5e2919 - generate[524c5bf62e99457d]::temporary
[INFO] [stdout]   13:     0x5c350b5e4dce - <generate[524c5bf62e99457d]::invalid_schemas_have_stable_codes::{closure#0} as core[a373ad73a504971]::ops::function::FnOnce<()>>::call_once
[INFO] [stdout]   14:     0x5c350b603a0b - test[aada8e7e76ba119b]::__rust_begin_short_backtrace::<core[a373ad73a504971]::result::Result<(), alloc[2e1b2a31b91974c5]::string::String>, fn() -> core[a373ad73a504971]::result::Result<(), alloc[2e1b2a31b91974c5]::string::String>>
[INFO] [stdout]   15:     0x5c350b610be5 - test[aada8e7e76ba119b]::run_test::{closure#0}
[INFO] [stdout]   16:     0x5c350b60a4d4 - std[617be2ca0a6fd877]::sys::backtrace::__rust_begin_short_backtrace::<test[aada8e7e76ba119b]::run_test::{closure#1}, ()>
[INFO] [stdout]   17:     0x5c350b613c72 - <std[617be2ca0a6fd877]::thread::lifecycle::spawn_unchecked<test[aada8e7e76ba119b]::run_test::{closure#1}, ()>::{closure#1} as core[a373ad73a504971]::ops::function::FnOnce<()>>::call_once::{shim:vtable#0}
[INFO] [stdout]   18:     0x5c350b7be83f - <std[617be2ca0a6fd877]::sys::thread::unix::Thread>::new::thread_start
[INFO] [stdout]   19:     0x7692091c8dfa - <unknown>
[INFO] [stdout]   20:     0x76920925c3d4 - clone
[INFO] [stdout]   21:                0x0 - <unknown>
[INFO] [stdout] 
[INFO] [stdout] ---- paths_with_spaces_and_removed_codec_modules stdout ----
[INFO] [stdout] 
[INFO] [stdout] thread 'paths_with_spaces_and_removed_codec_modules' (600) panicked at tests/generate.rs:31:64:
[INFO] [stdout] called `Result::unwrap()` on an `Err` value: Custom { kind: ReadOnlyFilesystem, error: PathError { path: "/opt/rustwide/workdir/.tmpE6hAlr", err: Os { code: 30, kind: ReadOnlyFilesystem, message: "Read-only file system" } } }
[INFO] [stdout] stack backtrace:
[INFO] [stdout]    0:     0x5c350b7bf8f1 - <<std[617be2ca0a6fd877]::sys::backtrace::BacktraceLock>::print::DisplayBacktrace as core[a373ad73a504971]::fmt::Display>::fmt
[INFO] [stdout]    1:     0x5c350b7d71ea - core[a373ad73a504971]::fmt::write
[INFO] [stdout]    2:     0x5c350b7c3e4c - <alloc[2e1b2a31b91974c5]::vec::Vec<u8> as core[a373ad73a504971]::io::write::Write>::write_fmt
[INFO] [stdout]    3:     0x5c350b7979e6 - std[617be2ca0a6fd877]::panicking::default_hook::{closure#0}
[INFO] [stdout]    4:     0x5c350b7b5779 - std[617be2ca0a6fd877]::panicking::default_hook
[INFO] [stdout]    5:     0x5c350b6105c0 - test[aada8e7e76ba119b]::test_main_inner::{closure#0}
[INFO] [stdout]    6:     0x5c350b7b5932 - std[617be2ca0a6fd877]::panicking::panic_with_hook
[INFO] [stdout]    7:     0x5c350b797a92 - std[617be2ca0a6fd877]::panicking::panic_handler::{closure#0}
[INFO] [stdout]    8:     0x5c350b790439 - std[617be2ca0a6fd877]::sys::backtrace::__rust_end_short_backtrace::<std[617be2ca0a6fd877]::panicking::panic_handler::{closure#0}, !>
[INFO] [stdout]    9:     0x5c350b79893d - __rustc[ea4f61d10b84890b]::rust_begin_unwind
[INFO] [stdout]   10:     0x5c350b7d791c - core[a373ad73a504971]::panicking::panic_fmt
[INFO] [stdout]   11:     0x5c350b7d76f2 - core[a373ad73a504971]::result::unwrap_failed
[INFO] [stdout]   12:     0x5c350b5e2919 - generate[524c5bf62e99457d]::temporary
[INFO] [stdout]   13:     0x5c350b5e713c - <generate[524c5bf62e99457d]::paths_with_spaces_and_removed_codec_modules::{closure#0} as core[a373ad73a504971]::ops::function::FnOnce<()>>::call_once
[INFO] [stdout]   14:     0x5c350b603a0b - test[aada8e7e76ba119b]::__rust_begin_short_backtrace::<core[a373ad73a504971]::result::Result<(), alloc[2e1b2a31b91974c5]::string::String>, fn() -> core[a373ad73a504971]::result::Result<(), alloc[2e1b2a31b91974c5]::string::String>>
[INFO] [stdout]   15:     0x5c350b610be5 - test[aada8e7e76ba119b]::run_test::{closure#0}
[INFO] [stdout]   16:     0x5c350b60a4d4 - std[617be2ca0a6fd877]::sys::backtrace::__rust_begin_short_backtrace::<test[aada8e7e76ba119b]::run_test::{closure#1}, ()>
[INFO] [stdout]   17:     0x5c350b613c72 - <std[617be2ca0a6fd877]::thread::lifecycle::spawn_unchecked<test[aada8e7e76ba119b]::run_test::{closure#1}, ()>::{closure#1} as core[a373ad73a504971]::ops::function::FnOnce<()>>::call_once::{shim:vtable#0}
[INFO] [stdout]   18:     0x5c350b7be83f - <std[617be2ca0a6fd877]::sys::thread::unix::Thread>::new::thread_start
[INFO] [stdout]   19:     0x7692091c8dfa - <unknown>
[INFO] [stdout]   20:     0x76920925c3d4 - clone
[INFO] [stdout]   21:                0x0 - <unknown>
[INFO] [stdout] 
[INFO] [stdout] ---- removed_backend_does_not_reserve_schema_codec_names stdout ----
[INFO] [stdout] 
[INFO] [stdout] thread 'removed_backend_does_not_reserve_schema_codec_names' (611) panicked at tests/generate.rs:31:64:
[INFO] [stdout] called `Result::unwrap()` on an `Err` value: Custom { kind: ReadOnlyFilesystem, error: PathError { path: "/opt/rustwide/workdir/.tmpeQOz5C", err: Os { code: 30, kind: ReadOnlyFilesystem, message: "Read-only file system" } } }
[INFO] [stdout] stack backtrace:
[INFO] [stdout]    0:     0x5c350b7bf8f1 - <<std[617be2ca0a6fd877]::sys::backtrace::BacktraceLock>::print::DisplayBacktrace as core[a373ad73a504971]::fmt::Display>::fmt
[INFO] [stdout]    1:     0x5c350b7d71ea - core[a373ad73a504971]::fmt::write
[INFO] [stdout]    2:     0x5c350b7c3e4c - <alloc[2e1b2a31b91974c5]::vec::Vec<u8> as core[a373ad73a504971]::io::write::Write>::write_fmt
[INFO] [stdout]    3:     0x5c350b7979e6 - std[617be2ca0a6fd877]::panicking::default_hook::{closure#0}
[INFO] [stdout]    4:     0x5c350b7b5779 - std[617be2ca0a6fd877]::panicking::default_hook
[INFO] [stdout]    5:     0x5c350b6105c0 - test[aada8e7e76ba119b]::test_main_inner::{closure#0}
[INFO] [stdout]    6:     0x5c350b7b5932 - std[617be2ca0a6fd877]::panicking::panic_with_hook
[INFO] [stdout]    7:     0x5c350b797a92 - std[617be2ca0a6fd877]::panicking::panic_handler::{closure#0}
[INFO] [stdout]    8:     0x5c350b790439 - std[617be2ca0a6fd877]::sys::backtrace::__rust_end_short_backtrace::<std[617be2ca0a6fd877]::panicking::panic_handler::{closure#0}, !>
[INFO] [stdout]    9:     0x5c350b79893d - __rustc[ea4f61d10b84890b]::rust_begin_unwind
[INFO] [stdout]   10:     0x5c350b7d791c - core[a373ad73a504971]::panicking::panic_fmt
[INFO] [stdout]   11:     0x5c350b7d76f2 - core[a373ad73a504971]::result::unwrap_failed
[INFO] [stdout]   12:     0x5c350b5e2919 - generate[524c5bf62e99457d]::temporary
[INFO] [stdout]   13:     0x5c350b5e9bad - <generate[524c5bf62e99457d]::removed_backend_does_not_reserve_schema_codec_names::{closure#0} as core[a373ad73a504971]::ops::function::FnOnce<()>>::call_once
[INFO] [stdout]   14:     0x5c350b603a0b - test[aada8e7e76ba119b]::__rust_begin_short_backtrace::<core[a373ad73a504971]::result::Result<(), alloc[2e1b2a31b91974c5]::string::String>, fn() -> core[a373ad73a504971]::result::Result<(), alloc[2e1b2a31b91974c5]::string::String>>
[INFO] [stdout]   15:     0x5c350b610be5 - test[aada8e7e76ba119b]::run_test::{closure#0}
[INFO] [stdout]   16:     0x5c350b60a4d4 - std[617be2ca0a6fd877]::sys::backtrace::__rust_begin_short_backtrace::<test[aada8e7e76ba119b]::run_test::{closure#1}, ()>
[INFO] [stdout]   17:     0x5c350b613c72 - <std[617be2ca0a6fd877]::thread::lifecycle::spawn_unchecked<test[aada8e7e76ba119b]::run_test::{closure#1}, ()>::{closure#1} as core[a373ad73a504971]::ops::function::FnOnce<()>>::call_once::{shim:vtable#0}
[INFO] [stdout]   18:     0x5c350b7be83f - <std[617be2ca0a6fd877]::sys::thread::unix::Thread>::new::thread_start
[INFO] [stdout]   19:     0x7692091c8dfa - <unknown>
[INFO] [stdout]   20:     0x76920925c3d4 - clone
[INFO] [stdout]   21:                0x0 - <unknown>
[INFO] [stdout] 
[INFO] [stdout] ---- private_typescript_runtime_cannot_overwrite_a_schema_codec stdout ----
[INFO] [stdout] 
[INFO] [stdout] thread 'private_typescript_runtime_cannot_overwrite_a_schema_codec' (601) panicked at tests/generate.rs:31:64:
[INFO] [stdout] called `Result::unwrap()` on an `Err` value: Custom { kind: ReadOnlyFilesystem, error: PathError { path: "/opt/rustwide/workdir/.tmpSSdHZf", err: Os { code: 30, kind: ReadOnlyFilesystem, message: "Read-only file system" } } }
[INFO] [stdout] stack backtrace:
[INFO] [stdout]    0:     0x5c350b7bf8f1 - <<std[617be2ca0a6fd877]::sys::backtrace::BacktraceLock>::print::DisplayBacktrace as core[a373ad73a504971]::fmt::Display>::fmt
[INFO] [stdout]    1:     0x5c350b7d71ea - core[a373ad73a504971]::fmt::write
[INFO] [stdout]    2:     0x5c350b7c3e4c - <alloc[2e1b2a31b91974c5]::vec::Vec<u8> as core[a373ad73a504971]::io::write::Write>::write_fmt
[INFO] [stdout]    3:     0x5c350b7979e6 - std[617be2ca0a6fd877]::panicking::default_hook::{closure#0}
[INFO] [stdout]    4:     0x5c350b7b5779 - std[617be2ca0a6fd877]::panicking::default_hook
[INFO] [stdout]    5:     0x5c350b6105c0 - test[aada8e7e76ba119b]::test_main_inner::{closure#0}
[INFO] [stdout]    6:     0x5c350b7b5932 - std[617be2ca0a6fd877]::panicking::panic_with_hook
[INFO] [stdout]    7:     0x5c350b797a92 - std[617be2ca0a6fd877]::panicking::panic_handler::{closure#0}
[INFO] [stdout]    8:     0x5c350b790439 - std[617be2ca0a6fd877]::sys::backtrace::__rust_end_short_backtrace::<std[617be2ca0a6fd877]::panicking::panic_handler::{closure#0}, !>
[INFO] [stdout]    9:     0x5c350b79893d - __rustc[ea4f61d10b84890b]::rust_begin_unwind
[INFO] [stdout]   10:     0x5c350b7d791c - core[a373ad73a504971]::panicking::panic_fmt
[INFO] [stdout]   11:     0x5c350b7d76f2 - core[a373ad73a504971]::result::unwrap_failed
[INFO] [stdout]   12:     0x5c350b5e2919 - generate[524c5bf62e99457d]::temporary
[INFO] [stdout]   13:     0x5c350b5eb5fd - <generate[524c5bf62e99457d]::private_typescript_runtime_cannot_overwrite_a_schema_codec::{closure#0} as core[a373ad73a504971]::ops::function::FnOnce<()>>::call_once
[INFO] [stdout]   14:     0x5c350b603a0b - test[aada8e7e76ba119b]::__rust_begin_short_backtrace::<core[a373ad73a504971]::result::Result<(), alloc[2e1b2a31b91974c5]::string::String>, fn() -> core[a373ad73a504971]::result::Result<(), alloc[2e1b2a31b91974c5]::string::String>>
[INFO] [stdout]   15:     0x5c350b610be5 - test[aada8e7e76ba119b]::run_test::{closure#0}
[INFO] [stdout]   16:     0x5c350b60a4d4 - std[617be2ca0a6fd877]::sys::backtrace::__rust_begin_short_backtrace::<test[aada8e7e76ba119b]::run_test::{closure#1}, ()>
[INFO] [stdout]   17:     0x5c350b613c72 - <std[617be2ca0a6fd877]::thread::lifecycle::spawn_unchecked<test[aada8e7e76ba119b]::run_test::{closure#1}, ()>::{closure#1} as core[a373ad73a504971]::ops::function::FnOnce<()>>::call_once::{shim:vtable#0}
[INFO] [stdout]   18:     0x5c350b7be83f - <std[617be2ca0a6fd877]::sys::thread::unix::Thread>::new::thread_start
[INFO] [stdout]   19:     0x7692091c8dfa - <unknown>
[INFO] [stdout]   20:     0x76920925c3d4 - clone
[INFO] [stdout]   21:                0x0 - <unknown>
[INFO] [stdout] 
[INFO] [stdout] 
[INFO] [stdout] failures:
[INFO] [stdout]     canonical_inputs_outside_cwd_keep_cwd_and_output_containment
[INFO] [stdout]     comments_do_not_change_schema_hash
[INFO] [stdout]     deep_acyclic_schemas_are_bounded
[INFO] [stdout]     descriptor_order_does_not_change_hash
[INFO] [stdout]     deterministic_and_check_mode_is_read_only
[INFO] [stdout]     disconnected_types_do_not_lose_compatibility_history
[INFO] [stdout]     generated_connection_facade_defers_runtime_and_codecs
[INFO] [stdout]     generated_inventory_contains_only_protobuf_bindings
[INFO] [stdout]     generated_typescript_excludes_host_compiler_version_metadata
[INFO] [stdout]     invalid_schemas_have_stable_codes
[INFO] [stdout]     method_ids_and_enum_reservations_are_permanent
[INFO] [stdout]     missing_tools_report_actionable_errors_without_outputs
[INFO] [stdout]     native_fixture_matches_generator
[INFO] [stdout]     paths_with_spaces_and_removed_codec_modules
[INFO] [stdout]     private_typescript_runtime_cannot_overwrite_a_schema_codec
[INFO] [stdout]     proto2_and_notification_request_are_rejected
[INFO] [stdout]     publication::current_artifact_symlink_never_overwrites_external_data
[INFO] [stdout]     publication::current_parent_symlink_is_rejected_even_when_bytes_match
[INFO] [stdout]     publication::escaped_keywords_remain_valid_but_normalized_keyword_duplicates_fail
[INFO] [stdout]     publication::generated_constructor_and_normalized_symbols_are_rejected_before_publication
[INFO] [stdout]     publication::late_write_failure_preserves_previous_outputs_and_metadata
[INFO] [stdout]     publication::metadata_root_and_dangling_symlinks_are_rejected
[INFO] [stdout]     publication::obsolete_backend_outputs_are_removed_only_by_normal_publication
[INFO] [stdout]     publication::stale_symlink_and_directory_fail_without_advancing_lock
[INFO] [stdout]     removed_backend_does_not_reserve_schema_codec_names
[INFO] [stdout]     removed_fields_require_reservations
[INFO] [stdout]     retired_ids_cannot_be_reused
[INFO] [stdout]     shared_fixture_matches_generator
[INFO] [stdout] 
[INFO] [stdout] test result: FAILED. 0 passed; 28 failed; 0 ignored; 0 measured; 0 filtered out; finished in 0.02s
[INFO] [stdout] 
[INFO] running `Command { std: "docker" "inspect" "10014149b3a689c6c936296adc0a77d58323b5188c48e20f634d34197c4ff7d2", kill_on_drop: false }`
[INFO] running `Command { std: "docker" "rm" "-f" "10014149b3a689c6c936296adc0a77d58323b5188c48e20f634d34197c4ff7d2", kill_on_drop: false }`
[INFO] [stdout] 10014149b3a689c6c936296adc0a77d58323b5188c48e20f634d34197c4ff7d2
