[INFO] fetching crate microcad-export 0.5.1...
[INFO] testing microcad-export-0.5.1 against 1.100.0-beta.1+cargoflags=--release for beta-release-1.100-2
[INFO] extracting crate microcad-export 0.5.1 into /workspace/builds/worker-2-tc2/source
[INFO] started tweaking crates.io crate microcad-export 0.5.1
[INFO] finished tweaking crates.io crate microcad-export 0.5.1
[INFO] tweaked toml for crates.io crate microcad-export 0.5.1 written to /workspace/builds/worker-2-tc2/source/Cargo.toml
[INFO] validating manifest of crates.io crate microcad-export 0.5.1 on toolchain 1.100.0-beta.1
[INFO] running `Command { std: CARGO_HOME="/workspace/cargo-home" RUSTUP_HOME="/workspace/rustup-home" "/workspace/cargo-home/bin/cargo" "+1.100.0-beta.1" "metadata" "--manifest-path" "Cargo.toml" "--no-deps", kill_on_drop: false }`
[INFO] crate crates.io crate microcad-export 0.5.1 already has a lockfile, it will not be regenerated
[INFO] running `Command { std: CARGO_HOME="/workspace/cargo-home" RUSTUP_HOME="/workspace/rustup-home" "/workspace/cargo-home/bin/cargo" "+1.100.0-beta.1" "fetch" "--manifest-path" "Cargo.toml", kill_on_drop: false }`
[INFO] running `Command { std: "docker" "create" "-v" "/var/lib/crater-agent-workspace/builds/worker-2-tc2/source:/opt/rustwide/workdir:ro,Z" "-v" "/var/lib/crater-agent-workspace/builds/worker-2-tc2/target:/opt/rustwide/target:rw,Z" "-v" "/var/lib/crater-agent-workspace/cargo-home:/opt/rustwide/cargo-home:ro,Z" "-v" "/var/lib/crater-agent-workspace/rustup-home:/opt/rustwide/rustup-home:ro,Z" "-m" "1610612736" "--network" "none" "ghcr.io/rust-lang/crates-build-env/linux@sha256:77db811e55d90add9212f6832c23229e3de5f1c1f9905e8cb07319ea15df73ac" "sleep" "infinity", kill_on_drop: false }`
[INFO] [stdout] ece34227f0aee0694761db19300f8607738cf20bd294abb6474c58cb3ff2a05f
[INFO] running `Command { std: "docker" "start" "ece34227f0aee0694761db19300f8607738cf20bd294abb6474c58cb3ff2a05f", kill_on_drop: false }`
[INFO] running `Command { std: "docker" "inspect" "ece34227f0aee0694761db19300f8607738cf20bd294abb6474c58cb3ff2a05f", kill_on_drop: false }`
[INFO] running `Command { std: "docker" "exec" "-e" "SOURCE_DIR=/opt/rustwide/workdir" "-e" "CARGO_HOME=/opt/rustwide/cargo-home" "-e" "RUSTUP_HOME=/opt/rustwide/rustup-home" "-e" "CARGO_TARGET_DIR=/opt/rustwide/target" "-w" "/opt/rustwide/workdir" "--user" "0:0" "ece34227f0aee0694761db19300f8607738cf20bd294abb6474c58cb3ff2a05f" "/opt/rustwide/cargo-home/bin/cargo" "+1.100.0-beta.1" "metadata" "--no-deps" "--format-version=1", kill_on_drop: false }`
[INFO] running `Command { std: "docker" "inspect" "ece34227f0aee0694761db19300f8607738cf20bd294abb6474c58cb3ff2a05f", kill_on_drop: false }`
[INFO] running `Command { std: "docker" "exec" "-e" "SOURCE_DIR=/opt/rustwide/workdir" "-e" "CARGO_HOME=/opt/rustwide/cargo-home" "-e" "RUSTUP_HOME=/opt/rustwide/rustup-home" "-e" "CARGO_TARGET_DIR=/opt/rustwide/target" "-e" "CARGO_INCREMENTAL=0" "-e" "RUST_BACKTRACE=full" "-e" "RUSTFLAGS=--cap-lints=warn" "-e" "RUSTDOCFLAGS=--cap-lints=warn" "-w" "/opt/rustwide/workdir" "--user" "0:0" "ece34227f0aee0694761db19300f8607738cf20bd294abb6474c58cb3ff2a05f" "/opt/rustwide/cargo-home/bin/cargo" "+1.100.0-beta.1" "build" "--frozen" "--message-format=json" "--release", kill_on_drop: false }`
[INFO] [stderr]    Compiling smallvec v1.16.0
[INFO] [stderr]    Compiling syn v3.0.5
[INFO] [stderr]    Compiling num-traits v0.2.19
[INFO] [stderr]    Compiling either v1.18.0
[INFO] [stderr]    Compiling heapless v0.8.0
[INFO] [stderr]    Compiling hash32 v0.3.1
[INFO] [stderr]    Compiling zerofrom-derive v0.1.7
[INFO] [stderr]    Compiling yoke-derive v0.8.2
[INFO] [stderr]    Compiling robust v1.2.0
[INFO] [stderr]    Compiling log v0.4.34
[INFO] [stderr]    Compiling rustix v1.1.4
[INFO] [stderr]    Compiling dashu-int v0.5.1
[INFO] [stderr]    Compiling i_float v1.16.0
[INFO] [stderr]    Compiling dashu-base v0.5.1
[INFO] [stderr]    Compiling num-modular v0.6.5
[INFO] [stderr]    Compiling backtrace v0.3.76
[INFO] [stderr]    Compiling psm v0.1.32
[INFO] [stderr]    Compiling i_shape v1.18.0
[INFO] [stderr]    Compiling is_ci v1.2.0
[INFO] [stderr]    Compiling rayon v1.12.0
[INFO] [stderr]    Compiling cgmath v0.18.0
[INFO] [stderr]    Compiling unicode-linebreak v0.1.5
[INFO] [stderr]    Compiling i_tree v0.18.0
[INFO] [stderr]    Compiling poly-cool v0.2.0
[INFO] [stderr]    Compiling regex-automata v0.4.18
[INFO] [stderr]    Compiling textwrap v0.16.2
[INFO] [stderr]    Compiling supports-color v3.0.2
[INFO] [stderr]    Compiling strum_macros v0.28.0
[INFO] [stderr]    Compiling rand v0.10.2
[INFO] [stderr]    Compiling rand_pcg v0.10.2
[INFO] [stderr]    Compiling backtrace-ext v0.2.1
[INFO] [stderr]    Compiling stacker v0.1.25
[INFO] [stderr]    Compiling toml_datetime v1.1.1+spec-1.1.0
[INFO] [stderr]    Compiling geographiclib-rs v0.2.7
[INFO] [stderr]    Compiling serde_spanned v1.1.1
[INFO] [stderr]    Compiling zerofrom v0.1.8
[INFO] [stderr]    Compiling spade v2.15.1
[INFO] [stderr]    Compiling approx v0.5.1
[INFO] [stderr]    Compiling yoke v0.8.3
[INFO] [stderr]    Compiling clipper2-rust v1.1.0
[INFO] [stderr]    Compiling earcut v0.4.5
[INFO] [stderr]    Compiling approx v0.4.0
[INFO] [stderr]    Compiling terminal_size v0.4.4
[INFO] [stderr]    Compiling derive_more-impl v2.1.1
[INFO] [stderr]    Compiling miette-derive v7.6.0
[INFO] [stderr]    Compiling sif-itree v0.4.1
[INFO] [stderr]    Compiling supports-hyperlinks v3.2.0
[INFO] [stderr]    Compiling supports-unicode v3.0.0
[INFO] [stderr]    Compiling float_next_after v2.0.0
[INFO] [stderr]    Compiling owo-colors v4.4.0
[INFO] [stderr]    Compiling toml v1.1.5+spec-1.1.0
[INFO] [stderr]    Compiling color-print-proc-macro v0.3.7
[INFO] [stderr]    Compiling jiff-core v0.1.0
[INFO] [stderr]    Compiling anstream v1.0.0
[INFO] [stderr]    Compiling color-print v0.3.7
[INFO] [stderr]    Compiling chumsky v0.13.0
[INFO] [stderr]    Compiling strum v0.28.0
[INFO] [stderr]    Compiling custom_debug_derive v0.6.2
[INFO] [stderr]    Compiling thiserror-impl v1.0.69
[INFO] [stderr]    Compiling scan_dir v0.3.3
[INFO] [stderr]    Compiling custom_debug v0.6.2
[INFO] [stderr]    Compiling microcad-lang-proc-macros v0.5.1
[INFO] [stderr]    Compiling derive_more v2.1.1
[INFO] [stderr]    Compiling delegate v0.13.5
[INFO] [stderr]    Compiling miette v7.6.0
[INFO] [stderr]    Compiling round v0.1.2
[INFO] [stderr]    Compiling serde_json v1.0.151
[INFO] [stderr]    Compiling i_key_sort v0.10.3
[INFO] [stderr]    Compiling thiserror v1.0.69
[INFO] [stderr]    Compiling jiff v0.2.35
[INFO] [stderr]    Compiling i_overlay v4.5.2
[INFO] [stderr]    Compiling serde_derive v1.0.229
[INFO] [stderr]    Compiling zerovec-derive v0.11.6
[INFO] [stderr]    Compiling displaydoc v0.2.7
[INFO] [stderr]    Compiling thiserror-impl v2.0.20
[INFO] [stderr]    Compiling zerotrie v0.2.5
[INFO] [stderr]    Compiling logos-codegen v0.16.1
[INFO] [stderr]    Compiling regex v1.13.1
[INFO] [stderr]    Compiling zerovec v0.11.8
[INFO] [stderr]    Compiling env_filter v2.0.0
[INFO] [stderr]    Compiling thiserror v2.0.20
[INFO] [stderr]    Compiling dashu-ratio v0.5.1
[INFO] [stderr]    Compiling tinystr v0.8.4
[INFO] [stderr]    Compiling icu_locale_core v2.3.0
[INFO] [stderr]    Compiling potential_utf v0.1.6
[INFO] [stderr]    Compiling icu_collections v2.3.0
[INFO] [stderr]    Compiling logos-derive v0.16.1
[INFO] [stderr]    Compiling logos v0.16.1
[INFO] [stderr]    Compiling manifold-rust v0.13.1
[INFO] [stderr]    Compiling serde v1.0.229
[INFO] [stderr]    Compiling rstar v0.12.2
[INFO] [stderr]    Compiling icu_provider v2.3.1
[INFO] [stderr]    Compiling glam v0.29.3
[INFO] [stderr]    Compiling icu_normalizer v2.3.0
[INFO] [stderr]    Compiling icu_properties v2.3.0
[INFO] [stderr]    Compiling geo-types v0.7.20
[INFO] [stderr]    Compiling compact_str v0.9.1
[INFO] [stderr]    Compiling env_logger v0.11.11
[INFO] [stderr]    Compiling geo v0.33.1
[INFO] [stderr]    Compiling geo-traits v0.3.0
[INFO] [stderr]    Compiling wkt v0.14.0
[INFO] [stderr]    Compiling idna_adapter v1.2.2
[INFO] [stderr]    Compiling idna v1.1.0
[INFO] [stderr]    Compiling url v2.5.8
[INFO] [stderr]    Compiling bezier-rs v0.5.0
[INFO] [stderr]    Compiling microcad-core v0.5.1
[INFO] [stderr]    Compiling microcad-lang-base v0.5.1
[INFO] [stderr]    Compiling microcad-lang-parse v0.5.1
[INFO] [stderr]    Compiling microcad-lang v0.5.1
[INFO] [stderr]    Compiling microcad-export v0.5.1 (/opt/rustwide/workdir)
[INFO] [stderr] warning: unused dependency `serde_json`
[INFO] [stderr]   --> Cargo.toml:26:15
[INFO] [stderr]    |
[INFO] [stderr] 26 | [dependencies.serde_json]
[INFO] [stderr]    |               ^^^^^^^^^^^
[INFO] [stderr]    |
[INFO] [stderr]    = note: `cargo::unused_dependencies` is set to `warn` by default
[INFO] [stderr] help: consider removing the dependency on `serde_json`
[INFO] [stderr] warning: `microcad-export` (manifest) generated 1 warning
[INFO] [stderr]     Finished `release` profile [optimized] target(s) in 4m 53s
[INFO] running `Command { std: "docker" "inspect" "ece34227f0aee0694761db19300f8607738cf20bd294abb6474c58cb3ff2a05f", kill_on_drop: false }`
[INFO] running `Command { std: "docker" "exec" "-e" "SOURCE_DIR=/opt/rustwide/workdir" "-e" "CARGO_HOME=/opt/rustwide/cargo-home" "-e" "RUSTUP_HOME=/opt/rustwide/rustup-home" "-e" "CARGO_TARGET_DIR=/opt/rustwide/target" "-e" "CARGO_INCREMENTAL=0" "-e" "RUST_BACKTRACE=full" "-e" "RUSTFLAGS=--cap-lints=warn" "-e" "RUSTDOCFLAGS=--cap-lints=warn" "-w" "/opt/rustwide/workdir" "--user" "0:0" "ece34227f0aee0694761db19300f8607738cf20bd294abb6474c58cb3ff2a05f" "/opt/rustwide/cargo-home/bin/cargo" "+1.100.0-beta.1" "test" "--frozen" "--no-run" "--message-format=json" "--release", kill_on_drop: false }`
[INFO] [stderr]    Compiling microcad-export v0.5.1 (/opt/rustwide/workdir)
[INFO] [stderr] warning: unused dependency `serde_json`
[INFO] [stderr]   --> Cargo.toml:26:15
[INFO] [stderr]    |
[INFO] [stderr] 26 | [dependencies.serde_json]
[INFO] [stderr]    |               ^^^^^^^^^^^
[INFO] [stderr]    |
[INFO] [stderr]    = note: `cargo::unused_dependencies` is set to `warn` by default
[INFO] [stderr] help: consider removing the dependency on `serde_json`
[INFO] [stderr] warning: `microcad-export` (manifest) generated 1 warning
[INFO] [stderr]     Finished `release` profile [optimized] target(s) in 3.00s
[INFO] running `Command { std: "docker" "inspect" "ece34227f0aee0694761db19300f8607738cf20bd294abb6474c58cb3ff2a05f", kill_on_drop: false }`
[INFO] running `Command { std: "docker" "exec" "-e" "SOURCE_DIR=/opt/rustwide/workdir" "-e" "CARGO_HOME=/opt/rustwide/cargo-home" "-e" "RUSTUP_HOME=/opt/rustwide/rustup-home" "-e" "CARGO_TARGET_DIR=/opt/rustwide/target" "-e" "CARGO_INCREMENTAL=0" "-e" "RUST_BACKTRACE=full" "-e" "RUSTFLAGS=--cap-lints=warn" "-e" "RUSTDOCFLAGS=--cap-lints=warn" "-w" "/opt/rustwide/workdir" "--user" "0:0" "ece34227f0aee0694761db19300f8607738cf20bd294abb6474c58cb3ff2a05f" "/opt/rustwide/cargo-home/bin/cargo" "+1.100.0-beta.1" "test" "--frozen" "--release", kill_on_drop: false }`
[INFO] [stderr] warning: unused dependency `serde_json`
[INFO] [stderr]   --> Cargo.toml:26:15
[INFO] [stderr]    |
[INFO] [stderr] 26 | [dependencies.serde_json]
[INFO] [stderr]    |               ^^^^^^^^^^^
[INFO] [stderr]    |
[INFO] [stderr]    = note: `cargo::unused_dependencies` is set to `warn` by default
[INFO] [stderr] help: consider removing the dependency on `serde_json`
[INFO] [stderr] warning: `microcad-export` (manifest) generated 1 warning
[INFO] [stderr]     Finished `release` profile [optimized] target(s) in 0.25s
[INFO] [stderr]      Running unittests lib.rs (/opt/rustwide/target/release/build/microcad-export/100c5205f5f16660/out/microcad_export-100c5205f5f16660)
[INFO] [stdout] 
[INFO] [stdout] running 3 tests
[INFO] [stdout] test svg::tests::svg_writer ... FAILED
[INFO] [stdout] test svg::tests::svg_canvas ... FAILED
[INFO] [stdout] test svg::tests::svg_sample_sketch ... FAILED
[INFO] [stdout] 
[INFO] [stdout] failures:
[INFO] [stdout] 
[INFO] [stdout] ---- svg::tests::svg_writer stdout ----
[INFO] [stdout] 
[INFO] [stdout] thread 'svg::tests::svg_writer' (2269) panicked at svg/tests.rs:17:68:
[INFO] [stdout] test error: Os { code: 2, kind: NotFound, message: "No such file or directory" }
[INFO] [stdout] stack backtrace:
[INFO] [stdout]    0:     0x6415e83e8f91 - <<std[617be2ca0a6fd877]::sys::backtrace::BacktraceLock>::print::DisplayBacktrace as core[a373ad73a504971]::fmt::Display>::fmt
[INFO] [stdout]    1:     0x6415e83fdc6a - core[a373ad73a504971]::fmt::write
[INFO] [stdout]    2:     0x6415e83ed27c - <alloc[2e1b2a31b91974c5]::vec::Vec<u8> as core[a373ad73a504971]::io::write::Write>::write_fmt
[INFO] [stdout]    3:     0x6415e83c50c6 - std[617be2ca0a6fd877]::panicking::default_hook::{closure#0}
[INFO] [stdout]    4:     0x6415e83e1429 - std[617be2ca0a6fd877]::panicking::default_hook
[INFO] [stdout]    5:     0x6415e8308bc0 - test[aada8e7e76ba119b]::test_main_inner::{closure#0}
[INFO] [stdout]    6:     0x6415e83e1752 - std[617be2ca0a6fd877]::panicking::panic_with_hook
[INFO] [stdout]    7:     0x6415e83c5172 - std[617be2ca0a6fd877]::panicking::panic_handler::{closure#0}
[INFO] [stdout]    8:     0x6415e83bde89 - std[617be2ca0a6fd877]::sys::backtrace::__rust_end_short_backtrace::<std[617be2ca0a6fd877]::panicking::panic_handler::{closure#0}, !>
[INFO] [stdout]    9:     0x6415e83c5d7d - __rustc[ea4f61d10b84890b]::rust_begin_unwind
[INFO] [stdout]   10:     0x6415e83fe39c - core[a373ad73a504971]::panicking::panic_fmt
[INFO] [stdout]   11:     0x6415e83fe172 - core[a373ad73a504971]::result::unwrap_failed
[INFO] [stdout]   12:     0x6415e82f1051 - <microcad_export[760583216f35e026]::svg::tests::svg_writer::{closure#0} as core[a373ad73a504971]::ops::function::FnOnce<()>>::call_once
[INFO] [stdout]   13:     0x6415e82fc00b - test[aada8e7e76ba119b]::__rust_begin_short_backtrace::<core[a373ad73a504971]::result::Result<(), alloc[2e1b2a31b91974c5]::string::String>, fn() -> core[a373ad73a504971]::result::Result<(), alloc[2e1b2a31b91974c5]::string::String>>
[INFO] [stdout]   14:     0x6415e83091e5 - test[aada8e7e76ba119b]::run_test::{closure#0}
[INFO] [stdout]   15:     0x6415e8302ad4 - std[617be2ca0a6fd877]::sys::backtrace::__rust_begin_short_backtrace::<test[aada8e7e76ba119b]::run_test::{closure#1}, ()>
[INFO] [stdout]   16:     0x6415e830c272 - <std[617be2ca0a6fd877]::thread::lifecycle::spawn_unchecked<test[aada8e7e76ba119b]::run_test::{closure#1}, ()>::{closure#1} as core[a373ad73a504971]::ops::function::FnOnce<()>>::call_once::{shim:vtable#0}
[INFO] [stdout]   17:     0x6415e83e87df - <std[617be2ca0a6fd877]::sys::thread::unix::Thread>::new::thread_start
[INFO] [stdout]   18:     0x73e99ce28dfa - <unknown>
[INFO] [stdout]   19:     0x73e99cebc3d4 - clone
[INFO] [stdout]   20:                0x0 - <unknown>
[INFO] [stdout] 
[INFO] [stdout] ---- svg::tests::svg_canvas stdout ----
[INFO] [stdout] 
[INFO] [stdout] thread 'svg::tests::svg_canvas' (2267) panicked at svg/tests.rs:56:69:
[INFO] [stdout] test error: Os { code: 2, kind: NotFound, message: "No such file or directory" }
[INFO] [stdout] stack backtrace:
[INFO] [stdout]    0:     0x6415e83e8f91 - <<std[617be2ca0a6fd877]::sys::backtrace::BacktraceLock>::print::DisplayBacktrace as core[a373ad73a504971]::fmt::Display>::fmt
[INFO] [stdout]    1:     0x6415e83fdc6a - core[a373ad73a504971]::fmt::write
[INFO] [stdout]    2:     0x6415e83ed27c - <alloc[2e1b2a31b91974c5]::vec::Vec<u8> as core[a373ad73a504971]::io::write::Write>::write_fmt
[INFO] [stdout]    3:     0x6415e83c50c6 - std[617be2ca0a6fd877]::panicking::default_hook::{closure#0}
[INFO] [stdout]    4:     0x6415e83e1429 - std[617be2ca0a6fd877]::panicking::default_hook
[INFO] [stdout]    5:     0x6415e8308bc0 - test[aada8e7e76ba119b]::test_main_inner::{closure#0}
[INFO] [stdout]    6:     0x6415e83e1752 - std[617be2ca0a6fd877]::panicking::panic_with_hook
[INFO] [stdout]    7:     0x6415e83c5172 - std[617be2ca0a6fd877]::panicking::panic_handler::{closure#0}
[INFO] [stdout]    8:     0x6415e83bde89 - std[617be2ca0a6fd877]::sys::backtrace::__rust_end_short_backtrace::<std[617be2ca0a6fd877]::panicking::panic_handler::{closure#0}, !>
[INFO] [stdout]    9:     0x6415e83c5d7d - __rustc[ea4f61d10b84890b]::rust_begin_unwind
[INFO] [stdout]   10:     0x6415e83fe39c - core[a373ad73a504971]::panicking::panic_fmt
[INFO] [stdout]   11:     0x6415e83fe172 - core[a373ad73a504971]::result::unwrap_failed
[INFO] [stdout]   12:     0x6415e82f0a41 - <microcad_export[760583216f35e026]::svg::tests::svg_canvas::{closure#0} as core[a373ad73a504971]::ops::function::FnOnce<()>>::call_once
[INFO] [stdout]   13:     0x6415e82fc00b - test[aada8e7e76ba119b]::__rust_begin_short_backtrace::<core[a373ad73a504971]::result::Result<(), alloc[2e1b2a31b91974c5]::string::String>, fn() -> core[a373ad73a504971]::result::Result<(), alloc[2e1b2a31b91974c5]::string::String>>
[INFO] [stdout]   14:     0x6415e83091e5 - test[aada8e7e76ba119b]::run_test::{closure#0}
[INFO] [stdout]   15:     0x6415e8302ad4 - std[617be2ca0a6fd877]::sys::backtrace::__rust_begin_short_backtrace::<test[aada8e7e76ba119b]::run_test::{closure#1}, ()>
[INFO] [stdout]   16:     0x6415e830c272 - <std[617be2ca0a6fd877]::thread::lifecycle::spawn_unchecked<test[aada8e7e76ba119b]::run_test::{closure#1}, ()>::{closure#1} as core[a373ad73a504971]::ops::function::FnOnce<()>>::call_once::{shim:vtable#0}
[INFO] [stdout]   17:     0x6415e83e87df - <std[617be2ca0a6fd877]::sys::thread::unix::Thread>::new::thread_start
[INFO] [stdout]   18:     0x73e99ce28dfa - <unknown>
[INFO] [stdout]   19:     0x73e99cebc3d4 - clone
[INFO] [stdout]   20:                0x0 - <unknown>
[INFO] [stdout] 
[INFO] [stdout] ---- svg::tests::svg_sample_sketch stdout ----
[INFO] [stdout] 
[INFO] [stdout] thread 'svg::tests::svg_sample_sketch' (2268) panicked at svg/tests.rs:130:76:
[INFO] [stdout] test error: Os { code: 2, kind: NotFound, message: "No such file or directory" }
[INFO] [stdout] stack backtrace:
[INFO] [stdout]    0:     0x6415e83e8f91 - <<std[617be2ca0a6fd877]::sys::backtrace::BacktraceLock>::print::DisplayBacktrace as core[a373ad73a504971]::fmt::Display>::fmt
[INFO] [stdout]    1:     0x6415e83fdc6a - core[a373ad73a504971]::fmt::write
[INFO] [stdout]    2:     0x6415e83ed27c - <alloc[2e1b2a31b91974c5]::vec::Vec<u8> as core[a373ad73a504971]::io::write::Write>::write_fmt
[INFO] [stdout]    3:     0x6415e83c50c6 - std[617be2ca0a6fd877]::panicking::default_hook::{closure#0}
[INFO] [stdout]    4:     0x6415e83e1429 - std[617be2ca0a6fd877]::panicking::default_hook
[INFO] [stdout]    5:     0x6415e8308bc0 - test[aada8e7e76ba119b]::test_main_inner::{closure#0}
[INFO] [stdout]    6:     0x6415e83e1752 - std[617be2ca0a6fd877]::panicking::panic_with_hook
[INFO] [stdout]    7:     0x6415e83c5172 - std[617be2ca0a6fd877]::panicking::panic_handler::{closure#0}
[INFO] [stdout]    8:     0x6415e83bde89 - std[617be2ca0a6fd877]::sys::backtrace::__rust_end_short_backtrace::<std[617be2ca0a6fd877]::panicking::panic_handler::{closure#0}, !>
[INFO] [stdout]    9:     0x6415e83c5d7d - __rustc[ea4f61d10b84890b]::rust_begin_unwind
[INFO] [stdout]   10:     0x6415e83fe39c - core[a373ad73a504971]::panicking::panic_fmt
[INFO] [stdout]   11:     0x6415e83fe172 - core[a373ad73a504971]::result::unwrap_failed
[INFO] [stdout]   12:     0x6415e82f1ebb - <microcad_export[760583216f35e026]::svg::tests::svg_sample_sketch::{closure#0} as core[a373ad73a504971]::ops::function::FnOnce<()>>::call_once
[INFO] [stdout]   13:     0x6415e82fc00b - test[aada8e7e76ba119b]::__rust_begin_short_backtrace::<core[a373ad73a504971]::result::Result<(), alloc[2e1b2a31b91974c5]::string::String>, fn() -> core[a373ad73a504971]::result::Result<(), alloc[2e1b2a31b91974c5]::string::String>>
[INFO] [stdout]   14:     0x6415e83091e5 - test[aada8e7e76ba119b]::run_test::{closure#0}
[INFO] [stdout]   15:     0x6415e8302ad4 - std[617be2ca0a6fd877]::sys::backtrace::__rust_begin_short_backtrace::<test[aada8e7e76ba119b]::run_test::{closure#1}, ()>
[INFO] [stdout]   16:     0x6415e830c272 - <std[617be2ca0a6fd877]::thread::lifecycle::spawn_unchecked<test[aada8e7e76ba119b]::run_test::{closure#1}, ()>::{closure#1} as core[a373ad73a504971]::ops::function::FnOnce<()>>::call_once::{shim:vtable#0}
[INFO] [stdout]   17:     0x6415e83e87df - <std[617be2ca0a6fd877]::sys::thread::unix::Thread>::new::thread_start
[INFO] [stdout]   18:     0x73e99ce28dfa - <unknown>
[INFO] [stdout]   19:     0x73e99cebc3d4 - clone
[INFO] [stdout]   20:                0x0 - <unknown>
[INFO] [stdout] 
[INFO] [stdout] 
[INFO] [stdout] failures:
[INFO] [stdout]     svg::tests::svg_canvas
[INFO] [stdout]     svg::tests::svg_sample_sketch
[INFO] [stdout]     svg::tests::svg_writer
[INFO] [stdout] 
[INFO] [stdout] test result: FAILED. 0 passed; 3 failed; 0 ignored; 0 measured; 0 filtered out; finished in 0.00s
[INFO] [stdout] 
[INFO] [stderr] error: test failed, to rerun pass `--lib`
[INFO] running `Command { std: "docker" "inspect" "ece34227f0aee0694761db19300f8607738cf20bd294abb6474c58cb3ff2a05f", kill_on_drop: false }`
[INFO] running `Command { std: "docker" "rm" "-f" "ece34227f0aee0694761db19300f8607738cf20bd294abb6474c58cb3ff2a05f", kill_on_drop: false }`
[INFO] [stdout] ece34227f0aee0694761db19300f8607738cf20bd294abb6474c58cb3ff2a05f
