[INFO] fetching crate michaelhthomas-kuchikiki 0.8.3-alpha.1...
[INFO] testing michaelhthomas-kuchikiki-0.8.3-alpha.1 against 1.99.0-beta.8+cargoflags=--release for beta-release-1.100-2
[INFO] extracting crate michaelhthomas-kuchikiki 0.8.3-alpha.1 into /workspace/builds/worker-7-tc1/source
[INFO] started tweaking crates.io crate michaelhthomas-kuchikiki 0.8.3-alpha.1
[INFO] removed 0 missing examples
[INFO] finished tweaking crates.io crate michaelhthomas-kuchikiki 0.8.3-alpha.1
[INFO] tweaked toml for crates.io crate michaelhthomas-kuchikiki 0.8.3-alpha.1 written to /workspace/builds/worker-7-tc1/source/Cargo.toml
[INFO] validating manifest of crates.io crate michaelhthomas-kuchikiki 0.8.3-alpha.1 on toolchain 1.99.0-beta.8
[INFO] running `Command { std: CARGO_HOME="/workspace/cargo-home" RUSTUP_HOME="/workspace/rustup-home" "/workspace/cargo-home/bin/cargo" "+1.99.0-beta.8" "metadata" "--manifest-path" "Cargo.toml" "--no-deps", kill_on_drop: false }`
[INFO] crate crates.io crate michaelhthomas-kuchikiki 0.8.3-alpha.1 already has a lockfile, it will not be regenerated
[INFO] running `Command { std: CARGO_HOME="/workspace/cargo-home" RUSTUP_HOME="/workspace/rustup-home" "/workspace/cargo-home/bin/cargo" "+1.99.0-beta.8" "fetch" "--manifest-path" "Cargo.toml", kill_on_drop: false }`
[INFO] [stderr]  Downloading crates ...
[INFO] [stderr]   Downloaded fastbloom v0.12.0
[INFO] [stderr]   Downloaded csv-core v0.1.12
[INFO] [stderr]   Downloaded csv v1.3.1
[INFO] [stderr]   Downloaded lightningcss v1.0.0-alpha.66
[INFO] running `Command { std: "docker" "create" "-v" "/var/lib/crater-agent-workspace/builds/worker-7-tc1/source:/opt/rustwide/workdir:ro,Z" "-v" "/var/lib/crater-agent-workspace/builds/worker-7-tc1/target:/opt/rustwide/target:rw,Z" "-v" "/var/lib/crater-agent-workspace/cargo-home:/opt/rustwide/cargo-home:ro,Z" "-v" "/var/lib/crater-agent-workspace/rustup-home:/opt/rustwide/rustup-home:ro,Z" "-m" "1610612736" "--network" "none" "ghcr.io/rust-lang/crates-build-env/linux@sha256:77db811e55d90add9212f6832c23229e3de5f1c1f9905e8cb07319ea15df73ac" "sleep" "infinity", kill_on_drop: false }`
[INFO] [stdout] bb818e3aa4242c38524122534f624fd5447709012c725932903627d17b3e32f3
[INFO] running `Command { std: "docker" "start" "bb818e3aa4242c38524122534f624fd5447709012c725932903627d17b3e32f3", kill_on_drop: false }`
[INFO] running `Command { std: "docker" "inspect" "bb818e3aa4242c38524122534f624fd5447709012c725932903627d17b3e32f3", kill_on_drop: false }`
[INFO] running `Command { std: "docker" "exec" "-e" "SOURCE_DIR=/opt/rustwide/workdir" "-e" "CARGO_HOME=/opt/rustwide/cargo-home" "-e" "RUSTUP_HOME=/opt/rustwide/rustup-home" "-e" "CARGO_TARGET_DIR=/opt/rustwide/target" "-w" "/opt/rustwide/workdir" "--user" "0:0" "bb818e3aa4242c38524122534f624fd5447709012c725932903627d17b3e32f3" "/opt/rustwide/cargo-home/bin/cargo" "+1.99.0-beta.8" "metadata" "--no-deps" "--format-version=1", kill_on_drop: false }`
[INFO] running `Command { std: "docker" "inspect" "bb818e3aa4242c38524122534f624fd5447709012c725932903627d17b3e32f3", kill_on_drop: false }`
[INFO] running `Command { std: "docker" "exec" "-e" "SOURCE_DIR=/opt/rustwide/workdir" "-e" "CARGO_HOME=/opt/rustwide/cargo-home" "-e" "RUSTUP_HOME=/opt/rustwide/rustup-home" "-e" "CARGO_TARGET_DIR=/opt/rustwide/target" "-e" "CARGO_INCREMENTAL=0" "-e" "RUST_BACKTRACE=full" "-e" "RUSTFLAGS=--cap-lints=warn" "-e" "RUSTDOCFLAGS=--cap-lints=warn" "-w" "/opt/rustwide/workdir" "--user" "0:0" "bb818e3aa4242c38524122534f624fd5447709012c725932903627d17b3e32f3" "/opt/rustwide/cargo-home/bin/cargo" "+1.99.0-beta.8" "build" "--frozen" "--message-format=json" "--release", kill_on_drop: false }`
[INFO] [stderr]    Compiling libc v0.2.173
[INFO] [stderr]    Compiling zerocopy v0.8.25
[INFO] [stderr]    Compiling siphasher v1.0.1
[INFO] [stderr]    Compiling syn v1.0.109
[INFO] [stderr]    Compiling getrandom v0.1.16
[INFO] [stderr]    Compiling phf_shared v0.8.0
[INFO] [stderr]    Compiling lock_api v0.4.13
[INFO] [stderr]    Compiling mac v0.1.1
[INFO] [stderr]    Compiling dtoa v1.0.10
[INFO] [stderr]    Compiling syn v2.0.103
[INFO] [stderr]    Compiling itoa v0.4.8
[INFO] [stderr]    Compiling nodrop v0.1.14
[INFO] [stderr]    Compiling matches v0.1.10
[INFO] [stderr]    Compiling convert_case v0.4.0
[INFO] [stderr]    Compiling stable_deref_trait v1.2.0
[INFO] [stderr]    Compiling fxhash v0.2.1
[INFO] [stderr]    Compiling servo_arc v0.1.1
[INFO] [stderr]    Compiling futf v0.1.5
[INFO] [stderr]    Compiling dtoa-short v0.3.5
[INFO] [stderr]    Compiling thin-slice v0.1.1
[INFO] [stderr]    Compiling hashbrown v0.15.4
[INFO] [stderr]    Compiling tendril v0.4.3
[INFO] [stderr]    Compiling phf_shared v0.11.3
[INFO] [stderr]    Compiling phf_generator v0.11.3
[INFO] [stderr]    Compiling phf_codegen v0.11.3
[INFO] [stderr]    Compiling string_cache_codegen v0.5.4
[INFO] [stderr]    Compiling markup5ever v0.12.1
[INFO] [stderr]    Compiling rand_core v0.5.1
[INFO] [stderr]    Compiling rand_pcg v0.2.1
[INFO] [stderr]    Compiling parking_lot_core v0.9.11
[INFO] [stderr]    Compiling getrandom v0.3.3
[INFO] [stderr]    Compiling parking_lot v0.12.4
[INFO] [stderr]    Compiling rand_core v0.9.3
[INFO] [stderr]    Compiling ppv-lite86 v0.2.21
[INFO] [stderr]    Compiling rand_chacha v0.2.2
[INFO] [stderr]    Compiling rand v0.7.3
[INFO] [stderr]    Compiling rand_chacha v0.9.0
[INFO] [stderr]    Compiling rand v0.9.1
[INFO] [stderr]    Compiling phf_generator v0.8.0
[INFO] [stderr]    Compiling phf_codegen v0.8.0
[INFO] [stderr]    Compiling selectors v0.22.0
[INFO] [stderr]    Compiling fastbloom v0.12.0
[INFO] [stderr]    Compiling serde_derive v1.0.219
[INFO] [stderr]    Compiling phf_macros v0.11.3
[INFO] [stderr]    Compiling cssparser-macros v0.6.1
[INFO] [stderr]    Compiling html5ever v0.27.0
[INFO] [stderr]    Compiling derive_more v0.99.20
[INFO] [stderr]    Compiling phf v0.11.3
[INFO] [stderr]    Compiling cssparser v0.27.2
[INFO] [stderr]    Compiling phf_macros v0.8.0
[INFO] [stderr]    Compiling phf v0.8.0
[INFO] [stderr]    Compiling serde v1.0.219
[INFO] [stderr]    Compiling string_cache v0.8.9
[INFO] [stderr]    Compiling indexmap v2.9.0
[INFO] [stderr]    Compiling michaelhthomas-kuchikiki v0.8.3-alpha.1 (/opt/rustwide/workdir)
[INFO] [stdout] warning: hiding a lifetime that's elided elsewhere is confusing
[INFO] [stdout]    --> src/attributes.rs:148:35
[INFO] [stdout]     |
[INFO] [stdout] 148 |     pub fn entry<A: Into<LocalName>>(&mut self, local_name: A) -> Entry<ExpandedName, Attribute> {
[INFO] [stdout]     |                                      ^^^^^^^^^                    ^^^^^^^^^^^^^^^^^^^^^^^^^^^^^^ the same lifetime is hidden here
[INFO] [stdout]     |                                      |
[INFO] [stdout]     |                                      the lifetime is elided here
[INFO] [stdout]     |
[INFO] [stdout]     = help: the same lifetime is referred to in inconsistent ways, making the signature confusing
[INFO] [stdout]     = note: `#[warn(mismatched_lifetime_syntaxes)]` on by default
[INFO] [stdout] help: use `'_` for type paths
[INFO] [stdout]     |
[INFO] [stdout] 148 |     pub fn entry<A: Into<LocalName>>(&mut self, local_name: A) -> Entry<'_, ExpandedName, Attribute> {
[INFO] [stdout]     |                                                                         +++
[INFO] [stdout] 
[INFO] [stdout] 
[INFO] [stderr]     Finished `release` profile [optimized] target(s) in 28.25s
[INFO] running `Command { std: "docker" "inspect" "bb818e3aa4242c38524122534f624fd5447709012c725932903627d17b3e32f3", kill_on_drop: false }`
[INFO] running `Command { std: "docker" "exec" "-e" "SOURCE_DIR=/opt/rustwide/workdir" "-e" "CARGO_HOME=/opt/rustwide/cargo-home" "-e" "RUSTUP_HOME=/opt/rustwide/rustup-home" "-e" "CARGO_TARGET_DIR=/opt/rustwide/target" "-e" "CARGO_INCREMENTAL=0" "-e" "RUST_BACKTRACE=full" "-e" "RUSTFLAGS=--cap-lints=warn" "-e" "RUSTDOCFLAGS=--cap-lints=warn" "-w" "/opt/rustwide/workdir" "--user" "0:0" "bb818e3aa4242c38524122534f624fd5447709012c725932903627d17b3e32f3" "/opt/rustwide/cargo-home/bin/cargo" "+1.99.0-beta.8" "test" "--frozen" "--no-run" "--message-format=json" "--release", kill_on_drop: false }`
[INFO] [stderr]    Compiling getrandom v0.2.16
[INFO] [stderr]    Compiling rayon-core v1.12.1
[INFO] [stderr]    Compiling serde_json v1.0.140
[INFO] [stderr]    Compiling ptr_meta_derive v0.1.4
[INFO] [stderr]    Compiling rkyv v0.7.45
[INFO] [stderr]    Compiling outref v0.1.0
[INFO] [stderr]    Compiling cssparser v0.33.0
[INFO] [stderr]    Compiling parcel_selectors v0.28.2
[INFO] [stderr]    Compiling ahash v0.8.12
[INFO] [stderr]    Compiling rkyv_derive v0.7.45
[INFO] [stderr]    Compiling regex-syntax v0.8.5
[INFO] [stderr]    Compiling convert_case v0.6.0
[INFO] [stderr]    Compiling data-url v0.1.1
[INFO] [stderr]    Compiling csv-core v0.1.12
[INFO] [stderr]    Compiling const-str-proc-macro v0.3.2
[INFO] [stderr]    Compiling vlq v0.5.1
[INFO] [stderr]    Compiling simd-abstraction v0.7.1
[INFO] [stderr]    Compiling hashbrown v0.14.5
[INFO] [stderr]    Compiling half v1.8.3
[INFO] [stderr]    Compiling criterion-plot v0.4.5
[INFO] [stderr]    Compiling ptr_meta v0.1.4
[INFO] [stderr]    Compiling ahash v0.7.8
[INFO] [stderr]    Compiling lightningcss-derive v1.0.0-alpha.43
[INFO] [stderr]    Compiling base64-simd v0.7.0
[INFO] [stderr]    Compiling csv v1.3.1
[INFO] [stderr]    Compiling hashbrown v0.12.3
[INFO] [stderr]    Compiling serde_cbor v0.11.2
[INFO] [stderr]    Compiling const-str v0.3.2
[INFO] [stderr]    Compiling plotters v0.3.7
[INFO] [stderr]    Compiling clap v2.34.0
[INFO] [stderr]    Compiling atty v0.2.14
[INFO] [stderr]    Compiling tempfile v3.20.0
[INFO] [stdout] warning: hiding a lifetime that's elided elsewhere is confusing
[INFO] [stdout]    --> src/attributes.rs:148:35
[INFO] [stdout]     |
[INFO] [stdout] 148 |     pub fn entry<A: Into<LocalName>>(&mut self, local_name: A) -> Entry<ExpandedName, Attribute> {
[INFO] [stdout]     |                                      ^^^^^^^^^                    ^^^^^^^^^^^^^^^^^^^^^^^^^^^^^^ the same lifetime is hidden here
[INFO] [stdout]     |                                      |
[INFO] [stdout]     |                                      the lifetime is elided here
[INFO] [stdout]     |
[INFO] [stdout]     = help: the same lifetime is referred to in inconsistent ways, making the signature confusing
[INFO] [stdout]     = note: `#[warn(mismatched_lifetime_syntaxes)]` on by default
[INFO] [stdout] help: use `'_` for type paths
[INFO] [stdout]     |
[INFO] [stdout] 148 |     pub fn entry<A: Into<LocalName>>(&mut self, local_name: A) -> Entry<'_, ExpandedName, Attribute> {
[INFO] [stdout]     |                                                                         +++
[INFO] [stdout] 
[INFO] [stdout] 
[INFO] [stderr]    Compiling rayon v1.10.0
[INFO] [stderr]    Compiling dashmap v5.5.3
[INFO] [stderr]    Compiling cssparser-color v0.1.0
[INFO] [stderr]    Compiling tinytemplate v1.2.1
[INFO] [stderr]    Compiling regex-automata v0.4.9
[INFO] [stderr]    Compiling regex v1.11.1
[INFO] [stderr]    Compiling parcel_sourcemap v2.1.1
[INFO] [stderr]    Compiling criterion v0.3.6
[INFO] [stderr]    Compiling lightningcss v1.0.0-alpha.66
[INFO] [stderr]    Compiling michaelhthomas-kuchikiki v0.8.3-alpha.1 (/opt/rustwide/workdir)
[INFO] [stdout] warning: hiding a lifetime that's elided elsewhere is confusing
[INFO] [stdout]    --> src/attributes.rs:148:35
[INFO] [stdout]     |
[INFO] [stdout] 148 |     pub fn entry<A: Into<LocalName>>(&mut self, local_name: A) -> Entry<ExpandedName, Attribute> {
[INFO] [stdout]     |                                      ^^^^^^^^^                    ^^^^^^^^^^^^^^^^^^^^^^^^^^^^^^ the same lifetime is hidden here
[INFO] [stdout]     |                                      |
[INFO] [stdout]     |                                      the lifetime is elided here
[INFO] [stdout]     |
[INFO] [stdout]     = help: the same lifetime is referred to in inconsistent ways, making the signature confusing
[INFO] [stdout]     = note: `#[warn(mismatched_lifetime_syntaxes)]` on by default
[INFO] [stdout] help: use `'_` for type paths
[INFO] [stdout]     |
[INFO] [stdout] 148 |     pub fn entry<A: Into<LocalName>>(&mut self, local_name: A) -> Entry<'_, ExpandedName, Attribute> {
[INFO] [stdout]     |                                                                         +++
[INFO] [stdout] 
[INFO] [stdout] 
[INFO] [stderr]     Finished `release` profile [optimized] target(s) in 1m 54s
[INFO] running `Command { std: "docker" "inspect" "bb818e3aa4242c38524122534f624fd5447709012c725932903627d17b3e32f3", kill_on_drop: false }`
[INFO] running `Command { std: "docker" "exec" "-e" "SOURCE_DIR=/opt/rustwide/workdir" "-e" "CARGO_HOME=/opt/rustwide/cargo-home" "-e" "RUSTUP_HOME=/opt/rustwide/rustup-home" "-e" "CARGO_TARGET_DIR=/opt/rustwide/target" "-e" "CARGO_INCREMENTAL=0" "-e" "RUST_BACKTRACE=full" "-e" "RUSTFLAGS=--cap-lints=warn" "-e" "RUSTDOCFLAGS=--cap-lints=warn" "-w" "/opt/rustwide/workdir" "--user" "0:0" "bb818e3aa4242c38524122534f624fd5447709012c725932903627d17b3e32f3" "/opt/rustwide/cargo-home/bin/cargo" "+1.99.0-beta.8" "test" "--frozen" "--release", kill_on_drop: false }`
[INFO] [stderr] warning: hiding a lifetime that's elided elsewhere is confusing
[INFO] [stderr]    --> src/attributes.rs:148:35
[INFO] [stderr]     |
[INFO] [stderr] 148 |     pub fn entry<A: Into<LocalName>>(&mut self, local_name: A) -> Entry<ExpandedName, Attribute> {
[INFO] [stderr]     |                                      ^^^^^^^^^                    ^^^^^^^^^^^^^^^^^^^^^^^^^^^^^^ the same lifetime is hidden here
[INFO] [stderr]     |                                      |
[INFO] [stderr]     |                                      the lifetime is elided here
[INFO] [stderr]     |
[INFO] [stderr]     = help: the same lifetime is referred to in inconsistent ways, making the signature confusing
[INFO] [stderr]     = note: `#[warn(mismatched_lifetime_syntaxes)]` on by default
[INFO] [stderr] help: use `'_` for type paths
[INFO] [stderr]     |
[INFO] [stderr] 148 |     pub fn entry<A: Into<LocalName>>(&mut self, local_name: A) -> Entry<'_, ExpandedName, Attribute> {
[INFO] [stderr]     |                                                                         +++
[INFO] [stderr] 
[INFO] [stderr] warning: `michaelhthomas-kuchikiki` (lib) generated 1 warning (run `cargo fix --lib -p michaelhthomas-kuchikiki` to apply 1 suggestion)
[INFO] [stderr] warning: `michaelhthomas-kuchikiki` (lib test) generated 1 warning (1 duplicate)
[INFO] [stderr]     Finished `release` profile [optimized] target(s) in 0.24s
[INFO] [stderr]      Running unittests src/lib.rs (/opt/rustwide/target/release/deps/kuchikiki-d10302fc455992ea)
[INFO] [stdout] 
[INFO] [stdout] running 11 tests
[INFO] [stdout] test tests::parse_and_serialize_with_template ... ok
[INFO] [stdout] test tests::specificity ... ok
[INFO] [stdout] test tests::select_first ... ok
[INFO] [stdout] test tests::parse_file ... FAILED
[INFO] [stdout] test tests::select ... ok
[INFO] [stdout] test tests::select_complex ... ok
[INFO] [stdout] test tests::parse_and_serialize ... ok
[INFO] [stdout] test tests::parse_and_serialize_fragment ... ok
[INFO] [stdout] test tests::serialize_and_read_file ... ok
[INFO] [stdout] test tests::to_string ... ok
[INFO] [stderr] error: test failed, to rerun pass `--lib`
[INFO] [stdout] test tests::text_nodes ... ok
[INFO] [stdout] 
[INFO] [stdout] failures:
[INFO] [stdout] 
[INFO] [stdout] ---- tests::parse_file stdout ----
[INFO] [stdout] 
[INFO] [stdout] thread 'tests::parse_file' (2017) panicked at src/tests.rs:108:5:
[INFO] [stdout] assertion `left == right` failed
[INFO] [stdout]   left: "<!DOCTYPE html><html><head>\n        <title>Test case</title>\n    </head>\n    <body>\n        <p>Foo</p>\n    \n\n</body></html>"
[INFO] [stdout]  right: "<!DOCTYPE html><html><head>\n        <title>Test case</title>\n    </head>\n    <body>\n        <p>Foo</p>\n\n\n</body></html>"
[INFO] [stdout] stack backtrace:
[INFO] [stdout]    0:     0x62b2e19f5821 - <<std[70759c8f55707aa4]::sys::backtrace::BacktraceLock>::print::DisplayBacktrace as core[df12db4294e9bfd3]::fmt::Display>::fmt
[INFO] [stdout]    1:     0x62b2e1a0b79a - core[df12db4294e9bfd3]::fmt::write
[INFO] [stdout]    2:     0x62b2e19f9fcc - <alloc[2182bb758b4b3781]::vec::Vec<u8> as core[df12db4294e9bfd3]::io::write::Write>::write_fmt
[INFO] [stdout]    3:     0x62b2e19d0936 - std[70759c8f55707aa4]::panicking::default_hook::{closure#0}
[INFO] [stdout]    4:     0x62b2e19ed7b9 - std[70759c8f55707aa4]::panicking::default_hook
[INFO] [stdout]    5:     0x62b2e1975880 - test[9d35eded1c95d3be]::test_main_inner::<test[9d35eded1c95d3be]::test_main_static::{closure#0}>::{closure#0}
[INFO] [stdout]    6:     0x62b2e19ed972 - std[70759c8f55707aa4]::panicking::panic_with_hook
[INFO] [stdout]    7:     0x62b2e19d09e2 - std[70759c8f55707aa4]::panicking::panic_handler::{closure#0}
[INFO] [stdout]    8:     0x62b2e19c9619 - std[70759c8f55707aa4]::sys::backtrace::__rust_end_short_backtrace::<std[70759c8f55707aa4]::panicking::panic_handler::{closure#0}, !>
[INFO] [stdout]    9:     0x62b2e19d15dd - __rustc[8fa7c3cbc660c2b3]::rust_begin_unwind
[INFO] [stdout]   10:     0x62b2e1a0befc - core[df12db4294e9bfd3]::panicking::panic_fmt
[INFO] [stdout]   11:     0x62b2e1a0be13 - core[df12db4294e9bfd3]::panicking::assert_failed_inner
[INFO] [stdout]   12:     0x62b2e1960c45 - core[df12db4294e9bfd3]::panicking::assert_failed::<alloc[2182bb758b4b3781]::string::String, &str>
[INFO] [stdout]   13:     0x62b2e196134c - kuchikiki[8f7fd6040672ebed]::tests::parse_file
[INFO] [stdout]   14:     0x62b2e195b849 - <kuchikiki[8f7fd6040672ebed]::tests::parse_file::{closure#0} as core[df12db4294e9bfd3]::ops::function::FnOnce<()>>::call_once
[INFO] [stdout]   15:     0x62b2e1968b6b - test[9d35eded1c95d3be]::__rust_begin_short_backtrace::<core[df12db4294e9bfd3]::result::Result<(), alloc[2182bb758b4b3781]::string::String>, fn() -> core[df12db4294e9bfd3]::result::Result<(), alloc[2182bb758b4b3781]::string::String>>
[INFO] [stdout]   16:     0x62b2e19761d5 - test[9d35eded1c95d3be]::run_test::{closure#0}
[INFO] [stdout]   17:     0x62b2e196fa94 - std[70759c8f55707aa4]::sys::backtrace::__rust_begin_short_backtrace::<test[9d35eded1c95d3be]::run_test::{closure#1}, ()>
[INFO] [stdout]   18:     0x62b2e1979332 - <std[70759c8f55707aa4]::thread::lifecycle::spawn_unchecked<test[9d35eded1c95d3be]::run_test::{closure#1}, ()>::{closure#1} as core[df12db4294e9bfd3]::ops::function::FnOnce<()>>::call_once::{shim:vtable#0}
[INFO] [stdout]   19:     0x62b2e19f50f9 - <std[70759c8f55707aa4]::sys::thread::unix::Thread>::new::thread_start
[INFO] [stdout]   20:     0x7f5acac6cdfa - <unknown>
[INFO] [stdout]   21:     0x7f5acad003d4 - clone
[INFO] [stdout]   22:                0x0 - <unknown>
[INFO] [stdout] 
[INFO] [stdout] 
[INFO] [stdout] failures:
[INFO] [stdout]     tests::parse_file
[INFO] [stdout] 
[INFO] [stdout] test result: FAILED. 10 passed; 1 failed; 0 ignored; 0 measured; 0 filtered out; finished in 0.00s
[INFO] [stdout] 
[INFO] running `Command { std: "docker" "inspect" "bb818e3aa4242c38524122534f624fd5447709012c725932903627d17b3e32f3", kill_on_drop: false }`
[INFO] running `Command { std: "docker" "rm" "-f" "bb818e3aa4242c38524122534f624fd5447709012c725932903627d17b3e32f3", kill_on_drop: false }`
[INFO] [stdout] bb818e3aa4242c38524122534f624fd5447709012c725932903627d17b3e32f3
