[INFO] fetching crate mfa-cli 0.2.2...
[INFO] testing mfa-cli-0.2.2 against 1.100.0-beta.1+cargoflags=--release for beta-release-1.100-2
[INFO] extracting crate mfa-cli 0.2.2 into /workspace/builds/worker-7-tc2/source
[INFO] started tweaking crates.io crate mfa-cli 0.2.2
[INFO] finished tweaking crates.io crate mfa-cli 0.2.2
[INFO] tweaked toml for crates.io crate mfa-cli 0.2.2 written to /workspace/builds/worker-7-tc2/source/Cargo.toml
[INFO] validating manifest of crates.io crate mfa-cli 0.2.2 on toolchain 1.100.0-beta.1
[INFO] running `Command { std: CARGO_HOME="/workspace/cargo-home" RUSTUP_HOME="/workspace/rustup-home" "/workspace/cargo-home/bin/cargo" "+1.100.0-beta.1" "metadata" "--manifest-path" "Cargo.toml" "--no-deps", kill_on_drop: false }`
[INFO] crate crates.io crate mfa-cli 0.2.2 already has a lockfile, it will not be regenerated
[INFO] running `Command { std: CARGO_HOME="/workspace/cargo-home" RUSTUP_HOME="/workspace/rustup-home" "/workspace/cargo-home/bin/cargo" "+1.100.0-beta.1" "fetch" "--manifest-path" "Cargo.toml", kill_on_drop: false }`
[INFO] running `Command { std: "docker" "create" "-v" "/var/lib/crater-agent-workspace/builds/worker-7-tc2/source:/opt/rustwide/workdir:ro,Z" "-v" "/var/lib/crater-agent-workspace/builds/worker-7-tc2/target:/opt/rustwide/target:rw,Z" "-v" "/var/lib/crater-agent-workspace/cargo-home:/opt/rustwide/cargo-home:ro,Z" "-v" "/var/lib/crater-agent-workspace/rustup-home:/opt/rustwide/rustup-home:ro,Z" "-m" "1610612736" "--network" "none" "ghcr.io/rust-lang/crates-build-env/linux@sha256:77db811e55d90add9212f6832c23229e3de5f1c1f9905e8cb07319ea15df73ac" "sleep" "infinity", kill_on_drop: false }`
[INFO] [stdout] 8ecd087cf68fc1dfcf1c0771336bc5c9a9b9d5400b06bbe8ab95ac59025c1c8d
[INFO] running `Command { std: "docker" "start" "8ecd087cf68fc1dfcf1c0771336bc5c9a9b9d5400b06bbe8ab95ac59025c1c8d", kill_on_drop: false }`
[INFO] running `Command { std: "docker" "inspect" "8ecd087cf68fc1dfcf1c0771336bc5c9a9b9d5400b06bbe8ab95ac59025c1c8d", kill_on_drop: false }`
[INFO] running `Command { std: "docker" "exec" "-e" "SOURCE_DIR=/opt/rustwide/workdir" "-e" "CARGO_HOME=/opt/rustwide/cargo-home" "-e" "RUSTUP_HOME=/opt/rustwide/rustup-home" "-e" "CARGO_TARGET_DIR=/opt/rustwide/target" "-w" "/opt/rustwide/workdir" "--user" "0:0" "8ecd087cf68fc1dfcf1c0771336bc5c9a9b9d5400b06bbe8ab95ac59025c1c8d" "/opt/rustwide/cargo-home/bin/cargo" "+1.100.0-beta.1" "metadata" "--no-deps" "--format-version=1", kill_on_drop: false }`
[INFO] running `Command { std: "docker" "inspect" "8ecd087cf68fc1dfcf1c0771336bc5c9a9b9d5400b06bbe8ab95ac59025c1c8d", kill_on_drop: false }`
[INFO] running `Command { std: "docker" "exec" "-e" "SOURCE_DIR=/opt/rustwide/workdir" "-e" "CARGO_HOME=/opt/rustwide/cargo-home" "-e" "RUSTUP_HOME=/opt/rustwide/rustup-home" "-e" "CARGO_TARGET_DIR=/opt/rustwide/target" "-e" "CARGO_INCREMENTAL=0" "-e" "RUST_BACKTRACE=full" "-e" "RUSTFLAGS=--cap-lints=warn" "-e" "RUSTDOCFLAGS=--cap-lints=warn" "-w" "/opt/rustwide/workdir" "--user" "0:0" "8ecd087cf68fc1dfcf1c0771336bc5c9a9b9d5400b06bbe8ab95ac59025c1c8d" "/opt/rustwide/cargo-home/bin/cargo" "+1.100.0-beta.1" "build" "--frozen" "--message-format=json" "--release", kill_on_drop: false }`
[INFO] [stderr]    Compiling proc-macro2 v1.0.70
[INFO] [stderr]    Compiling unicode-ident v1.0.12
[INFO] [stderr]    Compiling autocfg v1.1.0
[INFO] [stderr]    Compiling serde v1.0.193
[INFO] [stderr]    Compiling typenum v1.17.0
[INFO] [stderr]    Compiling version_check v0.9.4
[INFO] [stderr]    Compiling crossbeam-utils v0.8.16
[INFO] [stderr]    Compiling utf8parse v0.2.1
[INFO] [stderr]    Compiling libc v0.2.150
[INFO] [stderr]    Compiling colorchoice v1.0.0
[INFO] [stderr]    Compiling anstyle-query v1.0.0
[INFO] [stderr]    Compiling anstyle v1.0.4
[INFO] [stderr]    Compiling memchr v2.6.4
[INFO] [stderr]    Compiling hashbrown v0.14.3
[INFO] [stderr]    Compiling rustix v0.38.26
[INFO] [stderr]    Compiling equivalent v1.0.1
[INFO] [stderr]    Compiling winnow v0.5.19
[INFO] [stderr]    Compiling rayon-core v1.12.0
[INFO] [stderr]    Compiling anstyle-parse v0.2.2
[INFO] [stderr]    Compiling bitflags v2.4.1
[INFO] [stderr]    Compiling linux-raw-sys v0.4.12
[INFO] [stderr]    Compiling fastrand v2.0.1
[INFO] [stderr]    Compiling subtle v2.5.0
[INFO] [stderr]    Compiling same-file v1.0.6
[INFO] [stderr]    Compiling anstream v0.6.4
[INFO] [stderr]    Compiling generic-array v0.14.7
[INFO] [stderr]    Compiling walkdir v2.4.0
[INFO] [stderr]    Compiling memoffset v0.9.0
[INFO] [stderr]    Compiling crossbeam-epoch v0.9.15
[INFO] [stderr]    Compiling content_inspector v0.2.4
[INFO] [stderr]    Compiling clap_lex v0.6.0
[INFO] [stderr]    Compiling dunce v1.0.4
[INFO] [stderr]    Compiling humantime v2.1.0
[INFO] [stderr]    Compiling similar v2.3.0
[INFO] [stderr]    Compiling strsim v0.10.0
[INFO] [stderr]    Compiling either v1.9.0
[INFO] [stderr]    Compiling normalize-line-endings v0.3.0
[INFO] [stderr]    Compiling byteorder v1.3.4
[INFO] [stderr]    Compiling heck v0.4.1
[INFO] [stderr]    Compiling quote v1.0.33
[INFO] [stderr]    Compiling aho-corasick v0.7.20
[INFO] [stderr]    Compiling regex-syntax v0.6.29
[INFO] [stderr]    Compiling snapbox-macros v0.3.6
[INFO] [stderr]    Compiling clap_builder v4.4.9
[INFO] [stderr]    Compiling glob v0.3.1
[INFO] [stderr]    Compiling syn v2.0.39
[INFO] [stderr]    Compiling block-buffer v0.10.4
[INFO] [stderr]    Compiling crypto-common v0.1.6
[INFO] [stderr]    Compiling shlex v1.2.0
[INFO] [stderr]    Compiling cpufeatures v0.2.11
[INFO] [stderr]    Compiling crossbeam-deque v0.8.3
[INFO] [stderr]    Compiling digest v0.10.7
[INFO] [stderr]    Compiling base32 v0.4.0
[INFO] [stderr]    Compiling indexmap v2.1.0
[INFO] [stderr]    Compiling hmac v0.12.1
[INFO] [stderr]    Compiling sha-1 v0.10.1
[INFO] [stderr]    Compiling os_pipe v1.1.4
[INFO] [stderr]    Compiling filetime v0.2.22
[INFO] [stderr]    Compiling wait-timeout v0.2.0
[INFO] [stderr]    Compiling rayon v1.8.0
[INFO] [stderr]    Compiling regex v1.5.5
[INFO] [stderr]    Compiling tempfile v3.8.1
[INFO] [stderr]    Compiling snapbox v0.4.14
[INFO] [stderr]    Compiling serde_derive v1.0.193
[INFO] [stderr]    Compiling clap_derive v4.4.7
[INFO] [stderr]    Compiling clap v4.4.10
[INFO] [stderr]    Compiling serde_spanned v0.6.4
[INFO] [stderr]    Compiling toml_datetime v0.6.5
[INFO] [stderr]    Compiling humantime-serde v1.1.1
[INFO] [stderr]    Compiling toml_edit v0.20.7
[INFO] [stderr]    Compiling toml_edit v0.21.0
[INFO] [stderr]    Compiling toml v0.8.8
[INFO] [stderr]    Compiling trycmd v0.14.19
[INFO] [stderr]    Compiling mfa-cli v0.2.2 (/opt/rustwide/workdir)
[INFO] [stderr] warning: unused dependency `trycmd`
[INFO] [stderr]   --> Cargo.toml:37:15
[INFO] [stderr]    |
[INFO] [stderr] 37 | [dependencies.trycmd]
[INFO] [stderr]    |               ^^^^^^^
[INFO] [stderr]    |
[INFO] [stderr]    = note: `cargo::unused_dependencies` is set to `warn` by default
[INFO] [stderr] help: consider removing the dependency on `trycmd`
[INFO] [stderr] warning: `mfa-cli` (manifest) generated 1 warning
[INFO] [stderr]     Finished `release` profile [optimized] target(s) in 57.45s
[INFO] running `Command { std: "docker" "inspect" "8ecd087cf68fc1dfcf1c0771336bc5c9a9b9d5400b06bbe8ab95ac59025c1c8d", kill_on_drop: false }`
[INFO] running `Command { std: "docker" "exec" "-e" "SOURCE_DIR=/opt/rustwide/workdir" "-e" "CARGO_HOME=/opt/rustwide/cargo-home" "-e" "RUSTUP_HOME=/opt/rustwide/rustup-home" "-e" "CARGO_TARGET_DIR=/opt/rustwide/target" "-e" "CARGO_INCREMENTAL=0" "-e" "RUST_BACKTRACE=full" "-e" "RUSTFLAGS=--cap-lints=warn" "-e" "RUSTDOCFLAGS=--cap-lints=warn" "-w" "/opt/rustwide/workdir" "--user" "0:0" "8ecd087cf68fc1dfcf1c0771336bc5c9a9b9d5400b06bbe8ab95ac59025c1c8d" "/opt/rustwide/cargo-home/bin/cargo" "+1.100.0-beta.1" "test" "--frozen" "--no-run" "--message-format=json" "--release", kill_on_drop: false }`
[INFO] [stderr]    Compiling mfa-cli v0.2.2 (/opt/rustwide/workdir)
[INFO] [stderr] warning: unused dependency `trycmd`
[INFO] [stderr]   --> Cargo.toml:37:15
[INFO] [stderr]    |
[INFO] [stderr] 37 | [dependencies.trycmd]
[INFO] [stderr]    |               ^^^^^^^
[INFO] [stderr]    |
[INFO] [stderr]    = note: `cargo::unused_dependencies` is set to `warn` by default
[INFO] [stderr] help: consider removing the dependency on `trycmd`
[INFO] [stderr] warning: `mfa-cli` (manifest) generated 1 warning
[INFO] [stderr]     Finished `release` profile [optimized] target(s) in 2.20s
[INFO] running `Command { std: "docker" "inspect" "8ecd087cf68fc1dfcf1c0771336bc5c9a9b9d5400b06bbe8ab95ac59025c1c8d", kill_on_drop: false }`
[INFO] running `Command { std: "docker" "exec" "-e" "SOURCE_DIR=/opt/rustwide/workdir" "-e" "CARGO_HOME=/opt/rustwide/cargo-home" "-e" "RUSTUP_HOME=/opt/rustwide/rustup-home" "-e" "CARGO_TARGET_DIR=/opt/rustwide/target" "-e" "CARGO_INCREMENTAL=0" "-e" "RUST_BACKTRACE=full" "-e" "RUSTFLAGS=--cap-lints=warn" "-e" "RUSTDOCFLAGS=--cap-lints=warn" "-w" "/opt/rustwide/workdir" "--user" "0:0" "8ecd087cf68fc1dfcf1c0771336bc5c9a9b9d5400b06bbe8ab95ac59025c1c8d" "/opt/rustwide/cargo-home/bin/cargo" "+1.100.0-beta.1" "test" "--frozen" "--release", kill_on_drop: false }`
[INFO] [stderr] warning: unused dependency `trycmd`
[INFO] [stderr]   --> Cargo.toml:37:15
[INFO] [stderr]    |
[INFO] [stderr] 37 | [dependencies.trycmd]
[INFO] [stderr]    |               ^^^^^^^
[INFO] [stderr]    |
[INFO] [stderr]    = note: `cargo::unused_dependencies` is set to `warn` by default
[INFO] [stderr] help: consider removing the dependency on `trycmd`
[INFO] [stderr] warning: `mfa-cli` (manifest) generated 1 warning
[INFO] [stderr]     Finished `release` profile [optimized] target(s) in 0.10s
[INFO] [stderr]      Running unittests src/lib.rs (/opt/rustwide/target/release/build/mfa-cli/8a7ce87e7a4af91a/out/mfa_cli-8a7ce87e7a4af91a)
[INFO] [stdout] 
[INFO] [stdout] running 40 tests
[INFO] [stdout] test config::tests::push_profile_validation_when_name_is_too_short ... ok
[INFO] [stdout] test hmac_sha1::tests::rfc_4226_hmacsha1_1 ... ok
[INFO] [stdout] test hotp::tests::rfc_4226_to_code_3 ... ok
[INFO] [stdout] test hmac_sha1::tests::rfc_4226_hmacsha1_0 ... ok
[INFO] [stdout] test hotp::tests::rfc_4226_to_code_2 ... ok
[INFO] [stdout] test hotp::tests::to_decima_too_large ... ok
[INFO] [stdout] test hotp::tests::to_decima_too_small ... ok
[INFO] [stdout] test config::tests::push_profile_validation_when_name_duplicates ... ok
[INFO] [stdout] test config::tests::push_profile_validation_when_name_is_too_long ... ok
[INFO] [stdout] test config::tests::serialize_config ... ok
[INFO] [stdout] test mfa::tests::fetch_dump_path_from_current_dir ... ignored
[INFO] [stdout] test hotp::tests::truncate_test ... ok
[INFO] [stdout] test hotp::tests::zero_padding_test ... ok
[INFO] [stdout] test mfa::tests::fetch_dump_path_from_env_xdg_config_home ... ignored
[INFO] [stdout] test mfa::tests::setup_config_dir_for_current_dir ... ignored
[INFO] [stdout] test mfa::tests::setup_config_dir_for_for_xdg_config_home ... ignored
[INFO] [stdout] test mfa::tests::dump_file_path ... ok
[INFO] [stdout] test hotp::tests::rfc_4226_truncate_0 ... ok
[INFO] [stdout] test hotp::tests::rfc_4226_truncate_1 ... ok
[INFO] [stdout] test mfa::tests::test_remove_profile ... ok
[INFO] [stdout] test totp::tests::rfc_6238_1 ... ok
[INFO] [stdout] test mfa::tests::test_list_profiles ... ok
[INFO] [stdout] test mfa::tests::fetch_dump_path_from_env_home ... FAILED
[INFO] [stdout] test mfa::tests::fetch_dump_path_from_env_my_home_when_that_does_not_exist ... FAILED
[INFO] [stdout] test mfa::tests::fetch_dump_path_from_env_my_home_when_that_exists ... FAILED
[INFO] [stdout] test mfa::tests::setup_when_there_is_empty_config_file ... FAILED
[INFO] [stdout] test hmac_sha1::tests::hmacsha1 ... ok
[INFO] [stdout] test totp::tests::rfc_6238_2 ... ok
[INFO] [stdout] test hotp::tests::rfc_4226_hotp_5 ... ok
[INFO] [stdout] test hotp::tests::rfc_4226_hotp_4 ... ok
[INFO] [stdout] test config::tests::push_profile_validation_when_name_contains_approved_symbols ... ok
[INFO] [stdout] test config::tests::push_profile_validation_when_secret_is_blank ... ok
[INFO] [stdout] test config::tests::push_profile_validation_when_name_contains_symbols_other_than_hyphen_and_underscore_and_at_sign ... ok
[INFO] [stdout] test totp::tests::rfc_6238_3 ... ok
[INFO] [stdout] test totp::tests::rfc_6238_4 ... ok
[INFO] [stdout] test totp::tests::rfc_6238_5 ... ok
[INFO] [stdout] test totp::tests::rfc_6238_6 ... ok
[INFO] [stdout] test config::tests::serialize_profile ... ok
[INFO] [stdout] test config::tests::deserialize_config ... ok
[INFO] [stdout] test config::tests::push_profile_validation_when_name_contains_multi_byte_char ... ok
[INFO] [stdout] 
[INFO] [stdout] failures:
[INFO] [stdout] 
[INFO] [stdout] ---- mfa::tests::fetch_dump_path_from_env_home stdout ----
[INFO] [stdout] 
[INFO] [stdout] thread 'mfa::tests::fetch_dump_path_from_env_home' (1593) panicked at src/mfa.rs:337:9:
[INFO] [stdout] assertion `left == right` failed
[INFO] [stdout]   left: "/opt/rustwide/workdir/.mfa-cli"
[INFO] [stdout]  right: "./tests/tmp/.mfa-cli"
[INFO] [stdout] stack backtrace:
[INFO] [stdout]    0:     0x5ae75d486a61 - <<std[617be2ca0a6fd877]::sys::backtrace::BacktraceLock>::print::DisplayBacktrace as core[a373ad73a504971]::fmt::Display>::fmt
[INFO] [stdout]    1:     0x5ae75d49c68a - core[a373ad73a504971]::fmt::write
[INFO] [stdout]    2:     0x5ae75d48afac - <alloc[2e1b2a31b91974c5]::vec::Vec<u8> as core[a373ad73a504971]::io::write::Write>::write_fmt
[INFO] [stdout]    3:     0x5ae75d461456 - std[617be2ca0a6fd877]::panicking::default_hook::{closure#0}
[INFO] [stdout]    4:     0x5ae75d47e579 - std[617be2ca0a6fd877]::panicking::default_hook
[INFO] [stdout]    5:     0x5ae75d36df60 - test[aada8e7e76ba119b]::test_main_inner::{closure#0}
[INFO] [stdout]    6:     0x5ae75d47e732 - std[617be2ca0a6fd877]::panicking::panic_with_hook
[INFO] [stdout]    7:     0x5ae75d461502 - std[617be2ca0a6fd877]::panicking::panic_handler::{closure#0}
[INFO] [stdout]    8:     0x5ae75d459ea9 - std[617be2ca0a6fd877]::sys::backtrace::__rust_end_short_backtrace::<std[617be2ca0a6fd877]::panicking::panic_handler::{closure#0}, !>
[INFO] [stdout]    9:     0x5ae75d46232d - __rustc[ea4f61d10b84890b]::rust_begin_unwind
[INFO] [stdout]   10:     0x5ae75d49cdec - core[a373ad73a504971]::panicking::panic_fmt
[INFO] [stdout]   11:     0x5ae75d49cd03 - core[a373ad73a504971]::panicking::assert_failed_inner
[INFO] [stdout]   12:     0x5ae75d35e751 - core[a373ad73a504971]::panicking::assert_failed::<std[617be2ca0a6fd877]::path::Path, std[617be2ca0a6fd877]::path::Path>
[INFO] [stdout]   13:     0x5ae75d359f0c - <mfa_cli[ce40c52a0e98fc6c]::mfa::tests::fetch_dump_path_from_env_home::{closure#0} as core[a373ad73a504971]::ops::function::FnOnce<()>>::call_once
[INFO] [stdout]   14:     0x5ae75d3613ab - test[aada8e7e76ba119b]::__rust_begin_short_backtrace::<core[a373ad73a504971]::result::Result<(), alloc[2e1b2a31b91974c5]::string::String>, fn() -> core[a373ad73a504971]::result::Result<(), alloc[2e1b2a31b91974c5]::string::String>>
[INFO] [stdout]   15:     0x5ae75d36e585 - test[aada8e7e76ba119b]::run_test::{closure#0}
[INFO] [stdout]   16:     0x5ae75d367e74 - std[617be2ca0a6fd877]::sys::backtrace::__rust_begin_short_backtrace::<test[aada8e7e76ba119b]::run_test::{closure#1}, ()>
[INFO] [stdout]   17:     0x5ae75d371612 - <std[617be2ca0a6fd877]::thread::lifecycle::spawn_unchecked<test[aada8e7e76ba119b]::run_test::{closure#1}, ()>::{closure#1} as core[a373ad73a504971]::ops::function::FnOnce<()>>::call_once::{shim:vtable#0}
[INFO] [stdout]   18:     0x5ae75d4862bf - <std[617be2ca0a6fd877]::sys::thread::unix::Thread>::new::thread_start
[INFO] [stdout]   19:     0x7aeb3717cdfa - <unknown>
[INFO] [stdout]   20:     0x7aeb372103d4 - clone
[INFO] [stdout]   21:                0x0 - <unknown>
[INFO] [stdout] 
[INFO] [stdout] ---- mfa::tests::fetch_dump_path_from_env_my_home_when_that_does_not_exist stdout ----
[INFO] [stdout] 
[INFO] [stdout] thread 'mfa::tests::fetch_dump_path_from_env_my_home_when_that_does_not_exist' (1594) panicked at src/mfa.rs:235:61:
[INFO] [stdout] called `Result::unwrap()` on an `Err` value: Os { code: 30, kind: ReadOnlyFilesystem, message: "Read-only file system" }
[INFO] [stdout] stack backtrace:
[INFO] [stdout]    0:     0x5ae75d486a61 - <<std[617be2ca0a6fd877]::sys::backtrace::BacktraceLock>::print::DisplayBacktrace as core[a373ad73a504971]::fmt::Display>::fmt
[INFO] [stdout]    1:     0x5ae75d49c68a - core[a373ad73a504971]::fmt::write
[INFO] [stdout]    2:     0x5ae75d48afac - <alloc[2e1b2a31b91974c5]::vec::Vec<u8> as core[a373ad73a504971]::io::write::Write>::write_fmt
[INFO] [stdout]    3:     0x5ae75d461456 - std[617be2ca0a6fd877]::panicking::default_hook::{closure#0}
[INFO] [stdout]    4:     0x5ae75d47e579 - std[617be2ca0a6fd877]::panicking::default_hook
[INFO] [stdout]    5:     0x5ae75d36df60 - test[aada8e7e76ba119b]::test_main_inner::{closure#0}
[INFO] [stdout]    6:     0x5ae75d47e732 - std[617be2ca0a6fd877]::panicking::panic_with_hook
[INFO] [stdout]    7:     0x5ae75d461502 - std[617be2ca0a6fd877]::panicking::panic_handler::{closure#0}
[INFO] [stdout]    8:     0x5ae75d459ea9 - std[617be2ca0a6fd877]::sys::backtrace::__rust_end_short_backtrace::<std[617be2ca0a6fd877]::panicking::panic_handler::{closure#0}, !>
[INFO] [stdout]    9:     0x5ae75d46232d - __rustc[ea4f61d10b84890b]::rust_begin_unwind
[INFO] [stdout]   10:     0x5ae75d49cdec - core[a373ad73a504971]::panicking::panic_fmt
[INFO] [stdout]   11:     0x5ae75d49cbc2 - core[a373ad73a504971]::result::unwrap_failed
[INFO] [stdout]   12:     0x5ae75d35dc77 - mfa_cli[ce40c52a0e98fc6c]::mfa::fetch_dump_path
[INFO] [stdout]   13:     0x5ae75d35b61d - <mfa_cli[ce40c52a0e98fc6c]::mfa::tests::fetch_dump_path_from_env_my_home_when_that_does_not_exist::{closure#0} as core[a373ad73a504971]::ops::function::FnOnce<()>>::call_once
[INFO] [stdout]   14:     0x5ae75d3613ab - test[aada8e7e76ba119b]::__rust_begin_short_backtrace::<core[a373ad73a504971]::result::Result<(), alloc[2e1b2a31b91974c5]::string::String>, fn() -> core[a373ad73a504971]::result::Result<(), alloc[2e1b2a31b91974c5]::string::String>>
[INFO] [stdout]   15:     0x5ae75d36e585 - test[aada8e7e76ba119b]::run_test::{closure#0}
[INFO] [stdout]   16:     0x5ae75d367e74 - std[617be2ca0a6fd877]::sys::backtrace::__rust_begin_short_backtrace::<test[aada8e7e76ba119b]::run_test::{closure#1}, ()>
[INFO] [stdout]   17:     0x5ae75d371612 - <std[617be2ca0a6fd877]::thread::lifecycle::spawn_unchecked<test[aada8e7e76ba119b]::run_test::{closure#1}, ()>::{closure#1} as core[a373ad73a504971]::ops::function::FnOnce<()>>::call_once::{shim:vtable#0}
[INFO] [stdout]   18:     0x5ae75d4862bf - <std[617be2ca0a6fd877]::sys::thread::unix::Thread>::new::thread_start
[INFO] [stdout]   19:     0x7aeb3717cdfa - <unknown>
[INFO] [stdout]   20:     0x7aeb372103d4 - clone
[INFO] [stdout]   21:                0x0 - <unknown>
[INFO] [stdout] 
[INFO] [stdout] ---- mfa::tests::fetch_dump_path_from_env_my_home_when_that_exists stdout ----
[INFO] [stdout] 
[INFO] [stdout] thread 'mfa::tests::fetch_dump_path_from_env_my_home_when_that_exists' (1595) panicked at src/mfa.rs:235:61:
[INFO] [stdout] called `Result::unwrap()` on an `Err` value: Os { code: 30, kind: ReadOnlyFilesystem, message: "Read-only file system" }
[INFO] [stdout] stack backtrace:
[INFO] [stdout]    0:     0x5ae75d486a61 - <<std[617be2ca0a6fd877]::sys::backtrace::BacktraceLock>::print::DisplayBacktrace as core[a373ad73a504971]::fmt::Display>::fmt
[INFO] [stdout]    1:     0x5ae75d49c68a - core[a373ad73a504971]::fmt::write
[INFO] [stdout]    2:     0x5ae75d48afac - <alloc[2e1b2a31b91974c5]::vec::Vec<u8> as core[a373ad73a504971]::io::write::Write>::write_fmt
[INFO] [stdout]    3:     0x5ae75d461456 - std[617be2ca0a6fd877]::panicking::default_hook::{closure#0}
[INFO] [stdout]    4:     0x5ae75d47e579 - std[617be2ca0a6fd877]::panicking::default_hook
[INFO] [stdout]    5:     0x5ae75d36df60 - test[aada8e7e76ba119b]::test_main_inner::{closure#0}
[INFO] [stdout]    6:     0x5ae75d47e732 - std[617be2ca0a6fd877]::panicking::panic_with_hook
[INFO] [stdout]    7:     0x5ae75d461502 - std[617be2ca0a6fd877]::panicking::panic_handler::{closure#0}
[INFO] [stdout]    8:     0x5ae75d459ea9 - std[617be2ca0a6fd877]::sys::backtrace::__rust_end_short_backtrace::<std[617be2ca0a6fd877]::panicking::panic_handler::{closure#0}, !>
[INFO] [stdout]    9:     0x5ae75d46232d - __rustc[ea4f61d10b84890b]::rust_begin_unwind
[INFO] [stdout]   10:     0x5ae75d49cdec - core[a373ad73a504971]::panicking::panic_fmt
[INFO] [stderr] error: test failed, to rerun pass `--lib`
[INFO] [stdout]   11:     0x5ae75d49cbc2 - core[a373ad73a504971]::result::unwrap_failed
[INFO] [stdout]   12:     0x5ae75d35dc77 - mfa_cli[ce40c52a0e98fc6c]::mfa::fetch_dump_path
[INFO] [stdout]   13:     0x5ae75d35b13d - <mfa_cli[ce40c52a0e98fc6c]::mfa::tests::fetch_dump_path_from_env_my_home_when_that_exists::{closure#0} as core[a373ad73a504971]::ops::function::FnOnce<()>>::call_once
[INFO] [stdout]   14:     0x5ae75d3613ab - test[aada8e7e76ba119b]::__rust_begin_short_backtrace::<core[a373ad73a504971]::result::Result<(), alloc[2e1b2a31b91974c5]::string::String>, fn() -> core[a373ad73a504971]::result::Result<(), alloc[2e1b2a31b91974c5]::string::String>>
[INFO] [stdout]   15:     0x5ae75d36e585 - test[aada8e7e76ba119b]::run_test::{closure#0}
[INFO] [stdout]   16:     0x5ae75d367e74 - std[617be2ca0a6fd877]::sys::backtrace::__rust_begin_short_backtrace::<test[aada8e7e76ba119b]::run_test::{closure#1}, ()>
[INFO] [stdout]   17:     0x5ae75d371612 - <std[617be2ca0a6fd877]::thread::lifecycle::spawn_unchecked<test[aada8e7e76ba119b]::run_test::{closure#1}, ()>::{closure#1} as core[a373ad73a504971]::ops::function::FnOnce<()>>::call_once::{shim:vtable#0}
[INFO] [stdout]   18:     0x5ae75d4862bf - <std[617be2ca0a6fd877]::sys::thread::unix::Thread>::new::thread_start
[INFO] [stdout]   19:     0x7aeb3717cdfa - <unknown>
[INFO] [stdout]   20:     0x7aeb372103d4 - clone
[INFO] [stdout]   21:                0x0 - <unknown>
[INFO] [stdout] 
[INFO] [stdout] ---- mfa::tests::setup_when_there_is_empty_config_file stdout ----
[INFO] [stdout] 
[INFO] [stdout] thread 'mfa::tests::setup_when_there_is_empty_config_file' (1596) panicked at src/mfa.rs:356:55:
[INFO] [stdout] called `Result::unwrap()` on an `Err` value: Os { code: 30, kind: ReadOnlyFilesystem, message: "Read-only file system" }
[INFO] [stdout] stack backtrace:
[INFO] [stdout]    0:     0x5ae75d486a61 - <<std[617be2ca0a6fd877]::sys::backtrace::BacktraceLock>::print::DisplayBacktrace as core[a373ad73a504971]::fmt::Display>::fmt
[INFO] [stdout]    1:     0x5ae75d49c68a - core[a373ad73a504971]::fmt::write
[INFO] [stdout]    2:     0x5ae75d48afac - <alloc[2e1b2a31b91974c5]::vec::Vec<u8> as core[a373ad73a504971]::io::write::Write>::write_fmt
[INFO] [stdout]    3:     0x5ae75d461456 - std[617be2ca0a6fd877]::panicking::default_hook::{closure#0}
[INFO] [stdout]    4:     0x5ae75d47e579 - std[617be2ca0a6fd877]::panicking::default_hook
[INFO] [stdout]    5:     0x5ae75d36df60 - test[aada8e7e76ba119b]::test_main_inner::{closure#0}
[INFO] [stdout]    6:     0x5ae75d47e732 - std[617be2ca0a6fd877]::panicking::panic_with_hook
[INFO] [stdout]    7:     0x5ae75d461502 - std[617be2ca0a6fd877]::panicking::panic_handler::{closure#0}
[INFO] [stdout]    8:     0x5ae75d459ea9 - std[617be2ca0a6fd877]::sys::backtrace::__rust_end_short_backtrace::<std[617be2ca0a6fd877]::panicking::panic_handler::{closure#0}, !>
[INFO] [stdout]    9:     0x5ae75d46232d - __rustc[ea4f61d10b84890b]::rust_begin_unwind
[INFO] [stdout]   10:     0x5ae75d49cdec - core[a373ad73a504971]::panicking::panic_fmt
[INFO] [stdout]   11:     0x5ae75d49cbc2 - core[a373ad73a504971]::result::unwrap_failed
[INFO] [stdout]   12:     0x5ae75d35a9c3 - <mfa_cli[ce40c52a0e98fc6c]::mfa::tests::setup_when_there_is_empty_config_file::{closure#0} as core[a373ad73a504971]::ops::function::FnOnce<()>>::call_once
[INFO] [stdout]   13:     0x5ae75d3613ab - test[aada8e7e76ba119b]::__rust_begin_short_backtrace::<core[a373ad73a504971]::result::Result<(), alloc[2e1b2a31b91974c5]::string::String>, fn() -> core[a373ad73a504971]::result::Result<(), alloc[2e1b2a31b91974c5]::string::String>>
[INFO] [stdout]   14:     0x5ae75d36e585 - test[aada8e7e76ba119b]::run_test::{closure#0}
[INFO] [stdout]   15:     0x5ae75d367e74 - std[617be2ca0a6fd877]::sys::backtrace::__rust_begin_short_backtrace::<test[aada8e7e76ba119b]::run_test::{closure#1}, ()>
[INFO] [stdout]   16:     0x5ae75d371612 - <std[617be2ca0a6fd877]::thread::lifecycle::spawn_unchecked<test[aada8e7e76ba119b]::run_test::{closure#1}, ()>::{closure#1} as core[a373ad73a504971]::ops::function::FnOnce<()>>::call_once::{shim:vtable#0}
[INFO] [stdout]   17:     0x5ae75d4862bf - <std[617be2ca0a6fd877]::sys::thread::unix::Thread>::new::thread_start
[INFO] [stdout]   18:     0x7aeb3717cdfa - <unknown>
[INFO] [stdout]   19:     0x7aeb372103d4 - clone
[INFO] [stdout]   20:                0x0 - <unknown>
[INFO] [stdout] 
[INFO] [stdout] 
[INFO] [stdout] failures:
[INFO] [stdout]     mfa::tests::fetch_dump_path_from_env_home
[INFO] [stdout]     mfa::tests::fetch_dump_path_from_env_my_home_when_that_does_not_exist
[INFO] [stdout]     mfa::tests::fetch_dump_path_from_env_my_home_when_that_exists
[INFO] [stdout]     mfa::tests::setup_when_there_is_empty_config_file
[INFO] [stdout] 
[INFO] [stdout] test result: FAILED. 32 passed; 4 failed; 4 ignored; 0 measured; 0 filtered out; finished in 0.01s
[INFO] [stdout] 
[INFO] running `Command { std: "docker" "inspect" "8ecd087cf68fc1dfcf1c0771336bc5c9a9b9d5400b06bbe8ab95ac59025c1c8d", kill_on_drop: false }`
[INFO] running `Command { std: "docker" "rm" "-f" "8ecd087cf68fc1dfcf1c0771336bc5c9a9b9d5400b06bbe8ab95ac59025c1c8d", kill_on_drop: false }`
[INFO] [stdout] 8ecd087cf68fc1dfcf1c0771336bc5c9a9b9d5400b06bbe8ab95ac59025c1c8d
