[INFO] fetching crate mf2_i18n 0.1.0...
[INFO] testing mf2_i18n-0.1.0 against 1.99.0-beta.8+cargoflags=--release for beta-release-1.100-2
[INFO] extracting crate mf2_i18n 0.1.0 into /workspace/builds/worker-0-tc1/source
[INFO] started tweaking crates.io crate mf2_i18n 0.1.0
[INFO] removed 0 missing tests
[INFO] finished tweaking crates.io crate mf2_i18n 0.1.0
[INFO] tweaked toml for crates.io crate mf2_i18n 0.1.0 written to /workspace/builds/worker-0-tc1/source/Cargo.toml
[INFO] validating manifest of crates.io crate mf2_i18n 0.1.0 on toolchain 1.99.0-beta.8
[INFO] running `Command { std: CARGO_HOME="/workspace/cargo-home" RUSTUP_HOME="/workspace/rustup-home" "/workspace/cargo-home/bin/cargo" "+1.99.0-beta.8" "metadata" "--manifest-path" "Cargo.toml" "--no-deps", kill_on_drop: false }`
[INFO] crate crates.io crate mf2_i18n 0.1.0 already has a lockfile, it will not be regenerated
[INFO] running `Command { std: CARGO_HOME="/workspace/cargo-home" RUSTUP_HOME="/workspace/rustup-home" "/workspace/cargo-home/bin/cargo" "+1.99.0-beta.8" "fetch" "--manifest-path" "Cargo.toml", kill_on_drop: false }`
[INFO] [stderr]     Updating crates.io index
[INFO] [stderr]  Downloading crates ...
[INFO] [stderr]   Downloaded dto_bindgen v0.1.0
[INFO] [stderr]   Downloaded mf2_i18n_runtime v0.1.0
[INFO] [stderr]   Downloaded mf2_i18n_std v0.1.0
[INFO] [stderr]   Downloaded mf2_i18n_core v0.1.0
[INFO] [stderr]   Downloaded wasm_split_helpers v0.2.2
[INFO] [stderr]   Downloaded dto_bindgen_backend_python v0.1.0
[INFO] [stderr]   Downloaded mf2_i18n_native v0.1.0
[INFO] [stderr]   Downloaded reactive_stores_macro v0.5.0-alpha
[INFO] [stderr]   Downloaded server_fn_macro_default v0.9.0-alpha
[INFO] [stderr]   Downloaded dto_bindgen_macros v0.1.0
[INFO] [stderr]   Downloaded mf2_i18n_leptos v0.1.0
[INFO] [stderr]   Downloaded mf2_i18n_embedded v0.1.0
[INFO] [stderr]   Downloaded dto_bindgen_backend_ts v0.1.0
[INFO] [stderr]   Downloaded reactive_stores v0.5.0-alpha
[INFO] [stderr]   Downloaded server_fn_macro v0.9.0-alpha
[INFO] [stderr]   Downloaded dto_bindgen_core v0.1.0
[INFO] [stderr]   Downloaded leptos_server v0.9.0-alpha
[INFO] [stderr]   Downloaded server_fn v0.9.0-alpha
[INFO] [stderr]   Downloaded leptos_hot_reload v0.9.0-alpha
[INFO] [stderr]   Downloaded pure-rust-locales v0.8.2
[INFO] [stderr]   Downloaded leptos v0.9.0-alpha
[INFO] [stderr]   Downloaded leptos_macro v0.9.0-alpha
[INFO] [stderr]   Downloaded reactive_graph v0.3.0-alpha
[INFO] [stderr]   Downloaded leptos_dom v0.9.0-alpha
[INFO] [stderr]   Downloaded tachys v0.3.0-alpha
[INFO] [stderr]   Downloaded serde_qs v1.1.2
[INFO] [stderr]   Downloaded leptos_config v0.9.0-alpha
[INFO] [stderr]   Downloaded mf2_i18n_build v0.1.0
[INFO] running `Command { std: "docker" "create" "-v" "/var/lib/crater-agent-workspace/builds/worker-0-tc1/source:/opt/rustwide/workdir:ro,Z" "-v" "/var/lib/crater-agent-workspace/builds/worker-0-tc1/target:/opt/rustwide/target:rw,Z" "-v" "/var/lib/crater-agent-workspace/cargo-home:/opt/rustwide/cargo-home:ro,Z" "-v" "/var/lib/crater-agent-workspace/rustup-home:/opt/rustwide/rustup-home:ro,Z" "-m" "1610612736" "--network" "none" "ghcr.io/rust-lang/crates-build-env/linux@sha256:77db811e55d90add9212f6832c23229e3de5f1c1f9905e8cb07319ea15df73ac" "sleep" "infinity", kill_on_drop: false }`
[INFO] [stdout] 86da8f7a765a3f78da1cea60f9a3e621d735e2da9ca2f9a4bf3063234da2f1d1
[INFO] running `Command { std: "docker" "start" "86da8f7a765a3f78da1cea60f9a3e621d735e2da9ca2f9a4bf3063234da2f1d1", kill_on_drop: false }`
[INFO] running `Command { std: "docker" "inspect" "86da8f7a765a3f78da1cea60f9a3e621d735e2da9ca2f9a4bf3063234da2f1d1", kill_on_drop: false }`
[INFO] running `Command { std: "docker" "exec" "-e" "SOURCE_DIR=/opt/rustwide/workdir" "-e" "CARGO_HOME=/opt/rustwide/cargo-home" "-e" "RUSTUP_HOME=/opt/rustwide/rustup-home" "-e" "CARGO_TARGET_DIR=/opt/rustwide/target" "-w" "/opt/rustwide/workdir" "--user" "0:0" "86da8f7a765a3f78da1cea60f9a3e621d735e2da9ca2f9a4bf3063234da2f1d1" "/opt/rustwide/cargo-home/bin/cargo" "+1.99.0-beta.8" "metadata" "--no-deps" "--format-version=1", kill_on_drop: false }`
[INFO] running `Command { std: "docker" "inspect" "86da8f7a765a3f78da1cea60f9a3e621d735e2da9ca2f9a4bf3063234da2f1d1", kill_on_drop: false }`
[INFO] running `Command { std: "docker" "exec" "-e" "SOURCE_DIR=/opt/rustwide/workdir" "-e" "CARGO_HOME=/opt/rustwide/cargo-home" "-e" "RUSTUP_HOME=/opt/rustwide/rustup-home" "-e" "CARGO_TARGET_DIR=/opt/rustwide/target" "-e" "CARGO_INCREMENTAL=0" "-e" "RUST_BACKTRACE=full" "-e" "RUSTFLAGS=--cap-lints=warn" "-e" "RUSTDOCFLAGS=--cap-lints=warn" "-w" "/opt/rustwide/workdir" "--user" "0:0" "86da8f7a765a3f78da1cea60f9a3e621d735e2da9ca2f9a4bf3063234da2f1d1" "/opt/rustwide/cargo-home/bin/cargo" "+1.99.0-beta.8" "build" "--frozen" "--message-format=json" "--release", kill_on_drop: false }`
[INFO] [stderr]    Compiling mf2_i18n_core v0.1.0
[INFO] [stderr]    Compiling mf2_i18n v0.1.0 (/opt/rustwide/workdir)
[INFO] [stderr]     Finished `release` profile [optimized] target(s) in 1.54s
[INFO] running `Command { std: "docker" "inspect" "86da8f7a765a3f78da1cea60f9a3e621d735e2da9ca2f9a4bf3063234da2f1d1", kill_on_drop: false }`
[INFO] running `Command { std: "docker" "exec" "-e" "SOURCE_DIR=/opt/rustwide/workdir" "-e" "CARGO_HOME=/opt/rustwide/cargo-home" "-e" "RUSTUP_HOME=/opt/rustwide/rustup-home" "-e" "CARGO_TARGET_DIR=/opt/rustwide/target" "-e" "CARGO_INCREMENTAL=0" "-e" "RUST_BACKTRACE=full" "-e" "RUSTFLAGS=--cap-lints=warn" "-e" "RUSTDOCFLAGS=--cap-lints=warn" "-w" "/opt/rustwide/workdir" "--user" "0:0" "86da8f7a765a3f78da1cea60f9a3e621d735e2da9ca2f9a4bf3063234da2f1d1" "/opt/rustwide/cargo-home/bin/cargo" "+1.99.0-beta.8" "test" "--frozen" "--no-run" "--message-format=json" "--release", kill_on_drop: false }`
[INFO] [stderr]    Compiling mf2_i18n v0.1.0 (/opt/rustwide/workdir)
[INFO] [stderr]     Finished `release` profile [optimized] target(s) in 0.92s
[INFO] running `Command { std: "docker" "inspect" "86da8f7a765a3f78da1cea60f9a3e621d735e2da9ca2f9a4bf3063234da2f1d1", kill_on_drop: false }`
[INFO] running `Command { std: "docker" "exec" "-e" "SOURCE_DIR=/opt/rustwide/workdir" "-e" "CARGO_HOME=/opt/rustwide/cargo-home" "-e" "RUSTUP_HOME=/opt/rustwide/rustup-home" "-e" "CARGO_TARGET_DIR=/opt/rustwide/target" "-e" "CARGO_INCREMENTAL=0" "-e" "RUST_BACKTRACE=full" "-e" "RUSTFLAGS=--cap-lints=warn" "-e" "RUSTDOCFLAGS=--cap-lints=warn" "-w" "/opt/rustwide/workdir" "--user" "0:0" "86da8f7a765a3f78da1cea60f9a3e621d735e2da9ca2f9a4bf3063234da2f1d1" "/opt/rustwide/cargo-home/bin/cargo" "+1.99.0-beta.8" "test" "--frozen" "--release", kill_on_drop: false }`
[INFO] [stderr]     Finished `release` profile [optimized] target(s) in 0.10s
[INFO] [stderr]      Running unittests src/lib.rs (/opt/rustwide/target/release/deps/mf2_i18n-1271656e1dab43fc)
[INFO] [stdout] 
[INFO] [stderr]      Running tests/build_surface.rs (/opt/rustwide/target/release/deps/build_surface-05104b23480b785b)
[INFO] [stdout] running 0 tests
[INFO] [stdout] 
[INFO] [stdout] test result: ok. 0 passed; 0 failed; 0 ignored; 0 measured; 0 filtered out; finished in 0.00s
[INFO] [stdout] 
[INFO] [stderr]      Running tests/consumer_modes.rs (/opt/rustwide/target/release/deps/consumer_modes-effab95a02f7cec3)
[INFO] [stdout] 
[INFO] [stdout] running 0 tests
[INFO] [stdout] 
[INFO] [stdout] test result: ok. 0 passed; 0 failed; 0 ignored; 0 measured; 0 filtered out; finished in 0.00s
[INFO] [stdout] 
[INFO] [stdout] 
[INFO] [stdout] running 8 tests
[INFO] [stdout] test supports_build_only_consumer_mode ... FAILED
[INFO] [stdout] test supports_native_consumer_mode ... FAILED
[INFO] [stdout] test supports_mixed_runtime_and_build_consumer_mode ... FAILED
[INFO] [stdout] test supports_core_consumer_mode ... FAILED
[INFO] [stdout] test supports_homepage_shaped_leptos_consumer_workflow ... FAILED
[INFO] [stdout] test supports_runtime_only_consumer_mode ... FAILED
[INFO] [stdout] test supports_combined_leptos_build_consumer_mode ... FAILED
[INFO] [stderr] error: test failed, to rerun pass `--test consumer_modes`
[INFO] [stdout] test supports_leptos_consumer_mode ... FAILED
[INFO] [stdout] 
[INFO] [stdout] failures:
[INFO] [stdout] 
[INFO] [stdout] ---- supports_build_only_consumer_mode stdout ----
[INFO] [stdout] 
[INFO] [stdout] thread 'supports_build_only_consumer_mode' (310) panicked at tests/consumer_modes.rs:55:9:
[INFO] [stdout] fixture `build_only` failed cargo check
[INFO] [stdout] stdout:
[INFO] [stdout] 
[INFO] [stdout] stderr:
[INFO] [stdout] error: manifest path `/opt/rustwide/workdir/tests/fixtures/build_only/Cargo.toml` does not exist
[INFO] [stdout] 
[INFO] [stdout] stack backtrace:
[INFO] [stdout]    0:     0x63ea69cb80e1 - <<std[70759c8f55707aa4]::sys::backtrace::BacktraceLock>::print::DisplayBacktrace as core[df12db4294e9bfd3]::fmt::Display>::fmt
[INFO] [stdout]    1:     0x63ea69ccc94a - core[df12db4294e9bfd3]::fmt::write
[INFO] [stdout]    2:     0x63ea69cbc7dc - <alloc[2182bb758b4b3781]::vec::Vec<u8> as core[df12db4294e9bfd3]::io::write::Write>::write_fmt
[INFO] [stdout]    3:     0x63ea69c93026 - std[70759c8f55707aa4]::panicking::default_hook::{closure#0}
[INFO] [stdout]    4:     0x63ea69caff89 - std[70759c8f55707aa4]::panicking::default_hook
[INFO] [stdout]    5:     0x63ea69c4b430 - test[9d35eded1c95d3be]::test_main_inner::<test[9d35eded1c95d3be]::test_main_static::{closure#0}>::{closure#0}
[INFO] [stdout]    6:     0x63ea69cb0142 - std[70759c8f55707aa4]::panicking::panic_with_hook
[INFO] [stdout]    7:     0x63ea69c930d2 - std[70759c8f55707aa4]::panicking::panic_handler::{closure#0}
[INFO] [stdout]    8:     0x63ea69c8bd39 - std[70759c8f55707aa4]::sys::backtrace::__rust_end_short_backtrace::<std[70759c8f55707aa4]::panicking::panic_handler::{closure#0}, !>
[INFO] [stdout]    9:     0x63ea69c93ccd - __rustc[8fa7c3cbc660c2b3]::rust_begin_unwind
[INFO] [stdout]   10:     0x63ea69ccd07c - core[df12db4294e9bfd3]::panicking::panic_fmt
[INFO] [stdout]   11:     0x63ea69c3d8b1 - consumer_modes[fe2cdf1c323439c8]::assert_manifest_command_succeeds
[INFO] [stdout]   12:     0x63ea69c3cc7b - consumer_modes[fe2cdf1c323439c8]::assert_fixture_builds
[INFO] [stdout]   13:     0x63ea69c3df05 - <consumer_modes[fe2cdf1c323439c8]::supports_build_only_consumer_mode::{closure#0} as core[df12db4294e9bfd3]::ops::function::FnOnce<()>>::call_once
[INFO] [stdout]   14:     0x63ea69c3e71b - test[9d35eded1c95d3be]::__rust_begin_short_backtrace::<core[df12db4294e9bfd3]::result::Result<(), alloc[2182bb758b4b3781]::string::String>, fn() -> core[df12db4294e9bfd3]::result::Result<(), alloc[2182bb758b4b3781]::string::String>>
[INFO] [stdout]   15:     0x63ea69c4bd85 - test[9d35eded1c95d3be]::run_test::{closure#0}
[INFO] [stdout]   16:     0x63ea69c45644 - std[70759c8f55707aa4]::sys::backtrace::__rust_begin_short_backtrace::<test[9d35eded1c95d3be]::run_test::{closure#1}, ()>
[INFO] [stdout]   17:     0x63ea69c4eee2 - <std[70759c8f55707aa4]::thread::lifecycle::spawn_unchecked<test[9d35eded1c95d3be]::run_test::{closure#1}, ()>::{closure#1} as core[df12db4294e9bfd3]::ops::function::FnOnce<()>>::call_once::{shim:vtable#0}
[INFO] [stdout]   18:     0x63ea69cb77c9 - <std[70759c8f55707aa4]::sys::thread::unix::Thread>::new::thread_start
[INFO] [stdout]   19:     0x76173fcc6dfa - <unknown>
[INFO] [stdout]   20:     0x76173fd5a3d4 - clone
[INFO] [stdout]   21:                0x0 - <unknown>
[INFO] [stdout] 
[INFO] [stdout] ---- supports_native_consumer_mode stdout ----
[INFO] [stdout] 
[INFO] [stdout] thread 'supports_native_consumer_mode' (316) panicked at tests/consumer_modes.rs:55:9:
[INFO] [stdout] fixture `runtime_only` failed cargo check
[INFO] [stdout] stdout:
[INFO] [stdout] 
[INFO] [stdout] stderr:
[INFO] [stdout] error: manifest path `/opt/rustwide/workdir/tests/fixtures/runtime_only/Cargo.toml` does not exist
[INFO] [stdout] 
[INFO] [stdout] stack backtrace:
[INFO] [stdout]    0:     0x63ea69cb80e1 - <<std[70759c8f55707aa4]::sys::backtrace::BacktraceLock>::print::DisplayBacktrace as core[df12db4294e9bfd3]::fmt::Display>::fmt
[INFO] [stdout]    1:     0x63ea69ccc94a - core[df12db4294e9bfd3]::fmt::write
[INFO] [stdout]    2:     0x63ea69cbc7dc - <alloc[2182bb758b4b3781]::vec::Vec<u8> as core[df12db4294e9bfd3]::io::write::Write>::write_fmt
[INFO] [stdout]    3:     0x63ea69c93026 - std[70759c8f55707aa4]::panicking::default_hook::{closure#0}
[INFO] [stdout]    4:     0x63ea69caff89 - std[70759c8f55707aa4]::panicking::default_hook
[INFO] [stdout]    5:     0x63ea69c4b430 - test[9d35eded1c95d3be]::test_main_inner::<test[9d35eded1c95d3be]::test_main_static::{closure#0}>::{closure#0}
[INFO] [stdout]    6:     0x63ea69cb0142 - std[70759c8f55707aa4]::panicking::panic_with_hook
[INFO] [stdout]    7:     0x63ea69c930d2 - std[70759c8f55707aa4]::panicking::panic_handler::{closure#0}
[INFO] [stdout]    8:     0x63ea69c8bd39 - std[70759c8f55707aa4]::sys::backtrace::__rust_end_short_backtrace::<std[70759c8f55707aa4]::panicking::panic_handler::{closure#0}, !>
[INFO] [stdout]    9:     0x63ea69c93ccd - __rustc[8fa7c3cbc660c2b3]::rust_begin_unwind
[INFO] [stdout]   10:     0x63ea69ccd07c - core[df12db4294e9bfd3]::panicking::panic_fmt
[INFO] [stdout]   11:     0x63ea69c3d8b1 - consumer_modes[fe2cdf1c323439c8]::assert_manifest_command_succeeds
[INFO] [stdout]   12:     0x63ea69c3cc7b - consumer_modes[fe2cdf1c323439c8]::assert_fixture_builds
[INFO] [stdout]   13:     0x63ea69c3ded5 - <consumer_modes[fe2cdf1c323439c8]::supports_native_consumer_mode::{closure#0} as core[df12db4294e9bfd3]::ops::function::FnOnce<()>>::call_once
[INFO] [stdout]   14:     0x63ea69c3e71b - test[9d35eded1c95d3be]::__rust_begin_short_backtrace::<core[df12db4294e9bfd3]::result::Result<(), alloc[2182bb758b4b3781]::string::String>, fn() -> core[df12db4294e9bfd3]::result::Result<(), alloc[2182bb758b4b3781]::string::String>>
[INFO] [stdout]   15:     0x63ea69c4bd85 - test[9d35eded1c95d3be]::run_test::{closure#0}
[INFO] [stdout]   16:     0x63ea69c45644 - std[70759c8f55707aa4]::sys::backtrace::__rust_begin_short_backtrace::<test[9d35eded1c95d3be]::run_test::{closure#1}, ()>
[INFO] [stdout]   17:     0x63ea69c4eee2 - <std[70759c8f55707aa4]::thread::lifecycle::spawn_unchecked<test[9d35eded1c95d3be]::run_test::{closure#1}, ()>::{closure#1} as core[df12db4294e9bfd3]::ops::function::FnOnce<()>>::call_once::{shim:vtable#0}
[INFO] [stdout]   18:     0x63ea69cb77c9 - <std[70759c8f55707aa4]::sys::thread::unix::Thread>::new::thread_start
[INFO] [stdout]   19:     0x76173fcc6dfa - <unknown>
[INFO] [stdout]   20:     0x76173fd5a3d4 - clone
[INFO] [stdout]   21:                0x0 - <unknown>
[INFO] [stdout] 
[INFO] [stdout] ---- supports_mixed_runtime_and_build_consumer_mode stdout ----
[INFO] [stdout] 
[INFO] [stdout] thread 'supports_mixed_runtime_and_build_consumer_mode' (315) panicked at tests/consumer_modes.rs:55:9:
[INFO] [stdout] fixture `mixed_runtime_build` failed cargo check
[INFO] [stdout] stdout:
[INFO] [stdout] 
[INFO] [stdout] stderr:
[INFO] [stdout] error: manifest path `/opt/rustwide/workdir/tests/fixtures/mixed_runtime_build/Cargo.toml` does not exist
[INFO] [stdout] 
[INFO] [stdout] stack backtrace:
[INFO] [stdout]    0:     0x63ea69cb80e1 - <<std[70759c8f55707aa4]::sys::backtrace::BacktraceLock>::print::DisplayBacktrace as core[df12db4294e9bfd3]::fmt::Display>::fmt
[INFO] [stdout]    1:     0x63ea69ccc94a - core[df12db4294e9bfd3]::fmt::write
[INFO] [stdout]    2:     0x63ea69cbc7dc - <alloc[2182bb758b4b3781]::vec::Vec<u8> as core[df12db4294e9bfd3]::io::write::Write>::write_fmt
[INFO] [stdout]    3:     0x63ea69c93026 - std[70759c8f55707aa4]::panicking::default_hook::{closure#0}
[INFO] [stdout]    4:     0x63ea69caff89 - std[70759c8f55707aa4]::panicking::default_hook
[INFO] [stdout]    5:     0x63ea69c4b430 - test[9d35eded1c95d3be]::test_main_inner::<test[9d35eded1c95d3be]::test_main_static::{closure#0}>::{closure#0}
[INFO] [stdout]    6:     0x63ea69cb0142 - std[70759c8f55707aa4]::panicking::panic_with_hook
[INFO] [stdout]    7:     0x63ea69c930d2 - std[70759c8f55707aa4]::panicking::panic_handler::{closure#0}
[INFO] [stdout]    8:     0x63ea69c8bd39 - std[70759c8f55707aa4]::sys::backtrace::__rust_end_short_backtrace::<std[70759c8f55707aa4]::panicking::panic_handler::{closure#0}, !>
[INFO] [stdout]    9:     0x63ea69c93ccd - __rustc[8fa7c3cbc660c2b3]::rust_begin_unwind
[INFO] [stdout]   10:     0x63ea69ccd07c - core[df12db4294e9bfd3]::panicking::panic_fmt
[INFO] [stdout]   11:     0x63ea69c3d8b1 - consumer_modes[fe2cdf1c323439c8]::assert_manifest_command_succeeds
[INFO] [stdout]   12:     0x63ea69c3cc7b - consumer_modes[fe2cdf1c323439c8]::assert_fixture_builds
[INFO] [stdout]   13:     0x63ea69c3dfb5 - <consumer_modes[fe2cdf1c323439c8]::supports_mixed_runtime_and_build_consumer_mode::{closure#0} as core[df12db4294e9bfd3]::ops::function::FnOnce<()>>::call_once
[INFO] [stdout]   14:     0x63ea69c3e71b - test[9d35eded1c95d3be]::__rust_begin_short_backtrace::<core[df12db4294e9bfd3]::result::Result<(), alloc[2182bb758b4b3781]::string::String>, fn() -> core[df12db4294e9bfd3]::result::Result<(), alloc[2182bb758b4b3781]::string::String>>
[INFO] [stdout]   15:     0x63ea69c4bd85 - test[9d35eded1c95d3be]::run_test::{closure#0}
[INFO] [stdout]   16:     0x63ea69c45644 - std[70759c8f55707aa4]::sys::backtrace::__rust_begin_short_backtrace::<test[9d35eded1c95d3be]::run_test::{closure#1}, ()>
[INFO] [stdout]   17:     0x63ea69c4eee2 - <std[70759c8f55707aa4]::thread::lifecycle::spawn_unchecked<test[9d35eded1c95d3be]::run_test::{closure#1}, ()>::{closure#1} as core[df12db4294e9bfd3]::ops::function::FnOnce<()>>::call_once::{shim:vtable#0}
[INFO] [stdout]   18:     0x63ea69cb77c9 - <std[70759c8f55707aa4]::sys::thread::unix::Thread>::new::thread_start
[INFO] [stdout]   19:     0x76173fcc6dfa - <unknown>
[INFO] [stdout]   20:     0x76173fd5a3d4 - clone
[INFO] [stdout]   21:                0x0 - <unknown>
[INFO] [stdout] 
[INFO] [stdout] ---- supports_core_consumer_mode stdout ----
[INFO] [stdout] 
[INFO] [stdout] thread 'supports_core_consumer_mode' (312) panicked at tests/consumer_modes.rs:55:9:
[INFO] [stdout] fixture `core_only` failed cargo check
[INFO] [stdout] stdout:
[INFO] [stdout] 
[INFO] [stdout] stderr:
[INFO] [stdout] error: failed to get `mf2_i18n_core` as a dependency of package `mf2_i18n v0.1.0 (/opt/rustwide/workdir)`
[INFO] [stdout]     ... which satisfies path dependency `mf2_i18n` of package `mf2_i18n_facade_core_only_fixture v0.0.0 (/tmp/mf2_i18n_consumer_mode_core_only_fixture_1792324297227752148)`
[INFO] [stdout] 
[INFO] [stdout] Caused by:
[INFO] [stdout]   failed to load source for dependency `mf2_i18n_core`
[INFO] [stdout] 
[INFO] [stdout] Caused by:
[INFO] [stdout]   unable to update registry `crates-io`
[INFO] [stdout] 
[INFO] [stdout] Caused by:
[INFO] [stdout]   download of config.json failed
[INFO] [stdout] 
[INFO] [stdout] Caused by:
[INFO] [stdout]   [6] Could not resolve hostname (Could not resolve host: index.crates.io)
[INFO] [stdout] 
[INFO] [stdout] stack backtrace:
[INFO] [stdout]    0:     0x63ea69cb80e1 - <<std[70759c8f55707aa4]::sys::backtrace::BacktraceLock>::print::DisplayBacktrace as core[df12db4294e9bfd3]::fmt::Display>::fmt
[INFO] [stdout]    1:     0x63ea69ccc94a - core[df12db4294e9bfd3]::fmt::write
[INFO] [stdout]    2:     0x63ea69cbc7dc - <alloc[2182bb758b4b3781]::vec::Vec<u8> as core[df12db4294e9bfd3]::io::write::Write>::write_fmt
[INFO] [stdout]    3:     0x63ea69c93026 - std[70759c8f55707aa4]::panicking::default_hook::{closure#0}
[INFO] [stdout]    4:     0x63ea69caff89 - std[70759c8f55707aa4]::panicking::default_hook
[INFO] [stdout]    5:     0x63ea69c4b430 - test[9d35eded1c95d3be]::test_main_inner::<test[9d35eded1c95d3be]::test_main_static::{closure#0}>::{closure#0}
[INFO] [stdout]    6:     0x63ea69cb0142 - std[70759c8f55707aa4]::panicking::panic_with_hook
[INFO] [stdout]    7:     0x63ea69c930d2 - std[70759c8f55707aa4]::panicking::panic_handler::{closure#0}
[INFO] [stdout]    8:     0x63ea69c8bd39 - std[70759c8f55707aa4]::sys::backtrace::__rust_end_short_backtrace::<std[70759c8f55707aa4]::panicking::panic_handler::{closure#0}, !>
[INFO] [stdout]    9:     0x63ea69c93ccd - __rustc[8fa7c3cbc660c2b3]::rust_begin_unwind
[INFO] [stdout]   10:     0x63ea69ccd07c - core[df12db4294e9bfd3]::panicking::panic_fmt
[INFO] [stdout]   11:     0x63ea69c3d8b1 - consumer_modes[fe2cdf1c323439c8]::assert_manifest_command_succeeds
[INFO] [stdout]   12:     0x63ea69c3d1fd - consumer_modes[fe2cdf1c323439c8]::assert_inline_fixture_builds
[INFO] [stdout]   13:     0x63ea69c3de6e - <consumer_modes[fe2cdf1c323439c8]::supports_core_consumer_mode::{closure#0} as core[df12db4294e9bfd3]::ops::function::FnOnce<()>>::call_once
[INFO] [stdout]   14:     0x63ea69c3e71b - test[9d35eded1c95d3be]::__rust_begin_short_backtrace::<core[df12db4294e9bfd3]::result::Result<(), alloc[2182bb758b4b3781]::string::String>, fn() -> core[df12db4294e9bfd3]::result::Result<(), alloc[2182bb758b4b3781]::string::String>>
[INFO] [stdout]   15:     0x63ea69c4bd85 - test[9d35eded1c95d3be]::run_test::{closure#0}
[INFO] [stdout]   16:     0x63ea69c45644 - std[70759c8f55707aa4]::sys::backtrace::__rust_begin_short_backtrace::<test[9d35eded1c95d3be]::run_test::{closure#1}, ()>
[INFO] [stdout]   17:     0x63ea69c4eee2 - <std[70759c8f55707aa4]::thread::lifecycle::spawn_unchecked<test[9d35eded1c95d3be]::run_test::{closure#1}, ()>::{closure#1} as core[df12db4294e9bfd3]::ops::function::FnOnce<()>>::call_once::{shim:vtable#0}
[INFO] [stdout]   18:     0x63ea69cb77c9 - <std[70759c8f55707aa4]::sys::thread::unix::Thread>::new::thread_start
[INFO] [stdout]   19:     0x76173fcc6dfa - <unknown>
[INFO] [stdout]   20:     0x76173fd5a3d4 - clone
[INFO] [stdout]   21:                0x0 - <unknown>
[INFO] [stdout] 
[INFO] [stdout] ---- supports_homepage_shaped_leptos_consumer_workflow stdout ----
[INFO] [stdout] 
[INFO] [stdout] thread 'supports_homepage_shaped_leptos_consumer_workflow' (313) panicked at tests/consumer_modes.rs:55:9:
[INFO] [stdout] fixture `homepage_leptos` failed cargo test
[INFO] [stdout] stdout:
[INFO] [stdout] 
[INFO] [stdout] stderr:
[INFO] [stdout] error: failed to get `leptos` as a dependency of package `mf2_i18n_homepage_leptos_fixture v0.0.0 (/tmp/mf2_i18n_consumer_mode_homepage_leptos_fixture_1792324297228694558)`
[INFO] [stdout] 
[INFO] [stdout] Caused by:
[INFO] [stdout]   failed to load source for dependency `leptos`
[INFO] [stdout] 
[INFO] [stdout] Caused by:
[INFO] [stdout]   unable to update registry `crates-io`
[INFO] [stdout] 
[INFO] [stdout] Caused by:
[INFO] [stdout]   download of config.json failed
[INFO] [stdout] 
[INFO] [stdout] Caused by:
[INFO] [stdout]   [6] Could not resolve hostname (Could not resolve host: index.crates.io)
[INFO] [stdout] 
[INFO] [stdout] stack backtrace:
[INFO] [stdout]    0:     0x63ea69cb80e1 - <<std[70759c8f55707aa4]::sys::backtrace::BacktraceLock>::print::DisplayBacktrace as core[df12db4294e9bfd3]::fmt::Display>::fmt
[INFO] [stdout]    1:     0x63ea69ccc94a - core[df12db4294e9bfd3]::fmt::write
[INFO] [stdout]    2:     0x63ea69cbc7dc - <alloc[2182bb758b4b3781]::vec::Vec<u8> as core[df12db4294e9bfd3]::io::write::Write>::write_fmt
[INFO] [stdout]    3:     0x63ea69c93026 - std[70759c8f55707aa4]::panicking::default_hook::{closure#0}
[INFO] [stdout]    4:     0x63ea69caff89 - std[70759c8f55707aa4]::panicking::default_hook
[INFO] [stdout]    5:     0x63ea69c4b430 - test[9d35eded1c95d3be]::test_main_inner::<test[9d35eded1c95d3be]::test_main_static::{closure#0}>::{closure#0}
[INFO] [stdout]    6:     0x63ea69cb0142 - std[70759c8f55707aa4]::panicking::panic_with_hook
[INFO] [stdout]    7:     0x63ea69c930d2 - std[70759c8f55707aa4]::panicking::panic_handler::{closure#0}
[INFO] [stdout]    8:     0x63ea69c8bd39 - std[70759c8f55707aa4]::sys::backtrace::__rust_end_short_backtrace::<std[70759c8f55707aa4]::panicking::panic_handler::{closure#0}, !>
[INFO] [stdout]    9:     0x63ea69c93ccd - __rustc[8fa7c3cbc660c2b3]::rust_begin_unwind
[INFO] [stdout]   10:     0x63ea69ccd07c - core[df12db4294e9bfd3]::panicking::panic_fmt
[INFO] [stdout]   11:     0x63ea69c3d8b1 - consumer_modes[fe2cdf1c323439c8]::assert_manifest_command_succeeds
[INFO] [stdout]   12:     0x63ea69c3e514 - <consumer_modes[fe2cdf1c323439c8]::supports_homepage_shaped_leptos_consumer_workflow::{closure#0} as core[df12db4294e9bfd3]::ops::function::FnOnce<()>>::call_once
[INFO] [stdout]   13:     0x63ea69c3e71b - test[9d35eded1c95d3be]::__rust_begin_short_backtrace::<core[df12db4294e9bfd3]::result::Result<(), alloc[2182bb758b4b3781]::string::String>, fn() -> core[df12db4294e9bfd3]::result::Result<(), alloc[2182bb758b4b3781]::string::String>>
[INFO] [stdout]   14:     0x63ea69c4bd85 - test[9d35eded1c95d3be]::run_test::{closure#0}
[INFO] [stdout]   15:     0x63ea69c45644 - std[70759c8f55707aa4]::sys::backtrace::__rust_begin_short_backtrace::<test[9d35eded1c95d3be]::run_test::{closure#1}, ()>
[INFO] [stdout]   16:     0x63ea69c4eee2 - <std[70759c8f55707aa4]::thread::lifecycle::spawn_unchecked<test[9d35eded1c95d3be]::run_test::{closure#1}, ()>::{closure#1} as core[df12db4294e9bfd3]::ops::function::FnOnce<()>>::call_once::{shim:vtable#0}
[INFO] [stdout]   17:     0x63ea69cb77c9 - <std[70759c8f55707aa4]::sys::thread::unix::Thread>::new::thread_start
[INFO] [stdout]   18:     0x76173fcc6dfa - <unknown>
[INFO] [stdout]   19:     0x76173fd5a3d4 - clone
[INFO] [stdout]   20:                0x0 - <unknown>
[INFO] [stdout] 
[INFO] [stdout] ---- supports_runtime_only_consumer_mode stdout ----
[INFO] [stdout] 
[INFO] [stdout] thread 'supports_runtime_only_consumer_mode' (317) panicked at tests/consumer_modes.rs:55:9:
[INFO] [stdout] fixture `runtime_only` failed cargo check
[INFO] [stdout] stdout:
[INFO] [stdout] 
[INFO] [stdout] stderr:
[INFO] [stdout] error: failed to get `mf2_i18n_core` as a dependency of package `mf2_i18n v0.1.0 (/opt/rustwide/workdir)`
[INFO] [stdout]     ... which satisfies path dependency `mf2_i18n` of package `mf2_i18n_facade_runtime_only_fixture v0.0.0 (/tmp/mf2_i18n_consumer_mode_runtime_only_fixture_1792324297228292678)`
[INFO] [stdout] 
[INFO] [stdout] Caused by:
[INFO] [stdout]   failed to load source for dependency `mf2_i18n_core`
[INFO] [stdout] 
[INFO] [stdout] Caused by:
[INFO] [stdout]   unable to update registry `crates-io`
[INFO] [stdout] 
[INFO] [stdout] Caused by:
[INFO] [stdout]   download of config.json failed
[INFO] [stdout] 
[INFO] [stdout] Caused by:
[INFO] [stdout]   [6] Could not resolve hostname (Could not resolve host: index.crates.io)
[INFO] [stdout] 
[INFO] [stdout] stack backtrace:
[INFO] [stdout]    0:     0x63ea69cb80e1 - <<std[70759c8f55707aa4]::sys::backtrace::BacktraceLock>::print::DisplayBacktrace as core[df12db4294e9bfd3]::fmt::Display>::fmt
[INFO] [stdout]    1:     0x63ea69ccc94a - core[df12db4294e9bfd3]::fmt::write
[INFO] [stdout]    2:     0x63ea69cbc7dc - <alloc[2182bb758b4b3781]::vec::Vec<u8> as core[df12db4294e9bfd3]::io::write::Write>::write_fmt
[INFO] [stdout]    3:     0x63ea69c93026 - std[70759c8f55707aa4]::panicking::default_hook::{closure#0}
[INFO] [stdout]    4:     0x63ea69caff89 - std[70759c8f55707aa4]::panicking::default_hook
[INFO] [stdout]    5:     0x63ea69c4b430 - test[9d35eded1c95d3be]::test_main_inner::<test[9d35eded1c95d3be]::test_main_static::{closure#0}>::{closure#0}
[INFO] [stdout]    6:     0x63ea69cb0142 - std[70759c8f55707aa4]::panicking::panic_with_hook
[INFO] [stdout]    7:     0x63ea69c930d2 - std[70759c8f55707aa4]::panicking::panic_handler::{closure#0}
[INFO] [stdout]    8:     0x63ea69c8bd39 - std[70759c8f55707aa4]::sys::backtrace::__rust_end_short_backtrace::<std[70759c8f55707aa4]::panicking::panic_handler::{closure#0}, !>
[INFO] [stdout]    9:     0x63ea69c93ccd - __rustc[8fa7c3cbc660c2b3]::rust_begin_unwind
[INFO] [stdout]   10:     0x63ea69ccd07c - core[df12db4294e9bfd3]::panicking::panic_fmt
[INFO] [stdout]   11:     0x63ea69c3d8b1 - consumer_modes[fe2cdf1c323439c8]::assert_manifest_command_succeeds
[INFO] [stdout]   12:     0x63ea69c3d1fd - consumer_modes[fe2cdf1c323439c8]::assert_inline_fixture_builds
[INFO] [stdout]   13:     0x63ea69c3df4e - <consumer_modes[fe2cdf1c323439c8]::supports_runtime_only_consumer_mode::{closure#0} as core[df12db4294e9bfd3]::ops::function::FnOnce<()>>::call_once
[INFO] [stdout]   14:     0x63ea69c3e71b - test[9d35eded1c95d3be]::__rust_begin_short_backtrace::<core[df12db4294e9bfd3]::result::Result<(), alloc[2182bb758b4b3781]::string::String>, fn() -> core[df12db4294e9bfd3]::result::Result<(), alloc[2182bb758b4b3781]::string::String>>
[INFO] [stdout]   15:     0x63ea69c4bd85 - test[9d35eded1c95d3be]::run_test::{closure#0}
[INFO] [stdout]   16:     0x63ea69c45644 - std[70759c8f55707aa4]::sys::backtrace::__rust_begin_short_backtrace::<test[9d35eded1c95d3be]::run_test::{closure#1}, ()>
[INFO] [stdout]   17:     0x63ea69c4eee2 - <std[70759c8f55707aa4]::thread::lifecycle::spawn_unchecked<test[9d35eded1c95d3be]::run_test::{closure#1}, ()>::{closure#1} as core[df12db4294e9bfd3]::ops::function::FnOnce<()>>::call_once::{shim:vtable#0}
[INFO] [stdout]   18:     0x63ea69cb77c9 - <std[70759c8f55707aa4]::sys::thread::unix::Thread>::new::thread_start
[INFO] [stdout]   19:     0x76173fcc6dfa - <unknown>
[INFO] [stdout]   20:     0x76173fd5a3d4 - clone
[INFO] [stdout]   21:                0x0 - <unknown>
[INFO] [stdout] 
[INFO] [stdout] ---- supports_combined_leptos_build_consumer_mode stdout ----
[INFO] [stdout] 
[INFO] [stdout] thread 'supports_combined_leptos_build_consumer_mode' (311) panicked at tests/consumer_modes.rs:55:9:
[INFO] [stdout] fixture `leptos_build` failed cargo check
[INFO] [stdout] stdout:
[INFO] [stdout] 
[INFO] [stdout] stderr:
[INFO] [stdout] error: failed to get `mf2_i18n_build` as a dependency of package `mf2_i18n v0.1.0 (/opt/rustwide/workdir)`
[INFO] [stdout]     ... which satisfies path dependency `mf2_i18n` of package `mf2_i18n_facade_leptos_build_fixture v0.0.0 (/tmp/mf2_i18n_consumer_mode_leptos_build_fixture_1792324297228042428)`
[INFO] [stdout] 
[INFO] [stdout] Caused by:
[INFO] [stdout]   failed to load source for dependency `mf2_i18n_build`
[INFO] [stdout] 
[INFO] [stdout] Caused by:
[INFO] [stdout]   unable to update registry `crates-io`
[INFO] [stdout] 
[INFO] [stdout] Caused by:
[INFO] [stdout]   download of config.json failed
[INFO] [stdout] 
[INFO] [stdout] Caused by:
[INFO] [stdout]   [6] Could not resolve hostname (Could not resolve host: index.crates.io)
[INFO] [stdout] 
[INFO] [stdout] stack backtrace:
[INFO] [stdout]    0:     0x63ea69cb80e1 - <<std[70759c8f55707aa4]::sys::backtrace::BacktraceLock>::print::DisplayBacktrace as core[df12db4294e9bfd3]::fmt::Display>::fmt
[INFO] [stdout]    1:     0x63ea69ccc94a - core[df12db4294e9bfd3]::fmt::write
[INFO] [stdout]    2:     0x63ea69cbc7dc - <alloc[2182bb758b4b3781]::vec::Vec<u8> as core[df12db4294e9bfd3]::io::write::Write>::write_fmt
[INFO] [stdout]    3:     0x63ea69c93026 - std[70759c8f55707aa4]::panicking::default_hook::{closure#0}
[INFO] [stdout]    4:     0x63ea69caff89 - std[70759c8f55707aa4]::panicking::default_hook
[INFO] [stdout]    5:     0x63ea69c4b430 - test[9d35eded1c95d3be]::test_main_inner::<test[9d35eded1c95d3be]::test_main_static::{closure#0}>::{closure#0}
[INFO] [stdout]    6:     0x63ea69cb0142 - std[70759c8f55707aa4]::panicking::panic_with_hook
[INFO] [stdout]    7:     0x63ea69c930d2 - std[70759c8f55707aa4]::panicking::panic_handler::{closure#0}
[INFO] [stdout]    8:     0x63ea69c8bd39 - std[70759c8f55707aa4]::sys::backtrace::__rust_end_short_backtrace::<std[70759c8f55707aa4]::panicking::panic_handler::{closure#0}, !>
[INFO] [stdout]    9:     0x63ea69c93ccd - __rustc[8fa7c3cbc660c2b3]::rust_begin_unwind
[INFO] [stdout]   10:     0x63ea69ccd07c - core[df12db4294e9bfd3]::panicking::panic_fmt
[INFO] [stdout]   11:     0x63ea69c3d8b1 - consumer_modes[fe2cdf1c323439c8]::assert_manifest_command_succeeds
[INFO] [stdout]   12:     0x63ea69c3d1fd - consumer_modes[fe2cdf1c323439c8]::assert_inline_fixture_builds
[INFO] [stdout]   13:     0x63ea69c3df8e - <consumer_modes[fe2cdf1c323439c8]::supports_combined_leptos_build_consumer_mode::{closure#0} as core[df12db4294e9bfd3]::ops::function::FnOnce<()>>::call_once
[INFO] [stdout]   14:     0x63ea69c3e71b - test[9d35eded1c95d3be]::__rust_begin_short_backtrace::<core[df12db4294e9bfd3]::result::Result<(), alloc[2182bb758b4b3781]::string::String>, fn() -> core[df12db4294e9bfd3]::result::Result<(), alloc[2182bb758b4b3781]::string::String>>
[INFO] [stdout]   15:     0x63ea69c4bd85 - test[9d35eded1c95d3be]::run_test::{closure#0}
[INFO] [stdout]   16:     0x63ea69c45644 - std[70759c8f55707aa4]::sys::backtrace::__rust_begin_short_backtrace::<test[9d35eded1c95d3be]::run_test::{closure#1}, ()>
[INFO] [stdout]   17:     0x63ea69c4eee2 - <std[70759c8f55707aa4]::thread::lifecycle::spawn_unchecked<test[9d35eded1c95d3be]::run_test::{closure#1}, ()>::{closure#1} as core[df12db4294e9bfd3]::ops::function::FnOnce<()>>::call_once::{shim:vtable#0}
[INFO] [stdout]   18:     0x63ea69cb77c9 - <std[70759c8f55707aa4]::sys::thread::unix::Thread>::new::thread_start
[INFO] [stdout]   19:     0x76173fcc6dfa - <unknown>
[INFO] [stdout]   20:     0x76173fd5a3d4 - clone
[INFO] [stdout]   21:                0x0 - <unknown>
[INFO] [stdout] 
[INFO] [stdout] ---- supports_leptos_consumer_mode stdout ----
[INFO] [stdout] 
[INFO] [stdout] thread 'supports_leptos_consumer_mode' (314) panicked at tests/consumer_modes.rs:55:9:
[INFO] [stdout] fixture `leptos` failed cargo check
[INFO] [stdout] stdout:
[INFO] [stdout] 
[INFO] [stdout] stderr:
[INFO] [stdout] error: failed to get `mf2_i18n_core` as a dependency of package `mf2_i18n v0.1.0 (/opt/rustwide/workdir)`
[INFO] [stdout]     ... which satisfies path dependency `mf2_i18n` of package `mf2_i18n_facade_leptos_fixture v0.0.0 (/tmp/mf2_i18n_consumer_mode_leptos_fixture_1792324297227684878)`
[INFO] [stdout] 
[INFO] [stdout] Caused by:
[INFO] [stdout]   failed to load source for dependency `mf2_i18n_core`
[INFO] [stdout] 
[INFO] [stdout] Caused by:
[INFO] [stdout]   unable to update registry `crates-io`
[INFO] [stdout] 
[INFO] [stdout] Caused by:
[INFO] [stdout]   download of config.json failed
[INFO] [stdout] 
[INFO] [stdout] Caused by:
[INFO] [stdout]   [6] Could not resolve hostname (Could not resolve host: index.crates.io)
[INFO] [stdout] 
[INFO] [stdout] stack backtrace:
[INFO] [stdout]    0:     0x63ea69cb80e1 - <<std[70759c8f55707aa4]::sys::backtrace::BacktraceLock>::print::DisplayBacktrace as core[df12db4294e9bfd3]::fmt::Display>::fmt
[INFO] [stdout]    1:     0x63ea69ccc94a - core[df12db4294e9bfd3]::fmt::write
[INFO] [stdout]    2:     0x63ea69cbc7dc - <alloc[2182bb758b4b3781]::vec::Vec<u8> as core[df12db4294e9bfd3]::io::write::Write>::write_fmt
[INFO] [stdout]    3:     0x63ea69c93026 - std[70759c8f55707aa4]::panicking::default_hook::{closure#0}
[INFO] [stdout]    4:     0x63ea69caff89 - std[70759c8f55707aa4]::panicking::default_hook
[INFO] [stdout]    5:     0x63ea69c4b430 - test[9d35eded1c95d3be]::test_main_inner::<test[9d35eded1c95d3be]::test_main_static::{closure#0}>::{closure#0}
[INFO] [stdout]    6:     0x63ea69cb0142 - std[70759c8f55707aa4]::panicking::panic_with_hook
[INFO] [stdout]    7:     0x63ea69c930d2 - std[70759c8f55707aa4]::panicking::panic_handler::{closure#0}
[INFO] [stdout]    8:     0x63ea69c8bd39 - std[70759c8f55707aa4]::sys::backtrace::__rust_end_short_backtrace::<std[70759c8f55707aa4]::panicking::panic_handler::{closure#0}, !>
[INFO] [stdout]    9:     0x63ea69c93ccd - __rustc[8fa7c3cbc660c2b3]::rust_begin_unwind
[INFO] [stdout]   10:     0x63ea69ccd07c - core[df12db4294e9bfd3]::panicking::panic_fmt
[INFO] [stdout]   11:     0x63ea69c3d8b1 - consumer_modes[fe2cdf1c323439c8]::assert_manifest_command_succeeds
[INFO] [stdout]   12:     0x63ea69c3d1fd - consumer_modes[fe2cdf1c323439c8]::assert_inline_fixture_builds
[INFO] [stdout]   13:     0x63ea69c3deae - <consumer_modes[fe2cdf1c323439c8]::supports_leptos_consumer_mode::{closure#0} as core[df12db4294e9bfd3]::ops::function::FnOnce<()>>::call_once
[INFO] [stdout]   14:     0x63ea69c3e71b - test[9d35eded1c95d3be]::__rust_begin_short_backtrace::<core[df12db4294e9bfd3]::result::Result<(), alloc[2182bb758b4b3781]::string::String>, fn() -> core[df12db4294e9bfd3]::result::Result<(), alloc[2182bb758b4b3781]::string::String>>
[INFO] [stdout]   15:     0x63ea69c4bd85 - test[9d35eded1c95d3be]::run_test::{closure#0}
[INFO] [stdout]   16:     0x63ea69c45644 - std[70759c8f55707aa4]::sys::backtrace::__rust_begin_short_backtrace::<test[9d35eded1c95d3be]::run_test::{closure#1}, ()>
[INFO] [stdout]   17:     0x63ea69c4eee2 - <std[70759c8f55707aa4]::thread::lifecycle::spawn_unchecked<test[9d35eded1c95d3be]::run_test::{closure#1}, ()>::{closure#1} as core[df12db4294e9bfd3]::ops::function::FnOnce<()>>::call_once::{shim:vtable#0}
[INFO] [stdout]   18:     0x63ea69cb77c9 - <std[70759c8f55707aa4]::sys::thread::unix::Thread>::new::thread_start
[INFO] [stdout]   19:     0x76173fcc6dfa - <unknown>
[INFO] [stdout]   20:     0x76173fd5a3d4 - clone
[INFO] [stdout]   21:                0x0 - <unknown>
[INFO] [stdout] 
[INFO] [stdout] 
[INFO] [stdout] failures:
[INFO] [stdout]     supports_build_only_consumer_mode
[INFO] [stdout]     supports_combined_leptos_build_consumer_mode
[INFO] [stdout]     supports_core_consumer_mode
[INFO] [stdout]     supports_homepage_shaped_leptos_consumer_workflow
[INFO] [stdout]     supports_leptos_consumer_mode
[INFO] [stdout]     supports_mixed_runtime_and_build_consumer_mode
[INFO] [stdout]     supports_native_consumer_mode
[INFO] [stdout]     supports_runtime_only_consumer_mode
[INFO] [stdout] 
[INFO] [stdout] test result: FAILED. 0 passed; 8 failed; 0 ignored; 0 measured; 0 filtered out; finished in 22.83s
[INFO] [stdout] 
[INFO] running `Command { std: "docker" "inspect" "86da8f7a765a3f78da1cea60f9a3e621d735e2da9ca2f9a4bf3063234da2f1d1", kill_on_drop: false }`
[INFO] running `Command { std: "docker" "rm" "-f" "86da8f7a765a3f78da1cea60f9a3e621d735e2da9ca2f9a4bf3063234da2f1d1", kill_on_drop: false }`
[INFO] [stdout] 86da8f7a765a3f78da1cea60f9a3e621d735e2da9ca2f9a4bf3063234da2f1d1
