[INFO] fetching crate metrowrap 0.2.2...
[INFO] testing metrowrap-0.2.2 against 1.99.0-beta.8+cargoflags=--release for beta-release-1.100-2
[INFO] extracting crate metrowrap 0.2.2 into /workspace/builds/worker-7-tc1/source
[INFO] removed /workspace/builds/worker-7-tc1/source/.cargo/config.toml
[INFO] started tweaking crates.io crate metrowrap 0.2.2
[INFO] removed 0 missing tests
[INFO] finished tweaking crates.io crate metrowrap 0.2.2
[INFO] tweaked toml for crates.io crate metrowrap 0.2.2 written to /workspace/builds/worker-7-tc1/source/Cargo.toml
[INFO] validating manifest of crates.io crate metrowrap 0.2.2 on toolchain 1.99.0-beta.8
[INFO] running `Command { std: CARGO_HOME="/workspace/cargo-home" RUSTUP_HOME="/workspace/rustup-home" "/workspace/cargo-home/bin/cargo" "+1.99.0-beta.8" "metadata" "--manifest-path" "Cargo.toml" "--no-deps", kill_on_drop: false }`
[INFO] crate crates.io crate metrowrap 0.2.2 already has a lockfile, it will not be regenerated
[INFO] running `Command { std: CARGO_HOME="/workspace/cargo-home" RUSTUP_HOME="/workspace/rustup-home" "/workspace/cargo-home/bin/cargo" "+1.99.0-beta.8" "fetch" "--manifest-path" "Cargo.toml", kill_on_drop: false }`
[INFO] [stderr]  Downloading crates ...
[INFO] [stderr]   Downloaded ruzstd v0.5.0
[INFO] [stderr]   Downloaded zerocopy-derive v0.8.35
[INFO] [stderr]   Downloaded zerocopy v0.8.35
[INFO] running `Command { std: "docker" "create" "-v" "/var/lib/crater-agent-workspace/builds/worker-7-tc1/source:/opt/rustwide/workdir:ro,Z" "-v" "/var/lib/crater-agent-workspace/builds/worker-7-tc1/target:/opt/rustwide/target:rw,Z" "-v" "/var/lib/crater-agent-workspace/cargo-home:/opt/rustwide/cargo-home:ro,Z" "-v" "/var/lib/crater-agent-workspace/rustup-home:/opt/rustwide/rustup-home:ro,Z" "-m" "1610612736" "--network" "none" "ghcr.io/rust-lang/crates-build-env/linux@sha256:77db811e55d90add9212f6832c23229e3de5f1c1f9905e8cb07319ea15df73ac" "sleep" "infinity", kill_on_drop: false }`
[INFO] [stdout] df3ccffbb124bec91e8eb5ac1ea99ef4b2c00db8bf5d32696058b8b4a82bb264
[INFO] running `Command { std: "docker" "start" "df3ccffbb124bec91e8eb5ac1ea99ef4b2c00db8bf5d32696058b8b4a82bb264", kill_on_drop: false }`
[INFO] running `Command { std: "docker" "inspect" "df3ccffbb124bec91e8eb5ac1ea99ef4b2c00db8bf5d32696058b8b4a82bb264", kill_on_drop: false }`
[INFO] running `Command { std: "docker" "exec" "-e" "SOURCE_DIR=/opt/rustwide/workdir" "-e" "CARGO_HOME=/opt/rustwide/cargo-home" "-e" "RUSTUP_HOME=/opt/rustwide/rustup-home" "-e" "CARGO_TARGET_DIR=/opt/rustwide/target" "-w" "/opt/rustwide/workdir" "--user" "0:0" "df3ccffbb124bec91e8eb5ac1ea99ef4b2c00db8bf5d32696058b8b4a82bb264" "/opt/rustwide/cargo-home/bin/cargo" "+1.99.0-beta.8" "metadata" "--no-deps" "--format-version=1", kill_on_drop: false }`
[INFO] running `Command { std: "docker" "inspect" "df3ccffbb124bec91e8eb5ac1ea99ef4b2c00db8bf5d32696058b8b4a82bb264", kill_on_drop: false }`
[INFO] running `Command { std: "docker" "exec" "-e" "SOURCE_DIR=/opt/rustwide/workdir" "-e" "CARGO_HOME=/opt/rustwide/cargo-home" "-e" "RUSTUP_HOME=/opt/rustwide/rustup-home" "-e" "CARGO_TARGET_DIR=/opt/rustwide/target" "-e" "CARGO_INCREMENTAL=0" "-e" "RUST_BACKTRACE=full" "-e" "RUSTFLAGS=--cap-lints=warn" "-e" "RUSTDOCFLAGS=--cap-lints=warn" "-w" "/opt/rustwide/workdir" "--user" "0:0" "df3ccffbb124bec91e8eb5ac1ea99ef4b2c00db8bf5d32696058b8b4a82bb264" "/opt/rustwide/cargo-home/bin/cargo" "+1.99.0-beta.8" "build" "--frozen" "--message-format=json" "--release", kill_on_drop: false }`
[INFO] [stderr]    Compiling proc-macro2 v1.0.106
[INFO] [stderr]    Compiling unicode-ident v1.0.22
[INFO] [stderr]    Compiling quote v1.0.44
[INFO] [stderr]    Compiling utf8parse v0.2.2
[INFO] [stderr]    Compiling libc v0.2.180
[INFO] [stderr]    Compiling is_terminal_polyfill v1.70.2
[INFO] [stderr]    Compiling anstyle-query v1.1.5
[INFO] [stderr]    Compiling colorchoice v1.0.4
[INFO] [stderr]    Compiling anstyle v1.0.13
[INFO] [stderr]    Compiling rustix v1.1.3
[INFO] [stderr]    Compiling getrandom v0.3.4
[INFO] [stderr]    Compiling clap_lex v0.7.7
[INFO] [stderr]    Compiling thiserror v1.0.69
[INFO] [stderr]    Compiling linux-raw-sys v0.11.0
[INFO] [stderr]    Compiling bitflags v2.10.0
[INFO] [stderr]    Compiling heck v0.5.0
[INFO] [stderr]    Compiling anstyle-parse v0.2.7
[INFO] [stderr]    Compiling cfg-if v1.0.4
[INFO] [stderr]    Compiling strsim v0.11.1
[INFO] [stderr]    Compiling once_cell v1.21.3
[INFO] [stderr]    Compiling fastrand v2.3.0
[INFO] [stderr]    Compiling memchr v2.7.6
[INFO] [stderr]    Compiling anstream v0.6.21
[INFO] [stderr]    Compiling clap_builder v4.5.54
[INFO] [stderr]    Compiling syn v2.0.114
[INFO] [stderr]    Compiling tempfile v3.24.0
[INFO] [stderr]    Compiling clap_derive v4.5.49
[INFO] [stderr]    Compiling thiserror-impl v1.0.69
[INFO] [stderr]    Compiling clap v4.5.54
[INFO] [stderr]    Compiling metrowrap v0.2.2 (/opt/rustwide/workdir)
[INFO] [stderr]     Finished `release` profile [optimized] target(s) in 20.33s
[INFO] running `Command { std: "docker" "inspect" "df3ccffbb124bec91e8eb5ac1ea99ef4b2c00db8bf5d32696058b8b4a82bb264", kill_on_drop: false }`
[INFO] running `Command { std: "docker" "exec" "-e" "SOURCE_DIR=/opt/rustwide/workdir" "-e" "CARGO_HOME=/opt/rustwide/cargo-home" "-e" "RUSTUP_HOME=/opt/rustwide/rustup-home" "-e" "CARGO_TARGET_DIR=/opt/rustwide/target" "-e" "CARGO_INCREMENTAL=0" "-e" "RUST_BACKTRACE=full" "-e" "RUSTFLAGS=--cap-lints=warn" "-e" "RUSTDOCFLAGS=--cap-lints=warn" "-w" "/opt/rustwide/workdir" "--user" "0:0" "df3ccffbb124bec91e8eb5ac1ea99ef4b2c00db8bf5d32696058b8b4a82bb264" "/opt/rustwide/cargo-home/bin/cargo" "+1.99.0-beta.8" "test" "--frozen" "--no-run" "--message-format=json" "--release", kill_on_drop: false }`
[INFO] [stderr]    Compiling syn v2.0.114
[INFO] [stderr]    Compiling zerocopy v0.8.35
[INFO] [stderr]    Compiling version_check v0.9.5
[INFO] [stderr]    Compiling crc32fast v1.5.0
[INFO] [stderr]    Compiling simd-adler32 v0.3.8
[INFO] [stderr]    Compiling adler2 v2.0.1
[INFO] [stderr]    Compiling static_assertions v1.1.0
[INFO] [stderr]    Compiling hashbrown v0.16.1
[INFO] [stderr]    Compiling equivalent v1.0.2
[INFO] [stderr]    Compiling byteorder v1.5.0
[INFO] [stderr]    Compiling twox-hash v1.6.3
[INFO] [stderr]    Compiling miniz_oxide v0.8.9
[INFO] [stderr]    Compiling ahash v0.8.12
[INFO] [stderr]    Compiling flate2 v1.1.8
[INFO] [stderr]    Compiling indexmap v2.13.0
[INFO] [stderr]    Compiling thiserror-impl v1.0.69
[INFO] [stderr]    Compiling clap_derive v4.5.49
[INFO] [stderr]    Compiling derive_more v0.99.20
[INFO] [stderr]    Compiling thiserror v1.0.69
[INFO] [stderr]    Compiling ruzstd v0.5.0
[INFO] [stderr]    Compiling hashbrown v0.14.5
[INFO] [stderr]    Compiling clap v4.5.54
[INFO] [stderr]    Compiling metrowrap v0.2.2 (/opt/rustwide/workdir)
[INFO] [stderr]    Compiling object v0.32.2
[INFO] [stderr]     Finished `release` profile [optimized] target(s) in 1m 19s
[INFO] running `Command { std: "docker" "inspect" "df3ccffbb124bec91e8eb5ac1ea99ef4b2c00db8bf5d32696058b8b4a82bb264", kill_on_drop: false }`
[INFO] running `Command { std: "docker" "exec" "-e" "SOURCE_DIR=/opt/rustwide/workdir" "-e" "CARGO_HOME=/opt/rustwide/cargo-home" "-e" "RUSTUP_HOME=/opt/rustwide/rustup-home" "-e" "CARGO_TARGET_DIR=/opt/rustwide/target" "-e" "CARGO_INCREMENTAL=0" "-e" "RUST_BACKTRACE=full" "-e" "RUSTFLAGS=--cap-lints=warn" "-e" "RUSTDOCFLAGS=--cap-lints=warn" "-w" "/opt/rustwide/workdir" "--user" "0:0" "df3ccffbb124bec91e8eb5ac1ea99ef4b2c00db8bf5d32696058b8b4a82bb264" "/opt/rustwide/cargo-home/bin/cargo" "+1.99.0-beta.8" "test" "--frozen" "--release", kill_on_drop: false }`
[INFO] [stderr]     Finished `release` profile [optimized] target(s) in 0.10s
[INFO] [stderr]      Running unittests src/lib.rs (/opt/rustwide/target/release/deps/metrowrap-d51ea68dc5218c80)
[INFO] [stdout] 
[INFO] [stdout] running 48 tests
[INFO] [stdout] test compiler::tests::test_compiler_flag_detection ... ok
[INFO] [stdout] test elf::strtab::test::test_add_symbol ... ok
[INFO] [stdout] test elf::symbol::test::test_unpack_all ... ok
[INFO] [stdout] test compiler::tests::test_filter_full_diagnostic_block ... ok
[INFO] [stdout] test makerule::tests::test_make_rule_empty ... ok
[INFO] [stdout] test compiler::tests::test_filter_real_file ... ok
[INFO] [stdout] test compiler::tests::test_compiler_init ... ok
[INFO] [stdout] test compiler::tests::test_filter_in_line_backslash ... ok
[INFO] [stdout] test compiler::tests::test_filter_from_line_backslash ... ok
[INFO] [stdout] test makerule::tests::test_no_dependencies ... ok
[INFO] [stdout] test compiler::tests::test_filter_from_line_temp_substitution ... ok
[INFO] [stdout] test makerule::tests::test_path_from_wibo_parentdir ... ok
[INFO] [stdout] test elf::symtab::tests::test_add ... ok
[INFO] [stdout] test makerule::tests::test_make_rule_parsing ... ok
[INFO] [stdout] test makerule::tests::test_path_from_wibo_curdir ... ok
[INFO] [stdout] test makerule::tests::test_path_from_wibo_case_insensitive ... ok
[INFO] [stdout] test elf::symtab::tests::test_roundtrip ... ok
[INFO] [stdout] test compiler::tests::test_filter_unrelated_line ... ok
[INFO] [stdout] test compiler::tests::test_filter_from_line_stdin ... ok
[INFO] [stdout] test makerule::tests::test_path_from_wibo_prefix ... ok
[INFO] [stdout] test makerule::tests::test_make_rule_simple ... ok
[INFO] [stdout] test preprocessor::tests::test_preprocessor_new ... ok
[INFO] [stdout] test preprocessor::tests::test_find_macro_refs_none ... ok
[INFO] [stdout] test preprocessor::tests::test_find_macro_refs_one ... ok
[INFO] [stdout] test preprocessor::tests::test_find_macro_refs_whitespace ... ok
[INFO] [stdout] test preprocessor::tests::test_is_ident_byte ... ok
[INFO] [stdout] test preprocessor::tests::test_scan_quoted_string ... ok
[INFO] [stdout] test preprocessor::tests::test_stub_for_dollar_escape ... ok
[INFO] [stdout] test preprocessor::tests::test_scan_identifier ... ok
[INFO] [stdout] test makerule::tests::test_unix_deps ... ok
[INFO] [stdout] test preprocessor::tests::test_skip_whitespace ... ok
[INFO] [stdout] test preprocessor::tests::test_stub_for_text_only ... ok
[INFO] [stdout] test workspace::tests::test_workspace_normal_creates_dir ... ok
[INFO] [stdout] test preprocessor::tests::test_scanner_skips_non_macro_include ... ok
[INFO] [stdout] test preprocessor::tests::test_try_parse_macro_asm ... ok
[INFO] [stdout] test preprocessor::tests::test_stub_for_rodata_only ... ok
[INFO] [stdout] test tests::test_escape_symbol ... ok
[INFO] [stdout] test preprocessor::tests::test_try_parse_macro_invalid ... ok
[INFO] [stdout] test preprocessor::tests::test_try_parse_macro_rodata ... ok
[INFO] [stdout] test preprocessor::tests::test_try_parse_macro_with_whitespace ... ok
[INFO] [stdout] test tests::test_roundtrip_symbol ... ok
[INFO] [stdout] test tests::test_unescape_symbol ... ok
[INFO] [stdout] test workspace::tests::test_workspace_cleans_up_on_drop ... ok
[INFO] [stdout] test workspace::tests::test_workspace_keep_on_failure_leaks ... ok
[INFO] [stdout] test preprocessor::tests::test_stub_for_text_and_rodata ... ok
[INFO] [stdout] test workspace::tests::test_workspace_shm_debug_cleans_up_on_failure ... ok
[INFO] [stdout] test makerule::tests::test_make_rule_with_includes ... ok
[INFO] [stdout] test makerule::tests::test_path_from_wibo_translation ... ok
[INFO] [stdout] 
[INFO] [stdout] test result: ok. 48 passed; 0 failed; 0 ignored; 0 measured; 0 filtered out; finished in 0.18s
[INFO] [stdout] 
[INFO] [stderr]      Running unittests src/main.rs (/opt/rustwide/target/release/deps/mw-fe151c187f38b05a)
[INFO] [stdout] 
[INFO] [stdout] running 5 tests
[INFO] [stdout] test tests::test_nonexistent_input_file ... ok
[INFO] [stdout] test tests::test_long_help ... ok
[INFO] [stdout] test tests::test_missing_input_file ... ok
[INFO] [stderr]      Running tests/add_symbol_get_index_tests.rs (/opt/rustwide/target/release/deps/add_symbol_get_index_tests-a5fb8d838993f7fd)
[INFO] [stdout] test tests::test_rejects_target_encoding ... ok
[INFO] [stdout] test tests::test_short_help ... ok
[INFO] [stdout] 
[INFO] [stdout] test result: ok. 5 passed; 0 failed; 0 ignored; 0 measured; 0 filtered out; finished in 0.00s
[INFO] [stdout] 
[INFO] [stdout] 
[INFO] [stdout] running 7 tests
[INFO] [stdout] test test_add_symbol_get_index_duplicate_no_force ... ok
[INFO] [stdout] test test_add_symbol_get_index_empty_name ... ok
[INFO] [stdout] test test_add_symbol_get_index_force_parameter ... ok
[INFO] [stdout] test test_add_symbol_get_index_local_vs_global ... ok
[INFO] [stdout] test test_add_symbol_get_index_usable_for_relocation ... ok
[INFO] [stdout] test test_add_symbol_get_index_duplicate_with_force ... ok
[INFO] [stdout] test test_add_symbol_get_index_new_symbol ... ok
[INFO] [stdout] 
[INFO] [stdout] test result: ok. 7 passed; 0 failed; 0 ignored; 0 measured; 0 filtered out; finished in 0.00s
[INFO] [stderr]      Running tests/asm_dependency_test.rs (/opt/rustwide/target/release/deps/asm_dependency_test-61475070e111700d)
[INFO] [stdout] 
[INFO] [stdout] 
[INFO] [stdout] running 1 test
[INFO] [stderr] error: test failed, to rerun pass `--test asm_dependency_test`
[INFO] [stdout] test test_dep_asm_include ... FAILED
[INFO] [stdout] 
[INFO] [stdout] failures:
[INFO] [stdout] 
[INFO] [stdout] ---- test_dep_asm_include stdout ----
[INFO] [stdout] Error: 'mipsel-linux-gnu-as' not be found. No such file or directory.
[INFO] [stdout] 
[INFO] [stdout] thread 'test_dep_asm_include' (2034) panicked at tests/asm_dependency_test.rs:64:6:
[INFO] [stdout] process_c_file: ToolExecutionFailed { program: "mipsel-linux-gnu-as", source: Os { code: 2, kind: NotFound, message: "No such file or directory" } }
[INFO] [stdout] stack backtrace:
[INFO] [stdout]    0:     0x630d344f1b96 - <<std[70759c8f55707aa4]::sys::backtrace::BacktraceLock>::print::DisplayBacktrace as core[df12db4294e9bfd3]::fmt::Display>::fmt
[INFO] [stdout]    1:     0x630d3447e7da - core[df12db4294e9bfd3]::fmt::write
[INFO] [stdout]    2:     0x630d344f986c - <alloc[2182bb758b4b3781]::vec::Vec<u8> as core[df12db4294e9bfd3]::io::write::Write>::write_fmt
[INFO] [stdout]    3:     0x630d344c8a82 - std[70759c8f55707aa4]::panicking::default_hook::{closure#0}
[INFO] [stdout]    4:     0x630d344e9261 - std[70759c8f55707aa4]::panicking::default_hook
[INFO] [stdout]    5:     0x630d344e9442 - std[70759c8f55707aa4]::panicking::panic_with_hook
[INFO] [stdout]    6:     0x630d344c8b32 - std[70759c8f55707aa4]::panicking::panic_handler::{closure#0}
[INFO] [stdout]    7:     0x630d344c1539 - std[70759c8f55707aa4]::sys::backtrace::__rust_end_short_backtrace::<std[70759c8f55707aa4]::panicking::panic_handler::{closure#0}, !>
[INFO] [stdout]    8:     0x630d344cda9d - __rustc[8fa7c3cbc660c2b3]::rust_begin_unwind
[INFO] [stdout]    9:     0x630d3447eecc - core[df12db4294e9bfd3]::panicking::panic_fmt
[INFO] [stdout]   10:     0x630d3447eca2 - core[df12db4294e9bfd3]::result::unwrap_failed
[INFO] [stdout]   11:     0x630d3447b607 - <asm_dependency_test[ce85d5b623869bf2]::test_dep_asm_include::{closure#0} as core[df12db4294e9bfd3]::ops::function::FnOnce<()>>::call_once
[INFO] [stdout]   12:     0x630d344fc58b - test[9d35eded1c95d3be]::__rust_begin_short_backtrace::<core[df12db4294e9bfd3]::result::Result<(), alloc[2182bb758b4b3781]::string::String>, fn() -> core[df12db4294e9bfd3]::result::Result<(), alloc[2182bb758b4b3781]::string::String>>
[INFO] [stdout]   13:     0x630d3450a6e1 - test[9d35eded1c95d3be]::run_test::{closure#0}
[INFO] [stdout]   14:     0x630d34503df4 - std[70759c8f55707aa4]::sys::backtrace::__rust_begin_short_backtrace::<test[9d35eded1c95d3be]::run_test::{closure#1}, ()>
[INFO] [stdout]   15:     0x630d3450e502 - <std[70759c8f55707aa4]::thread::lifecycle::spawn_unchecked<test[9d35eded1c95d3be]::run_test::{closure#1}, ()>::{closure#1} as core[df12db4294e9bfd3]::ops::function::FnOnce<()>>::call_once::{shim:vtable#0}
[INFO] [stdout]   16:     0x630d344f093e - <std[70759c8f55707aa4]::sys::thread::unix::Thread>::new::thread_start
[INFO] [stdout]   17:     0x7e76a0e86dfa - <unknown>
[INFO] [stdout]   18:     0x7e76a0f1a3d4 - clone
[INFO] [stdout]   19:                0x0 - <unknown>
[INFO] [stdout] 
[INFO] [stdout] 
[INFO] [stdout] failures:
[INFO] [stdout]     test_dep_asm_include
[INFO] [stdout] 
[INFO] [stdout] test result: FAILED. 0 passed; 1 failed; 0 ignored; 0 measured; 0 filtered out; finished in 0.00s
[INFO] [stdout] 
[INFO] running `Command { std: "docker" "inspect" "df3ccffbb124bec91e8eb5ac1ea99ef4b2c00db8bf5d32696058b8b4a82bb264", kill_on_drop: false }`
[INFO] running `Command { std: "docker" "rm" "-f" "df3ccffbb124bec91e8eb5ac1ea99ef4b2c00db8bf5d32696058b8b4a82bb264", kill_on_drop: false }`
[INFO] [stdout] df3ccffbb124bec91e8eb5ac1ea99ef4b2c00db8bf5d32696058b8b4a82bb264
