[INFO] fetching crate metrics-derive 0.1.2...
[INFO] testing metrics-derive-0.1.2 against 1.100.0-beta.1+cargoflags=--release for beta-release-1.100-2
[INFO] extracting crate metrics-derive 0.1.2 into /workspace/builds/worker-4-tc2/source
[INFO] removed /workspace/builds/worker-4-tc2/source/.cargo/config.toml
[INFO] started tweaking crates.io crate metrics-derive 0.1.2
[INFO] removed 0 missing tests
[INFO] finished tweaking crates.io crate metrics-derive 0.1.2
[INFO] tweaked toml for crates.io crate metrics-derive 0.1.2 written to /workspace/builds/worker-4-tc2/source/Cargo.toml
[INFO] validating manifest of crates.io crate metrics-derive 0.1.2 on toolchain 1.100.0-beta.1
[INFO] running `Command { std: CARGO_HOME="/workspace/cargo-home" RUSTUP_HOME="/workspace/rustup-home" "/workspace/cargo-home/bin/cargo" "+1.100.0-beta.1" "metadata" "--manifest-path" "Cargo.toml" "--no-deps", kill_on_drop: false }`
[INFO] crate crates.io crate metrics-derive 0.1.2 already has a lockfile, it will not be regenerated
[INFO] running `Command { std: CARGO_HOME="/workspace/cargo-home" RUSTUP_HOME="/workspace/rustup-home" "/workspace/cargo-home/bin/cargo" "+1.100.0-beta.1" "fetch" "--manifest-path" "Cargo.toml", kill_on_drop: false }`
[INFO] running `Command { std: "docker" "create" "-v" "/var/lib/crater-agent-workspace/builds/worker-4-tc2/source:/opt/rustwide/workdir:ro,Z" "-v" "/var/lib/crater-agent-workspace/builds/worker-4-tc2/target:/opt/rustwide/target:rw,Z" "-v" "/var/lib/crater-agent-workspace/cargo-home:/opt/rustwide/cargo-home:ro,Z" "-v" "/var/lib/crater-agent-workspace/rustup-home:/opt/rustwide/rustup-home:ro,Z" "-m" "1610612736" "--network" "none" "ghcr.io/rust-lang/crates-build-env/linux@sha256:77db811e55d90add9212f6832c23229e3de5f1c1f9905e8cb07319ea15df73ac" "sleep" "infinity", kill_on_drop: false }`
[INFO] [stdout] 54ea174edcfd1a8bbf101751b52af6ca4dd8c4c9cd11cf50e93016579ca20d2e
[INFO] running `Command { std: "docker" "start" "54ea174edcfd1a8bbf101751b52af6ca4dd8c4c9cd11cf50e93016579ca20d2e", kill_on_drop: false }`
[INFO] running `Command { std: "docker" "inspect" "54ea174edcfd1a8bbf101751b52af6ca4dd8c4c9cd11cf50e93016579ca20d2e", kill_on_drop: false }`
[INFO] running `Command { std: "docker" "exec" "-e" "SOURCE_DIR=/opt/rustwide/workdir" "-e" "CARGO_HOME=/opt/rustwide/cargo-home" "-e" "RUSTUP_HOME=/opt/rustwide/rustup-home" "-e" "CARGO_TARGET_DIR=/opt/rustwide/target" "-w" "/opt/rustwide/workdir" "--user" "0:0" "54ea174edcfd1a8bbf101751b52af6ca4dd8c4c9cd11cf50e93016579ca20d2e" "/opt/rustwide/cargo-home/bin/cargo" "+1.100.0-beta.1" "metadata" "--no-deps" "--format-version=1", kill_on_drop: false }`
[INFO] running `Command { std: "docker" "inspect" "54ea174edcfd1a8bbf101751b52af6ca4dd8c4c9cd11cf50e93016579ca20d2e", kill_on_drop: false }`
[INFO] running `Command { std: "docker" "exec" "-e" "SOURCE_DIR=/opt/rustwide/workdir" "-e" "CARGO_HOME=/opt/rustwide/cargo-home" "-e" "RUSTUP_HOME=/opt/rustwide/rustup-home" "-e" "CARGO_TARGET_DIR=/opt/rustwide/target" "-e" "CARGO_INCREMENTAL=0" "-e" "RUST_BACKTRACE=full" "-e" "RUSTFLAGS=--cap-lints=warn" "-e" "RUSTDOCFLAGS=--cap-lints=warn" "-w" "/opt/rustwide/workdir" "--user" "0:0" "54ea174edcfd1a8bbf101751b52af6ca4dd8c4c9cd11cf50e93016579ca20d2e" "/opt/rustwide/cargo-home/bin/cargo" "+1.100.0-beta.1" "build" "--frozen" "--message-format=json" "--release", kill_on_drop: false }`
[INFO] [stderr]    Compiling unicode-ident v1.0.23
[INFO] [stderr]    Compiling proc-macro2 v1.0.106
[INFO] [stderr]    Compiling quote v1.0.44
[INFO] [stderr]    Compiling syn v2.0.114
[INFO] [stderr]    Compiling metrics-derive v0.1.2 (/opt/rustwide/workdir)
[INFO] [stderr]     Finished `release` profile [optimized] target(s) in 8.59s
[INFO] running `Command { std: "docker" "inspect" "54ea174edcfd1a8bbf101751b52af6ca4dd8c4c9cd11cf50e93016579ca20d2e", kill_on_drop: false }`
[INFO] running `Command { std: "docker" "exec" "-e" "SOURCE_DIR=/opt/rustwide/workdir" "-e" "CARGO_HOME=/opt/rustwide/cargo-home" "-e" "RUSTUP_HOME=/opt/rustwide/rustup-home" "-e" "CARGO_TARGET_DIR=/opt/rustwide/target" "-e" "CARGO_INCREMENTAL=0" "-e" "RUST_BACKTRACE=full" "-e" "RUSTFLAGS=--cap-lints=warn" "-e" "RUSTDOCFLAGS=--cap-lints=warn" "-w" "/opt/rustwide/workdir" "--user" "0:0" "54ea174edcfd1a8bbf101751b52af6ca4dd8c4c9cd11cf50e93016579ca20d2e" "/opt/rustwide/cargo-home/bin/cargo" "+1.100.0-beta.1" "test" "--frozen" "--no-run" "--message-format=json" "--release", kill_on_drop: false }`
[INFO] [stderr]    Compiling zmij v1.0.20
[INFO] [stderr]    Compiling target-triple v1.0.0
[INFO] [stderr]    Compiling serde_core v1.0.228
[INFO] [stderr]    Compiling proc-macro2 v1.0.106
[INFO] [stderr]    Compiling unicode-ident v1.0.23
[INFO] [stderr]    Compiling winnow v0.7.14
[INFO] [stderr]    Compiling quote v1.0.44
[INFO] [stderr]    Compiling zerocopy v0.8.39
[INFO] [stderr]    Compiling serde v1.0.228
[INFO] [stderr]    Compiling toml_parser v1.0.7+spec-1.1.0
[INFO] [stderr]    Compiling serde_spanned v1.0.4
[INFO] [stderr]    Compiling ahash v0.8.12
[INFO] [stderr]    Compiling toml_datetime v0.7.5+spec-1.1.0
[INFO] [stderr]    Compiling serde_json v1.0.149
[INFO] [stderr]    Compiling serde_derive v1.0.228
[INFO] [stderr]    Compiling toml_writer v1.0.6+spec-1.1.0
[INFO] [stderr]    Compiling once_cell v1.21.3
[INFO] [stderr]    Compiling itoa v1.0.17
[INFO] [stderr]    Compiling metrics-derive v0.1.2 (/opt/rustwide/workdir)
[INFO] [stderr]    Compiling termcolor v1.4.1
[INFO] [stderr]    Compiling glob v0.3.3
[INFO] [stderr]    Compiling metrics v0.24.3
[INFO] [stderr]    Compiling toml v0.9.12+spec-1.1.0
[INFO] [stderr]    Compiling syn v2.0.114
[INFO] [stderr]    Compiling trybuild v1.0.115
[INFO] [stderr]     Finished `release` profile [optimized] target(s) in 33.02s
[INFO] running `Command { std: "docker" "inspect" "54ea174edcfd1a8bbf101751b52af6ca4dd8c4c9cd11cf50e93016579ca20d2e", kill_on_drop: false }`
[INFO] running `Command { std: "docker" "exec" "-e" "SOURCE_DIR=/opt/rustwide/workdir" "-e" "CARGO_HOME=/opt/rustwide/cargo-home" "-e" "RUSTUP_HOME=/opt/rustwide/rustup-home" "-e" "CARGO_TARGET_DIR=/opt/rustwide/target" "-e" "CARGO_INCREMENTAL=0" "-e" "RUST_BACKTRACE=full" "-e" "RUSTFLAGS=--cap-lints=warn" "-e" "RUSTDOCFLAGS=--cap-lints=warn" "-w" "/opt/rustwide/workdir" "--user" "0:0" "54ea174edcfd1a8bbf101751b52af6ca4dd8c4c9cd11cf50e93016579ca20d2e" "/opt/rustwide/cargo-home/bin/cargo" "+1.100.0-beta.1" "test" "--frozen" "--release", kill_on_drop: false }`
[INFO] [stderr]     Finished `release` profile [optimized] target(s) in 0.08s
[INFO] [stderr]      Running unittests src/lib.rs (/opt/rustwide/target/release/build/metrics-derive/ca3df8ef27d8eb69/out/metrics_derive-ca3df8ef27d8eb69)
[INFO] [stdout] 
[INFO] [stdout] running 0 tests
[INFO] [stdout] 
[INFO] [stdout] test result: ok. 0 passed; 0 failed; 0 ignored; 0 measured; 0 filtered out; finished in 0.00s
[INFO] [stdout] 
[INFO] [stderr]      Running tests/metrics.rs (/opt/rustwide/target/release/build/metrics-derive/0e72f6298248c090/out/metrics-0e72f6298248c090)
[INFO] [stdout] 
[INFO] [stdout] running 15 tests
[INFO] [stdout] test const_labels_static ... ok
[INFO] [stdout] test field_labels_static ... ok
[INFO] [stdout] test global_labels_static ... ok
[INFO] [stdout] test register_dynamic_metrics ... ok
[INFO] [stdout] test register_metrics ... ok
[INFO] [stdout] test const_labels_dynamic ... ok
[INFO] [stdout] test describe_dynamic_metrics ... ok
[INFO] [stderr] error: test failed, to rerun pass `--test metrics`
[INFO] [stdout] test const_labels_mixed ... FAILED
[INFO] [stdout] test global_labels_with_new_with_labels ... ok
[INFO] [stdout] test global_labels_dynamic ... ok
[INFO] [stdout] test describe_metrics ... FAILED
[INFO] [stdout] test label_metrics ... ok
[INFO] [stdout] test global_labels_with_field_labels ... FAILED
[INFO] [stdout] test dynamic_label_metrics ... ok
[INFO] [stdout] test field_labels_dynamic ... ok
[INFO] [stdout] 
[INFO] [stdout] failures:
[INFO] [stdout] 
[INFO] [stdout] ---- const_labels_mixed stdout ----
[INFO] [stdout] 
[INFO] [stdout] thread 'const_labels_mixed' (928) panicked at tests/metrics.rs:456:5:
[INFO] [stdout] assertion failed: metric.is_some()
[INFO] [stdout] stack backtrace:
[INFO] [stdout]    0:     0x634c01dd8b71 - <<std[617be2ca0a6fd877]::sys::backtrace::BacktraceLock>::print::DisplayBacktrace as core[a373ad73a504971]::fmt::Display>::fmt
[INFO] [stdout]    1:     0x634c01decb7a - core[a373ad73a504971]::fmt::write
[INFO] [stdout]    2:     0x634c01ddcd8c - <alloc[2e1b2a31b91974c5]::vec::Vec<u8> as core[a373ad73a504971]::io::write::Write>::write_fmt
[INFO] [stdout]    3:     0x634c01db4fb6 - std[617be2ca0a6fd877]::panicking::default_hook::{closure#0}
[INFO] [stdout]    4:     0x634c01dd11e9 - std[617be2ca0a6fd877]::panicking::default_hook
[INFO] [stdout]    5:     0x634c01d6a740 - test[aada8e7e76ba119b]::test_main_inner::{closure#0}
[INFO] [stdout]    6:     0x634c01dd13a2 - std[617be2ca0a6fd877]::panicking::panic_with_hook
[INFO] [stdout]    7:     0x634c01db5094 - std[617be2ca0a6fd877]::panicking::panic_handler::{closure#0}
[INFO] [stdout]    8:     0x634c01dadd79 - std[617be2ca0a6fd877]::sys::backtrace::__rust_end_short_backtrace::<std[617be2ca0a6fd877]::panicking::panic_handler::{closure#0}, !>
[INFO] [stdout]    9:     0x634c01db5c6d - __rustc[ea4f61d10b84890b]::rust_begin_unwind
[INFO] [stdout]   10:     0x634c01ded2ac - core[a373ad73a504971]::panicking::panic_fmt
[INFO] [stdout]   11:     0x634c01ded272 - core[a373ad73a504971]::panicking::panic
[INFO] [stdout]   12:     0x634c01d52d38 - <metrics[9d6ab336e4417438]::const_labels_mixed::{closure#0} as core[a373ad73a504971]::ops::function::FnOnce<()>>::call_once
[INFO] [stdout]   13:     0x634c01d5db8b - test[aada8e7e76ba119b]::__rust_begin_short_backtrace::<core[a373ad73a504971]::result::Result<(), alloc[2e1b2a31b91974c5]::string::String>, fn() -> core[a373ad73a504971]::result::Result<(), alloc[2e1b2a31b91974c5]::string::String>>
[INFO] [stdout]   14:     0x634c01d6ad65 - test[aada8e7e76ba119b]::run_test::{closure#0}
[INFO] [stdout]   15:     0x634c01d64654 - std[617be2ca0a6fd877]::sys::backtrace::__rust_begin_short_backtrace::<test[aada8e7e76ba119b]::run_test::{closure#1}, ()>
[INFO] [stdout]   16:     0x634c01d6ddf2 - <std[617be2ca0a6fd877]::thread::lifecycle::spawn_unchecked<test[aada8e7e76ba119b]::run_test::{closure#1}, ()>::{closure#1} as core[a373ad73a504971]::ops::function::FnOnce<()>>::call_once::{shim:vtable#0}
[INFO] [stdout]   17:     0x634c01dd83cf - <std[617be2ca0a6fd877]::sys::thread::unix::Thread>::new::thread_start
[INFO] [stdout]   18:     0x7787c4072dfa - <unknown>
[INFO] [stdout]   19:     0x7787c41063d4 - clone
[INFO] [stdout]   20:                0x0 - <unknown>
[INFO] [stdout] 
[INFO] [stdout] ---- describe_metrics stdout ----
[INFO] [stdout] 
[INFO] [stdout] thread 'describe_metrics' (931) panicked at tests/metrics.rs:151:5:
[INFO] [stdout] assertion `left == right` failed
[INFO] [stdout]   left: 0
[INFO] [stdout]  right: 4
[INFO] [stdout] stack backtrace:
[INFO] [stdout]    0:     0x634c01dd8b71 - <<std[617be2ca0a6fd877]::sys::backtrace::BacktraceLock>::print::DisplayBacktrace as core[a373ad73a504971]::fmt::Display>::fmt
[INFO] [stdout]    1:     0x634c01decb7a - core[a373ad73a504971]::fmt::write
[INFO] [stdout]    2:     0x634c01ddcd8c - <alloc[2e1b2a31b91974c5]::vec::Vec<u8> as core[a373ad73a504971]::io::write::Write>::write_fmt
[INFO] [stdout]    3:     0x634c01db4fb6 - std[617be2ca0a6fd877]::panicking::default_hook::{closure#0}
[INFO] [stdout]    4:     0x634c01dd11e9 - std[617be2ca0a6fd877]::panicking::default_hook
[INFO] [stdout]    5:     0x634c01d6a740 - test[aada8e7e76ba119b]::test_main_inner::{closure#0}
[INFO] [stdout]    6:     0x634c01dd13a2 - std[617be2ca0a6fd877]::panicking::panic_with_hook
[INFO] [stdout]    7:     0x634c01db5062 - std[617be2ca0a6fd877]::panicking::panic_handler::{closure#0}
[INFO] [stdout]    8:     0x634c01dadd79 - std[617be2ca0a6fd877]::sys::backtrace::__rust_end_short_backtrace::<std[617be2ca0a6fd877]::panicking::panic_handler::{closure#0}, !>
[INFO] [stdout]    9:     0x634c01db5c6d - __rustc[ea4f61d10b84890b]::rust_begin_unwind
[INFO] [stdout]   10:     0x634c01ded2ac - core[a373ad73a504971]::panicking::panic_fmt
[INFO] [stdout]   11:     0x634c01ded1c3 - core[a373ad73a504971]::panicking::assert_failed_inner
[INFO] [stdout]   12:     0x634c01de9968 - core[a373ad73a504971]::panicking::assert_failed::<usize, usize>
[INFO] [stdout]   13:     0x634c01d50653 - metrics[9d6ab336e4417438]::test_describe
[INFO] [stdout]   14:     0x634c01d524a8 - <metrics[9d6ab336e4417438]::describe_metrics::{closure#0} as core[a373ad73a504971]::ops::function::FnOnce<()>>::call_once
[INFO] [stdout]   15:     0x634c01d5db8b - test[aada8e7e76ba119b]::__rust_begin_short_backtrace::<core[a373ad73a504971]::result::Result<(), alloc[2e1b2a31b91974c5]::string::String>, fn() -> core[a373ad73a504971]::result::Result<(), alloc[2e1b2a31b91974c5]::string::String>>
[INFO] [stdout]   16:     0x634c01d6ad65 - test[aada8e7e76ba119b]::run_test::{closure#0}
[INFO] [stdout]   17:     0x634c01d64654 - std[617be2ca0a6fd877]::sys::backtrace::__rust_begin_short_backtrace::<test[aada8e7e76ba119b]::run_test::{closure#1}, ()>
[INFO] [stdout]   18:     0x634c01d6ddf2 - <std[617be2ca0a6fd877]::thread::lifecycle::spawn_unchecked<test[aada8e7e76ba119b]::run_test::{closure#1}, ()>::{closure#1} as core[a373ad73a504971]::ops::function::FnOnce<()>>::call_once::{shim:vtable#0}
[INFO] [stdout]   19:     0x634c01dd83cf - <std[617be2ca0a6fd877]::sys::thread::unix::Thread>::new::thread_start
[INFO] [stdout]   20:     0x7787c4072dfa - <unknown>
[INFO] [stdout]   21:     0x7787c41063d4 - clone
[INFO] [stdout]   22:                0x0 - <unknown>
[INFO] [stdout] 
[INFO] [stdout] ---- global_labels_with_field_labels stdout ----
[INFO] [stdout] 
[INFO] [stdout] thread 'global_labels_with_field_labels' (937) panicked at tests/metrics.rs:387:5:
[INFO] [stdout] assertion failed: metric.is_some()
[INFO] [stdout] stack backtrace:
[INFO] [stdout]    0:     0x634c01dd8b71 - <<std[617be2ca0a6fd877]::sys::backtrace::BacktraceLock>::print::DisplayBacktrace as core[a373ad73a504971]::fmt::Display>::fmt
[INFO] [stdout]    1:     0x634c01decb7a - core[a373ad73a504971]::fmt::write
[INFO] [stdout]    2:     0x634c01ddcd8c - <alloc[2e1b2a31b91974c5]::vec::Vec<u8> as core[a373ad73a504971]::io::write::Write>::write_fmt
[INFO] [stdout]    3:     0x634c01db4fb6 - std[617be2ca0a6fd877]::panicking::default_hook::{closure#0}
[INFO] [stdout]    4:     0x634c01dd11e9 - std[617be2ca0a6fd877]::panicking::default_hook
[INFO] [stdout]    5:     0x634c01d6a740 - test[aada8e7e76ba119b]::test_main_inner::{closure#0}
[INFO] [stdout]    6:     0x634c01dd13a2 - std[617be2ca0a6fd877]::panicking::panic_with_hook
[INFO] [stdout]    7:     0x634c01db5094 - std[617be2ca0a6fd877]::panicking::panic_handler::{closure#0}
[INFO] [stdout]    8:     0x634c01dadd79 - std[617be2ca0a6fd877]::sys::backtrace::__rust_end_short_backtrace::<std[617be2ca0a6fd877]::panicking::panic_handler::{closure#0}, !>
[INFO] [stdout]    9:     0x634c01db5c6d - __rustc[ea4f61d10b84890b]::rust_begin_unwind
[INFO] [stdout]   10:     0x634c01ded2ac - core[a373ad73a504971]::panicking::panic_fmt
[INFO] [stdout]   11:     0x634c01ded272 - core[a373ad73a504971]::panicking::panic
[INFO] [stdout]   12:     0x634c01d55e1c - <metrics[9d6ab336e4417438]::global_labels_with_field_labels::{closure#0} as core[a373ad73a504971]::ops::function::FnOnce<()>>::call_once
[INFO] [stdout]   13:     0x634c01d5db8b - test[aada8e7e76ba119b]::__rust_begin_short_backtrace::<core[a373ad73a504971]::result::Result<(), alloc[2e1b2a31b91974c5]::string::String>, fn() -> core[a373ad73a504971]::result::Result<(), alloc[2e1b2a31b91974c5]::string::String>>
[INFO] [stdout]   14:     0x634c01d6ad65 - test[aada8e7e76ba119b]::run_test::{closure#0}
[INFO] [stdout]   15:     0x634c01d64654 - std[617be2ca0a6fd877]::sys::backtrace::__rust_begin_short_backtrace::<test[aada8e7e76ba119b]::run_test::{closure#1}, ()>
[INFO] [stdout]   16:     0x634c01d6ddf2 - <std[617be2ca0a6fd877]::thread::lifecycle::spawn_unchecked<test[aada8e7e76ba119b]::run_test::{closure#1}, ()>::{closure#1} as core[a373ad73a504971]::ops::function::FnOnce<()>>::call_once::{shim:vtable#0}
[INFO] [stdout]   17:     0x634c01dd83cf - <std[617be2ca0a6fd877]::sys::thread::unix::Thread>::new::thread_start
[INFO] [stdout]   18:     0x7787c4072dfa - <unknown>
[INFO] [stdout]   19:     0x7787c41063d4 - clone
[INFO] [stdout]   20:                0x0 - <unknown>
[INFO] [stdout] 
[INFO] [stdout] 
[INFO] [stdout] failures:
[INFO] [stdout]     const_labels_mixed
[INFO] [stdout]     describe_metrics
[INFO] [stdout]     global_labels_with_field_labels
[INFO] [stdout] 
[INFO] [stdout] test result: FAILED. 12 passed; 3 failed; 0 ignored; 0 measured; 0 filtered out; finished in 0.00s
[INFO] [stdout] 
[INFO] running `Command { std: "docker" "inspect" "54ea174edcfd1a8bbf101751b52af6ca4dd8c4c9cd11cf50e93016579ca20d2e", kill_on_drop: false }`
[INFO] running `Command { std: "docker" "rm" "-f" "54ea174edcfd1a8bbf101751b52af6ca4dd8c4c9cd11cf50e93016579ca20d2e", kill_on_drop: false }`
[INFO] [stdout] 54ea174edcfd1a8bbf101751b52af6ca4dd8c4c9cd11cf50e93016579ca20d2e
