[INFO] fetching crate methylome 0.3.0...
[INFO] testing methylome-0.3.0 against 1.99.0-beta.8+cargoflags=--release for beta-release-1.100-2
[INFO] extracting crate methylome 0.3.0 into /workspace/builds/worker-2-tc1/source
[INFO] started tweaking crates.io crate methylome 0.3.0
[INFO] finished tweaking crates.io crate methylome 0.3.0
[INFO] tweaked toml for crates.io crate methylome 0.3.0 written to /workspace/builds/worker-2-tc1/source/Cargo.toml
[INFO] validating manifest of crates.io crate methylome 0.3.0 on toolchain 1.99.0-beta.8
[INFO] running `Command { std: CARGO_HOME="/workspace/cargo-home" RUSTUP_HOME="/workspace/rustup-home" "/workspace/cargo-home/bin/cargo" "+1.99.0-beta.8" "metadata" "--manifest-path" "Cargo.toml" "--no-deps", kill_on_drop: false }`
[INFO] running `Command { std: CARGO_HOME="/workspace/cargo-home" RUSTUP_HOME="/workspace/rustup-home" "/workspace/cargo-home/bin/cargo" "+1.99.0-beta.8" "generate-lockfile" "--manifest-path" "Cargo.toml", kill_on_drop: false }`
[INFO] [stderr]     Updating crates.io index
[INFO] [stderr]      Locking 8 packages to highest compatible versions
[INFO] [stderr]       Adding itertools v0.10.5 (available: v0.15.0)
[INFO] [stderr]       Adding thiserror v1.0.69 (available: v2.0.21)
[INFO] running `Command { std: CARGO_HOME="/workspace/cargo-home" RUSTUP_HOME="/workspace/rustup-home" "/workspace/cargo-home/bin/cargo" "+1.99.0-beta.8" "fetch" "--manifest-path" "Cargo.toml", kill_on_drop: false }`
[INFO] running `Command { std: "docker" "create" "-v" "/var/lib/crater-agent-workspace/builds/worker-2-tc1/source:/opt/rustwide/workdir:ro,Z" "-v" "/var/lib/crater-agent-workspace/builds/worker-2-tc1/target:/opt/rustwide/target:rw,Z" "-v" "/var/lib/crater-agent-workspace/cargo-home:/opt/rustwide/cargo-home:ro,Z" "-v" "/var/lib/crater-agent-workspace/rustup-home:/opt/rustwide/rustup-home:ro,Z" "-m" "1610612736" "--network" "none" "ghcr.io/rust-lang/crates-build-env/linux@sha256:77db811e55d90add9212f6832c23229e3de5f1c1f9905e8cb07319ea15df73ac" "sleep" "infinity", kill_on_drop: false }`
[INFO] [stdout] bfd9b5b1a8650977b733c79ac46b112a67bdf5b3e758e08fe8b61fc3cc1cd0e3
[INFO] running `Command { std: "docker" "start" "bfd9b5b1a8650977b733c79ac46b112a67bdf5b3e758e08fe8b61fc3cc1cd0e3", kill_on_drop: false }`
[INFO] running `Command { std: "docker" "inspect" "bfd9b5b1a8650977b733c79ac46b112a67bdf5b3e758e08fe8b61fc3cc1cd0e3", kill_on_drop: false }`
[INFO] running `Command { std: "docker" "exec" "-e" "SOURCE_DIR=/opt/rustwide/workdir" "-e" "CARGO_HOME=/opt/rustwide/cargo-home" "-e" "RUSTUP_HOME=/opt/rustwide/rustup-home" "-e" "CARGO_TARGET_DIR=/opt/rustwide/target" "-w" "/opt/rustwide/workdir" "--user" "0:0" "bfd9b5b1a8650977b733c79ac46b112a67bdf5b3e758e08fe8b61fc3cc1cd0e3" "/opt/rustwide/cargo-home/bin/cargo" "+1.99.0-beta.8" "metadata" "--no-deps" "--format-version=1", kill_on_drop: false }`
[INFO] running `Command { std: "docker" "inspect" "bfd9b5b1a8650977b733c79ac46b112a67bdf5b3e758e08fe8b61fc3cc1cd0e3", kill_on_drop: false }`
[INFO] running `Command { std: "docker" "exec" "-e" "SOURCE_DIR=/opt/rustwide/workdir" "-e" "CARGO_HOME=/opt/rustwide/cargo-home" "-e" "RUSTUP_HOME=/opt/rustwide/rustup-home" "-e" "CARGO_TARGET_DIR=/opt/rustwide/target" "-e" "CARGO_INCREMENTAL=0" "-e" "RUST_BACKTRACE=full" "-e" "RUSTFLAGS=--cap-lints=warn" "-e" "RUSTDOCFLAGS=--cap-lints=warn" "-w" "/opt/rustwide/workdir" "--user" "0:0" "bfd9b5b1a8650977b733c79ac46b112a67bdf5b3e758e08fe8b61fc3cc1cd0e3" "/opt/rustwide/cargo-home/bin/cargo" "+1.99.0-beta.8" "build" "--frozen" "--message-format=json" "--release", kill_on_drop: false }`
[INFO] [stderr]    Compiling syn v2.0.119
[INFO] [stderr]    Compiling either v1.19.0
[INFO] [stderr]    Compiling itertools v0.10.5
[INFO] [stderr]    Compiling thiserror-impl v1.0.69
[INFO] [stderr]    Compiling thiserror v1.0.69
[INFO] [stderr]    Compiling methylome v0.3.0 (/opt/rustwide/workdir)
[INFO] [stdout] warning: unused variable: `e`
[INFO] [stdout]    --> src/methylation.rs:323:17
[INFO] [stdout]     |
[INFO] [stdout] 323 |             Err(e) => {
[INFO] [stdout]     |                 ^ help: if this is intentional, prefix it with an underscore: `_e`
[INFO] [stdout]     |
[INFO] [stdout]     = note: `#[warn(unused_variables)]` (part of `#[warn(unused)]`) on by default
[INFO] [stdout] 
[INFO] [stdout] 
[INFO] [stderr]     Finished `release` profile [optimized] target(s) in 4.88s
[INFO] running `Command { std: "docker" "inspect" "bfd9b5b1a8650977b733c79ac46b112a67bdf5b3e758e08fe8b61fc3cc1cd0e3", kill_on_drop: false }`
[INFO] running `Command { std: "docker" "exec" "-e" "SOURCE_DIR=/opt/rustwide/workdir" "-e" "CARGO_HOME=/opt/rustwide/cargo-home" "-e" "RUSTUP_HOME=/opt/rustwide/rustup-home" "-e" "CARGO_TARGET_DIR=/opt/rustwide/target" "-e" "CARGO_INCREMENTAL=0" "-e" "RUST_BACKTRACE=full" "-e" "RUSTFLAGS=--cap-lints=warn" "-e" "RUSTDOCFLAGS=--cap-lints=warn" "-w" "/opt/rustwide/workdir" "--user" "0:0" "bfd9b5b1a8650977b733c79ac46b112a67bdf5b3e758e08fe8b61fc3cc1cd0e3" "/opt/rustwide/cargo-home/bin/cargo" "+1.99.0-beta.8" "test" "--frozen" "--no-run" "--message-format=json" "--release", kill_on_drop: false }`
[INFO] [stderr]    Compiling methylome v0.3.0 (/opt/rustwide/workdir)
[INFO] [stdout] warning: unused variable: `e`
[INFO] [stdout]    --> src/methylation.rs:323:17
[INFO] [stdout]     |
[INFO] [stdout] 323 |             Err(e) => {
[INFO] [stdout]     |                 ^ help: if this is intentional, prefix it with an underscore: `_e`
[INFO] [stdout]     |
[INFO] [stdout]     = note: `#[warn(unused_variables)]` (part of `#[warn(unused)]`) on by default
[INFO] [stdout] 
[INFO] [stdout] 
[INFO] [stdout] warning: unused variable: `e`
[INFO] [stdout]    --> src/methylation.rs:323:17
[INFO] [stdout]     |
[INFO] [stdout] 323 |             Err(e) => {
[INFO] [stdout]     |                 ^ help: if this is intentional, prefix it with an underscore: `_e`
[INFO] [stdout]     |
[INFO] [stdout]     = note: `#[warn(unused_variables)]` (part of `#[warn(unused)]`) on by default
[INFO] [stdout] 
[INFO] [stdout] 
[INFO] [stderr]     Finished `release` profile [optimized] target(s) in 1.38s
[INFO] running `Command { std: "docker" "inspect" "bfd9b5b1a8650977b733c79ac46b112a67bdf5b3e758e08fe8b61fc3cc1cd0e3", kill_on_drop: false }`
[INFO] running `Command { std: "docker" "exec" "-e" "SOURCE_DIR=/opt/rustwide/workdir" "-e" "CARGO_HOME=/opt/rustwide/cargo-home" "-e" "RUSTUP_HOME=/opt/rustwide/rustup-home" "-e" "CARGO_TARGET_DIR=/opt/rustwide/target" "-e" "CARGO_INCREMENTAL=0" "-e" "RUST_BACKTRACE=full" "-e" "RUSTFLAGS=--cap-lints=warn" "-e" "RUSTDOCFLAGS=--cap-lints=warn" "-w" "/opt/rustwide/workdir" "--user" "0:0" "bfd9b5b1a8650977b733c79ac46b112a67bdf5b3e758e08fe8b61fc3cc1cd0e3" "/opt/rustwide/cargo-home/bin/cargo" "+1.99.0-beta.8" "test" "--frozen" "--release", kill_on_drop: false }`
[INFO] [stderr] warning: unused variable: `e`
[INFO] [stderr]    --> src/methylation.rs:323:17
[INFO] [stderr]     |
[INFO] [stderr] 323 |             Err(e) => {
[INFO] [stderr]     |                 ^ help: if this is intentional, prefix it with an underscore: `_e`
[INFO] [stderr]     |
[INFO] [stderr]     = note: `#[warn(unused_variables)]` (part of `#[warn(unused)]`) on by default
[INFO] [stderr] 
[INFO] [stderr] warning: `methylome` (lib) generated 1 warning (run `cargo fix --lib -p methylome` to apply 1 suggestion)
[INFO] [stderr] warning: `methylome` (lib test) generated 1 warning (1 duplicate)
[INFO] [stderr]     Finished `release` profile [optimized] target(s) in 0.04s
[INFO] [stderr]      Running unittests src/lib.rs (/opt/rustwide/target/release/deps/methylome-0fed1d158a8e6e73)
[INFO] [stdout] 
[INFO] [stdout] running 8 tests
[INFO] [stdout] test methylation::tests::test_bigwig_format ... ok
[INFO] [stdout] test methylation::tests::test_instantiate_from_methylome_file_line ... ok
[INFO] [stdout] test methylation::tests::test_instantiate_from_methylome_file_line_invalid_chromosome ... ok
[INFO] [stdout] test methylation::tests::test_heterogenity_file_format ... FAILED
[INFO] [stdout] test methylation::tests::test_cmt3_line_not_cg ... ok
[INFO] [stdout] test methylation::tests::test_r_example_methylome_data ... FAILED
[INFO] [stdout] test methylation::tests::test_instantiate_from_methylome_file_line_invalid_line ... ok
[INFO] [stdout] test methylation::tests::test_extract_gene ... ok
[INFO] [stderr] error: test failed, to rerun pass `--lib`
[INFO] [stdout] 
[INFO] [stdout] failures:
[INFO] [stdout] 
[INFO] [stdout] ---- methylation::tests::test_heterogenity_file_format stdout ----
[INFO] [stdout] 
[INFO] [stdout] thread 'methylation::tests::test_heterogenity_file_format' (237) panicked at src/methylation.rs:392:72:
[INFO] [stdout] called `Result::unwrap()` on an `Err` value: Os { code: 2, kind: NotFound, message: "No such file or directory" }
[INFO] [stdout] stack backtrace:
[INFO] [stdout]    0:     0x593709d914a1 - <<std[70759c8f55707aa4]::sys::backtrace::BacktraceLock>::print::DisplayBacktrace as core[df12db4294e9bfd3]::fmt::Display>::fmt
[INFO] [stdout]    1:     0x593709da5e0a - core[df12db4294e9bfd3]::fmt::write
[INFO] [stdout]    2:     0x593709d9593c - <alloc[2182bb758b4b3781]::vec::Vec<u8> as core[df12db4294e9bfd3]::io::write::Write>::write_fmt
[INFO] [stdout]    3:     0x593709d6d726 - std[70759c8f55707aa4]::panicking::default_hook::{closure#0}
[INFO] [stdout]    4:     0x593709d89899 - std[70759c8f55707aa4]::panicking::default_hook
[INFO] [stdout]    5:     0x593709d257d0 - test[9d35eded1c95d3be]::test_main_inner::<test[9d35eded1c95d3be]::test_main_static::{closure#0}>::{closure#0}
[INFO] [stdout]    6:     0x593709d89a52 - std[70759c8f55707aa4]::panicking::panic_with_hook
[INFO] [stdout]    7:     0x593709d6d7d2 - std[70759c8f55707aa4]::panicking::panic_handler::{closure#0}
[INFO] [stdout]    8:     0x593709d663c9 - std[70759c8f55707aa4]::sys::backtrace::__rust_end_short_backtrace::<std[70759c8f55707aa4]::panicking::panic_handler::{closure#0}, !>
[INFO] [stdout]    9:     0x593709d6e3cd - __rustc[8fa7c3cbc660c2b3]::rust_begin_unwind
[INFO] [stdout]   10:     0x593709da653c - core[df12db4294e9bfd3]::panicking::panic_fmt
[INFO] [stdout]   11:     0x593709da6312 - core[df12db4294e9bfd3]::result::unwrap_failed
[INFO] [stdout]   12:     0x593709d1469f - <methylome[b6639b347f9fb51]::methylation::tests::test_heterogenity_file_format::{closure#0} as core[df12db4294e9bfd3]::ops::function::FnOnce<()>>::call_once
[INFO] [stdout]   13:     0x593709d18abb - test[9d35eded1c95d3be]::__rust_begin_short_backtrace::<core[df12db4294e9bfd3]::result::Result<(), alloc[2182bb758b4b3781]::string::String>, fn() -> core[df12db4294e9bfd3]::result::Result<(), alloc[2182bb758b4b3781]::string::String>>
[INFO] [stdout]   14:     0x593709d26125 - test[9d35eded1c95d3be]::run_test::{closure#0}
[INFO] [stdout]   15:     0x593709d1f9e4 - std[70759c8f55707aa4]::sys::backtrace::__rust_begin_short_backtrace::<test[9d35eded1c95d3be]::run_test::{closure#1}, ()>
[INFO] [stdout]   16:     0x593709d29282 - <std[70759c8f55707aa4]::thread::lifecycle::spawn_unchecked<test[9d35eded1c95d3be]::run_test::{closure#1}, ()>::{closure#1} as core[df12db4294e9bfd3]::ops::function::FnOnce<()>>::call_once::{shim:vtable#0}
[INFO] [stdout]   17:     0x593709d90a09 - <std[70759c8f55707aa4]::sys::thread::unix::Thread>::new::thread_start
[INFO] [stdout]   18:     0x729d5e45bdfa - <unknown>
[INFO] [stdout]   19:     0x729d5e4ef3d4 - clone
[INFO] [stdout]   20:                0x0 - <unknown>
[INFO] [stdout] 
[INFO] [stdout] ---- methylation::tests::test_r_example_methylome_data stdout ----
[INFO] [stdout] 
[INFO] [stdout] thread 'methylation::tests::test_r_example_methylome_data' (241) panicked at src/methylation.rs:403:60:
[INFO] [stdout] called `Result::unwrap()` on an `Err` value: Os { code: 2, kind: NotFound, message: "No such file or directory" }
[INFO] [stdout] stack backtrace:
[INFO] [stdout]    0:     0x593709d914a1 - <<std[70759c8f55707aa4]::sys::backtrace::BacktraceLock>::print::DisplayBacktrace as core[df12db4294e9bfd3]::fmt::Display>::fmt
[INFO] [stdout]    1:     0x593709da5e0a - core[df12db4294e9bfd3]::fmt::write
[INFO] [stdout]    2:     0x593709d9593c - <alloc[2182bb758b4b3781]::vec::Vec<u8> as core[df12db4294e9bfd3]::io::write::Write>::write_fmt
[INFO] [stdout]    3:     0x593709d6d726 - std[70759c8f55707aa4]::panicking::default_hook::{closure#0}
[INFO] [stdout]    4:     0x593709d89899 - std[70759c8f55707aa4]::panicking::default_hook
[INFO] [stdout]    5:     0x593709d257d0 - test[9d35eded1c95d3be]::test_main_inner::<test[9d35eded1c95d3be]::test_main_static::{closure#0}>::{closure#0}
[INFO] [stdout]    6:     0x593709d89a52 - std[70759c8f55707aa4]::panicking::panic_with_hook
[INFO] [stdout]    7:     0x593709d6d7d2 - std[70759c8f55707aa4]::panicking::panic_handler::{closure#0}
[INFO] [stdout]    8:     0x593709d663c9 - std[70759c8f55707aa4]::sys::backtrace::__rust_end_short_backtrace::<std[70759c8f55707aa4]::panicking::panic_handler::{closure#0}, !>
[INFO] [stdout]    9:     0x593709d6e3cd - __rustc[8fa7c3cbc660c2b3]::rust_begin_unwind
[INFO] [stdout]   10:     0x593709da653c - core[df12db4294e9bfd3]::panicking::panic_fmt
[INFO] [stdout]   11:     0x593709da6312 - core[df12db4294e9bfd3]::result::unwrap_failed
[INFO] [stdout]   12:     0x593709d15338 - <methylome[b6639b347f9fb51]::methylation::tests::test_r_example_methylome_data::{closure#0} as core[df12db4294e9bfd3]::ops::function::FnOnce<()>>::call_once
[INFO] [stdout]   13:     0x593709d18abb - test[9d35eded1c95d3be]::__rust_begin_short_backtrace::<core[df12db4294e9bfd3]::result::Result<(), alloc[2182bb758b4b3781]::string::String>, fn() -> core[df12db4294e9bfd3]::result::Result<(), alloc[2182bb758b4b3781]::string::String>>
[INFO] [stdout]   14:     0x593709d26125 - test[9d35eded1c95d3be]::run_test::{closure#0}
[INFO] [stdout]   15:     0x593709d1f9e4 - std[70759c8f55707aa4]::sys::backtrace::__rust_begin_short_backtrace::<test[9d35eded1c95d3be]::run_test::{closure#1}, ()>
[INFO] [stdout]   16:     0x593709d29282 - <std[70759c8f55707aa4]::thread::lifecycle::spawn_unchecked<test[9d35eded1c95d3be]::run_test::{closure#1}, ()>::{closure#1} as core[df12db4294e9bfd3]::ops::function::FnOnce<()>>::call_once::{shim:vtable#0}
[INFO] [stdout]   17:     0x593709d90a09 - <std[70759c8f55707aa4]::sys::thread::unix::Thread>::new::thread_start
[INFO] [stdout]   18:     0x729d5e45bdfa - <unknown>
[INFO] [stdout]   19:     0x729d5e4ef3d4 - clone
[INFO] [stdout]   20:                0x0 - <unknown>
[INFO] [stdout] 
[INFO] [stdout] 
[INFO] [stdout] failures:
[INFO] [stdout]     methylation::tests::test_heterogenity_file_format
[INFO] [stdout]     methylation::tests::test_r_example_methylome_data
[INFO] [stdout] 
[INFO] [stdout] test result: FAILED. 6 passed; 2 failed; 0 ignored; 0 measured; 0 filtered out; finished in 0.00s
[INFO] [stdout] 
[INFO] running `Command { std: "docker" "inspect" "bfd9b5b1a8650977b733c79ac46b112a67bdf5b3e758e08fe8b61fc3cc1cd0e3", kill_on_drop: false }`
[INFO] running `Command { std: "docker" "rm" "-f" "bfd9b5b1a8650977b733c79ac46b112a67bdf5b3e758e08fe8b61fc3cc1cd0e3", kill_on_drop: false }`
[INFO] [stdout] bfd9b5b1a8650977b733c79ac46b112a67bdf5b3e758e08fe8b61fc3cc1cd0e3
