[INFO] fetching crate methodify 0.1.2...
[INFO] testing methodify-0.1.2 against 1.99.0-beta.8+cargoflags=--release for beta-release-1.100-2
[INFO] extracting crate methodify 0.1.2 into /workspace/builds/worker-0-tc1/source
[INFO] started tweaking crates.io crate methodify 0.1.2
[INFO] removed 0 missing tests
[INFO] finished tweaking crates.io crate methodify 0.1.2
[INFO] tweaked toml for crates.io crate methodify 0.1.2 written to /workspace/builds/worker-0-tc1/source/Cargo.toml
[INFO] validating manifest of crates.io crate methodify 0.1.2 on toolchain 1.99.0-beta.8
[INFO] running `Command { std: CARGO_HOME="/workspace/cargo-home" RUSTUP_HOME="/workspace/rustup-home" "/workspace/cargo-home/bin/cargo" "+1.99.0-beta.8" "metadata" "--manifest-path" "Cargo.toml" "--no-deps", kill_on_drop: false }`
[INFO] crate crates.io crate methodify 0.1.2 already has a lockfile, it will not be regenerated
[INFO] running `Command { std: CARGO_HOME="/workspace/cargo-home" RUSTUP_HOME="/workspace/rustup-home" "/workspace/cargo-home/bin/cargo" "+1.99.0-beta.8" "fetch" "--manifest-path" "Cargo.toml", kill_on_drop: false }`
[INFO] [stderr]     Updating crates.io index
[INFO] [stderr]  Downloading crates ...
[INFO] [stderr]   Downloaded snapbox-macros v1.1.0
[INFO] [stderr]   Downloaded snapbox v1.2.2
[INFO] [stderr]   Downloaded similar-asserts v2.0.0
[INFO] [stderr]   Downloaded similar v3.1.1
[INFO] running `Command { std: "docker" "create" "-v" "/var/lib/crater-agent-workspace/builds/worker-0-tc1/source:/opt/rustwide/workdir:ro,Z" "-v" "/var/lib/crater-agent-workspace/builds/worker-0-tc1/target:/opt/rustwide/target:rw,Z" "-v" "/var/lib/crater-agent-workspace/cargo-home:/opt/rustwide/cargo-home:ro,Z" "-v" "/var/lib/crater-agent-workspace/rustup-home:/opt/rustwide/rustup-home:ro,Z" "-m" "1610612736" "--network" "none" "ghcr.io/rust-lang/crates-build-env/linux@sha256:77db811e55d90add9212f6832c23229e3de5f1c1f9905e8cb07319ea15df73ac" "sleep" "infinity", kill_on_drop: false }`
[INFO] [stdout] ac34938c9fe808d44e87d5168b0de55b2529feb7fc7df3184082c7107765ce40
[INFO] running `Command { std: "docker" "start" "ac34938c9fe808d44e87d5168b0de55b2529feb7fc7df3184082c7107765ce40", kill_on_drop: false }`
[INFO] running `Command { std: "docker" "inspect" "ac34938c9fe808d44e87d5168b0de55b2529feb7fc7df3184082c7107765ce40", kill_on_drop: false }`
[INFO] running `Command { std: "docker" "exec" "-e" "SOURCE_DIR=/opt/rustwide/workdir" "-e" "CARGO_HOME=/opt/rustwide/cargo-home" "-e" "RUSTUP_HOME=/opt/rustwide/rustup-home" "-e" "CARGO_TARGET_DIR=/opt/rustwide/target" "-w" "/opt/rustwide/workdir" "--user" "0:0" "ac34938c9fe808d44e87d5168b0de55b2529feb7fc7df3184082c7107765ce40" "/opt/rustwide/cargo-home/bin/cargo" "+1.99.0-beta.8" "metadata" "--no-deps" "--format-version=1", kill_on_drop: false }`
[INFO] running `Command { std: "docker" "inspect" "ac34938c9fe808d44e87d5168b0de55b2529feb7fc7df3184082c7107765ce40", kill_on_drop: false }`
[INFO] running `Command { std: "docker" "exec" "-e" "SOURCE_DIR=/opt/rustwide/workdir" "-e" "CARGO_HOME=/opt/rustwide/cargo-home" "-e" "RUSTUP_HOME=/opt/rustwide/rustup-home" "-e" "CARGO_TARGET_DIR=/opt/rustwide/target" "-e" "CARGO_INCREMENTAL=0" "-e" "RUST_BACKTRACE=full" "-e" "RUSTFLAGS=--cap-lints=warn" "-e" "RUSTDOCFLAGS=--cap-lints=warn" "-w" "/opt/rustwide/workdir" "--user" "0:0" "ac34938c9fe808d44e87d5168b0de55b2529feb7fc7df3184082c7107765ce40" "/opt/rustwide/cargo-home/bin/cargo" "+1.99.0-beta.8" "build" "--frozen" "--message-format=json" "--release", kill_on_drop: false }`
[INFO] [stderr]    Compiling syn v3.0.3
[INFO] [stderr]    Compiling methodify v0.1.2 (/opt/rustwide/workdir)
[INFO] [stderr]     Finished `release` profile [optimized] target(s) in 5.56s
[INFO] running `Command { std: "docker" "inspect" "ac34938c9fe808d44e87d5168b0de55b2529feb7fc7df3184082c7107765ce40", kill_on_drop: false }`
[INFO] running `Command { std: "docker" "exec" "-e" "SOURCE_DIR=/opt/rustwide/workdir" "-e" "CARGO_HOME=/opt/rustwide/cargo-home" "-e" "RUSTUP_HOME=/opt/rustwide/rustup-home" "-e" "CARGO_TARGET_DIR=/opt/rustwide/target" "-e" "CARGO_INCREMENTAL=0" "-e" "RUST_BACKTRACE=full" "-e" "RUSTFLAGS=--cap-lints=warn" "-e" "RUSTDOCFLAGS=--cap-lints=warn" "-w" "/opt/rustwide/workdir" "--user" "0:0" "ac34938c9fe808d44e87d5168b0de55b2529feb7fc7df3184082c7107765ce40" "/opt/rustwide/cargo-home/bin/cargo" "+1.99.0-beta.8" "test" "--frozen" "--no-run" "--message-format=json" "--release", kill_on_drop: false }`
[INFO] [stderr]    Compiling serde_core v1.0.229
[INFO] [stderr]    Compiling libc v0.2.189
[INFO] [stderr]    Compiling assert_cmd v2.2.2
[INFO] [stderr]    Compiling anstyle v1.0.14
[INFO] [stderr]    Compiling aho-corasick v1.1.4
[INFO] [stderr]    Compiling predicates-core v1.0.10
[INFO] [stderr]    Compiling utf8parse v0.2.2
[INFO] [stderr]    Compiling unicode-ident v1.0.24
[INFO] [stderr]    Compiling unicode-segmentation v1.13.3
[INFO] [stderr]    Compiling difflib v0.4.0
[INFO] [stderr]    Compiling is_terminal_polyfill v1.70.2
[INFO] [stderr]    Compiling colorchoice v1.0.5
[INFO] [stderr]    Compiling termtree v0.5.1
[INFO] [stderr]    Compiling anstyle-query v1.1.5
[INFO] [stderr]    Compiling getrandom v0.4.3
[INFO] [stderr]    Compiling similar v3.1.1
[INFO] [stderr]    Compiling proc-macro2 v1.0.107
[INFO] [stderr]    Compiling methodify v0.1.2 (/opt/rustwide/workdir)
[INFO] [stderr]    Compiling snapbox-macros v1.1.0
[INFO] [stderr]    Compiling anstyle-parse v1.0.0
[INFO] [stderr]    Compiling wait-timeout v0.2.1
[INFO] [stderr]    Compiling predicates-tree v1.0.13
[INFO] [stderr]    Compiling console v0.16.4
[INFO] [stderr]    Compiling zmij v1.0.23
[INFO] [stderr]    Compiling rustix v1.1.4
[INFO] [stderr]    Compiling anstream v1.0.0
[INFO] [stderr]    Compiling linux-raw-sys v0.12.1
[INFO] [stderr]    Compiling bitflags v2.13.1
[INFO] [stderr]    Compiling predicates v3.1.4
[INFO] [stderr]    Compiling normalize-line-endings v0.3.0
[INFO] [stderr]    Compiling tempfile v3.27.0
[INFO] [stderr]    Compiling serde_json v1.0.151
[INFO] [stderr]    Compiling once_cell v1.21.4
[INFO] [stderr]    Compiling fastrand v2.5.0
[INFO] [stderr]    Compiling quote v1.0.47
[INFO] [stderr]    Compiling itoa v1.0.18
[INFO] [stderr]    Compiling snapbox v1.2.2
[INFO] [stderr]    Compiling regex-automata v0.4.16
[INFO] [stderr]    Compiling similar-asserts v2.0.0
[INFO] [stderr]    Compiling syn v3.0.3
[INFO] [stderr]    Compiling bstr v1.13.0
[INFO] [stderr]    Compiling regex v1.13.1
[INFO] [stderr]     Finished `release` profile [optimized] target(s) in 1m 02s
[INFO] running `Command { std: "docker" "inspect" "ac34938c9fe808d44e87d5168b0de55b2529feb7fc7df3184082c7107765ce40", kill_on_drop: false }`
[INFO] running `Command { std: "docker" "exec" "-e" "SOURCE_DIR=/opt/rustwide/workdir" "-e" "CARGO_HOME=/opt/rustwide/cargo-home" "-e" "RUSTUP_HOME=/opt/rustwide/rustup-home" "-e" "CARGO_TARGET_DIR=/opt/rustwide/target" "-e" "CARGO_INCREMENTAL=0" "-e" "RUST_BACKTRACE=full" "-e" "RUSTFLAGS=--cap-lints=warn" "-e" "RUSTDOCFLAGS=--cap-lints=warn" "-w" "/opt/rustwide/workdir" "--user" "0:0" "ac34938c9fe808d44e87d5168b0de55b2529feb7fc7df3184082c7107765ce40" "/opt/rustwide/cargo-home/bin/cargo" "+1.99.0-beta.8" "test" "--frozen" "--release", kill_on_drop: false }`
[INFO] [stderr]     Finished `release` profile [optimized] target(s) in 0.16s
[INFO] [stderr]      Running unittests src/lib.rs (/opt/rustwide/target/release/deps/methodify-b71a0aaeab4cdf09)
[INFO] [stdout] 
[INFO] [stdout] running 0 tests
[INFO] [stdout] 
[INFO] [stdout] test result: ok. 0 passed; 0 failed; 0 ignored; 0 measured; 0 filtered out; finished in 0.00s
[INFO] [stdout] 
[INFO] [stderr]      Running tests/ci.rs (/opt/rustwide/target/release/deps/ci-6c5428fe1c6217dd)
[INFO] [stdout] 
[INFO] [stdout] running 6 tests
[INFO] [stdout] test readme_reference_links_are_sorted ... ok
[INFO] [stdout] test readme_reference_links_are_used ... ok
[INFO] [stdout] test markdown_link_check ... FAILED
[INFO] [stdout] test clippy ... FAILED
[INFO] [stderr] error: no such command: `supply-chain`
[INFO] [stderr] 
[INFO] [stderr] help: view all installed commands with `cargo --list`
[INFO] [stderr] help: find a package to install `supply-chain` with `cargo search cargo-supply-chain`
[INFO] [stdout] test dylint ... FAILED
[INFO] [stdout] test supply_chain ... FAILED
[INFO] [stderr] error: test failed, to rerun pass `--test ci`
[INFO] [stdout] 
[INFO] [stdout] failures:
[INFO] [stdout] 
[INFO] [stdout] ---- markdown_link_check stdout ----
[INFO] [stdout] 
[INFO] [stdout] thread 'markdown_link_check' (1243) panicked at tests/ci.rs:44:10:
[INFO] [stdout] Failed to spawn cd "/tmp/.tmpW0Gmq5" && "npm" "install" "markdown-link-check": No such file or directory (os error 2)
[INFO] [stdout] stack backtrace:
[INFO] [stdout]    0:     0x56dc3e2a8031 - <<std[70759c8f55707aa4]::sys::backtrace::BacktraceLock>::print::DisplayBacktrace as core[df12db4294e9bfd3]::fmt::Display>::fmt
[INFO] [stdout]    1:     0x56dc3e2befda - core[df12db4294e9bfd3]::fmt::write
[INFO] [stdout]    2:     0x56dc3e2ad9bc - <alloc[2182bb758b4b3781]::vec::Vec<u8> as core[df12db4294e9bfd3]::io::write::Write>::write_fmt
[INFO] [stdout]    3:     0x56dc3e2829c6 - std[70759c8f55707aa4]::panicking::default_hook::{closure#0}
[INFO] [stdout]    4:     0x56dc3e29faa9 - std[70759c8f55707aa4]::panicking::default_hook
[INFO] [stdout]    5:     0x56dc3e11c180 - test[9d35eded1c95d3be]::test_main_inner::<test[9d35eded1c95d3be]::test_main_static::{closure#0}>::{closure#0}
[INFO] [stdout]    6:     0x56dc3e29fc62 - std[70759c8f55707aa4]::panicking::panic_with_hook
[INFO] [stdout]    7:     0x56dc3e282a72 - std[70759c8f55707aa4]::panicking::panic_handler::{closure#0}
[INFO] [stdout]    8:     0x56dc3e27b549 - std[70759c8f55707aa4]::sys::backtrace::__rust_end_short_backtrace::<std[70759c8f55707aa4]::panicking::panic_handler::{closure#0}, !>
[INFO] [stdout]    9:     0x56dc3e28366d - __rustc[8fa7c3cbc660c2b3]::rust_begin_unwind
[INFO] [stdout]   10:     0x56dc3e2bf7bc - core[df12db4294e9bfd3]::panicking::panic_fmt
[INFO] [stdout]   11:     0x56dc3e1a6e85 - <&mut std[70759c8f55707aa4]::process::Command as assert_cmd[ddbb9efe840ee3ec]::assert::OutputAssertExt>::assert
[INFO] [stdout]   12:     0x56dc3e0ffc2f - <ci[366d146ee6b7d52b]::markdown_link_check::{closure#0} as core[df12db4294e9bfd3]::ops::function::FnOnce<()>>::call_once
[INFO] [stdout]   13:     0x56dc3e10f46b - test[9d35eded1c95d3be]::__rust_begin_short_backtrace::<core[df12db4294e9bfd3]::result::Result<(), alloc[2182bb758b4b3781]::string::String>, fn() -> core[df12db4294e9bfd3]::result::Result<(), alloc[2182bb758b4b3781]::string::String>>
[INFO] [stdout]   14:     0x56dc3e11cad5 - test[9d35eded1c95d3be]::run_test::{closure#0}
[INFO] [stdout]   15:     0x56dc3e116394 - std[70759c8f55707aa4]::sys::backtrace::__rust_begin_short_backtrace::<test[9d35eded1c95d3be]::run_test::{closure#1}, ()>
[INFO] [stdout]   16:     0x56dc3e11fc32 - <std[70759c8f55707aa4]::thread::lifecycle::spawn_unchecked<test[9d35eded1c95d3be]::run_test::{closure#1}, ()>::{closure#1} as core[df12db4294e9bfd3]::ops::function::FnOnce<()>>::call_once::{shim:vtable#0}
[INFO] [stdout]   17:     0x56dc3e2a7329 - <std[70759c8f55707aa4]::sys::thread::unix::Thread>::new::thread_start
[INFO] [stdout]   18:     0x7e78255a1dfa - <unknown>
[INFO] [stdout]   19:     0x7e78256353d4 - clone
[INFO] [stdout]   20:                0x0 - <unknown>
[INFO] [stdout] 
[INFO] [stdout] ---- clippy stdout ----
[INFO] [stdout] 
[INFO] [stdout] thread 'clippy' (1241) panicked at tests/ci.rs:25:10:
[INFO] [stdout] Unexpected failure.
[INFO] [stdout] code=1
[INFO] [stdout] stderr=``````
[INFO] [stdout] info: syncing channel updates for nightly-x86_64-unknown-linux-gnu
[INFO] [stdout] error: could not create temp file /opt/rustwide/rustup-home/tmp/3pyfcb6qmnnx7qq5_file: Read-only file system (os error 30)
[INFO] [stdout] ```
[INFO] [stdout] ```
[INFO] [stdout] command=`"cargo" "+nightly" "clippy" "--all-features" "--all-targets" "--" "--deny=warnings"`
[INFO] [stdout] code=1
[INFO] [stdout] stdout=""
[INFO] [stdout] stderr=```
[INFO] [stdout] info: syncing channel updates for nightly-x86_64-unknown-linux-gnu
[INFO] [stdout] error: could not create temp file /opt/rustwide/rustup-home/tmp/3pyfcb6qmnnx7qq5_file: Read-only file system (os error 30)
[INFO] [stdout] ```
[INFO] [stdout] 
[INFO] [stdout] 
[INFO] [stdout] stack backtrace:
[INFO] [stdout]    0:     0x56dc3e2a8031 - <<std[70759c8f55707aa4]::sys::backtrace::BacktraceLock>::print::DisplayBacktrace as core[df12db4294e9bfd3]::fmt::Display>::fmt
[INFO] [stdout]    1:     0x56dc3e2befda - core[df12db4294e9bfd3]::fmt::write
[INFO] [stdout]    2:     0x56dc3e2ad9bc - <alloc[2182bb758b4b3781]::vec::Vec<u8> as core[df12db4294e9bfd3]::io::write::Write>::write_fmt
[INFO] [stdout]    3:     0x56dc3e2829c6 - std[70759c8f55707aa4]::panicking::default_hook::{closure#0}
[INFO] [stdout]    4:     0x56dc3e29faa9 - std[70759c8f55707aa4]::panicking::default_hook
[INFO] [stdout]    5:     0x56dc3e11c180 - test[9d35eded1c95d3be]::test_main_inner::<test[9d35eded1c95d3be]::test_main_static::{closure#0}>::{closure#0}
[INFO] [stdout]    6:     0x56dc3e29fc62 - std[70759c8f55707aa4]::panicking::panic_with_hook
[INFO] [stdout]    7:     0x56dc3e282a72 - std[70759c8f55707aa4]::panicking::panic_handler::{closure#0}
[INFO] [stdout]    8:     0x56dc3e27b549 - std[70759c8f55707aa4]::sys::backtrace::__rust_end_short_backtrace::<std[70759c8f55707aa4]::panicking::panic_handler::{closure#0}, !>
[INFO] [stdout]    9:     0x56dc3e28366d - __rustc[8fa7c3cbc660c2b3]::rust_begin_unwind
[INFO] [stdout]   10:     0x56dc3e2bf7bc - core[df12db4294e9bfd3]::panicking::panic_fmt
[INFO] [stdout]   11:     0x56dc3e1a5bbf - <assert_cmd[ddbb9efe840ee3ec]::assert::AssertError>::panic::<assert_cmd[ddbb9efe840ee3ec]::assert::Assert>
[INFO] [stdout]   12:     0x56dc3e1a5ec9 - <assert_cmd[ddbb9efe840ee3ec]::assert::Assert>::success
[INFO] [stdout]   13:     0x56dc3e101b78 - <ci[366d146ee6b7d52b]::clippy::{closure#0} as core[df12db4294e9bfd3]::ops::function::FnOnce<()>>::call_once
[INFO] [stdout]   14:     0x56dc3e10f46b - test[9d35eded1c95d3be]::__rust_begin_short_backtrace::<core[df12db4294e9bfd3]::result::Result<(), alloc[2182bb758b4b3781]::string::String>, fn() -> core[df12db4294e9bfd3]::result::Result<(), alloc[2182bb758b4b3781]::string::String>>
[INFO] [stdout]   15:     0x56dc3e11cad5 - test[9d35eded1c95d3be]::run_test::{closure#0}
[INFO] [stdout]   16:     0x56dc3e116394 - std[70759c8f55707aa4]::sys::backtrace::__rust_begin_short_backtrace::<test[9d35eded1c95d3be]::run_test::{closure#1}, ()>
[INFO] [stdout]   17:     0x56dc3e11fc32 - <std[70759c8f55707aa4]::thread::lifecycle::spawn_unchecked<test[9d35eded1c95d3be]::run_test::{closure#1}, ()>::{closure#1} as core[df12db4294e9bfd3]::ops::function::FnOnce<()>>::call_once::{shim:vtable#0}
[INFO] [stdout]   18:     0x56dc3e2a7329 - <std[70759c8f55707aa4]::sys::thread::unix::Thread>::new::thread_start
[INFO] [stdout]   19:     0x7e78255a1dfa - <unknown>
[INFO] [stdout]   20:     0x7e78256353d4 - clone
[INFO] [stdout]   21:                0x0 - <unknown>
[INFO] [stdout] 
[INFO] [stdout] ---- dylint stdout ----
[INFO] [stdout] 
[INFO] [stdout] thread 'dylint' (1242) panicked at tests/ci.rs:34:10:
[INFO] [stdout] Unexpected failure.
[INFO] [stdout] code=101
[INFO] [stdout] stderr=``````
[INFO] [stdout] error: no such command: `dylint`
[INFO] [stdout] 
[INFO] [stdout] help: view all installed commands with `cargo --list`
[INFO] [stdout] help: find a package to install `dylint` with `cargo search cargo-dylint`
[INFO] [stdout] ```
[INFO] [stdout] ```
[INFO] [stdout] command=`DYLINT_RUSTFLAGS="--deny warnings" "cargo" "dylint" "--all" "--" "--all-targets"`
[INFO] [stdout] code=101
[INFO] [stdout] stdout=""
[INFO] [stdout] stderr=```
[INFO] [stdout] error: no such command: `dylint`
[INFO] [stdout] 
[INFO] [stdout] help: view all installed commands with `cargo --list`
[INFO] [stdout] help: find a package to install `dylint` with `cargo search cargo-dylint`
[INFO] [stdout] ```
[INFO] [stdout] 
[INFO] [stdout] 
[INFO] [stdout] stack backtrace:
[INFO] [stdout]    0:     0x56dc3e2a8031 - <<std[70759c8f55707aa4]::sys::backtrace::BacktraceLock>::print::DisplayBacktrace as core[df12db4294e9bfd3]::fmt::Display>::fmt
[INFO] [stdout]    1:     0x56dc3e2befda - core[df12db4294e9bfd3]::fmt::write
[INFO] [stdout]    2:     0x56dc3e2ad9bc - <alloc[2182bb758b4b3781]::vec::Vec<u8> as core[df12db4294e9bfd3]::io::write::Write>::write_fmt
[INFO] [stdout]    3:     0x56dc3e2829c6 - std[70759c8f55707aa4]::panicking::default_hook::{closure#0}
[INFO] [stdout]    4:     0x56dc3e29faa9 - std[70759c8f55707aa4]::panicking::default_hook
[INFO] [stdout]    5:     0x56dc3e11c180 - test[9d35eded1c95d3be]::test_main_inner::<test[9d35eded1c95d3be]::test_main_static::{closure#0}>::{closure#0}
[INFO] [stdout]    6:     0x56dc3e29fc62 - std[70759c8f55707aa4]::panicking::panic_with_hook
[INFO] [stdout]    7:     0x56dc3e282a72 - std[70759c8f55707aa4]::panicking::panic_handler::{closure#0}
[INFO] [stdout]    8:     0x56dc3e27b549 - std[70759c8f55707aa4]::sys::backtrace::__rust_end_short_backtrace::<std[70759c8f55707aa4]::panicking::panic_handler::{closure#0}, !>
[INFO] [stdout]    9:     0x56dc3e28366d - __rustc[8fa7c3cbc660c2b3]::rust_begin_unwind
[INFO] [stdout]   10:     0x56dc3e2bf7bc - core[df12db4294e9bfd3]::panicking::panic_fmt
[INFO] [stdout]   11:     0x56dc3e1a5bbf - <assert_cmd[ddbb9efe840ee3ec]::assert::AssertError>::panic::<assert_cmd[ddbb9efe840ee3ec]::assert::Assert>
[INFO] [stdout]   12:     0x56dc3e1a5ec9 - <assert_cmd[ddbb9efe840ee3ec]::assert::Assert>::success
[INFO] [stdout]   13:     0x56dc3e101c92 - <ci[366d146ee6b7d52b]::dylint::{closure#0} as core[df12db4294e9bfd3]::ops::function::FnOnce<()>>::call_once
[INFO] [stdout]   14:     0x56dc3e10f46b - test[9d35eded1c95d3be]::__rust_begin_short_backtrace::<core[df12db4294e9bfd3]::result::Result<(), alloc[2182bb758b4b3781]::string::String>, fn() -> core[df12db4294e9bfd3]::result::Result<(), alloc[2182bb758b4b3781]::string::String>>
[INFO] [stdout]   15:     0x56dc3e11cad5 - test[9d35eded1c95d3be]::run_test::{closure#0}
[INFO] [stdout]   16:     0x56dc3e116394 - std[70759c8f55707aa4]::sys::backtrace::__rust_begin_short_backtrace::<test[9d35eded1c95d3be]::run_test::{closure#1}, ()>
[INFO] [stdout]   17:     0x56dc3e11fc32 - <std[70759c8f55707aa4]::thread::lifecycle::spawn_unchecked<test[9d35eded1c95d3be]::run_test::{closure#1}, ()>::{closure#1} as core[df12db4294e9bfd3]::ops::function::FnOnce<()>>::call_once::{shim:vtable#0}
[INFO] [stdout]   18:     0x56dc3e2a7329 - <std[70759c8f55707aa4]::sys::thread::unix::Thread>::new::thread_start
[INFO] [stdout]   19:     0x7e78255a1dfa - <unknown>
[INFO] [stdout]   20:     0x7e78256353d4 - clone
[INFO] [stdout]   21:                0x0 - <unknown>
[INFO] [stdout] 
[INFO] [stdout] ---- supply_chain stdout ----
[INFO] [stdout] 
[INFO] [stdout] thread 'supply_chain' (1246) panicked at tests/ci.rs:104:35:
[INFO] [stdout] Unexpected failure.
[INFO] [stdout] code=101
[INFO] [stdout] stderr=``````
[INFO] [stdout] error: no such command: `supply-chain`
[INFO] [stdout] 
[INFO] [stdout] help: view all installed commands with `cargo --list`
[INFO] [stdout] help: find a package to install `supply-chain` with `cargo search cargo-supply-chain`
[INFO] [stdout] ```
[INFO] [stdout] ```
[INFO] [stdout] command=`"cargo" "supply-chain" "json" "--no-dev"`
[INFO] [stdout] code=101
[INFO] [stdout] stdout=""
[INFO] [stdout] stderr=```
[INFO] [stdout] error: no such command: `supply-chain`
[INFO] [stdout] 
[INFO] [stdout] help: view all installed commands with `cargo --list`
[INFO] [stdout] help: find a package to install `supply-chain` with `cargo search cargo-supply-chain`
[INFO] [stdout] ```
[INFO] [stdout] 
[INFO] [stdout] 
[INFO] [stdout] stack backtrace:
[INFO] [stdout]    0:     0x56dc3e2a8031 - <<std[70759c8f55707aa4]::sys::backtrace::BacktraceLock>::print::DisplayBacktrace as core[df12db4294e9bfd3]::fmt::Display>::fmt
[INFO] [stdout]    1:     0x56dc3e2befda - core[df12db4294e9bfd3]::fmt::write
[INFO] [stdout]    2:     0x56dc3e2ad9bc - <alloc[2182bb758b4b3781]::vec::Vec<u8> as core[df12db4294e9bfd3]::io::write::Write>::write_fmt
[INFO] [stdout]    3:     0x56dc3e2829c6 - std[70759c8f55707aa4]::panicking::default_hook::{closure#0}
[INFO] [stdout]    4:     0x56dc3e29faa9 - std[70759c8f55707aa4]::panicking::default_hook
[INFO] [stdout]    5:     0x56dc3e11c180 - test[9d35eded1c95d3be]::test_main_inner::<test[9d35eded1c95d3be]::test_main_static::{closure#0}>::{closure#0}
[INFO] [stdout]    6:     0x56dc3e29fc62 - std[70759c8f55707aa4]::panicking::panic_with_hook
[INFO] [stdout]    7:     0x56dc3e282a72 - std[70759c8f55707aa4]::panicking::panic_handler::{closure#0}
[INFO] [stdout]    8:     0x56dc3e27b549 - std[70759c8f55707aa4]::sys::backtrace::__rust_end_short_backtrace::<std[70759c8f55707aa4]::panicking::panic_handler::{closure#0}, !>
[INFO] [stdout]    9:     0x56dc3e28366d - __rustc[8fa7c3cbc660c2b3]::rust_begin_unwind
[INFO] [stdout]   10:     0x56dc3e2bf7bc - core[df12db4294e9bfd3]::panicking::panic_fmt
[INFO] [stdout]   11:     0x56dc3e1a5bbf - <assert_cmd[ddbb9efe840ee3ec]::assert::AssertError>::panic::<assert_cmd[ddbb9efe840ee3ec]::assert::Assert>
[INFO] [stdout]   12:     0x56dc3e1a5ec9 - <assert_cmd[ddbb9efe840ee3ec]::assert::Assert>::success
[INFO] [stdout]   13:     0x56dc3e0ff0a2 - <ci[366d146ee6b7d52b]::supply_chain::{closure#0} as core[df12db4294e9bfd3]::ops::function::FnOnce<()>>::call_once
[INFO] [stdout]   14:     0x56dc3e10f46b - test[9d35eded1c95d3be]::__rust_begin_short_backtrace::<core[df12db4294e9bfd3]::result::Result<(), alloc[2182bb758b4b3781]::string::String>, fn() -> core[df12db4294e9bfd3]::result::Result<(), alloc[2182bb758b4b3781]::string::String>>
[INFO] [stdout]   15:     0x56dc3e11cad5 - test[9d35eded1c95d3be]::run_test::{closure#0}
[INFO] [stdout]   16:     0x56dc3e116394 - std[70759c8f55707aa4]::sys::backtrace::__rust_begin_short_backtrace::<test[9d35eded1c95d3be]::run_test::{closure#1}, ()>
[INFO] [stdout]   17:     0x56dc3e11fc32 - <std[70759c8f55707aa4]::thread::lifecycle::spawn_unchecked<test[9d35eded1c95d3be]::run_test::{closure#1}, ()>::{closure#1} as core[df12db4294e9bfd3]::ops::function::FnOnce<()>>::call_once::{shim:vtable#0}
[INFO] [stdout]   18:     0x56dc3e2a7329 - <std[70759c8f55707aa4]::sys::thread::unix::Thread>::new::thread_start
[INFO] [stdout]   19:     0x7e78255a1dfa - <unknown>
[INFO] [stdout]   20:     0x7e78256353d4 - clone
[INFO] [stdout]   21:                0x0 - <unknown>
[INFO] [stdout] 
[INFO] [stdout] 
[INFO] [stdout] failures:
[INFO] [stdout]     clippy
[INFO] [stdout]     dylint
[INFO] [stdout]     markdown_link_check
[INFO] [stdout]     supply_chain
[INFO] [stdout] 
[INFO] [stdout] test result: FAILED. 2 passed; 4 failed; 0 ignored; 0 measured; 0 filtered out; finished in 0.09s
[INFO] [stdout] 
[INFO] running `Command { std: "docker" "inspect" "ac34938c9fe808d44e87d5168b0de55b2529feb7fc7df3184082c7107765ce40", kill_on_drop: false }`
[INFO] running `Command { std: "docker" "rm" "-f" "ac34938c9fe808d44e87d5168b0de55b2529feb7fc7df3184082c7107765ce40", kill_on_drop: false }`
[INFO] [stdout] ac34938c9fe808d44e87d5168b0de55b2529feb7fc7df3184082c7107765ce40
