[INFO] fetching crate meteroid-utoipa-scalar 0.3.0...
[INFO] testing meteroid-utoipa-scalar-0.3.0 against 1.100.0-beta.1+cargoflags=--release for beta-release-1.100-2
[INFO] extracting crate meteroid-utoipa-scalar 0.3.0 into /workspace/builds/worker-0-tc2/source
[INFO] started tweaking crates.io crate meteroid-utoipa-scalar 0.3.0
[INFO] finished tweaking crates.io crate meteroid-utoipa-scalar 0.3.0
[INFO] tweaked toml for crates.io crate meteroid-utoipa-scalar 0.3.0 written to /workspace/builds/worker-0-tc2/source/Cargo.toml
[INFO] validating manifest of crates.io crate meteroid-utoipa-scalar 0.3.0 on toolchain 1.100.0-beta.1
[INFO] running `Command { std: CARGO_HOME="/workspace/cargo-home" RUSTUP_HOME="/workspace/rustup-home" "/workspace/cargo-home/bin/cargo" "+1.100.0-beta.1" "metadata" "--manifest-path" "Cargo.toml" "--no-deps", kill_on_drop: false }`
[INFO] crate crates.io crate meteroid-utoipa-scalar 0.3.0 already has a lockfile, it will not be regenerated
[INFO] running `Command { std: CARGO_HOME="/workspace/cargo-home" RUSTUP_HOME="/workspace/rustup-home" "/workspace/cargo-home/bin/cargo" "+1.100.0-beta.1" "fetch" "--manifest-path" "Cargo.toml", kill_on_drop: false }`
[INFO] running `Command { std: "docker" "create" "-v" "/var/lib/crater-agent-workspace/builds/worker-0-tc2/source:/opt/rustwide/workdir:ro,Z" "-v" "/var/lib/crater-agent-workspace/builds/worker-0-tc2/target:/opt/rustwide/target:rw,Z" "-v" "/var/lib/crater-agent-workspace/cargo-home:/opt/rustwide/cargo-home:ro,Z" "-v" "/var/lib/crater-agent-workspace/rustup-home:/opt/rustwide/rustup-home:ro,Z" "-m" "1610612736" "--network" "none" "ghcr.io/rust-lang/crates-build-env/linux@sha256:77db811e55d90add9212f6832c23229e3de5f1c1f9905e8cb07319ea15df73ac" "sleep" "infinity", kill_on_drop: false }`
[INFO] [stdout] 5be136641a922635ad349e22d8d8180f7f88f6d89340150b29ac4a3b93d8fe04
[INFO] running `Command { std: "docker" "start" "5be136641a922635ad349e22d8d8180f7f88f6d89340150b29ac4a3b93d8fe04", kill_on_drop: false }`
[INFO] running `Command { std: "docker" "inspect" "5be136641a922635ad349e22d8d8180f7f88f6d89340150b29ac4a3b93d8fe04", kill_on_drop: false }`
[INFO] running `Command { std: "docker" "exec" "-e" "SOURCE_DIR=/opt/rustwide/workdir" "-e" "CARGO_HOME=/opt/rustwide/cargo-home" "-e" "RUSTUP_HOME=/opt/rustwide/rustup-home" "-e" "CARGO_TARGET_DIR=/opt/rustwide/target" "-w" "/opt/rustwide/workdir" "--user" "0:0" "5be136641a922635ad349e22d8d8180f7f88f6d89340150b29ac4a3b93d8fe04" "/opt/rustwide/cargo-home/bin/cargo" "+1.100.0-beta.1" "metadata" "--no-deps" "--format-version=1", kill_on_drop: false }`
[INFO] running `Command { std: "docker" "inspect" "5be136641a922635ad349e22d8d8180f7f88f6d89340150b29ac4a3b93d8fe04", kill_on_drop: false }`
[INFO] running `Command { std: "docker" "exec" "-e" "SOURCE_DIR=/opt/rustwide/workdir" "-e" "CARGO_HOME=/opt/rustwide/cargo-home" "-e" "RUSTUP_HOME=/opt/rustwide/rustup-home" "-e" "CARGO_TARGET_DIR=/opt/rustwide/target" "-e" "CARGO_INCREMENTAL=0" "-e" "RUST_BACKTRACE=full" "-e" "RUSTFLAGS=--cap-lints=warn" "-e" "RUSTDOCFLAGS=--cap-lints=warn" "-w" "/opt/rustwide/workdir" "--user" "0:0" "5be136641a922635ad349e22d8d8180f7f88f6d89340150b29ac4a3b93d8fe04" "/opt/rustwide/cargo-home/bin/cargo" "+1.100.0-beta.1" "build" "--frozen" "--message-format=json" "--release", kill_on_drop: false }`
[INFO] [stderr]    Compiling memchr v2.8.2
[INFO] [stderr]    Compiling syn v2.0.118
[INFO] [stderr]    Compiling indexmap v2.14.0
[INFO] [stderr]    Compiling serde_json v1.0.150
[INFO] [stderr]    Compiling serde_derive v1.0.228
[INFO] [stderr]    Compiling meteroid-utoipa-gen v5.6.0
[INFO] [stderr]    Compiling serde v1.0.228
[INFO] [stderr]    Compiling meteroid-utoipa v5.6.0
[INFO] [stderr]    Compiling meteroid-utoipa-scalar v0.3.0 (/opt/rustwide/workdir)
[INFO] [stderr]     Finished `release` profile [optimized] target(s) in 21.55s
[INFO] running `Command { std: "docker" "inspect" "5be136641a922635ad349e22d8d8180f7f88f6d89340150b29ac4a3b93d8fe04", kill_on_drop: false }`
[INFO] running `Command { std: "docker" "exec" "-e" "SOURCE_DIR=/opt/rustwide/workdir" "-e" "CARGO_HOME=/opt/rustwide/cargo-home" "-e" "RUSTUP_HOME=/opt/rustwide/rustup-home" "-e" "CARGO_TARGET_DIR=/opt/rustwide/target" "-e" "CARGO_INCREMENTAL=0" "-e" "RUST_BACKTRACE=full" "-e" "RUSTFLAGS=--cap-lints=warn" "-e" "RUSTDOCFLAGS=--cap-lints=warn" "-w" "/opt/rustwide/workdir" "--user" "0:0" "5be136641a922635ad349e22d8d8180f7f88f6d89340150b29ac4a3b93d8fe04" "/opt/rustwide/cargo-home/bin/cargo" "+1.100.0-beta.1" "test" "--frozen" "--no-run" "--message-format=json" "--release", kill_on_drop: false }`
[INFO] [stderr]    Compiling meteroid-utoipa-scalar v0.3.0 (/opt/rustwide/workdir)
[INFO] [stderr]     Finished `release` profile [optimized] target(s) in 0.24s
[INFO] running `Command { std: "docker" "inspect" "5be136641a922635ad349e22d8d8180f7f88f6d89340150b29ac4a3b93d8fe04", kill_on_drop: false }`
[INFO] running `Command { std: "docker" "exec" "-e" "SOURCE_DIR=/opt/rustwide/workdir" "-e" "CARGO_HOME=/opt/rustwide/cargo-home" "-e" "RUSTUP_HOME=/opt/rustwide/rustup-home" "-e" "CARGO_TARGET_DIR=/opt/rustwide/target" "-e" "CARGO_INCREMENTAL=0" "-e" "RUST_BACKTRACE=full" "-e" "RUSTFLAGS=--cap-lints=warn" "-e" "RUSTDOCFLAGS=--cap-lints=warn" "-w" "/opt/rustwide/workdir" "--user" "0:0" "5be136641a922635ad349e22d8d8180f7f88f6d89340150b29ac4a3b93d8fe04" "/opt/rustwide/cargo-home/bin/cargo" "+1.100.0-beta.1" "test" "--frozen" "--release", kill_on_drop: false }`
[INFO] [stderr]     Finished `release` profile [optimized] target(s) in 0.11s
[INFO] [stderr]      Running unittests src/lib.rs (/opt/rustwide/target/release/build/meteroid-utoipa-scalar/ae193a4caa030400/out/utoipa_scalar-ae193a4caa030400)
[INFO] [stdout] 
[INFO] [stdout] running 0 tests
[INFO] [stdout] 
[INFO] [stdout] test result: ok. 0 passed; 0 failed; 0 ignored; 0 measured; 0 filtered out; finished in 0.00s
[INFO] [stdout] 
[INFO] [stderr]    Doc-tests utoipa_scalar
[INFO] [stdout] 
[INFO] [stdout] running 10 tests
[INFO] [stdout] test src/lib.rs - Spec (line 290) - compile ... ok
[INFO] [stdout] test src/lib.rs - (line 89) - compile ... FAILED
[INFO] [stdout] test src/lib.rs - (line 102) - compile ... FAILED
[INFO] [stdout] test src/lib.rs - (line 118) - compile ... FAILED
[INFO] [stdout] test src/lib.rs - Scalar<S>::new (line 219) ... ok
[INFO] [stdout] test src/lib.rs - Spec (line 298) ... ok
[INFO] [stdout] test src/lib.rs - (line 137) ... ok
[INFO] [stdout] test src/lib.rs - Scalar<S>::title (line 266) ... ok
[INFO] [stdout] test src/lib.rs - (line 75) ... ok
[INFO] [stdout] test src/lib.rs - (line 40) ... ok
[INFO] [stderr] error: doctest failed, to rerun pass `--doc`
[INFO] [stdout] 
[INFO] [stdout] failures:
[INFO] [stdout] 
[INFO] [stdout] ---- src/lib.rs - (line 89) stdout ----
[INFO] [stdout] error[E0432]: unresolved import `utoipa_scalar::Servable`
[INFO] [stdout]    --> src/lib.rs:92:29
[INFO] [stdout]     |
[INFO] [stdout]  92 | use utoipa_scalar::{Scalar, Servable};
[INFO] [stdout]     |                             ^^^^^^^^ no `Servable` in the root
[INFO] [stdout]     |
[INFO] [stdout] note: found an item that was configured out
[INFO] [stdout]    --> src/lib.rs:173:11
[INFO] [stdout]     |
[INFO] [stdout] 168 | #[cfg(any(feature = "actix-web", feature = "rocket", feature = "axum"))]
[INFO] [stdout]     |          ------------------------------------------------------------- the item is gated here
[INFO] [stdout] ...
[INFO] [stdout] 173 | pub trait Servable<S>
[INFO] [stdout]     |           ^^^^^^^^
[INFO] [stdout] 
[INFO] [stdout] error[E0432]: unresolved import `actix_web`
[INFO] [stdout]   --> src/lib.rs:91:5
[INFO] [stdout]    |
[INFO] [stdout] 91 | use actix_web::App;
[INFO] [stdout]    |     ^^^^^^^^^ use of unresolved module or unlinked crate `actix_web`
[INFO] [stdout]    |
[INFO] [stdout]    = help: if you wanted to use a crate named `actix_web`, use `cargo add actix_web` to add it to your `Cargo.toml`
[INFO] [stdout] 
[INFO] [stdout] error[E0599]: no associated function or constant named `with_url` found for struct `Scalar<S>` in the current scope
[INFO] [stdout]    --> src/lib.rs:99:28
[INFO] [stdout]     |
[INFO] [stdout]  99 | App::new().service(Scalar::with_url("/scalar", ApiDoc::openapi()));
[INFO] [stdout]     |                            ^^^^^^^^ associated function or constant not found in `Scalar<_>`
[INFO] [stdout]     |
[INFO] [stdout] note: if you're trying to build a new `Scalar<_>`, consider using `Scalar::<S>::new` which returns `Scalar<_>`
[INFO] [stdout]    --> src/lib.rs:224:5
[INFO] [stdout]     |
[INFO] [stdout] 224 |     pub fn new(openapi: S) -> Self {
[INFO] [stdout]     |     ^^^^^^^^^^^^^^^^^^^^^^^^^^^^^^
[INFO] [stdout] 
[INFO] [stdout] error: aborting due to 3 previous errors
[INFO] [stdout] 
[INFO] [stdout] Some errors have detailed explanations: E0432, E0599.
[INFO] [stdout] For more information about an error, try `rustc --explain E0432`.
[INFO] [stdout] Couldn't compile the test.
[INFO] [stdout] ---- src/lib.rs - (line 102) stdout ----
[INFO] [stdout] error[E0432]: unresolved import `utoipa_scalar::Servable`
[INFO] [stdout]    --> src/lib.rs:105:29
[INFO] [stdout]     |
[INFO] [stdout] 105 | use utoipa_scalar::{Scalar, Servable};
[INFO] [stdout]     |                             ^^^^^^^^ no `Servable` in the root
[INFO] [stdout]     |
[INFO] [stdout] note: found an item that was configured out
[INFO] [stdout]    --> src/lib.rs:173:11
[INFO] [stdout]     |
[INFO] [stdout] 168 | #[cfg(any(feature = "actix-web", feature = "rocket", feature = "axum"))]
[INFO] [stdout]     |          ------------------------------------------------------------- the item is gated here
[INFO] [stdout] ...
[INFO] [stdout] 173 | pub trait Servable<S>
[INFO] [stdout]     |           ^^^^^^^^
[INFO] [stdout] 
[INFO] [stdout] error[E0432]: unresolved import `rocket`
[INFO] [stdout]    --> src/lib.rs:104:5
[INFO] [stdout]     |
[INFO] [stdout] 104 | use rocket;
[INFO] [stdout]     |     ^^^^^^ no external crate `rocket`
[INFO] [stdout] 
[INFO] [stdout] error[E0599]: no associated function or constant named `with_url` found for struct `Scalar<S>` in the current scope
[INFO] [stdout]    --> src/lib.rs:114:17
[INFO] [stdout]     |
[INFO] [stdout] 114 |         Scalar::with_url("/scalar", ApiDoc::openapi()),
[INFO] [stdout]     |                 ^^^^^^^^ associated function or constant not found in `Scalar<_>`
[INFO] [stdout]     |
[INFO] [stdout] note: if you're trying to build a new `Scalar<_>`, consider using `Scalar::<S>::new` which returns `Scalar<_>`
[INFO] [stdout]    --> src/lib.rs:224:5
[INFO] [stdout]     |
[INFO] [stdout] 224 |     pub fn new(openapi: S) -> Self {
[INFO] [stdout]     |     ^^^^^^^^^^^^^^^^^^^^^^^^^^^^^^
[INFO] [stdout] 
[INFO] [stdout] error: aborting due to 3 previous errors
[INFO] [stdout] 
[INFO] [stdout] Some errors have detailed explanations: E0432, E0599.
[INFO] [stdout] For more information about an error, try `rustc --explain E0432`.
[INFO] [stdout] Couldn't compile the test.
[INFO] [stdout] ---- src/lib.rs - (line 118) stdout ----
[INFO] [stdout] error[E0432]: unresolved import `utoipa_scalar::Servable`
[INFO] [stdout]    --> src/lib.rs:121:29
[INFO] [stdout]     |
[INFO] [stdout] 121 | use utoipa_scalar::{Scalar, Servable};
[INFO] [stdout]     |                             ^^^^^^^^ no `Servable` in the root
[INFO] [stdout]     |
[INFO] [stdout] note: found an item that was configured out
[INFO] [stdout]    --> src/lib.rs:173:11
[INFO] [stdout]     |
[INFO] [stdout] 168 | #[cfg(any(feature = "actix-web", feature = "rocket", feature = "axum"))]
[INFO] [stdout]     |          ------------------------------------------------------------- the item is gated here
[INFO] [stdout] ...
[INFO] [stdout] 173 | pub trait Servable<S>
[INFO] [stdout]     |           ^^^^^^^^
[INFO] [stdout] 
[INFO] [stdout] error[E0432]: unresolved import `axum`
[INFO] [stdout]    --> src/lib.rs:120:5
[INFO] [stdout]     |
[INFO] [stdout] 120 | use axum::Router;
[INFO] [stdout]     |     ^^^^ use of unresolved module or unlinked crate `axum`
[INFO] [stdout]     |
[INFO] [stdout] help: to make use of source file src/axum.rs, use `mod axum` in this file to declare the module
[INFO] [stdout]     |
[INFO] [stdout] 117 + mod axum;
[INFO] [stdout]     |
[INFO] [stdout] 
[INFO] [stdout] error[E0599]: no associated function or constant named `with_url` found for struct `Scalar<S>` in the current scope
[INFO] [stdout]    --> src/lib.rs:133:20
[INFO] [stdout]     |
[INFO] [stdout] 133 |     .merge(Scalar::with_url("/scalar", ApiDoc::openapi()));
[INFO] [stdout]     |                    ^^^^^^^^ associated function or constant not found in `Scalar<_>`
[INFO] [stdout]     |
[INFO] [stdout] note: if you're trying to build a new `Scalar<_>`, consider using `Scalar::<S>::new` which returns `Scalar<_>`
[INFO] [stdout]    --> src/lib.rs:224:5
[INFO] [stdout]     |
[INFO] [stdout] 224 |     pub fn new(openapi: S) -> Self {
[INFO] [stdout]     |     ^^^^^^^^^^^^^^^^^^^^^^^^^^^^^^
[INFO] [stdout] 
[INFO] [stdout] error: aborting due to 3 previous errors
[INFO] [stdout] 
[INFO] [stdout] Some errors have detailed explanations: E0432, E0599.
[INFO] [stdout] For more information about an error, try `rustc --explain E0432`.
[INFO] [stdout] Couldn't compile the test.
[INFO] [stdout] 
[INFO] [stdout] failures:
[INFO] [stdout]     src/lib.rs - (line 102)
[INFO] [stdout]     src/lib.rs - (line 118)
[INFO] [stdout]     src/lib.rs - (line 89)
[INFO] [stdout] 
[INFO] [stdout] test result: FAILED. 7 passed; 3 failed; 0 ignored; 0 measured; 0 filtered out; finished in 1.40s
[INFO] [stdout] 
[INFO] running `Command { std: "docker" "inspect" "5be136641a922635ad349e22d8d8180f7f88f6d89340150b29ac4a3b93d8fe04", kill_on_drop: false }`
[INFO] running `Command { std: "docker" "rm" "-f" "5be136641a922635ad349e22d8d8180f7f88f6d89340150b29ac4a3b93d8fe04", kill_on_drop: false }`
[INFO] [stdout] 5be136641a922635ad349e22d8d8180f7f88f6d89340150b29ac4a3b93d8fe04
