[INFO] fetching crate messrust 0.1.0...
[INFO] testing messrust-0.1.0 against 1.99.0-beta.8+cargoflags=--release for beta-release-1.100-2
[INFO] extracting crate messrust 0.1.0 into /workspace/builds/worker-4-tc1/source
[INFO] started tweaking crates.io crate messrust 0.1.0
[INFO] removed 0 missing tests
[INFO] finished tweaking crates.io crate messrust 0.1.0
[INFO] tweaked toml for crates.io crate messrust 0.1.0 written to /workspace/builds/worker-4-tc1/source/Cargo.toml
[INFO] validating manifest of crates.io crate messrust 0.1.0 on toolchain 1.99.0-beta.8
[INFO] running `Command { std: CARGO_HOME="/workspace/cargo-home" RUSTUP_HOME="/workspace/rustup-home" "/workspace/cargo-home/bin/cargo" "+1.99.0-beta.8" "metadata" "--manifest-path" "Cargo.toml" "--no-deps", kill_on_drop: false }`
[INFO] crate crates.io crate messrust 0.1.0 already has a lockfile, it will not be regenerated
[INFO] running `Command { std: CARGO_HOME="/workspace/cargo-home" RUSTUP_HOME="/workspace/rustup-home" "/workspace/cargo-home/bin/cargo" "+1.99.0-beta.8" "fetch" "--manifest-path" "Cargo.toml", kill_on_drop: false }`
[INFO] [stderr]  Downloading crates ...
[INFO] [stderr]   Downloaded roxmltree v0.20.0
[INFO] running `Command { std: "docker" "create" "-v" "/var/lib/crater-agent-workspace/builds/worker-4-tc1/source:/opt/rustwide/workdir:ro,Z" "-v" "/var/lib/crater-agent-workspace/builds/worker-4-tc1/target:/opt/rustwide/target:rw,Z" "-v" "/var/lib/crater-agent-workspace/cargo-home:/opt/rustwide/cargo-home:ro,Z" "-v" "/var/lib/crater-agent-workspace/rustup-home:/opt/rustwide/rustup-home:ro,Z" "-m" "1610612736" "--network" "none" "ghcr.io/rust-lang/crates-build-env/linux@sha256:77db811e55d90add9212f6832c23229e3de5f1c1f9905e8cb07319ea15df73ac" "sleep" "infinity", kill_on_drop: false }`
[INFO] [stdout] 87398a6cd807588beee6783bcef8d4b51af43a9a57db26bfa0844cfc3e6538b4
[INFO] running `Command { std: "docker" "start" "87398a6cd807588beee6783bcef8d4b51af43a9a57db26bfa0844cfc3e6538b4", kill_on_drop: false }`
[INFO] running `Command { std: "docker" "inspect" "87398a6cd807588beee6783bcef8d4b51af43a9a57db26bfa0844cfc3e6538b4", kill_on_drop: false }`
[INFO] running `Command { std: "docker" "exec" "-e" "SOURCE_DIR=/opt/rustwide/workdir" "-e" "CARGO_HOME=/opt/rustwide/cargo-home" "-e" "RUSTUP_HOME=/opt/rustwide/rustup-home" "-e" "CARGO_TARGET_DIR=/opt/rustwide/target" "-w" "/opt/rustwide/workdir" "--user" "0:0" "87398a6cd807588beee6783bcef8d4b51af43a9a57db26bfa0844cfc3e6538b4" "/opt/rustwide/cargo-home/bin/cargo" "+1.99.0-beta.8" "metadata" "--no-deps" "--format-version=1", kill_on_drop: false }`
[INFO] running `Command { std: "docker" "inspect" "87398a6cd807588beee6783bcef8d4b51af43a9a57db26bfa0844cfc3e6538b4", kill_on_drop: false }`
[INFO] running `Command { std: "docker" "exec" "-e" "SOURCE_DIR=/opt/rustwide/workdir" "-e" "CARGO_HOME=/opt/rustwide/cargo-home" "-e" "RUSTUP_HOME=/opt/rustwide/rustup-home" "-e" "CARGO_TARGET_DIR=/opt/rustwide/target" "-e" "CARGO_INCREMENTAL=0" "-e" "RUST_BACKTRACE=full" "-e" "RUSTFLAGS=--cap-lints=warn" "-e" "RUSTDOCFLAGS=--cap-lints=warn" "-w" "/opt/rustwide/workdir" "--user" "0:0" "87398a6cd807588beee6783bcef8d4b51af43a9a57db26bfa0844cfc3e6538b4" "/opt/rustwide/cargo-home/bin/cargo" "+1.99.0-beta.8" "build" "--frozen" "--message-format=json" "--release", kill_on_drop: false }`
[INFO] [stderr]    Compiling proc-macro2 v1.0.107
[INFO] [stderr]    Compiling unicode-ident v1.0.24
[INFO] [stderr]    Compiling aho-corasick v1.1.4
[INFO] [stderr]    Compiling quote v1.0.47
[INFO] [stderr]    Compiling serde_json v1.0.151
[INFO] [stderr]    Compiling roxmltree v0.20.0
[INFO] [stderr]    Compiling syn v2.0.119
[INFO] [stderr]    Compiling regex-automata v0.4.16
[INFO] [stderr]    Compiling regex v1.13.1
[INFO] [stderr]    Compiling messrust v0.1.0 (/opt/rustwide/workdir)
[INFO] [stderr]     Finished `release` profile [optimized] target(s) in 2m 13s
[INFO] running `Command { std: "docker" "inspect" "87398a6cd807588beee6783bcef8d4b51af43a9a57db26bfa0844cfc3e6538b4", kill_on_drop: false }`
[INFO] running `Command { std: "docker" "exec" "-e" "SOURCE_DIR=/opt/rustwide/workdir" "-e" "CARGO_HOME=/opt/rustwide/cargo-home" "-e" "RUSTUP_HOME=/opt/rustwide/rustup-home" "-e" "CARGO_TARGET_DIR=/opt/rustwide/target" "-e" "CARGO_INCREMENTAL=0" "-e" "RUST_BACKTRACE=full" "-e" "RUSTFLAGS=--cap-lints=warn" "-e" "RUSTDOCFLAGS=--cap-lints=warn" "-w" "/opt/rustwide/workdir" "--user" "0:0" "87398a6cd807588beee6783bcef8d4b51af43a9a57db26bfa0844cfc3e6538b4" "/opt/rustwide/cargo-home/bin/cargo" "+1.99.0-beta.8" "test" "--frozen" "--no-run" "--message-format=json" "--release", kill_on_drop: false }`
[INFO] [stderr]    Compiling libc v0.2.189
[INFO] [stderr]    Compiling getrandom v0.4.3
[INFO] [stderr]    Compiling tempfile v3.27.0
[INFO] [stderr]    Compiling messrust v0.1.0 (/opt/rustwide/workdir)
[INFO] [stderr]     Finished `release` profile [optimized] target(s) in 11.01s
[INFO] running `Command { std: "docker" "inspect" "87398a6cd807588beee6783bcef8d4b51af43a9a57db26bfa0844cfc3e6538b4", kill_on_drop: false }`
[INFO] running `Command { std: "docker" "exec" "-e" "SOURCE_DIR=/opt/rustwide/workdir" "-e" "CARGO_HOME=/opt/rustwide/cargo-home" "-e" "RUSTUP_HOME=/opt/rustwide/rustup-home" "-e" "CARGO_TARGET_DIR=/opt/rustwide/target" "-e" "CARGO_INCREMENTAL=0" "-e" "RUST_BACKTRACE=full" "-e" "RUSTFLAGS=--cap-lints=warn" "-e" "RUSTDOCFLAGS=--cap-lints=warn" "-w" "/opt/rustwide/workdir" "--user" "0:0" "87398a6cd807588beee6783bcef8d4b51af43a9a57db26bfa0844cfc3e6538b4" "/opt/rustwide/cargo-home/bin/cargo" "+1.99.0-beta.8" "test" "--frozen" "--release", kill_on_drop: false }`
[INFO] [stderr]     Finished `release` profile [optimized] target(s) in 0.04s
[INFO] [stderr]      Running unittests src/lib.rs (/opt/rustwide/target/release/deps/messrust-ee342af3bf046fa2)
[INFO] [stdout] 
[INFO] [stdout] running 3 tests
[INFO] [stdout] test suppressions::tests::ignores_directive_text_in_strings_and_accepts_block_comments ... ok
[INFO] [stdout] test suppressions::tests::keeps_line_numbers_after_multiline_strings_and_rejects_bad_commands ... ok
[INFO] [stdout] test suppressions::tests::supports_next_line_regions_and_case_insensitive_names ... ok
[INFO] [stdout] 
[INFO] [stdout] test result: ok. 3 passed; 0 failed; 0 ignored; 0 measured; 0 filtered out; finished in 0.02s
[INFO] [stdout] 
[INFO] [stderr]      Running unittests src/main.rs (/opt/rustwide/target/release/deps/messrust-231909d954fe176a)
[INFO] [stdout] 
[INFO] [stdout] running 0 tests
[INFO] [stdout] 
[INFO] [stdout] test result: ok. 0 passed; 0 failed; 0 ignored; 0 measured; 0 filtered out; finished in 0.00s
[INFO] [stdout] 
[INFO] [stderr]      Running tests/cleancode.rs (/opt/rustwide/target/release/deps/cleancode-07a4d0e9a78a7c94)
[INFO] [stdout] 
[INFO] [stdout] running 14 tests
[INFO] [stdout] test all_cleancode_rules_load_without_verbose_skips ... ok
[INFO] [stdout] test duplicated_array_key_reports_duplicate_struct_fields ... ok
[INFO] [stdout] test boolean_argument_flag_honours_exceptions_and_ignorepattern ... ok
[INFO] [stdout] test boolean_argument_flag_reports_bool_param ... ok
[INFO] [stdout] test else_expression_reports_terminal_else ... ok
[INFO] [stdout] test else_expression_reports_terminal_else_but_not_else_if_only_chains ... ok
[INFO] [stdout] test duplicated_array_key_allows_unique_fields ... ok
[INFO] [stdout] test boolean_argument_flag_skips_underscore_and_non_bool ... ok
[INFO] [stdout] test static_access_reports_other_type_path_call ... ok
[INFO] [stdout] test if_statement_assignment_allows_if_let ... ok
[INFO] [stdout] test static_access_allows_self_path_and_exceptions ... ok
[INFO] [stdout] test if_statement_assignment_reports_assign_in_condition ... ok
[INFO] [stdout] test static_access_honours_ignorepattern ... ok
[INFO] [stdout] test if_statement_assignment_reports_assign_in_while_condition ... ok
[INFO] [stdout] 
[INFO] [stdout] test result: ok. 14 passed; 0 failed; 0 ignored; 0 measured; 0 filtered out; finished in 0.01s
[INFO] [stdout] 
[INFO] [stderr]      Running tests/cli.rs (/opt/rustwide/target/release/deps/cli-e10e15b6d78a8045)
[INFO] [stdout] 
[INFO] [stdout] running 37 tests
[INFO] [stdout] test both_ignore_flags_with_errors_and_violations_exits_zero ... ok
[INFO] [stdout] test ansi_always_colors_rule_name_and_message ... ok
[INFO] [stdout] test color_flag_colorizes_text_output ... ok
[INFO] [stdout] test discovery_is_deterministic_path_order ... ok
[INFO] [stdout] test component_ruleset_names_load_without_error ... ok
[INFO] [stdout] test disable_removes_named_loaded_rule ... ok
[INFO] [stdout] test all_family_formats_render_and_reportfile_works ... ok
[INFO] [stdout] test directive_text_in_a_string_does_not_suppress_a_finding ... ok
[INFO] [stdout] test clean_fixture_exits_zero ... ok
[INFO] [stdout] test excessive_parameter_list_fires_in_text_and_exits_two ... ok
[INFO] [stdout] test help_prints_usage_to_stdout_and_exits_zero ... ok
[INFO] [stdout] test ignore_errors_on_exit_keeps_error_report_but_exits_for_violations ... ok
[INFO] [stdout] test ignore_tests_skips_cfg_test_modules_inside_production_files ... ok
[INFO] [stdout] test enable_is_alias_for_only ... ok
[INFO] [stdout] test json_format_includes_family_fields_and_sorts_by_file_then_line ... ok
[INFO] [stdout] test ignore_violations_on_exit_keeps_report_but_exits_zero ... ok
[INFO] [stdout] test maximumpriority_drops_higher_priority_rules ... ok
[INFO] [stdout] test malformed_file_yields_processing_error_without_hiding_findings ... ok
[INFO] [stdout] test only_keeps_named_loaded_rule ... ok
[INFO] [stdout] test missing_positionals_exits_one ... ok
[INFO] [stdout] test reportfile_writes_report_and_leaves_stdout_empty ... ok
[INFO] [stdout] test method_violation_carries_class_and_method_context ... ok
[INFO] [stdout] test source_suppression_is_omitted_by_default ... ok
[INFO] [stdout] test rust_policy_allows_short_local_names_but_opinionated_policy_reports_them ... ok
[INFO] [stdout] test strict_source_suppression_keeps_finding_and_marks_it ... ok
[INFO] [stdout] test text_without_color_has_no_ansi ... ok
[INFO] [stdout] test unknown_option_exits_one ... ok
[INFO] [stdout] test minimumpriority_drops_lower_priority_rules ... ok
[INFO] [stdout] test unknown_ruleset_exits_one ... ok
[INFO] [stdout] test no_args_prints_usage_to_stderr_and_exits_one ... ok
[INFO] [stdout] test source_suppression_regions_can_be_reenabled ... ok
[INFO] [stdout] test version_prints_package_version_and_exits_zero ... ok
[INFO] [stdout] test unknown_filter_rule_names_exit_one ... ok
[INFO] [stdout] test unknown_format_exits_one ... ok
[INFO] [stdout] test discovery_skips_junk_dirs_and_honours_exclude_suffixes_ignore_tests ... ok
[INFO] [stdout] test verbose_prints_ruleset_load_diagnostics ... ok
[INFO] [stdout] test xml_ruleset_path_loads_refs_excludes_and_overrides ... ok
[INFO] [stdout] 
[INFO] [stdout] test result: ok. 37 passed; 0 failed; 0 ignored; 0 measured; 0 filtered out; finished in 0.05s
[INFO] [stdout] 
[INFO] [stderr]      Running tests/codesize.rs (/opt/rustwide/target/release/deps/codesize-96a3c31a552650a6)
[INFO] [stdout] 
[INFO] [stdout] running 14 tests
[INFO] [stdout] test codesize_fixture_fires_parameter_list_and_too_many_fields ... ok
[INFO] [stdout] test all_codesize_rules_load_without_verbose_skips ... ok
[INFO] [stdout] test npath_complexity_reference_reports_phpmd_npath_324 ... ok
[INFO] [stdout] test excessive_class_complexity_fires_on_high_wmc ... ok
[INFO] [stdout] test excessive_method_length_fires_on_long_function ... ok
[INFO] [stdout] test npath_complexity_eight_ifs_fires_at_256 ... ok
[INFO] [stdout] test too_many_fields_fires_above_fifteen ... ok
[INFO] [stdout] test too_many_fields_does_not_fire_at_fifteen ... ok
[INFO] [stdout] test too_many_methods_ignores_get_set_prefix ... ok
[INFO] [stdout] test too_many_public_methods_fires_above_ten ... ok
[INFO] [stdout] test cyclomatic_complexity_reference_reports_phpmd_ccn_12 ... ok
[INFO] [stdout] test too_many_methods_fires_above_twenty_five ... ok
[INFO] [stdout] test excessive_public_count_fires_at_threshold ... ok
[INFO] [stdout] test excessive_class_length_fires_on_long_struct_with_methods ... ok
[INFO] [stdout] 
[INFO] [stdout] test result: ok. 14 passed; 0 failed; 0 ignored; 0 measured; 0 filtered out; finished in 0.04s
[INFO] [stdout] 
[INFO] [stderr]      Running tests/controversial.rs (/opt/rustwide/target/release/deps/controversial-c8c388679c571961)
[INFO] [stdout] 
[INFO] [stdout] running 11 tests
[INFO] [stdout] test camel_case_class_name_reports_snake_case_type ... ok
[INFO] [stdout] test camel_case_parameter_name_reports_camel_case_param ... ok
[INFO] [stdout] test camel_case_property_name_reports_camel_case_field ... ok
[INFO] [stdout] test camel_case_class_name_abbreviations_reject_consecutive_caps ... ok
[INFO] [stdout] test camel_case_method_name_allows_snake_case ... ok
[INFO] [stdout] test camel_case_method_name_reports_pascal_case_fn ... ok
[INFO] [stdout] test camel_case_variable_name_reports_camel_case_local ... ok
[INFO] [stdout] test camel_case_class_name_allows_pascal_case_types ... ok
[INFO] [stdout] test clean_idiomatic_rust_passes_full_controversial_set ... ok
[INFO] [stdout] test all_controversial_rules_load_without_verbose_skips ... ok
[INFO] [stdout] test camel_case_variable_name_skips_blank_ident ... ok
[INFO] [stdout] 
[INFO] [stdout] test result: ok. 11 passed; 0 failed; 0 ignored; 0 measured; 0 filtered out; finished in 0.01s
[INFO] [stdout] 
[INFO] [stderr]      Running tests/design.rs (/opt/rustwide/target/release/deps/design-7b245a68d3390ad6)
[INFO] [stdout] 
[INFO] [stdout] running 22 tests
[INFO] [stdout] test coupling_between_objects_ignores_required_trait_method_signatures ... ok
[INFO] [stdout] test coupling_between_objects_allows_few_dependencies ... ok
[INFO] [stdout] test count_in_loop_expression_reports_len_in_for_range ... ok
[INFO] [stdout] test count_in_loop_expression_allows_cached_len ... ok
[INFO] [stdout] test coupling_between_objects_reports_high_dependency_count ... ok
[INFO] [stdout] test all_design_rules_load_without_verbose_skips ... ok
[INFO] [stdout] test development_code_fragment_honours_unwanted_functions ... ok
[INFO] [stdout] test empty_catch_block_allows_handled_err ... ok
[INFO] [stdout] test count_in_loop_expression_reports_len_in_while ... ok
[INFO] [stdout] test empty_catch_block_reports_empty_err_match_arm ... ok
[INFO] [stdout] test exit_expression_reports_process_exit ... ok
[INFO] [stdout] test development_code_fragment_reports_println_macro ... ok
[INFO] [stdout] test exit_expression_reports_process_abort ... ok
[INFO] [stdout] test goto_statement_stays_quiet_on_ordinary_control_flow ... ok
[INFO] [stdout] test empty_catch_block_reports_empty_if_let_err ... ok
[INFO] [stderr]      Running tests/naming.rs (/opt/rustwide/target/release/deps/naming-7f2d506d0f1404d8)
[INFO] [stdout] test lack_of_cohesion_ignores_required_trait_methods ... ok
[INFO] [stdout] test global_variable_report_immutable_flags_unmutated_static_mut ... ok
[INFO] [stdout] test exit_expression_allows_ordinary_calls ... ok
[INFO] [stdout] test global_variable_allows_immutable_static_and_unmutated_static_mut ... ok
[INFO] [stdout] test global_variable_reports_mutated_static_mut ... ok
[INFO] [stdout] test lack_of_cohesion_allows_shared_field_methods ... ok
[INFO] [stdout] test lack_of_cohesion_reports_disjoint_method_groups ... ok
[INFO] [stdout] 
[INFO] [stdout] test result: ok. 22 passed; 0 failed; 0 ignored; 0 measured; 0 filtered out; finished in 0.04s
[INFO] [stdout] 
[INFO] [stdout] 
[INFO] [stdout] running 16 tests
[INFO] [stdout] test constant_naming_pascal_option_accepts_pascal_case ... ok
[INFO] [stdout] test boolean_get_method_name_reports_get_bool_without_params ... ok
[INFO] [stdout] test constant_naming_default_upper_accepts_screaming_snake ... ok
[INFO] [stdout] test boolean_get_method_name_can_check_parameterized ... ok
[INFO] [stdout] test short_class_name_reports_short_struct ... ok
[INFO] [stdout] test long_class_name_reports_and_respects_subtract_prefix ... ok
[INFO] [stdout] test all_naming_rules_load_without_verbose_skips ... ok
[INFO] [stdout] test long_variable_reports_and_subtracts_prefix ... ok
[INFO] [stdout] test constant_naming_checks_trait_associated_const ... ok
[INFO] [stdout] test short_method_name_exception_suppresses ... ok
[INFO] [stdout] test short_class_name_allows_long_enough_and_exceptions ... ok
[INFO] [stdout] test short_class_name_reports_short_trait_and_enum ... ok
[INFO] [stdout] test short_variable_reports_field_param_local_but_skips_for_binder ... ok
[INFO] [stdout] test short_variable_exception_suppresses ... ok
[INFO] [stdout] test short_class_name_reports_short_union ... ok
[INFO] [stdout] test short_method_name_reports_short_fn_and_method ... ok
[INFO] [stdout] 
[INFO] [stderr]      Running tests/pack_install_smoke.rs (/opt/rustwide/target/release/deps/pack_install_smoke-fcc6a73edb8843b8)
[INFO] [stdout] test result: ok. 16 passed; 0 failed; 0 ignored; 0 measured; 0 filtered out; finished in 0.02s
[INFO] [stdout] 
[INFO] [stdout] 
[INFO] [stdout] running 1 test
[INFO] [stdout] test pack_install_smoke_spawns_real_binary ... FAILED
[INFO] [stdout] 
[INFO] [stderr] error: test failed, to rerun pass `--test pack_install_smoke`
[INFO] [stdout] failures:
[INFO] [stdout] 
[INFO] [stdout] ---- pack_install_smoke_spawns_real_binary stdout ----
[INFO] [stdout] 
[INFO] [stdout] thread 'pack_install_smoke_spawns_real_binary' (824) panicked at tests/pack_install_smoke.rs:76:5:
[INFO] [stdout] assertion `left == right` failed: cargo package failed
[INFO] [stdout] stdout=
[INFO] [stdout] stderr=error: invalid inclusion of reserved file name Cargo.toml.orig in package source
[INFO] [stdout] 
[INFO] [stdout]   left: 101
[INFO] [stdout]  right: 0
[INFO] [stdout] stack backtrace:
[INFO] [stdout]    0:     0x6389511cb621 - <<std[70759c8f55707aa4]::sys::backtrace::BacktraceLock>::print::DisplayBacktrace as core[df12db4294e9bfd3]::fmt::Display>::fmt
[INFO] [stdout]    1:     0x6389511dfb4a - core[df12db4294e9bfd3]::fmt::write
[INFO] [stdout]    2:     0x6389511cfd3c - <alloc[2182bb758b4b3781]::vec::Vec<u8> as core[df12db4294e9bfd3]::io::write::Write>::write_fmt
[INFO] [stdout]    3:     0x6389511a6386 - std[70759c8f55707aa4]::panicking::default_hook::{closure#0}
[INFO] [stdout]    4:     0x6389511c3489 - std[70759c8f55707aa4]::panicking::default_hook
[INFO] [stdout]    5:     0x63895115d100 - test[9d35eded1c95d3be]::test_main_inner::<test[9d35eded1c95d3be]::test_main_static::{closure#0}>::{closure#0}
[INFO] [stdout]    6:     0x6389511c3642 - std[70759c8f55707aa4]::panicking::panic_with_hook
[INFO] [stdout]    7:     0x6389511a6432 - std[70759c8f55707aa4]::panicking::panic_handler::{closure#0}
[INFO] [stdout]    8:     0x63895119f099 - std[70759c8f55707aa4]::sys::backtrace::__rust_end_short_backtrace::<std[70759c8f55707aa4]::panicking::panic_handler::{closure#0}, !>
[INFO] [stdout]    9:     0x6389511a702d - __rustc[8fa7c3cbc660c2b3]::rust_begin_unwind
[INFO] [stdout]   10:     0x6389511e027c - core[df12db4294e9bfd3]::panicking::panic_fmt
[INFO] [stdout]   11:     0x6389511e01f3 - core[df12db4294e9bfd3]::panicking::assert_failed_inner
[INFO] [stdout]   12:     0x63895119ec35 - core[df12db4294e9bfd3]::panicking::assert_failed::<i32, i32>
[INFO] [stdout]   13:     0x63895114e8f2 - <pack_install_smoke[d57dbadd7c9c6413]::pack_install_smoke_spawns_real_binary::{closure#0} as core[df12db4294e9bfd3]::ops::function::FnOnce<()>>::call_once
[INFO] [stdout]   14:     0x6389511503eb - test[9d35eded1c95d3be]::__rust_begin_short_backtrace::<core[df12db4294e9bfd3]::result::Result<(), alloc[2182bb758b4b3781]::string::String>, fn() -> core[df12db4294e9bfd3]::result::Result<(), alloc[2182bb758b4b3781]::string::String>>
[INFO] [stdout]   15:     0x63895115da55 - test[9d35eded1c95d3be]::run_test::{closure#0}
[INFO] [stdout]   16:     0x638951157314 - std[70759c8f55707aa4]::sys::backtrace::__rust_begin_short_backtrace::<test[9d35eded1c95d3be]::run_test::{closure#1}, ()>
[INFO] [stdout]   17:     0x638951160bb2 - <std[70759c8f55707aa4]::thread::lifecycle::spawn_unchecked<test[9d35eded1c95d3be]::run_test::{closure#1}, ()>::{closure#1} as core[df12db4294e9bfd3]::ops::function::FnOnce<()>>::call_once::{shim:vtable#0}
[INFO] [stdout]   18:     0x6389511cad09 - <std[70759c8f55707aa4]::sys::thread::unix::Thread>::new::thread_start
[INFO] [stdout]   19:     0x76d5f2877dfa - <unknown>
[INFO] [stdout]   20:     0x76d5f290b3d4 - clone
[INFO] [stdout]   21:                0x0 - <unknown>
[INFO] [stdout] 
[INFO] [stdout] 
[INFO] [stdout] failures:
[INFO] [stdout]     pack_install_smoke_spawns_real_binary
[INFO] [stdout] 
[INFO] [stdout] test result: FAILED. 0 passed; 1 failed; 0 ignored; 0 measured; 0 filtered out; finished in 0.08s
[INFO] [stdout] 
[INFO] running `Command { std: "docker" "inspect" "87398a6cd807588beee6783bcef8d4b51af43a9a57db26bfa0844cfc3e6538b4", kill_on_drop: false }`
[INFO] running `Command { std: "docker" "rm" "-f" "87398a6cd807588beee6783bcef8d4b51af43a9a57db26bfa0844cfc3e6538b4", kill_on_drop: false }`
[INFO] [stdout] 87398a6cd807588beee6783bcef8d4b51af43a9a57db26bfa0844cfc3e6538b4
