[INFO] fetching crate mesh-llm-runtime-event-contracts 0.78.1...
[INFO] testing mesh-llm-runtime-event-contracts-0.78.1 against 1.99.0-beta.8+cargoflags=--release for beta-release-1.100-2
[INFO] extracting crate mesh-llm-runtime-event-contracts 0.78.1 into /workspace/builds/worker-0-tc1/source
[INFO] started tweaking crates.io crate mesh-llm-runtime-event-contracts 0.78.1
[INFO] removed 0 missing tests
[INFO] finished tweaking crates.io crate mesh-llm-runtime-event-contracts 0.78.1
[INFO] tweaked toml for crates.io crate mesh-llm-runtime-event-contracts 0.78.1 written to /workspace/builds/worker-0-tc1/source/Cargo.toml
[INFO] validating manifest of crates.io crate mesh-llm-runtime-event-contracts 0.78.1 on toolchain 1.99.0-beta.8
[INFO] running `Command { std: CARGO_HOME="/workspace/cargo-home" RUSTUP_HOME="/workspace/rustup-home" "/workspace/cargo-home/bin/cargo" "+1.99.0-beta.8" "metadata" "--manifest-path" "Cargo.toml" "--no-deps", kill_on_drop: false }`
[INFO] crate crates.io crate mesh-llm-runtime-event-contracts 0.78.1 already has a lockfile, it will not be regenerated
[INFO] running `Command { std: CARGO_HOME="/workspace/cargo-home" RUSTUP_HOME="/workspace/rustup-home" "/workspace/cargo-home/bin/cargo" "+1.99.0-beta.8" "fetch" "--manifest-path" "Cargo.toml", kill_on_drop: false }`
[INFO] [stderr]  Downloading crates ...
[INFO] [stderr]   Downloaded indexmap v2.14.1
[INFO] running `Command { std: "docker" "create" "-v" "/var/lib/crater-agent-workspace/builds/worker-0-tc1/source:/opt/rustwide/workdir:ro,Z" "-v" "/var/lib/crater-agent-workspace/builds/worker-0-tc1/target:/opt/rustwide/target:rw,Z" "-v" "/var/lib/crater-agent-workspace/cargo-home:/opt/rustwide/cargo-home:ro,Z" "-v" "/var/lib/crater-agent-workspace/rustup-home:/opt/rustwide/rustup-home:ro,Z" "-m" "1610612736" "--network" "none" "ghcr.io/rust-lang/crates-build-env/linux@sha256:77db811e55d90add9212f6832c23229e3de5f1c1f9905e8cb07319ea15df73ac" "sleep" "infinity", kill_on_drop: false }`
[INFO] [stdout] 0fc9ebfddf1201f534d4d14a7ee1d35aa581239c703a56bbedd8250bff041610
[INFO] running `Command { std: "docker" "start" "0fc9ebfddf1201f534d4d14a7ee1d35aa581239c703a56bbedd8250bff041610", kill_on_drop: false }`
[INFO] running `Command { std: "docker" "inspect" "0fc9ebfddf1201f534d4d14a7ee1d35aa581239c703a56bbedd8250bff041610", kill_on_drop: false }`
[INFO] running `Command { std: "docker" "exec" "-e" "SOURCE_DIR=/opt/rustwide/workdir" "-e" "CARGO_HOME=/opt/rustwide/cargo-home" "-e" "RUSTUP_HOME=/opt/rustwide/rustup-home" "-e" "CARGO_TARGET_DIR=/opt/rustwide/target" "-w" "/opt/rustwide/workdir" "--user" "0:0" "0fc9ebfddf1201f534d4d14a7ee1d35aa581239c703a56bbedd8250bff041610" "/opt/rustwide/cargo-home/bin/cargo" "+1.99.0-beta.8" "metadata" "--no-deps" "--format-version=1", kill_on_drop: false }`
[INFO] running `Command { std: "docker" "inspect" "0fc9ebfddf1201f534d4d14a7ee1d35aa581239c703a56bbedd8250bff041610", kill_on_drop: false }`
[INFO] running `Command { std: "docker" "exec" "-e" "SOURCE_DIR=/opt/rustwide/workdir" "-e" "CARGO_HOME=/opt/rustwide/cargo-home" "-e" "RUSTUP_HOME=/opt/rustwide/rustup-home" "-e" "CARGO_TARGET_DIR=/opt/rustwide/target" "-e" "CARGO_INCREMENTAL=0" "-e" "RUST_BACKTRACE=full" "-e" "RUSTFLAGS=--cap-lints=warn" "-e" "RUSTDOCFLAGS=--cap-lints=warn" "-w" "/opt/rustwide/workdir" "--user" "0:0" "0fc9ebfddf1201f534d4d14a7ee1d35aa581239c703a56bbedd8250bff041610" "/opt/rustwide/cargo-home/bin/cargo" "+1.99.0-beta.8" "build" "--frozen" "--message-format=json" "--release", kill_on_drop: false }`
[INFO] [stderr]    Compiling uuid v1.26.0
[INFO] [stderr]    Compiling mesh-llm-runtime-event-contracts v0.78.1 (/opt/rustwide/workdir)
[INFO] [stderr]     Finished `release` profile [optimized] target(s) in 1.29s
[INFO] running `Command { std: "docker" "inspect" "0fc9ebfddf1201f534d4d14a7ee1d35aa581239c703a56bbedd8250bff041610", kill_on_drop: false }`
[INFO] running `Command { std: "docker" "exec" "-e" "SOURCE_DIR=/opt/rustwide/workdir" "-e" "CARGO_HOME=/opt/rustwide/cargo-home" "-e" "RUSTUP_HOME=/opt/rustwide/rustup-home" "-e" "CARGO_TARGET_DIR=/opt/rustwide/target" "-e" "CARGO_INCREMENTAL=0" "-e" "RUST_BACKTRACE=full" "-e" "RUSTFLAGS=--cap-lints=warn" "-e" "RUSTDOCFLAGS=--cap-lints=warn" "-w" "/opt/rustwide/workdir" "--user" "0:0" "0fc9ebfddf1201f534d4d14a7ee1d35aa581239c703a56bbedd8250bff041610" "/opt/rustwide/cargo-home/bin/cargo" "+1.99.0-beta.8" "test" "--frozen" "--no-run" "--message-format=json" "--release", kill_on_drop: false }`
[INFO] [stderr]    Compiling proc-macro2 v1.0.107
[INFO] [stderr]    Compiling quote v1.0.47
[INFO] [stderr]    Compiling cpufeatures v0.3.1
[INFO] [stderr]    Compiling toml v0.9.12+spec-1.1.0
[INFO] [stderr]    Compiling sha2 v0.11.0
[INFO] [stderr]    Compiling syn v3.0.4
[INFO] [stderr]    Compiling serde_derive v1.0.229
[INFO] [stderr]    Compiling serde v1.0.229
[INFO] [stderr]    Compiling mesh-llm-runtime-event-contracts v0.78.1 (/opt/rustwide/workdir)
[INFO] [stderr]     Finished `release` profile [optimized] target(s) in 20.31s
[INFO] running `Command { std: "docker" "inspect" "0fc9ebfddf1201f534d4d14a7ee1d35aa581239c703a56bbedd8250bff041610", kill_on_drop: false }`
[INFO] running `Command { std: "docker" "exec" "-e" "SOURCE_DIR=/opt/rustwide/workdir" "-e" "CARGO_HOME=/opt/rustwide/cargo-home" "-e" "RUSTUP_HOME=/opt/rustwide/rustup-home" "-e" "CARGO_TARGET_DIR=/opt/rustwide/target" "-e" "CARGO_INCREMENTAL=0" "-e" "RUST_BACKTRACE=full" "-e" "RUSTFLAGS=--cap-lints=warn" "-e" "RUSTDOCFLAGS=--cap-lints=warn" "-w" "/opt/rustwide/workdir" "--user" "0:0" "0fc9ebfddf1201f534d4d14a7ee1d35aa581239c703a56bbedd8250bff041610" "/opt/rustwide/cargo-home/bin/cargo" "+1.99.0-beta.8" "test" "--frozen" "--release", kill_on_drop: false }`
[INFO] [stderr]     Finished `release` profile [optimized] target(s) in 0.05s
[INFO] [stderr]      Running unittests src/lib.rs (/opt/rustwide/target/release/deps/mesh_llm_runtime_event_contracts-af79cba6f307beda)
[INFO] [stdout] 
[INFO] [stdout] running 17 tests
[INFO] [stdout] test tests::ingress::disconnected_ingress_reports_shutdown ... ok
[INFO] [stdout] test tests::ingress::saturated_class_outcomes_are_explicit ... ok
[INFO] [stdout] test tests::identity::request_root_bytes_match_the_logging_uuid_contract ... ok
[INFO] [stdout] test tests::dependency::contract_crate_has_no_mesh_or_presentation_dependency_edge ... ok
[INFO] [stdout] test tests::delivery::all_fifteen_typed_family_facts_have_one_runtime_sum_variant ... ok
[INFO] [stdout] test tests::delivery::every_inventory_kind_has_its_exact_derived_delivery_class ... ok
[INFO] [stdout] test tests::identity::child_scope_retains_its_typed_root_relationship ... ok
[INFO] [stdout] test tests::identity::event_identity_pairs_process_and_monotonic_sequence ... ok
[INFO] [stdout] test tests::dependency::mesh_client_does_not_depend_on_runtime_event_contracts ... FAILED
[INFO] [stdout] test tests::ingress::accepted_submission_reports_accepted ... ok
[INFO] [stdout] test tests::native::short_prefix_fixture_has_no_appended_numeric_summary_fields ... ok
[INFO] [stdout] test tests::carrier::complete_domain_and_native_carriers_survive_envelope_ownership ... ok
[INFO] [stdout] test tests::ingress::ingress_contract_is_object_safe ... ok
[INFO] [stdout] test tests::delivery::delivery_class_is_derived_only_from_fact_kind ... ok
[INFO] [stdout] test tests::native::unknown_native_reason_and_carriers_round_trip_exactly ... ok
[INFO] [stderr] error: test failed, to rerun pass `--lib`
[INFO] [stdout] test tests::ingress::saturated_progress_submission_returns_without_a_consumer ... ok
[INFO] [stdout] test tests::carrier::carrier_location_matrix_is_independently_total ... ok
[INFO] [stdout] 
[INFO] [stdout] failures:
[INFO] [stdout] 
[INFO] [stdout] ---- tests::dependency::mesh_client_does_not_depend_on_runtime_event_contracts stdout ----
[INFO] [stdout] 
[INFO] [stdout] thread 'tests::dependency::mesh_client_does_not_depend_on_runtime_event_contracts' (471) panicked at src/tests/dependency.rs:39:46:
[INFO] [stdout] manifest should be readable: Os { code: 2, kind: NotFound, message: "No such file or directory" }
[INFO] [stdout] stack backtrace:
[INFO] [stdout]    0:     0x6091a7cc3e51 - <<std[70759c8f55707aa4]::sys::backtrace::BacktraceLock>::print::DisplayBacktrace as core[df12db4294e9bfd3]::fmt::Display>::fmt
[INFO] [stdout]    1:     0x6091a7cd979a - core[df12db4294e9bfd3]::fmt::write
[INFO] [stdout]    2:     0x6091a7cc82ec - <alloc[2182bb758b4b3781]::vec::Vec<u8> as core[df12db4294e9bfd3]::io::write::Write>::write_fmt
[INFO] [stdout]    3:     0x6091a7ca00d6 - std[70759c8f55707aa4]::panicking::default_hook::{closure#0}
[INFO] [stdout]    4:     0x6091a7cbc249 - std[70759c8f55707aa4]::panicking::default_hook
[INFO] [stdout]    5:     0x6091a7c57fd0 - test[9d35eded1c95d3be]::test_main_inner::<test[9d35eded1c95d3be]::test_main_static::{closure#0}>::{closure#0}
[INFO] [stdout]    6:     0x6091a7cbc402 - std[70759c8f55707aa4]::panicking::panic_with_hook
[INFO] [stdout]    7:     0x6091a7ca0182 - std[70759c8f55707aa4]::panicking::panic_handler::{closure#0}
[INFO] [stdout]    8:     0x6091a7c98d79 - std[70759c8f55707aa4]::sys::backtrace::__rust_end_short_backtrace::<std[70759c8f55707aa4]::panicking::panic_handler::{closure#0}, !>
[INFO] [stdout]    9:     0x6091a7ca0d7d - __rustc[8fa7c3cbc660c2b3]::rust_begin_unwind
[INFO] [stdout]   10:     0x6091a7cd9f0c - core[df12db4294e9bfd3]::panicking::panic_fmt
[INFO] [stdout]   11:     0x6091a7cd9ce2 - core[df12db4294e9bfd3]::result::unwrap_failed
[INFO] [stdout]   12:     0x6091a7c303d5 - mesh_llm_runtime_event_contracts[751378489d1f4d1d]::tests::dependency::parse_manifest
[INFO] [stdout]   13:     0x6091a7c304b7 - mesh_llm_runtime_event_contracts[751378489d1f4d1d]::tests::dependency::mesh_client_does_not_depend_on_runtime_event_contracts
[INFO] [stdout]   14:     0x6091a7c2f1c9 - <mesh_llm_runtime_event_contracts[751378489d1f4d1d]::tests::dependency::mesh_client_does_not_depend_on_runtime_event_contracts::{closure#0} as core[df12db4294e9bfd3]::ops::function::FnOnce<()>>::call_once
[INFO] [stdout]   15:     0x6091a7c4b2bb - test[9d35eded1c95d3be]::__rust_begin_short_backtrace::<core[df12db4294e9bfd3]::result::Result<(), alloc[2182bb758b4b3781]::string::String>, fn() -> core[df12db4294e9bfd3]::result::Result<(), alloc[2182bb758b4b3781]::string::String>>
[INFO] [stdout]   16:     0x6091a7c58925 - test[9d35eded1c95d3be]::run_test::{closure#0}
[INFO] [stdout]   17:     0x6091a7c521e4 - std[70759c8f55707aa4]::sys::backtrace::__rust_begin_short_backtrace::<test[9d35eded1c95d3be]::run_test::{closure#1}, ()>
[INFO] [stdout]   18:     0x6091a7c5ba82 - <std[70759c8f55707aa4]::thread::lifecycle::spawn_unchecked<test[9d35eded1c95d3be]::run_test::{closure#1}, ()>::{closure#1} as core[df12db4294e9bfd3]::ops::function::FnOnce<()>>::call_once::{shim:vtable#0}
[INFO] [stdout]   19:     0x6091a7cc33b9 - <std[70759c8f55707aa4]::sys::thread::unix::Thread>::new::thread_start
[INFO] [stdout]   20:     0x78a2d2897dfa - <unknown>
[INFO] [stdout]   21:     0x78a2d292b3d4 - clone
[INFO] [stdout]   22:                0x0 - <unknown>
[INFO] [stdout] 
[INFO] [stdout] 
[INFO] [stdout] failures:
[INFO] [stdout]     tests::dependency::mesh_client_does_not_depend_on_runtime_event_contracts
[INFO] [stdout] 
[INFO] [stdout] test result: FAILED. 16 passed; 1 failed; 0 ignored; 0 measured; 0 filtered out; finished in 0.01s
[INFO] [stdout] 
[INFO] running `Command { std: "docker" "inspect" "0fc9ebfddf1201f534d4d14a7ee1d35aa581239c703a56bbedd8250bff041610", kill_on_drop: false }`
[INFO] running `Command { std: "docker" "rm" "-f" "0fc9ebfddf1201f534d4d14a7ee1d35aa581239c703a56bbedd8250bff041610", kill_on_drop: false }`
[INFO] [stdout] 0fc9ebfddf1201f534d4d14a7ee1d35aa581239c703a56bbedd8250bff041610
