[INFO] fetching crate merman-bindings-core 0.9.0...
[INFO] testing merman-bindings-core-0.9.0 against 1.99.0-beta.8+cargoflags=--release for beta-release-1.100-2
[INFO] extracting crate merman-bindings-core 0.9.0 into /workspace/builds/worker-1-tc1/source
[INFO] started tweaking crates.io crate merman-bindings-core 0.9.0
[INFO] finished tweaking crates.io crate merman-bindings-core 0.9.0
[INFO] tweaked toml for crates.io crate merman-bindings-core 0.9.0 written to /workspace/builds/worker-1-tc1/source/Cargo.toml
[INFO] validating manifest of crates.io crate merman-bindings-core 0.9.0 on toolchain 1.99.0-beta.8
[INFO] running `Command { std: CARGO_HOME="/workspace/cargo-home" RUSTUP_HOME="/workspace/rustup-home" "/workspace/cargo-home/bin/cargo" "+1.99.0-beta.8" "metadata" "--manifest-path" "Cargo.toml" "--no-deps", kill_on_drop: false }`
[INFO] crate crates.io crate merman-bindings-core 0.9.0 already has a lockfile, it will not be regenerated
[INFO] running `Command { std: CARGO_HOME="/workspace/cargo-home" RUSTUP_HOME="/workspace/rustup-home" "/workspace/cargo-home/bin/cargo" "+1.99.0-beta.8" "fetch" "--manifest-path" "Cargo.toml", kill_on_drop: false }`
[INFO] [stderr]     Updating crates.io index
[INFO] [stderr]  Downloading crates ...
[INFO] [stderr]   Downloaded ratex-types v0.1.14
[INFO] [stderr]   Downloaded roughr-merman v0.12.4
[INFO] [stderr]   Downloaded ratex-unicode-font v0.1.14
[INFO] [stderr]   Downloaded ratex-svg v0.1.14
[INFO] [stderr]   Downloaded ratex-font-loader v0.1.14
[INFO] [stderr]   Downloaded system-fonts v0.1.2
[INFO] [stderr]   Downloaded ratex-lexer v0.1.14
[INFO] [stderr]   Downloaded rust-embed-impl v8.13.0
[INFO] [stderr]   Downloaded rust-embed-utils v8.13.0
[INFO] [stderr]   Downloaded merman-unicode-linebreak v0.9.0
[INFO] [stderr]   Downloaded lalrpop-util v0.23.1
[INFO] [stderr]   Downloaded ratex-font v0.1.14
[INFO] [stderr]   Downloaded merman-layout-elk v0.9.0
[INFO] [stderr]   Downloaded selectors v0.37.0
[INFO] [stderr]   Downloaded cssparser v0.38.0
[INFO] [stderr]   Downloaded dugong-graphlib v0.9.0
[INFO] [stderr]   Downloaded ratex-parser v0.1.14
[INFO] [stderr]   Downloaded json5 v1.3.1
[INFO] [stderr]   Downloaded ratex-layout v0.1.14
[INFO] [stderr]   Downloaded manatee v0.9.0
[INFO] [stderr]   Downloaded lol_html v3.0.1
[INFO] [stderr]   Downloaded dugong v0.9.0
[INFO] [stderr]   Downloaded merman-analysis v0.9.0
[INFO] [stderr]   Downloaded krilla-svg v0.8.1
[INFO] [stderr]   Downloaded xmp-writer v0.3.3
[INFO] [stderr]   Downloaded ratex-katex-fonts v0.1.14
[INFO] [stderr]   Downloaded merman v0.9.0
[INFO] [stderr]   Downloaded merman-editor-core v0.9.0
[INFO] [stderr]   Downloaded merman-elk-layered v0.9.0
[INFO] [stderr]   Downloaded krilla v0.8.2
[INFO] [stderr]   Downloaded merman-export v0.9.0
[INFO] [stderr]   Downloaded rust-embed v8.13.0
[INFO] [stderr]   Downloaded merman-core v0.9.0
[INFO] [stderr]   Downloaded merman-ascii v0.9.0
[INFO] [stderr]   Downloaded merman-render v0.9.0
[INFO] [stderr]   Downloaded pdf-writer v0.15.0
[INFO] running `Command { std: "docker" "create" "-v" "/var/lib/crater-agent-workspace/builds/worker-1-tc1/source:/opt/rustwide/workdir:ro,Z" "-v" "/var/lib/crater-agent-workspace/builds/worker-1-tc1/target:/opt/rustwide/target:rw,Z" "-v" "/var/lib/crater-agent-workspace/cargo-home:/opt/rustwide/cargo-home:ro,Z" "-v" "/var/lib/crater-agent-workspace/rustup-home:/opt/rustwide/rustup-home:ro,Z" "-m" "1610612736" "--network" "none" "ghcr.io/rust-lang/crates-build-env/linux@sha256:77db811e55d90add9212f6832c23229e3de5f1c1f9905e8cb07319ea15df73ac" "sleep" "infinity", kill_on_drop: false }`
[INFO] [stdout] b622d5682efde79f6b1b0f64f7d63fc4c1f43012eada97a6bff89cacc6b61a7c
[INFO] running `Command { std: "docker" "start" "b622d5682efde79f6b1b0f64f7d63fc4c1f43012eada97a6bff89cacc6b61a7c", kill_on_drop: false }`
[INFO] running `Command { std: "docker" "inspect" "b622d5682efde79f6b1b0f64f7d63fc4c1f43012eada97a6bff89cacc6b61a7c", kill_on_drop: false }`
[INFO] running `Command { std: "docker" "exec" "-e" "SOURCE_DIR=/opt/rustwide/workdir" "-e" "CARGO_HOME=/opt/rustwide/cargo-home" "-e" "RUSTUP_HOME=/opt/rustwide/rustup-home" "-e" "CARGO_TARGET_DIR=/opt/rustwide/target" "-w" "/opt/rustwide/workdir" "--user" "0:0" "b622d5682efde79f6b1b0f64f7d63fc4c1f43012eada97a6bff89cacc6b61a7c" "/opt/rustwide/cargo-home/bin/cargo" "+1.99.0-beta.8" "metadata" "--no-deps" "--format-version=1", kill_on_drop: false }`
[INFO] running `Command { std: "docker" "inspect" "b622d5682efde79f6b1b0f64f7d63fc4c1f43012eada97a6bff89cacc6b61a7c", kill_on_drop: false }`
[INFO] running `Command { std: "docker" "exec" "-e" "SOURCE_DIR=/opt/rustwide/workdir" "-e" "CARGO_HOME=/opt/rustwide/cargo-home" "-e" "RUSTUP_HOME=/opt/rustwide/rustup-home" "-e" "CARGO_TARGET_DIR=/opt/rustwide/target" "-e" "CARGO_INCREMENTAL=0" "-e" "RUST_BACKTRACE=full" "-e" "RUSTFLAGS=--cap-lints=warn" "-e" "RUSTDOCFLAGS=--cap-lints=warn" "-w" "/opt/rustwide/workdir" "--user" "0:0" "b622d5682efde79f6b1b0f64f7d63fc4c1f43012eada97a6bff89cacc6b61a7c" "/opt/rustwide/cargo-home/bin/cargo" "+1.99.0-beta.8" "build" "--frozen" "--message-format=json" "--release", kill_on_drop: false }`
[INFO] [stderr]    Compiling syn v3.0.8
[INFO] [stderr]    Compiling siphasher v1.0.4
[INFO] [stderr]    Compiling fastrand v2.5.0
[INFO] [stderr]    Compiling syn v2.0.119
[INFO] [stderr]    Compiling serde_json v1.0.154
[INFO] [stderr]    Compiling memchr v2.8.3
[INFO] [stderr]    Compiling servo_arc v0.4.3
[INFO] [stderr]    Compiling indexmap v2.14.2
[INFO] [stderr]    Compiling pastey v0.1.1
[INFO] [stderr]    Compiling ucd-trie v0.1.7
[INFO] [stderr]    Compiling arraydeque v0.5.1
[INFO] [stderr]    Compiling euclid v0.22.14
[INFO] [stderr]    Compiling unicode-width v0.2.2
[INFO] [stderr]    Compiling granit-parser v1.3.0
[INFO] [stderr]    Compiling phf_shared v0.13.1
[INFO] [stderr]    Compiling phf_shared v0.14.0
[INFO] [stderr]    Compiling phf_generator v0.14.0
[INFO] [stderr]    Compiling phf_generator v0.13.1
[INFO] [stderr]    Compiling phf v0.13.1
[INFO] [stderr]    Compiling phf_codegen v0.13.1
[INFO] [stderr]    Compiling selectors v0.37.0
[INFO] [stderr]    Compiling htmlize v1.1.0
[INFO] [stderr]    Compiling synstructure v0.14.0
[INFO] [stderr]    Compiling zerofrom-derive v0.1.8
[INFO] [stderr]    Compiling yoke-derive v0.8.4
[INFO] [stderr]    Compiling zerovec-derive v0.11.6
[INFO] [stderr]    Compiling displaydoc v0.2.7
[INFO] [stderr]    Compiling serde_derive v1.0.229
[INFO] [stderr]    Compiling thiserror-impl v2.0.21
[INFO] [stderr]    Compiling cssparser-macros v0.7.1
[INFO] [stderr]    Compiling zerofrom v0.1.8
[INFO] [stderr]    Compiling yoke v0.8.3
[INFO] [stderr]    Compiling zerovec v0.11.8
[INFO] [stderr]    Compiling zerotrie v0.2.5
[INFO] [stderr]    Compiling phf_macros v0.13.1
[INFO] [stderr]    Compiling derive_more-impl v2.1.1
[INFO] [stderr]    Compiling cssparser-macros v0.6.1
[INFO] [stderr]    Compiling phf_macros v0.14.0
[INFO] [stderr]    Compiling thiserror v2.0.21
[INFO] [stderr]    Compiling cssparser v0.36.0
[INFO] [stderr]    Compiling phf v0.14.0
[INFO] [stderr]    Compiling cssparser v0.38.0
[INFO] [stderr]    Compiling tinystr v0.8.4
[INFO] [stderr]    Compiling potential_utf v0.1.6
[INFO] [stderr]    Compiling icu_collections v2.3.0
[INFO] [stderr]    Compiling icu_locale_core v2.3.0
[INFO] [stderr]    Compiling derive_more v2.1.1
[INFO] [stderr]    Compiling serde v1.0.229
[INFO] [stderr]    Compiling json5 v1.3.1
[INFO] [stderr]    Compiling icu_provider v2.3.1
[INFO] [stderr]    Compiling icu_properties v2.3.0
[INFO] [stderr]    Compiling icu_normalizer v2.3.0
[INFO] [stderr]    Compiling lol_html v3.0.1
[INFO] [stderr]    Compiling idna_adapter v1.2.2
[INFO] [stderr]    Compiling idna v1.1.0
[INFO] [stderr]    Compiling url v2.5.8
[INFO] [stderr]    Compiling merman-core v0.9.0
[INFO] [stderr]    Compiling merman v0.9.0
[INFO] [stderr]    Compiling merman-bindings-core v0.9.0 (/opt/rustwide/workdir)
[INFO] [stderr]     Finished `release` profile [optimized] target(s) in 51.38s
[INFO] running `Command { std: "docker" "inspect" "b622d5682efde79f6b1b0f64f7d63fc4c1f43012eada97a6bff89cacc6b61a7c", kill_on_drop: false }`
[INFO] running `Command { std: "docker" "exec" "-e" "SOURCE_DIR=/opt/rustwide/workdir" "-e" "CARGO_HOME=/opt/rustwide/cargo-home" "-e" "RUSTUP_HOME=/opt/rustwide/rustup-home" "-e" "CARGO_TARGET_DIR=/opt/rustwide/target" "-e" "CARGO_INCREMENTAL=0" "-e" "RUST_BACKTRACE=full" "-e" "RUSTFLAGS=--cap-lints=warn" "-e" "RUSTDOCFLAGS=--cap-lints=warn" "-w" "/opt/rustwide/workdir" "--user" "0:0" "b622d5682efde79f6b1b0f64f7d63fc4c1f43012eada97a6bff89cacc6b61a7c" "/opt/rustwide/cargo-home/bin/cargo" "+1.99.0-beta.8" "test" "--frozen" "--no-run" "--message-format=json" "--release", kill_on_drop: false }`
[INFO] [stderr]    Compiling smallvec v1.16.3
[INFO] [stderr]    Compiling serde v1.0.229
[INFO] [stderr]    Compiling indexmap v2.14.2
[INFO] [stderr]    Compiling zerocopy v0.8.62
[INFO] [stderr]    Compiling euclid v0.22.14
[INFO] [stderr]    Compiling zerocopy-derive v0.8.62
[INFO] [stderr]    Compiling hybrid-array v0.4.15
[INFO] [stderr]    Compiling by_address v1.2.1
[INFO] [stderr]    Compiling libc v0.2.190
[INFO] [stderr]    Compiling polycool v0.4.0
[INFO] [stderr]    Compiling alloca v0.4.0
[INFO] [stderr]    Compiling pulldown-cmark v0.13.4
[INFO] [stderr]    Compiling palette_math v0.7.7
[INFO] [stderr]    Compiling clap_lex v1.1.1
[INFO] [stderr]    Compiling libm v0.2.16
[INFO] [stderr]    Compiling itertools v0.13.0
[INFO] [stderr]    Compiling palette_derive v0.7.7
[INFO] [stderr]    Compiling block-buffer v0.12.1
[INFO] [stderr]    Compiling crypto-common v0.2.2
[INFO] [stderr]    Compiling clap_builder v4.6.7
[INFO] [stderr]    Compiling roxmltree v0.21.1
[INFO] [stderr]    Compiling icu_normalizer v2.3.0
[INFO] [stderr]    Compiling cssparser v0.36.0
[INFO] [stderr]    Compiling cssparser v0.38.0
[INFO] [stderr]    Compiling granit-parser v1.3.0
[INFO] [stderr]    Compiling json5 v1.3.1
[INFO] [stderr]    Compiling kurbo v0.13.1
[INFO] [stderr]    Compiling idna_adapter v1.2.2
[INFO] [stderr]    Compiling idna v1.1.0
[INFO] [stderr]    Compiling selectors v0.37.0
[INFO] [stderr]    Compiling serde_json v1.0.154
[INFO] [stderr]    Compiling url v2.5.8
[INFO] [stderr]    Compiling palette v0.7.7
[INFO] [stderr]    Compiling criterion-plot v0.8.2
[INFO] [stderr]    Compiling digest v0.11.3
[INFO] [stderr]    Compiling quick-xml v0.42.0
[INFO] [stderr]    Compiling data-url v0.3.2
[INFO] [stderr]    Compiling merman-unicode-linebreak v0.9.0
[INFO] [stderr]    Compiling sha2 v0.11.0
[INFO] [stderr]    Compiling lol_html v3.0.1
[INFO] [stderr]    Compiling svgtypes v0.16.1
[INFO] [stderr]    Compiling page_size v0.6.0
[INFO] [stderr]    Compiling dugong-graphlib v0.9.0
[INFO] [stderr]    Compiling tinytemplate v1.2.1
[INFO] [stderr]    Compiling clap v4.6.7
[INFO] [stderr]    Compiling merman-core v0.9.0
[INFO] [stderr]    Compiling dugong v0.9.0
[INFO] [stderr]    Compiling half v2.7.1
[INFO] [stderr]    Compiling ciborium-ll v0.2.2
[INFO] [stderr]    Compiling ciborium v0.2.2
[INFO] [stderr]    Compiling criterion v0.8.2
[INFO] [stderr]    Compiling merman v0.9.0
[INFO] [stderr]    Compiling merman-bindings-core v0.9.0 (/opt/rustwide/workdir)
[INFO] [stderr]    Compiling roughr-merman v0.12.4
[INFO] [stderr]    Compiling merman-render v0.9.0
[INFO] [stderr]     Finished `release` profile [optimized] target(s) in 1m 38s
[INFO] running `Command { std: "docker" "inspect" "b622d5682efde79f6b1b0f64f7d63fc4c1f43012eada97a6bff89cacc6b61a7c", kill_on_drop: false }`
[INFO] running `Command { std: "docker" "exec" "-e" "SOURCE_DIR=/opt/rustwide/workdir" "-e" "CARGO_HOME=/opt/rustwide/cargo-home" "-e" "RUSTUP_HOME=/opt/rustwide/rustup-home" "-e" "CARGO_TARGET_DIR=/opt/rustwide/target" "-e" "CARGO_INCREMENTAL=0" "-e" "RUST_BACKTRACE=full" "-e" "RUSTFLAGS=--cap-lints=warn" "-e" "RUSTDOCFLAGS=--cap-lints=warn" "-w" "/opt/rustwide/workdir" "--user" "0:0" "b622d5682efde79f6b1b0f64f7d63fc4c1f43012eada97a6bff89cacc6b61a7c" "/opt/rustwide/cargo-home/bin/cargo" "+1.99.0-beta.8" "test" "--frozen" "--release", kill_on_drop: false }`
[INFO] [stderr]     Finished `release` profile [optimized] target(s) in 0.21s
[INFO] [stderr]      Running unittests src/lib.rs (/opt/rustwide/target/release/deps/merman_bindings_core-6512bbbfda7db9a7)
[INFO] [stdout] 
[INFO] [stdout] running 118 tests
[INFO] [stdout] test artifact_contract::tests::operation_admission_uses_the_validated_contract ... ok
[INFO] [stdout] test artifact_contract::tests::semantic_snapshot_is_exact_and_does_not_inherit_compiled_features ... ok
[INFO] [stdout] test artifact_contract::tests::semantic_contract_rejects_every_unadvertised_constructor_option_group ... ok
[INFO] [stdout] test artifact_contract::tests::transport_candidate_services_require_explicit_artifact_selection ... ok
[INFO] [stdout] test artifact_contract::tests::native_policy_reports_the_first_missing_transport_adapter ... ok
[INFO] [stdout] test artifact_contract::tests::full_default_snapshot_matches_the_feature_owned_declaration ... ok
[INFO] [stdout] test artifact_contract::tests::semantic_contract_rejects_unadvertised_request_option_groups_after_feature_unification ... ok
[INFO] [stdout] test artifact_contract::tests::constructor_resource_limit_admission_matches_the_runtime_catalog ... ok
[INFO] [stdout] test artifact_contract::tests::known_but_hidden_base_operation_is_not_a_missing_capability ... ok
[INFO] [stdout] test common::tests::error_payload_json_uses_public_code_names ... ok
[INFO] [stdout] test artifact_contract::tests::validation_still_precedes_operation_admission ... ok
[INFO] [stdout] test common::tests::cancellation_payload_is_structured_and_disjoint_from_resource_details ... ok
[INFO] [stdout] test common::tests::options_reject_ambiguous_analysis_wrappers_at_the_input_boundary ... ok
[INFO] [stdout] test artifact_contract::tests::semantic_contract_accepts_every_schema_owned_option_field ... ok
[INFO] [stdout] test common::tests::parse_options_rejects_mixed_direct_and_wrapped_analysis_options ... ok
[INFO] [stdout] test common::tests::options_schema_v2_rejects_legacy_versions_and_unknown_fields ... ok
[INFO] [stdout] test artifact_contract::tests::deterministic_only_contract_rejects_native_runtime_policy ... ok
[INFO] [stdout] test common::tests::options_schema_v2_rejects_groups_not_compiled_into_the_artifact ... ok
[INFO] [stdout] test artifact_contract::tests::native_runtime_declarations_fail_closed ... ok
[INFO] [stdout] test common::tests::parse_options_rejects_removed_nested_analysis_parse_option ... ok
[INFO] [stdout] test artifact_contract::tests::target_bits_follow_stable_descriptor_order ... ok
[INFO] [stdout] test common::tests::request_options_cannot_select_runtime_policy ... ok
[INFO] [stdout] test common::tests::request_options_normalize_wrapped_analysis_before_merging ... ok
[INFO] [stdout] test common::tests::request_options_deeply_override_engine_options ... ok
[INFO] [stdout] test artifact_contract::tests::canonical_validator_rejects_invalid_target_and_compiled_requirements ... ok
[INFO] [stdout] test common::tests::render_payload_json_returns_svg_or_error_shape ... ok
[INFO] [stdout] test common::tests::request_options_normalize_wrapped_engine_options_before_merging ... ok
[INFO] [stdout] test common::tests::resource_ceiling_rejects_ambiguous_or_malformed_wrappers ... ok
[INFO] [stdout] test common::tests::semantic_only_resource_options_accept_all_semantic_limits ... ok
[INFO] [stdout] test common::tests::uncompiled_output_option_groups_are_rejected ... ok
[INFO] [stdout] test artifact_contract::tests::transport_exposure_rejects_the_wrong_target ... ok
[INFO] [stdout] test common::tests::runtime_policy_errors_are_terminal_safe_and_structured ... ok
[INFO] [stdout] test common::tests::semantic_only_build_accepts_top_level_parse_options ... ok
[INFO] [stdout] test artifact_contract::tests::canonical_validator_rejects_owned_or_uncompiled_supplemental_capabilities ... ok
[INFO] [stdout] test artifact_contract::tests::transport_exposure_rejects_facade_unsupported_services ... ok
[INFO] [stdout] test common::tests::resource_ceiling_rejects_looser_profiles_and_overrides ... ok
[INFO] [stdout] test artifact_contract::tests::duplicate_and_reconfigured_fields_fail_closed ... ok
[INFO] [stdout] test artifact_contract::tests::typed_transport_extensions_are_explicit_and_exact ... ok
[INFO] [stdout] test artifact_contract::tests::binding_options_runtime_policy_is_native_target_only ... ok
[INFO] [stdout] test artifact_contract::tests::canonical_validator_rejects_unavailable_metadata_and_services ... ok
[INFO] [stdout] test engine::tests::semantic_parse_errors_are_terminal_safe_and_structured ... ok
[INFO] [stdout] test engine::tests::semantic_parse_preserves_the_public_compatibility_json_projection ... FAILED
[INFO] [stdout] test engine::tests::try_native_uses_the_exact_artifact_adapter_selection ... ok
[INFO] [stdout] test engine::tests::semantic_parse_accepts_exact_semantic_model_item_budget ... FAILED
[INFO] [stdout] test common::tests::wrapped_request_options_cannot_hide_runtime_policy ... ok
[INFO] [stdout] test engine::tests::semantic_parse_is_available_without_renderer ... FAILED
[INFO] [stdout] test key_set::tests::compact_keys_follow_stable_descriptor_order ... ok
[INFO] [stdout] test key_set::tests::iteration_uses_descriptor_order ... ok
[INFO] [stdout] test engine::tests::semantic_parse_enforces_model_nesting_budget ... FAILED
[INFO] [stdout] test engine::tests::semantic_parse_enforces_model_item_budget ... FAILED
[INFO] [stdout] test key_set::tests::raw_bits_cannot_break_exact_size_iteration ... ok
[INFO] [stdout] test lifecycle::tests::callback_enabled_competitor_returns_busy ... ok
[INFO] [stdout] test lifecycle::tests::acquired_reference_cannot_enter_after_successful_close ... ok
[INFO] [stdout] test engine::tests::semantic_parse_resource_boundaries_match_the_typed_model ... FAILED
[INFO] [stdout] test engine::tests::semantic_parse_enforces_model_text_budget ... FAILED
[INFO] [stdout] test engine::tests::engine_reports_missing_analysis_feature ... ok
[INFO] [stdout] test engine::tests::engine_can_render_concurrently ... ok
[INFO] [stdout] test lifecycle::tests::callback_entry_requires_one_callback_enabled_operation ... ok
[INFO] [stdout] test metadata::tests::artifact_metadata_dispatches_every_advertised_catalog ... ok
[INFO] [stdout] test metadata::tests::artifact_metadata_rejects_known_but_unadvertised_catalogs ... ok
[INFO] [stdout] test metadata::tests::every_descriptor_output_has_an_explicit_runtime_contract_owner ... ok
[INFO] [stdout] test metadata::tests::artifact_metadata_rejects_removed_host_theme_catalog ... ok
[INFO] [stdout] test metadata::tests::ascii_capabilities_report_support_levels_limits_and_evidence ... ok
[INFO] [stdout] test metadata::tests::ascii_supported_diagrams_are_derived_from_capability_records ... ok
[INFO] [stdout] test metadata::tests::ascii_supported_diagrams_reflects_feature_surface ... ok
[INFO] [stdout] test lifecycle::tests::callback_reentry_and_close_are_reentrant_errors ... ok
[INFO] [stdout] test metadata::tests::metadata_json_helpers_return_json_contracts ... FAILED
[INFO] [stdout] test metadata::tests::diagram_family_capabilities_expose_the_complete_core_catalog ... FAILED
[INFO] [stdout] test lifecycle::tests::concurrent_close_returns_closed_while_detached_state_is_destroyed ... ok
[INFO] [stdout] test lifecycle::tests::detached_state_may_reenter_close_on_the_destroying_thread ... ok
[INFO] [stdout] test lifecycle::tests::detached_state_may_wait_for_a_cross_thread_close_without_deadlock ... ok
[INFO] [stdout] test metadata::tests::catalog_without_svg_exposure_omits_icon_registry_service_contract ... ok
[INFO] [stdout] test metadata::tests::native_contract_exposes_the_exact_transport_owned_runtime_adapters ... ok
[INFO] [stdout] test metadata::tests::presentation_catalog_projects_the_artifact_surface ... ok
[INFO] [stdout] test metadata::tests::binding_operation_vocabulary_matches_the_abi_owned_operation_metadata ... ok
[INFO] [stdout] test metadata::tests::runtime_capabilities_follow_callable_feature_surface ... ok
[INFO] [stdout] test metadata::tests::runtime_catalog_json_reports_stable_id_sets ... ok
[INFO] [stdout] test metadata::tests::runtime_catalog_is_versioned_and_projects_the_resource_descriptor ... ok
[INFO] [stdout] test lifecycle::tests::callback_free_operations_are_concurrent_across_threads ... ok
[INFO] [stdout] test metadata::tests::supported_diagrams_exposes_binding_surface ... FAILED
[INFO] [stdout] test operation::tests::explicit_native_policy_follows_the_default_artifact_exposure ... ok
[INFO] [stdout] test operation::tests::operation_request_cannot_override_engine_runtime_policy ... ok
[INFO] [stdout] test operation::tests::known_output_plan_requires_all_schema_one_fields ... ok
[INFO] [stdout] test metadata::tests::supported_themes_exposes_core_theme_surface ... ok
[INFO] [stdout] test operation::tests::request_builder_preserves_execution_time_validation ... ok
[INFO] [stdout] test operation::tests::reusable_byte_execution_matches_result_data_and_errors_without_metadata ... FAILED
[INFO] [stdout] test operation::tests::descriptor_owned_operation_ids_round_trip ... ok
[INFO] [stdout] test operation::tests::edge_geometry_json_is_a_descriptor_owned_operation ... ok
[INFO] [stdout] test operation::tests::reusable_engine_rejects_ambiguous_analysis_wrappers_at_construction ... ok
[INFO] [stdout] test operation::tests::one_shot_pre_cancelled_request_precedes_invalid_options_after_operation_resolution ... ok
[INFO] [stdout] test metadata_registry::tests::registry_keys_specs_and_ids_are_bijective ... ok
[INFO] [stdout] test operation::tests::one_shot_operation_may_choose_a_nondefault_profile ... FAILED
[INFO] [stdout] test operation::tests::reusable_request_resource_overlays_only_tighten_the_constructor_ceiling ... ok
[INFO] [stdout] test operation::tests::invalid_request_options_precede_missing_operation_capability ... ok
[INFO] [stdout] test operation::tests::one_shot_byte_execution_matches_result_data_and_errors_without_metadata ... FAILED
[INFO] [stdout] test operation::tests::every_compiled_operation_shares_one_shot_and_reusable_result_contracts ... FAILED
[INFO] [stdout] test operation::tests::operation_request_merges_wrapped_options_over_direct_engine_options ... FAILED
[INFO] [stdout] test operation::tests::unknown_operation_precedes_invalid_request_options ... ok
[INFO] [stdout] test operation::tests::unavailable_operation_is_reported_before_execution ... ok
[INFO] [stdout] test operation::tests::uri_presence_validation_precedes_invalid_request_options ... ok
[INFO] [stdout] test operation::tests::request_resource_tightening_does_not_mutate_the_engine_or_caller_control ... FAILED
[INFO] [stdout] test operation_contract::tests::generator_projections_are_stable_json ... ok
[INFO] [stdout] test operation::tests::reusable_semantic_output_is_stable_across_empty_version_and_real_overlays ... FAILED
[INFO] [stdout] test operation::tests::unknown_operation_is_a_typed_error ... ok
[INFO] [stdout] test operation_contract::tests::operation_metadata_contract_is_open_and_width_explicit ... ok
[INFO] [stdout] test operation::tests::semantic_parse_is_a_base_operation_not_a_fake_feature_capability ... ok
[INFO] [stdout] test operation::tests::svg_capability_planning_is_a_descriptor_owned_operation ... ok
[INFO] [stdout] test operation::tests::typed_metadata_preserves_unknown_plan_and_exact_original_json ... ok
[INFO] [stdout] test operation::tests::typed_metadata_decodes_known_output_plans ... ok
[INFO] [stdout] test operation::tests::transport_options_default_to_deterministic_policy ... FAILED
[INFO] [stdout] test services::tests::empty_services_exist_without_optional_features ... ok
[INFO] [stdout] test operation_contract::tests::shared_expectation_matrix_covers_every_descriptor_operation ... ok
[INFO] [stdout] test svg_plan::tests::unavailable_svg_plan_is_a_typed_capability_error ... ok
[INFO] [stdout] test tests::analysis_entry_points_report_missing_analysis_feature ... ok
[INFO] [stdout] test tests::ascii_entry_point_reports_missing_ascii_feature ... ok
[INFO] [stdout] test tests::render_and_layout_entry_points_report_missing_svg_capability ... FAILED
[INFO] [stdout] test transport_contract::tests::transport_exposure_registry_is_bijective_and_sorted ... ok
[INFO] [stdout] test transport_contract::tests::transport_exposure_slices_are_sorted_and_unique ... ok
[INFO] [stdout] 
[INFO] [stdout] failures:
[INFO] [stdout] 
[INFO] [stdout] ---- engine::tests::semantic_parse_preserves_the_public_compatibility_json_projection stdout ----
[INFO] [stdout] 
[INFO] [stdout] thread 'engine::tests::semantic_parse_preserves_the_public_compatibility_json_projection' (2397) panicked at src/engine.rs:1361:14:
[INFO] [stdout] compatibility JSON parse: UnsupportedDiagram { diagram_type: "flowchart-v2" }
[INFO] [stdout] stack backtrace:
[INFO] [stdout]    0:     0x5740fcec0d61 - <<std[70759c8f55707aa4]::sys::backtrace::BacktraceLock>::print::DisplayBacktrace as core[df12db4294e9bfd3]::fmt::Display>::fmt
[INFO] [stdout]    1:     0x5740fced75ea - core[df12db4294e9bfd3]::fmt::write
[INFO] [stdout]    2:     0x5740fcec524c - <alloc[2182bb758b4b3781]::vec::Vec<u8> as core[df12db4294e9bfd3]::io::write::Write>::write_fmt
[INFO] [stdout]    3:     0x5740fce9cfb6 - std[70759c8f55707aa4]::panicking::default_hook::{closure#0}
[INFO] [stdout]    4:     0x5740fceb9349 - std[70759c8f55707aa4]::panicking::default_hook
[INFO] [stdout]    5:     0x5740fcd0b000 - test[9d35eded1c95d3be]::test_main_inner::<test[9d35eded1c95d3be]::test_main_static::{closure#0}>::{closure#0}
[INFO] [stdout]    6:     0x5740fceb9672 - std[70759c8f55707aa4]::panicking::panic_with_hook
[INFO] [stdout]    7:     0x5740fce9d062 - std[70759c8f55707aa4]::panicking::panic_handler::{closure#0}
[INFO] [stdout]    8:     0x5740fce95de9 - std[70759c8f55707aa4]::sys::backtrace::__rust_end_short_backtrace::<std[70759c8f55707aa4]::panicking::panic_handler::{closure#0}, !>
[INFO] [stdout]    9:     0x5740fce9dc5d - __rustc[8fa7c3cbc660c2b3]::rust_begin_unwind
[INFO] [stdout]   10:     0x5740fced7d1c - core[df12db4294e9bfd3]::panicking::panic_fmt
[INFO] [stdout]   11:     0x5740fced7af2 - core[df12db4294e9bfd3]::result::unwrap_failed
[INFO] [stdout]   12:     0x5740fcce5ee5 - merman_bindings_core[fd57298757e5f2d]::engine::tests::semantic_parse_preserves_the_public_compatibility_json_projection
[INFO] [stdout]   13:     0x5740fccf5ab9 - <merman_bindings_core[fd57298757e5f2d]::engine::tests::semantic_parse_preserves_the_public_compatibility_json_projection::{closure#0} as core[df12db4294e9bfd3]::ops::function::FnOnce<()>>::call_once
[INFO] [stdout]   14:     0x5740fccfe2eb - test[9d35eded1c95d3be]::__rust_begin_short_backtrace::<core[df12db4294e9bfd3]::result::Result<(), alloc[2182bb758b4b3781]::string::String>, fn() -> core[df12db4294e9bfd3]::result::Result<(), alloc[2182bb758b4b3781]::string::String>>
[INFO] [stdout]   15:     0x5740fcd0b955 - test[9d35eded1c95d3be]::run_test::{closure#0}
[INFO] [stdout]   16:     0x5740fcd05214 - std[70759c8f55707aa4]::sys::backtrace::__rust_begin_short_backtrace::<test[9d35eded1c95d3be]::run_test::{closure#1}, ()>
[INFO] [stdout]   17:     0x5740fcd0eab2 - <std[70759c8f55707aa4]::thread::lifecycle::spawn_unchecked<test[9d35eded1c95d3be]::run_test::{closure#1}, ()>::{closure#1} as core[df12db4294e9bfd3]::ops::function::FnOnce<()>>::call_once::{shim:vtable#0}
[INFO] [stdout]   18:     0x5740fcec0629 - <std[70759c8f55707aa4]::sys::thread::unix::Thread>::new::thread_start
[INFO] [stdout]   19:     0x7bed1b9b0dfa - <unknown>
[INFO] [stdout]   20:     0x7bed1ba443d4 - clone
[INFO] [stdout]   21:                0x0 - <unknown>
[INFO] [stdout] 
[INFO] [stdout] ---- engine::tests::semantic_parse_accepts_exact_semantic_model_item_budget stdout ----
[INFO] [stdout] 
[INFO] [stdout] thread 'engine::tests::semantic_parse_accepts_exact_semantic_model_item_budget' (2391) panicked at src/engine.rs:1353:14:
[INFO] [stdout] two nodes and one edge consume three semantic model items: BindingError { status: ParseError, kind: Generic, capability_id: None, details: Some(BindingErrorDetails { resource: None, diagnostic: Some(BindingDiagnosticErrorDetails { code: "merman.parse.unsupported_diagram", span: None, field: None, diagram_type: Some("flowchart-v2"), requested_max_width: None, actual_width: None, width_profile: None, fallback_reason: None }), cancellation: None, icon_registry: None }), message: "Unsupported diagram type: flowchart-v2; enable the `diagram-flowchart` or `all-diagrams` Cargo feature" }
[INFO] [stdout] stack backtrace:
[INFO] [stdout]    0:     0x5740fcec0d61 - <<std[70759c8f55707aa4]::sys::backtrace::BacktraceLock>::print::DisplayBacktrace as core[df12db4294e9bfd3]::fmt::Display>::fmt
[INFO] [stdout]    1:     0x5740fced75ea - core[df12db4294e9bfd3]::fmt::write
[INFO] [stderr] error: test failed, to rerun pass `--lib`
[INFO] [stdout]    2:     0x5740fcec524c - <alloc[2182bb758b4b3781]::vec::Vec<u8> as core[df12db4294e9bfd3]::io::write::Write>::write_fmt
[INFO] [stdout]    3:     0x5740fce9cfb6 - std[70759c8f55707aa4]::panicking::default_hook::{closure#0}
[INFO] [stdout]    4:     0x5740fceb9349 - std[70759c8f55707aa4]::panicking::default_hook
[INFO] [stdout]    5:     0x5740fcd0b000 - test[9d35eded1c95d3be]::test_main_inner::<test[9d35eded1c95d3be]::test_main_static::{closure#0}>::{closure#0}
[INFO] [stdout]    6:     0x5740fceb9672 - std[70759c8f55707aa4]::panicking::panic_with_hook
[INFO] [stdout]    7:     0x5740fce9d062 - std[70759c8f55707aa4]::panicking::panic_handler::{closure#0}
[INFO] [stdout]    8:     0x5740fce95de9 - std[70759c8f55707aa4]::sys::backtrace::__rust_end_short_backtrace::<std[70759c8f55707aa4]::panicking::panic_handler::{closure#0}, !>
[INFO] [stdout]    9:     0x5740fce9dc5d - __rustc[8fa7c3cbc660c2b3]::rust_begin_unwind
[INFO] [stdout]   10:     0x5740fced7d1c - core[df12db4294e9bfd3]::panicking::panic_fmt
[INFO] [stdout]   11:     0x5740fced7af2 - core[df12db4294e9bfd3]::result::unwrap_failed
[INFO] [stdout]   12:     0x5740fcce4d3e - merman_bindings_core[fd57298757e5f2d]::engine::tests::semantic_parse_accepts_exact_semantic_model_item_budget
[INFO] [stdout]   13:     0x5740fccf5a79 - <merman_bindings_core[fd57298757e5f2d]::engine::tests::semantic_parse_accepts_exact_semantic_model_item_budget::{closure#0} as core[df12db4294e9bfd3]::ops::function::FnOnce<()>>::call_once
[INFO] [stdout]   14:     0x5740fccfe2eb - test[9d35eded1c95d3be]::__rust_begin_short_backtrace::<core[df12db4294e9bfd3]::result::Result<(), alloc[2182bb758b4b3781]::string::String>, fn() -> core[df12db4294e9bfd3]::result::Result<(), alloc[2182bb758b4b3781]::string::String>>
[INFO] [stdout]   15:     0x5740fcd0b955 - test[9d35eded1c95d3be]::run_test::{closure#0}
[INFO] [stdout]   16:     0x5740fcd05214 - std[70759c8f55707aa4]::sys::backtrace::__rust_begin_short_backtrace::<test[9d35eded1c95d3be]::run_test::{closure#1}, ()>
[INFO] [stdout]   17:     0x5740fcd0eab2 - <std[70759c8f55707aa4]::thread::lifecycle::spawn_unchecked<test[9d35eded1c95d3be]::run_test::{closure#1}, ()>::{closure#1} as core[df12db4294e9bfd3]::ops::function::FnOnce<()>>::call_once::{shim:vtable#0}
[INFO] [stdout]   18:     0x5740fcec0629 - <std[70759c8f55707aa4]::sys::thread::unix::Thread>::new::thread_start
[INFO] [stdout]   19:     0x7bed1b9b0dfa - <unknown>
[INFO] [stdout]   20:     0x7bed1ba443d4 - clone
[INFO] [stdout]   21:                0x0 - <unknown>
[INFO] [stdout] 
[INFO] [stdout] ---- engine::tests::semantic_parse_is_available_without_renderer stdout ----
[INFO] [stdout] 
[INFO] [stdout] thread 'engine::tests::semantic_parse_is_available_without_renderer' (2396) panicked at src/engine.rs:1183:18:
[INFO] [stdout] semantic JSON without SVG: BindingError { status: ParseError, kind: Generic, capability_id: None, details: Some(BindingErrorDetails { resource: None, diagnostic: Some(BindingDiagnosticErrorDetails { code: "merman.parse.unsupported_diagram", span: None, field: None, diagram_type: Some("flowchart-v2"), requested_max_width: None, actual_width: None, width_profile: None, fallback_reason: None }), cancellation: None, icon_registry: None }), message: "Unsupported diagram type: flowchart-v2; enable the `diagram-flowchart` or `all-diagrams` Cargo feature" }
[INFO] [stdout] stack backtrace:
[INFO] [stdout]    0:     0x5740fcec0d61 - <<std[70759c8f55707aa4]::sys::backtrace::BacktraceLock>::print::DisplayBacktrace as core[df12db4294e9bfd3]::fmt::Display>::fmt
[INFO] [stdout]    1:     0x5740fced75ea - core[df12db4294e9bfd3]::fmt::write
[INFO] [stdout]    2:     0x5740fcec524c - <alloc[2182bb758b4b3781]::vec::Vec<u8> as core[df12db4294e9bfd3]::io::write::Write>::write_fmt
[INFO] [stdout]    3:     0x5740fce9cfb6 - std[70759c8f55707aa4]::panicking::default_hook::{closure#0}
[INFO] [stdout]    4:     0x5740fceb9349 - std[70759c8f55707aa4]::panicking::default_hook
[INFO] [stdout]    5:     0x5740fcd0b000 - test[9d35eded1c95d3be]::test_main_inner::<test[9d35eded1c95d3be]::test_main_static::{closure#0}>::{closure#0}
[INFO] [stdout]    6:     0x5740fceb9672 - std[70759c8f55707aa4]::panicking::panic_with_hook
[INFO] [stdout]    7:     0x5740fce9d062 - std[70759c8f55707aa4]::panicking::panic_handler::{closure#0}
[INFO] [stdout]    8:     0x5740fce95de9 - std[70759c8f55707aa4]::sys::backtrace::__rust_end_short_backtrace::<std[70759c8f55707aa4]::panicking::panic_handler::{closure#0}, !>
[INFO] [stdout]    9:     0x5740fce9dc5d - __rustc[8fa7c3cbc660c2b3]::rust_begin_unwind
[INFO] [stdout]   10:     0x5740fced7d1c - core[df12db4294e9bfd3]::panicking::panic_fmt
[INFO] [stdout]   11:     0x5740fced7af2 - core[df12db4294e9bfd3]::result::unwrap_failed
[INFO] [stdout]   12:     0x5740fcce403b - merman_bindings_core[fd57298757e5f2d]::engine::tests::semantic_parse_is_available_without_renderer
[INFO] [stdout]   13:     0x5740fccf5a19 - <merman_bindings_core[fd57298757e5f2d]::engine::tests::semantic_parse_is_available_without_renderer::{closure#0} as core[df12db4294e9bfd3]::ops::function::FnOnce<()>>::call_once
[INFO] [stdout]   14:     0x5740fccfe2eb - test[9d35eded1c95d3be]::__rust_begin_short_backtrace::<core[df12db4294e9bfd3]::result::Result<(), alloc[2182bb758b4b3781]::string::String>, fn() -> core[df12db4294e9bfd3]::result::Result<(), alloc[2182bb758b4b3781]::string::String>>
[INFO] [stdout]   15:     0x5740fcd0b955 - test[9d35eded1c95d3be]::run_test::{closure#0}
[INFO] [stdout]   16:     0x5740fcd05214 - std[70759c8f55707aa4]::sys::backtrace::__rust_begin_short_backtrace::<test[9d35eded1c95d3be]::run_test::{closure#1}, ()>
[INFO] [stdout]   17:     0x5740fcd0eab2 - <std[70759c8f55707aa4]::thread::lifecycle::spawn_unchecked<test[9d35eded1c95d3be]::run_test::{closure#1}, ()>::{closure#1} as core[df12db4294e9bfd3]::ops::function::FnOnce<()>>::call_once::{shim:vtable#0}
[INFO] [stdout]   18:     0x5740fcec0629 - <std[70759c8f55707aa4]::sys::thread::unix::Thread>::new::thread_start
[INFO] [stdout]   19:     0x7bed1b9b0dfa - <unknown>
[INFO] [stdout]   20:     0x7bed1ba443d4 - clone
[INFO] [stdout]   21:                0x0 - <unknown>
[INFO] [stdout] 
[INFO] [stdout] ---- engine::tests::semantic_parse_enforces_model_nesting_budget stdout ----
[INFO] [stdout] 
[INFO] [stdout] thread 'engine::tests::semantic_parse_enforces_model_nesting_budget' (2393) panicked at src/engine.rs:1463:9:
[INFO] [stdout] assertion `left == right` failed
[INFO] [stdout]   left: ParseError
[INFO] [stdout]  right: ResourceLimitExceeded
[INFO] [stdout] stack backtrace:
[INFO] [stdout]    0:     0x5740fcec0d61 - <<std[70759c8f55707aa4]::sys::backtrace::BacktraceLock>::print::DisplayBacktrace as core[df12db4294e9bfd3]::fmt::Display>::fmt
[INFO] [stdout]    1:     0x5740fced75ea - core[df12db4294e9bfd3]::fmt::write
[INFO] [stdout]    2:     0x5740fcec524c - <alloc[2182bb758b4b3781]::vec::Vec<u8> as core[df12db4294e9bfd3]::io::write::Write>::write_fmt
[INFO] [stdout]    3:     0x5740fce9cfb6 - std[70759c8f55707aa4]::panicking::default_hook::{closure#0}
[INFO] [stdout]    4:     0x5740fceb9349 - std[70759c8f55707aa4]::panicking::default_hook
[INFO] [stdout]    5:     0x5740fcd0b000 - test[9d35eded1c95d3be]::test_main_inner::<test[9d35eded1c95d3be]::test_main_static::{closure#0}>::{closure#0}
[INFO] [stdout]    6:     0x5740fceb9672 - std[70759c8f55707aa4]::panicking::panic_with_hook
[INFO] [stdout]    7:     0x5740fce9d062 - std[70759c8f55707aa4]::panicking::panic_handler::{closure#0}
[INFO] [stdout]    8:     0x5740fce95de9 - std[70759c8f55707aa4]::sys::backtrace::__rust_end_short_backtrace::<std[70759c8f55707aa4]::panicking::panic_handler::{closure#0}, !>
[INFO] [stdout]    9:     0x5740fce9dc5d - __rustc[8fa7c3cbc660c2b3]::rust_begin_unwind
[INFO] [stdout]   10:     0x5740fced7d1c - core[df12db4294e9bfd3]::panicking::panic_fmt
[INFO] [stdout]   11:     0x5740fced7c33 - core[df12db4294e9bfd3]::panicking::assert_failed_inner
[INFO] [stdout]   12:     0x5740fccf8813 - core[df12db4294e9bfd3]::panicking::assert_failed::<merman_bindings_core[fd57298757e5f2d]::common::BindingStatus, merman_bindings_core[fd57298757e5f2d]::common::BindingStatus>
[INFO] [stdout]   13:     0x5740fcce2fea - merman_bindings_core[fd57298757e5f2d]::engine::tests::assert_semantic_model_limit
[INFO] [stdout]   14:     0x5740fccf5a01 - <merman_bindings_core[fd57298757e5f2d]::engine::tests::semantic_parse_enforces_model_nesting_budget::{closure#0} as core[df12db4294e9bfd3]::ops::function::FnOnce<()>>::call_once
[INFO] [stdout]   15:     0x5740fccfe2eb - test[9d35eded1c95d3be]::__rust_begin_short_backtrace::<core[df12db4294e9bfd3]::result::Result<(), alloc[2182bb758b4b3781]::string::String>, fn() -> core[df12db4294e9bfd3]::result::Result<(), alloc[2182bb758b4b3781]::string::String>>
[INFO] [stdout]   16:     0x5740fcd0b955 - test[9d35eded1c95d3be]::run_test::{closure#0}
[INFO] [stdout]   17:     0x5740fcd05214 - std[70759c8f55707aa4]::sys::backtrace::__rust_begin_short_backtrace::<test[9d35eded1c95d3be]::run_test::{closure#1}, ()>
[INFO] [stdout]   18:     0x5740fcd0eab2 - <std[70759c8f55707aa4]::thread::lifecycle::spawn_unchecked<test[9d35eded1c95d3be]::run_test::{closure#1}, ()>::{closure#1} as core[df12db4294e9bfd3]::ops::function::FnOnce<()>>::call_once::{shim:vtable#0}
[INFO] [stdout]   19:     0x5740fcec0629 - <std[70759c8f55707aa4]::sys::thread::unix::Thread>::new::thread_start
[INFO] [stdout]   20:     0x7bed1b9b0dfa - <unknown>
[INFO] [stdout]   21:     0x7bed1ba443d4 - clone
[INFO] [stdout]   22:                0x0 - <unknown>
[INFO] [stdout] 
[INFO] [stdout] ---- engine::tests::semantic_parse_enforces_model_item_budget stdout ----
[INFO] [stdout] 
[INFO] [stdout] thread 'engine::tests::semantic_parse_enforces_model_item_budget' (2392) panicked at src/engine.rs:1463:9:
[INFO] [stdout] assertion `left == right` failed
[INFO] [stdout]   left: ParseError
[INFO] [stdout]  right: ResourceLimitExceeded
[INFO] [stdout] stack backtrace:
[INFO] [stdout]    0:     0x5740fcec0d61 - <<std[70759c8f55707aa4]::sys::backtrace::BacktraceLock>::print::DisplayBacktrace as core[df12db4294e9bfd3]::fmt::Display>::fmt
[INFO] [stdout]    1:     0x5740fced75ea - core[df12db4294e9bfd3]::fmt::write
[INFO] [stdout]    2:     0x5740fcec524c - <alloc[2182bb758b4b3781]::vec::Vec<u8> as core[df12db4294e9bfd3]::io::write::Write>::write_fmt
[INFO] [stdout]    3:     0x5740fce9cfb6 - std[70759c8f55707aa4]::panicking::default_hook::{closure#0}
[INFO] [stdout]    4:     0x5740fceb9349 - std[70759c8f55707aa4]::panicking::default_hook
[INFO] [stdout]    5:     0x5740fcd0b000 - test[9d35eded1c95d3be]::test_main_inner::<test[9d35eded1c95d3be]::test_main_static::{closure#0}>::{closure#0}
[INFO] [stdout]    6:     0x5740fceb9672 - std[70759c8f55707aa4]::panicking::panic_with_hook
[INFO] [stdout]    7:     0x5740fce9d062 - std[70759c8f55707aa4]::panicking::panic_handler::{closure#0}
[INFO] [stdout]    8:     0x5740fce95de9 - std[70759c8f55707aa4]::sys::backtrace::__rust_end_short_backtrace::<std[70759c8f55707aa4]::panicking::panic_handler::{closure#0}, !>
[INFO] [stdout]    9:     0x5740fce9dc5d - __rustc[8fa7c3cbc660c2b3]::rust_begin_unwind
[INFO] [stdout]   10:     0x5740fced7d1c - core[df12db4294e9bfd3]::panicking::panic_fmt
[INFO] [stdout]   11:     0x5740fced7c33 - core[df12db4294e9bfd3]::panicking::assert_failed_inner
[INFO] [stdout]   12:     0x5740fccf8813 - core[df12db4294e9bfd3]::panicking::assert_failed::<merman_bindings_core[fd57298757e5f2d]::common::BindingStatus, merman_bindings_core[fd57298757e5f2d]::common::BindingStatus>
[INFO] [stdout]   13:     0x5740fcce2fea - merman_bindings_core[fd57298757e5f2d]::engine::tests::assert_semantic_model_limit
[INFO] [stdout]   14:     0x5740fccf59a1 - <merman_bindings_core[fd57298757e5f2d]::engine::tests::semantic_parse_enforces_model_item_budget::{closure#0} as core[df12db4294e9bfd3]::ops::function::FnOnce<()>>::call_once
[INFO] [stdout]   15:     0x5740fccfe2eb - test[9d35eded1c95d3be]::__rust_begin_short_backtrace::<core[df12db4294e9bfd3]::result::Result<(), alloc[2182bb758b4b3781]::string::String>, fn() -> core[df12db4294e9bfd3]::result::Result<(), alloc[2182bb758b4b3781]::string::String>>
[INFO] [stdout]   16:     0x5740fcd0b955 - test[9d35eded1c95d3be]::run_test::{closure#0}
[INFO] [stdout]   17:     0x5740fcd05214 - std[70759c8f55707aa4]::sys::backtrace::__rust_begin_short_backtrace::<test[9d35eded1c95d3be]::run_test::{closure#1}, ()>
[INFO] [stdout]   18:     0x5740fcd0eab2 - <std[70759c8f55707aa4]::thread::lifecycle::spawn_unchecked<test[9d35eded1c95d3be]::run_test::{closure#1}, ()>::{closure#1} as core[df12db4294e9bfd3]::ops::function::FnOnce<()>>::call_once::{shim:vtable#0}
[INFO] [stdout]   19:     0x5740fcec0629 - <std[70759c8f55707aa4]::sys::thread::unix::Thread>::new::thread_start
[INFO] [stdout]   20:     0x7bed1b9b0dfa - <unknown>
[INFO] [stdout]   21:     0x7bed1ba443d4 - clone
[INFO] [stdout]   22:                0x0 - <unknown>
[INFO] [stdout] 
[INFO] [stdout] ---- engine::tests::semantic_parse_resource_boundaries_match_the_typed_model stdout ----
[INFO] [stdout] 
[INFO] [stdout] thread 'engine::tests::semantic_parse_resource_boundaries_match_the_typed_model' (2398) panicked at src/engine.rs:1404:14:
[INFO] [stdout] typed model parse: UnsupportedDiagram { diagram_type: "flowchart-v2" }
[INFO] [stdout] stack backtrace:
[INFO] [stdout]    0:     0x5740fcec0d61 - <<std[70759c8f55707aa4]::sys::backtrace::BacktraceLock>::print::DisplayBacktrace as core[df12db4294e9bfd3]::fmt::Display>::fmt
[INFO] [stdout]    1:     0x5740fced75ea - core[df12db4294e9bfd3]::fmt::write
[INFO] [stdout]    2:     0x5740fcec524c - <alloc[2182bb758b4b3781]::vec::Vec<u8> as core[df12db4294e9bfd3]::io::write::Write>::write_fmt
[INFO] [stdout]    3:     0x5740fce9cfb6 - std[70759c8f55707aa4]::panicking::default_hook::{closure#0}
[INFO] [stdout]    4:     0x5740fceb9349 - std[70759c8f55707aa4]::panicking::default_hook
[INFO] [stdout]    5:     0x5740fcd0b000 - test[9d35eded1c95d3be]::test_main_inner::<test[9d35eded1c95d3be]::test_main_static::{closure#0}>::{closure#0}
[INFO] [stdout]    6:     0x5740fceb9672 - std[70759c8f55707aa4]::panicking::panic_with_hook
[INFO] [stdout]    7:     0x5740fce9d062 - std[70759c8f55707aa4]::panicking::panic_handler::{closure#0}
[INFO] [stdout]    8:     0x5740fce95de9 - std[70759c8f55707aa4]::sys::backtrace::__rust_end_short_backtrace::<std[70759c8f55707aa4]::panicking::panic_handler::{closure#0}, !>
[INFO] [stdout]    9:     0x5740fce9dc5d - __rustc[8fa7c3cbc660c2b3]::rust_begin_unwind
[INFO] [stdout]   10:     0x5740fced7d1c - core[df12db4294e9bfd3]::panicking::panic_fmt
[INFO] [stdout]   11:     0x5740fced7af2 - core[df12db4294e9bfd3]::result::unwrap_failed
[INFO] [stdout]   12:     0x5740fcce57c2 - merman_bindings_core[fd57298757e5f2d]::engine::tests::semantic_parse_resource_boundaries_match_the_typed_model
[INFO] [stdout]   13:     0x5740fccf5a99 - <merman_bindings_core[fd57298757e5f2d]::engine::tests::semantic_parse_resource_boundaries_match_the_typed_model::{closure#0} as core[df12db4294e9bfd3]::ops::function::FnOnce<()>>::call_once
[INFO] [stdout]   14:     0x5740fccfe2eb - test[9d35eded1c95d3be]::__rust_begin_short_backtrace::<core[df12db4294e9bfd3]::result::Result<(), alloc[2182bb758b4b3781]::string::String>, fn() -> core[df12db4294e9bfd3]::result::Result<(), alloc[2182bb758b4b3781]::string::String>>
[INFO] [stdout]   15:     0x5740fcd0b955 - test[9d35eded1c95d3be]::run_test::{closure#0}
[INFO] [stdout]   16:     0x5740fcd05214 - std[70759c8f55707aa4]::sys::backtrace::__rust_begin_short_backtrace::<test[9d35eded1c95d3be]::run_test::{closure#1}, ()>
[INFO] [stdout]   17:     0x5740fcd0eab2 - <std[70759c8f55707aa4]::thread::lifecycle::spawn_unchecked<test[9d35eded1c95d3be]::run_test::{closure#1}, ()>::{closure#1} as core[df12db4294e9bfd3]::ops::function::FnOnce<()>>::call_once::{shim:vtable#0}
[INFO] [stdout]   18:     0x5740fcec0629 - <std[70759c8f55707aa4]::sys::thread::unix::Thread>::new::thread_start
[INFO] [stdout]   19:     0x7bed1b9b0dfa - <unknown>
[INFO] [stdout]   20:     0x7bed1ba443d4 - clone
[INFO] [stdout]   21:                0x0 - <unknown>
[INFO] [stdout] 
[INFO] [stdout] ---- engine::tests::semantic_parse_enforces_model_text_budget stdout ----
[INFO] [stdout] 
[INFO] [stdout] thread 'engine::tests::semantic_parse_enforces_model_text_budget' (2394) panicked at src/engine.rs:1463:9:
[INFO] [stdout] assertion `left == right` failed
[INFO] [stdout]   left: ParseError
[INFO] [stdout]  right: ResourceLimitExceeded
[INFO] [stdout] stack backtrace:
[INFO] [stdout]    0:     0x5740fcec0d61 - <<std[70759c8f55707aa4]::sys::backtrace::BacktraceLock>::print::DisplayBacktrace as core[df12db4294e9bfd3]::fmt::Display>::fmt
[INFO] [stdout]    1:     0x5740fced75ea - core[df12db4294e9bfd3]::fmt::write
[INFO] [stdout]    2:     0x5740fcec524c - <alloc[2182bb758b4b3781]::vec::Vec<u8> as core[df12db4294e9bfd3]::io::write::Write>::write_fmt
[INFO] [stdout]    3:     0x5740fce9cfb6 - std[70759c8f55707aa4]::panicking::default_hook::{closure#0}
[INFO] [stdout]    4:     0x5740fceb9349 - std[70759c8f55707aa4]::panicking::default_hook
[INFO] [stdout]    5:     0x5740fcd0b000 - test[9d35eded1c95d3be]::test_main_inner::<test[9d35eded1c95d3be]::test_main_static::{closure#0}>::{closure#0}
[INFO] [stdout]    6:     0x5740fceb9672 - std[70759c8f55707aa4]::panicking::panic_with_hook
[INFO] [stdout]    7:     0x5740fce9d062 - std[70759c8f55707aa4]::panicking::panic_handler::{closure#0}
[INFO] [stdout]    8:     0x5740fce95de9 - std[70759c8f55707aa4]::sys::backtrace::__rust_end_short_backtrace::<std[70759c8f55707aa4]::panicking::panic_handler::{closure#0}, !>
[INFO] [stdout]    9:     0x5740fce9dc5d - __rustc[8fa7c3cbc660c2b3]::rust_begin_unwind
[INFO] [stdout]   10:     0x5740fced7d1c - core[df12db4294e9bfd3]::panicking::panic_fmt
[INFO] [stdout]   11:     0x5740fced7c33 - core[df12db4294e9bfd3]::panicking::assert_failed_inner
[INFO] [stdout]   12:     0x5740fccf8813 - core[df12db4294e9bfd3]::panicking::assert_failed::<merman_bindings_core[fd57298757e5f2d]::common::BindingStatus, merman_bindings_core[fd57298757e5f2d]::common::BindingStatus>
[INFO] [stdout]   13:     0x5740fcce2fea - merman_bindings_core[fd57298757e5f2d]::engine::tests::assert_semantic_model_limit
[INFO] [stdout]   14:     0x5740fccf59d1 - <merman_bindings_core[fd57298757e5f2d]::engine::tests::semantic_parse_enforces_model_text_budget::{closure#0} as core[df12db4294e9bfd3]::ops::function::FnOnce<()>>::call_once
[INFO] [stdout]   15:     0x5740fccfe2eb - test[9d35eded1c95d3be]::__rust_begin_short_backtrace::<core[df12db4294e9bfd3]::result::Result<(), alloc[2182bb758b4b3781]::string::String>, fn() -> core[df12db4294e9bfd3]::result::Result<(), alloc[2182bb758b4b3781]::string::String>>
[INFO] [stdout]   16:     0x5740fcd0b955 - test[9d35eded1c95d3be]::run_test::{closure#0}
[INFO] [stdout]   17:     0x5740fcd05214 - std[70759c8f55707aa4]::sys::backtrace::__rust_begin_short_backtrace::<test[9d35eded1c95d3be]::run_test::{closure#1}, ()>
[INFO] [stdout]   18:     0x5740fcd0eab2 - <std[70759c8f55707aa4]::thread::lifecycle::spawn_unchecked<test[9d35eded1c95d3be]::run_test::{closure#1}, ()>::{closure#1} as core[df12db4294e9bfd3]::ops::function::FnOnce<()>>::call_once::{shim:vtable#0}
[INFO] [stdout]   19:     0x5740fcec0629 - <std[70759c8f55707aa4]::sys::thread::unix::Thread>::new::thread_start
[INFO] [stdout]   20:     0x7bed1b9b0dfa - <unknown>
[INFO] [stdout]   21:     0x7bed1ba443d4 - clone
[INFO] [stdout]   22:                0x0 - <unknown>
[INFO] [stdout] 
[INFO] [stdout] ---- metadata::tests::metadata_json_helpers_return_json_contracts stdout ----
[INFO] [stdout] 
[INFO] [stdout] thread 'metadata::tests::metadata_json_helpers_return_json_contracts' (2425) panicked at src/metadata.rs:1915:9:
[INFO] [stdout] assertion failed: diagrams.as_array().unwrap().contains(&Value::String("flowchart".to_string()))
[INFO] [stdout] stack backtrace:
[INFO] [stdout]    0:     0x5740fcec0d61 - <<std[70759c8f55707aa4]::sys::backtrace::BacktraceLock>::print::DisplayBacktrace as core[df12db4294e9bfd3]::fmt::Display>::fmt
[INFO] [stdout]    1:     0x5740fced75ea - core[df12db4294e9bfd3]::fmt::write
[INFO] [stdout]    2:     0x5740fcec524c - <alloc[2182bb758b4b3781]::vec::Vec<u8> as core[df12db4294e9bfd3]::io::write::Write>::write_fmt
[INFO] [stdout]    3:     0x5740fce9cfb6 - std[70759c8f55707aa4]::panicking::default_hook::{closure#0}
[INFO] [stdout]    4:     0x5740fceb9349 - std[70759c8f55707aa4]::panicking::default_hook
[INFO] [stdout]    5:     0x5740fcd0b000 - test[9d35eded1c95d3be]::test_main_inner::<test[9d35eded1c95d3be]::test_main_static::{closure#0}>::{closure#0}
[INFO] [stdout]    6:     0x5740fceb9672 - std[70759c8f55707aa4]::panicking::panic_with_hook
[INFO] [stdout]    7:     0x5740fce9d094 - std[70759c8f55707aa4]::panicking::panic_handler::{closure#0}
[INFO] [stdout]    8:     0x5740fce95de9 - std[70759c8f55707aa4]::sys::backtrace::__rust_end_short_backtrace::<std[70759c8f55707aa4]::panicking::panic_handler::{closure#0}, !>
[INFO] [stdout]    9:     0x5740fce9dc5d - __rustc[8fa7c3cbc660c2b3]::rust_begin_unwind
[INFO] [stdout]   10:     0x5740fced7d1c - core[df12db4294e9bfd3]::panicking::panic_fmt
[INFO] [stdout]   11:     0x5740fced7ce2 - core[df12db4294e9bfd3]::panicking::panic
[INFO] [stdout]   12:     0x5740fccb30bd - merman_bindings_core[fd57298757e5f2d]::metadata::tests::metadata_json_helpers_return_json_contracts
[INFO] [stdout]   13:     0x5740fccf5b59 - <merman_bindings_core[fd57298757e5f2d]::metadata::tests::metadata_json_helpers_return_json_contracts::{closure#0} as core[df12db4294e9bfd3]::ops::function::FnOnce<()>>::call_once
[INFO] [stdout]   14:     0x5740fccfe2eb - test[9d35eded1c95d3be]::__rust_begin_short_backtrace::<core[df12db4294e9bfd3]::result::Result<(), alloc[2182bb758b4b3781]::string::String>, fn() -> core[df12db4294e9bfd3]::result::Result<(), alloc[2182bb758b4b3781]::string::String>>
[INFO] [stdout]   15:     0x5740fcd0b955 - test[9d35eded1c95d3be]::run_test::{closure#0}
[INFO] [stdout]   16:     0x5740fcd05214 - std[70759c8f55707aa4]::sys::backtrace::__rust_begin_short_backtrace::<test[9d35eded1c95d3be]::run_test::{closure#1}, ()>
[INFO] [stdout]   17:     0x5740fcd0eab2 - <std[70759c8f55707aa4]::thread::lifecycle::spawn_unchecked<test[9d35eded1c95d3be]::run_test::{closure#1}, ()>::{closure#1} as core[df12db4294e9bfd3]::ops::function::FnOnce<()>>::call_once::{shim:vtable#0}
[INFO] [stdout]   18:     0x5740fcec0629 - <std[70759c8f55707aa4]::sys::thread::unix::Thread>::new::thread_start
[INFO] [stdout]   19:     0x7bed1b9b0dfa - <unknown>
[INFO] [stdout]   20:     0x7bed1ba443d4 - clone
[INFO] [stdout]   21:                0x0 - <unknown>
[INFO] [stdout] 
[INFO] [stdout] ---- metadata::tests::diagram_family_capabilities_expose_the_complete_core_catalog stdout ----
[INFO] [stdout] 
[INFO] [stdout] thread 'metadata::tests::diagram_family_capabilities_expose_the_complete_core_catalog' (2423) panicked at src/metadata.rs:1570:9:
[INFO] [stdout] assertion failed: flowchart.has_semantic_parser
[INFO] [stdout] stack backtrace:
[INFO] [stdout]    0:     0x5740fcec0d61 - <<std[70759c8f55707aa4]::sys::backtrace::BacktraceLock>::print::DisplayBacktrace as core[df12db4294e9bfd3]::fmt::Display>::fmt
[INFO] [stdout]    1:     0x5740fced75ea - core[df12db4294e9bfd3]::fmt::write
[INFO] [stdout]    2:     0x5740fcec524c - <alloc[2182bb758b4b3781]::vec::Vec<u8> as core[df12db4294e9bfd3]::io::write::Write>::write_fmt
[INFO] [stdout]    3:     0x5740fce9cfb6 - std[70759c8f55707aa4]::panicking::default_hook::{closure#0}
[INFO] [stdout]    4:     0x5740fceb9349 - std[70759c8f55707aa4]::panicking::default_hook
[INFO] [stdout]    5:     0x5740fcd0b000 - test[9d35eded1c95d3be]::test_main_inner::<test[9d35eded1c95d3be]::test_main_static::{closure#0}>::{closure#0}
[INFO] [stdout]    6:     0x5740fceb9672 - std[70759c8f55707aa4]::panicking::panic_with_hook
[INFO] [stdout]    7:     0x5740fce9d094 - std[70759c8f55707aa4]::panicking::panic_handler::{closure#0}
[INFO] [stdout]    8:     0x5740fce95de9 - std[70759c8f55707aa4]::sys::backtrace::__rust_end_short_backtrace::<std[70759c8f55707aa4]::panicking::panic_handler::{closure#0}, !>
[INFO] [stdout]    9:     0x5740fce9dc5d - __rustc[8fa7c3cbc660c2b3]::rust_begin_unwind
[INFO] [stdout]   10:     0x5740fced7d1c - core[df12db4294e9bfd3]::panicking::panic_fmt
[INFO] [stdout]   11:     0x5740fced7ce2 - core[df12db4294e9bfd3]::panicking::panic
[INFO] [stdout]   12:     0x5740fccb6793 - merman_bindings_core[fd57298757e5f2d]::metadata::tests::diagram_family_capabilities_expose_the_complete_core_catalog
[INFO] [stdout]   13:     0x5740fccf5c39 - <merman_bindings_core[fd57298757e5f2d]::metadata::tests::diagram_family_capabilities_expose_the_complete_core_catalog::{closure#0} as core[df12db4294e9bfd3]::ops::function::FnOnce<()>>::call_once
[INFO] [stdout]   14:     0x5740fccfe2eb - test[9d35eded1c95d3be]::__rust_begin_short_backtrace::<core[df12db4294e9bfd3]::result::Result<(), alloc[2182bb758b4b3781]::string::String>, fn() -> core[df12db4294e9bfd3]::result::Result<(), alloc[2182bb758b4b3781]::string::String>>
[INFO] [stdout]   15:     0x5740fcd0b955 - test[9d35eded1c95d3be]::run_test::{closure#0}
[INFO] [stdout]   16:     0x5740fcd05214 - std[70759c8f55707aa4]::sys::backtrace::__rust_begin_short_backtrace::<test[9d35eded1c95d3be]::run_test::{closure#1}, ()>
[INFO] [stdout]   17:     0x5740fcd0eab2 - <std[70759c8f55707aa4]::thread::lifecycle::spawn_unchecked<test[9d35eded1c95d3be]::run_test::{closure#1}, ()>::{closure#1} as core[df12db4294e9bfd3]::ops::function::FnOnce<()>>::call_once::{shim:vtable#0}
[INFO] [stdout]   18:     0x5740fcec0629 - <std[70759c8f55707aa4]::sys::thread::unix::Thread>::new::thread_start
[INFO] [stdout]   19:     0x7bed1b9b0dfa - <unknown>
[INFO] [stdout]   20:     0x7bed1ba443d4 - clone
[INFO] [stdout]   21:                0x0 - <unknown>
[INFO] [stdout] 
[INFO] [stdout] ---- metadata::tests::supported_diagrams_exposes_binding_surface stdout ----
[INFO] [stdout] 
[INFO] [stdout] thread 'metadata::tests::supported_diagrams_exposes_binding_surface' (2436) panicked at src/metadata.rs:1552:9:
[INFO] [stdout] assertion failed: supported_diagrams().contains(&"flowchart")
[INFO] [stdout] stack backtrace:
[INFO] [stdout]    0:     0x5740fcec0d61 - <<std[70759c8f55707aa4]::sys::backtrace::BacktraceLock>::print::DisplayBacktrace as core[df12db4294e9bfd3]::fmt::Display>::fmt
[INFO] [stdout]    1:     0x5740fced75ea - core[df12db4294e9bfd3]::fmt::write
[INFO] [stdout]    2:     0x5740fcec524c - <alloc[2182bb758b4b3781]::vec::Vec<u8> as core[df12db4294e9bfd3]::io::write::Write>::write_fmt
[INFO] [stdout]    3:     0x5740fce9cfb6 - std[70759c8f55707aa4]::panicking::default_hook::{closure#0}
[INFO] [stdout]    4:     0x5740fceb9349 - std[70759c8f55707aa4]::panicking::default_hook
[INFO] [stdout]    5:     0x5740fcd0b000 - test[9d35eded1c95d3be]::test_main_inner::<test[9d35eded1c95d3be]::test_main_static::{closure#0}>::{closure#0}
[INFO] [stdout]    6:     0x5740fceb9672 - std[70759c8f55707aa4]::panicking::panic_with_hook
[INFO] [stdout]    7:     0x5740fce9d094 - std[70759c8f55707aa4]::panicking::panic_handler::{closure#0}
[INFO] [stdout]    8:     0x5740fce95de9 - std[70759c8f55707aa4]::sys::backtrace::__rust_end_short_backtrace::<std[70759c8f55707aa4]::panicking::panic_handler::{closure#0}, !>
[INFO] [stdout]    9:     0x5740fce9dc5d - __rustc[8fa7c3cbc660c2b3]::rust_begin_unwind
[INFO] [stdout]   10:     0x5740fced7d1c - core[df12db4294e9bfd3]::panicking::panic_fmt
[INFO] [stdout]   11:     0x5740fced7ce2 - core[df12db4294e9bfd3]::panicking::panic
[INFO] [stdout]   12:     0x5740fccb1b3e - merman_bindings_core[fd57298757e5f2d]::metadata::tests::supported_diagrams_exposes_binding_surface
[INFO] [stdout]   13:     0x5740fccf5b39 - <merman_bindings_core[fd57298757e5f2d]::metadata::tests::supported_diagrams_exposes_binding_surface::{closure#0} as core[df12db4294e9bfd3]::ops::function::FnOnce<()>>::call_once
[INFO] [stdout]   14:     0x5740fccfe2eb - test[9d35eded1c95d3be]::__rust_begin_short_backtrace::<core[df12db4294e9bfd3]::result::Result<(), alloc[2182bb758b4b3781]::string::String>, fn() -> core[df12db4294e9bfd3]::result::Result<(), alloc[2182bb758b4b3781]::string::String>>
[INFO] [stdout]   15:     0x5740fcd0b955 - test[9d35eded1c95d3be]::run_test::{closure#0}
[INFO] [stdout]   16:     0x5740fcd05214 - std[70759c8f55707aa4]::sys::backtrace::__rust_begin_short_backtrace::<test[9d35eded1c95d3be]::run_test::{closure#1}, ()>
[INFO] [stdout]   17:     0x5740fcd0eab2 - <std[70759c8f55707aa4]::thread::lifecycle::spawn_unchecked<test[9d35eded1c95d3be]::run_test::{closure#1}, ()>::{closure#1} as core[df12db4294e9bfd3]::ops::function::FnOnce<()>>::call_once::{shim:vtable#0}
[INFO] [stdout]   18:     0x5740fcec0629 - <std[70759c8f55707aa4]::sys::thread::unix::Thread>::new::thread_start
[INFO] [stdout]   19:     0x7bed1b9b0dfa - <unknown>
[INFO] [stdout]   20:     0x7bed1ba443d4 - clone
[INFO] [stdout]   21:                0x0 - <unknown>
[INFO] [stdout] 
[INFO] [stdout] ---- operation::tests::reusable_byte_execution_matches_result_data_and_errors_without_metadata stdout ----
[INFO] [stdout] 
[INFO] [stdout] thread 'operation::tests::reusable_byte_execution_matches_result_data_and_errors_without_metadata' (2452) panicked at src/operation.rs:1526:54:
[INFO] [stdout] called `Result::unwrap()` on an `Err` value: BindingError { status: ParseError, kind: Generic, capability_id: None, details: Some(BindingErrorDetails { resource: None, diagnostic: Some(BindingDiagnosticErrorDetails { code: "merman.parse.unsupported_diagram", span: None, field: None, diagram_type: Some("flowchart-v2"), requested_max_width: None, actual_width: None, width_profile: None, fallback_reason: None }), cancellation: None, icon_registry: None }), message: "Unsupported diagram type: flowchart-v2; enable the `diagram-flowchart` or `all-diagrams` Cargo feature" }
[INFO] [stdout] stack backtrace:
[INFO] [stdout]    0:     0x5740fcec0d61 - <<std[70759c8f55707aa4]::sys::backtrace::BacktraceLock>::print::DisplayBacktrace as core[df12db4294e9bfd3]::fmt::Display>::fmt
[INFO] [stdout]    1:     0x5740fced75ea - core[df12db4294e9bfd3]::fmt::write
[INFO] [stdout]    2:     0x5740fcec524c - <alloc[2182bb758b4b3781]::vec::Vec<u8> as core[df12db4294e9bfd3]::io::write::Write>::write_fmt
[INFO] [stdout]    3:     0x5740fce9cfb6 - std[70759c8f55707aa4]::panicking::default_hook::{closure#0}
[INFO] [stdout]    4:     0x5740fceb9349 - std[70759c8f55707aa4]::panicking::default_hook
[INFO] [stdout]    5:     0x5740fcd0b000 - test[9d35eded1c95d3be]::test_main_inner::<test[9d35eded1c95d3be]::test_main_static::{closure#0}>::{closure#0}
[INFO] [stdout]    6:     0x5740fceb9672 - std[70759c8f55707aa4]::panicking::panic_with_hook
[INFO] [stdout]    7:     0x5740fce9d062 - std[70759c8f55707aa4]::panicking::panic_handler::{closure#0}
[INFO] [stdout]    8:     0x5740fce95de9 - std[70759c8f55707aa4]::sys::backtrace::__rust_end_short_backtrace::<std[70759c8f55707aa4]::panicking::panic_handler::{closure#0}, !>
[INFO] [stdout]    9:     0x5740fce9dc5d - __rustc[8fa7c3cbc660c2b3]::rust_begin_unwind
[INFO] [stdout]   10:     0x5740fced7d1c - core[df12db4294e9bfd3]::panicking::panic_fmt
[INFO] [stdout]   11:     0x5740fced7af2 - core[df12db4294e9bfd3]::result::unwrap_failed
[INFO] [stdout]   12:     0x5740fccc25ea - merman_bindings_core[fd57298757e5f2d]::operation::tests::reusable_byte_execution_matches_result_data_and_errors_without_metadata
[INFO] [stdout]   13:     0x5740fccf6039 - <merman_bindings_core[fd57298757e5f2d]::operation::tests::reusable_byte_execution_matches_result_data_and_errors_without_metadata::{closure#0} as core[df12db4294e9bfd3]::ops::function::FnOnce<()>>::call_once
[INFO] [stdout]   14:     0x5740fccfe2eb - test[9d35eded1c95d3be]::__rust_begin_short_backtrace::<core[df12db4294e9bfd3]::result::Result<(), alloc[2182bb758b4b3781]::string::String>, fn() -> core[df12db4294e9bfd3]::result::Result<(), alloc[2182bb758b4b3781]::string::String>>
[INFO] [stdout]   15:     0x5740fcd0b955 - test[9d35eded1c95d3be]::run_test::{closure#0}
[INFO] [stdout]   16:     0x5740fcd05214 - std[70759c8f55707aa4]::sys::backtrace::__rust_begin_short_backtrace::<test[9d35eded1c95d3be]::run_test::{closure#1}, ()>
[INFO] [stdout]   17:     0x5740fcd0eab2 - <std[70759c8f55707aa4]::thread::lifecycle::spawn_unchecked<test[9d35eded1c95d3be]::run_test::{closure#1}, ()>::{closure#1} as core[df12db4294e9bfd3]::ops::function::FnOnce<()>>::call_once::{shim:vtable#0}
[INFO] [stdout]   18:     0x5740fcec0629 - <std[70759c8f55707aa4]::sys::thread::unix::Thread>::new::thread_start
[INFO] [stdout]   19:     0x7bed1b9b0dfa - <unknown>
[INFO] [stdout]   20:     0x7bed1ba443d4 - clone
[INFO] [stdout]   21:                0x0 - <unknown>
[INFO] [stdout] 
[INFO] [stdout] ---- operation::tests::one_shot_operation_may_choose_a_nondefault_profile stdout ----
[INFO] [stdout] 
[INFO] [stdout] thread 'operation::tests::one_shot_operation_may_choose_a_nondefault_profile' (2446) panicked at src/operation.rs:2146:10:
[INFO] [stdout] called `Result::unwrap()` on an `Err` value: BindingError { status: ParseError, kind: Generic, capability_id: None, details: Some(BindingErrorDetails { resource: None, diagnostic: Some(BindingDiagnosticErrorDetails { code: "merman.parse.unsupported_diagram", span: None, field: None, diagram_type: Some("flowchart-v2"), requested_max_width: None, actual_width: None, width_profile: None, fallback_reason: None }), cancellation: None, icon_registry: None }), message: "Unsupported diagram type: flowchart-v2; enable the `diagram-flowchart` or `all-diagrams` Cargo feature" }
[INFO] [stdout] stack backtrace:
[INFO] [stdout]    0:     0x5740fcec0d61 - <<std[70759c8f55707aa4]::sys::backtrace::BacktraceLock>::print::DisplayBacktrace as core[df12db4294e9bfd3]::fmt::Display>::fmt
[INFO] [stdout]    1:     0x5740fced75ea - core[df12db4294e9bfd3]::fmt::write
[INFO] [stdout]    2:     0x5740fcec524c - <alloc[2182bb758b4b3781]::vec::Vec<u8> as core[df12db4294e9bfd3]::io::write::Write>::write_fmt
[INFO] [stdout]    3:     0x5740fce9cfb6 - std[70759c8f55707aa4]::panicking::default_hook::{closure#0}
[INFO] [stdout]    4:     0x5740fceb9349 - std[70759c8f55707aa4]::panicking::default_hook
[INFO] [stdout]    5:     0x5740fcd0b000 - test[9d35eded1c95d3be]::test_main_inner::<test[9d35eded1c95d3be]::test_main_static::{closure#0}>::{closure#0}
[INFO] [stdout]    6:     0x5740fceb9672 - std[70759c8f55707aa4]::panicking::panic_with_hook
[INFO] [stdout]    7:     0x5740fce9d062 - std[70759c8f55707aa4]::panicking::panic_handler::{closure#0}
[INFO] [stdout]    8:     0x5740fce95de9 - std[70759c8f55707aa4]::sys::backtrace::__rust_end_short_backtrace::<std[70759c8f55707aa4]::panicking::panic_handler::{closure#0}, !>
[INFO] [stdout]    9:     0x5740fce9dc5d - __rustc[8fa7c3cbc660c2b3]::rust_begin_unwind
[INFO] [stdout]   10:     0x5740fced7d1c - core[df12db4294e9bfd3]::panicking::panic_fmt
[INFO] [stdout]   11:     0x5740fced7af2 - core[df12db4294e9bfd3]::result::unwrap_failed
[INFO] [stdout]   12:     0x5740fccbcd09 - merman_bindings_core[fd57298757e5f2d]::operation::tests::one_shot_operation_may_choose_a_nondefault_profile
[INFO] [stdout]   13:     0x5740fccf5e99 - <merman_bindings_core[fd57298757e5f2d]::operation::tests::one_shot_operation_may_choose_a_nondefault_profile::{closure#0} as core[df12db4294e9bfd3]::ops::function::FnOnce<()>>::call_once
[INFO] [stdout]   14:     0x5740fccfe2eb - test[9d35eded1c95d3be]::__rust_begin_short_backtrace::<core[df12db4294e9bfd3]::result::Result<(), alloc[2182bb758b4b3781]::string::String>, fn() -> core[df12db4294e9bfd3]::result::Result<(), alloc[2182bb758b4b3781]::string::String>>
[INFO] [stdout]   15:     0x5740fcd0b955 - test[9d35eded1c95d3be]::run_test::{closure#0}
[INFO] [stdout]   16:     0x5740fcd05214 - std[70759c8f55707aa4]::sys::backtrace::__rust_begin_short_backtrace::<test[9d35eded1c95d3be]::run_test::{closure#1}, ()>
[INFO] [stdout]   17:     0x5740fcd0eab2 - <std[70759c8f55707aa4]::thread::lifecycle::spawn_unchecked<test[9d35eded1c95d3be]::run_test::{closure#1}, ()>::{closure#1} as core[df12db4294e9bfd3]::ops::function::FnOnce<()>>::call_once::{shim:vtable#0}
[INFO] [stdout]   18:     0x5740fcec0629 - <std[70759c8f55707aa4]::sys::thread::unix::Thread>::new::thread_start
[INFO] [stdout]   19:     0x7bed1b9b0dfa - <unknown>
[INFO] [stdout]   20:     0x7bed1ba443d4 - clone
[INFO] [stdout]   21:                0x0 - <unknown>
[INFO] [stdout] 
[INFO] [stdout] ---- operation::tests::one_shot_byte_execution_matches_result_data_and_errors_without_metadata stdout ----
[INFO] [stdout] 
[INFO] [stdout] thread 'operation::tests::one_shot_byte_execution_matches_result_data_and_errors_without_metadata' (2445) panicked at src/operation.rs:1557:52:
[INFO] [stdout] called `Result::unwrap()` on an `Err` value: BindingError { status: ParseError, kind: Generic, capability_id: None, details: Some(BindingErrorDetails { resource: None, diagnostic: Some(BindingDiagnosticErrorDetails { code: "merman.parse.unsupported_diagram", span: None, field: None, diagram_type: Some("flowchart-v2"), requested_max_width: None, actual_width: None, width_profile: None, fallback_reason: None }), cancellation: None, icon_registry: None }), message: "Unsupported diagram type: flowchart-v2; enable the `diagram-flowchart` or `all-diagrams` Cargo feature" }
[INFO] [stdout] stack backtrace:
[INFO] [stdout]    0:     0x5740fcec0d61 - <<std[70759c8f55707aa4]::sys::backtrace::BacktraceLock>::print::DisplayBacktrace as core[df12db4294e9bfd3]::fmt::Display>::fmt
[INFO] [stdout]    1:     0x5740fced75ea - core[df12db4294e9bfd3]::fmt::write
[INFO] [stdout]    2:     0x5740fcec524c - <alloc[2182bb758b4b3781]::vec::Vec<u8> as core[df12db4294e9bfd3]::io::write::Write>::write_fmt
[INFO] [stdout]    3:     0x5740fce9cfb6 - std[70759c8f55707aa4]::panicking::default_hook::{closure#0}
[INFO] [stdout]    4:     0x5740fceb9349 - std[70759c8f55707aa4]::panicking::default_hook
[INFO] [stdout]    5:     0x5740fcd0b000 - test[9d35eded1c95d3be]::test_main_inner::<test[9d35eded1c95d3be]::test_main_static::{closure#0}>::{closure#0}
[INFO] [stdout]    6:     0x5740fceb9672 - std[70759c8f55707aa4]::panicking::panic_with_hook
[INFO] [stdout]    7:     0x5740fce9d062 - std[70759c8f55707aa4]::panicking::panic_handler::{closure#0}
[INFO] [stdout]    8:     0x5740fce95de9 - std[70759c8f55707aa4]::sys::backtrace::__rust_end_short_backtrace::<std[70759c8f55707aa4]::panicking::panic_handler::{closure#0}, !>
[INFO] [stdout]    9:     0x5740fce9dc5d - __rustc[8fa7c3cbc660c2b3]::rust_begin_unwind
[INFO] [stdout]   10:     0x5740fced7d1c - core[df12db4294e9bfd3]::panicking::panic_fmt
[INFO] [stdout]   11:     0x5740fced7af2 - core[df12db4294e9bfd3]::result::unwrap_failed
[INFO] [stdout]   12:     0x5740fccc14d2 - merman_bindings_core[fd57298757e5f2d]::operation::tests::one_shot_byte_execution_matches_result_data_and_errors_without_metadata
[INFO] [stdout]   13:     0x5740fccf6019 - <merman_bindings_core[fd57298757e5f2d]::operation::tests::one_shot_byte_execution_matches_result_data_and_errors_without_metadata::{closure#0} as core[df12db4294e9bfd3]::ops::function::FnOnce<()>>::call_once
[INFO] [stdout]   14:     0x5740fccfe2eb - test[9d35eded1c95d3be]::__rust_begin_short_backtrace::<core[df12db4294e9bfd3]::result::Result<(), alloc[2182bb758b4b3781]::string::String>, fn() -> core[df12db4294e9bfd3]::result::Result<(), alloc[2182bb758b4b3781]::string::String>>
[INFO] [stdout]   15:     0x5740fcd0b955 - test[9d35eded1c95d3be]::run_test::{closure#0}
[INFO] [stdout]   16:     0x5740fcd05214 - std[70759c8f55707aa4]::sys::backtrace::__rust_begin_short_backtrace::<test[9d35eded1c95d3be]::run_test::{closure#1}, ()>
[INFO] [stdout]   17:     0x5740fcd0eab2 - <std[70759c8f55707aa4]::thread::lifecycle::spawn_unchecked<test[9d35eded1c95d3be]::run_test::{closure#1}, ()>::{closure#1} as core[df12db4294e9bfd3]::ops::function::FnOnce<()>>::call_once::{shim:vtable#0}
[INFO] [stdout]   18:     0x5740fcec0629 - <std[70759c8f55707aa4]::sys::thread::unix::Thread>::new::thread_start
[INFO] [stdout]   19:     0x7bed1b9b0dfa - <unknown>
[INFO] [stdout]   20:     0x7bed1ba443d4 - clone
[INFO] [stdout]   21:                0x0 - <unknown>
[INFO] [stdout] 
[INFO] [stdout] ---- operation::tests::every_compiled_operation_shares_one_shot_and_reusable_result_contracts stdout ----
[INFO] [stdout] 
[INFO] [stdout] thread 'operation::tests::every_compiled_operation_shares_one_shot_and_reusable_result_contracts' (2441) panicked at src/operation.rs:1818:21:
[INFO] [stdout] one-shot operation `semantic-json` failed: Unsupported diagram type: flowchart-v2; enable the `diagram-flowchart` or `all-diagrams` Cargo feature
[INFO] [stdout] stack backtrace:
[INFO] [stdout]    0:     0x5740fcec0d61 - <<std[70759c8f55707aa4]::sys::backtrace::BacktraceLock>::print::DisplayBacktrace as core[df12db4294e9bfd3]::fmt::Display>::fmt
[INFO] [stdout]    1:     0x5740fced75ea - core[df12db4294e9bfd3]::fmt::write
[INFO] [stdout]    2:     0x5740fcec524c - <alloc[2182bb758b4b3781]::vec::Vec<u8> as core[df12db4294e9bfd3]::io::write::Write>::write_fmt
[INFO] [stdout]    3:     0x5740fce9cfb6 - std[70759c8f55707aa4]::panicking::default_hook::{closure#0}
[INFO] [stdout]    4:     0x5740fceb9349 - std[70759c8f55707aa4]::panicking::default_hook
[INFO] [stdout]    5:     0x5740fcd0b000 - test[9d35eded1c95d3be]::test_main_inner::<test[9d35eded1c95d3be]::test_main_static::{closure#0}>::{closure#0}
[INFO] [stdout]    6:     0x5740fceb9672 - std[70759c8f55707aa4]::panicking::panic_with_hook
[INFO] [stdout]    7:     0x5740fce9d062 - std[70759c8f55707aa4]::panicking::panic_handler::{closure#0}
[INFO] [stdout]    8:     0x5740fce95de9 - std[70759c8f55707aa4]::sys::backtrace::__rust_end_short_backtrace::<std[70759c8f55707aa4]::panicking::panic_handler::{closure#0}, !>
[INFO] [stdout]    9:     0x5740fce9dc5d - __rustc[8fa7c3cbc660c2b3]::rust_begin_unwind
[INFO] [stdout]   10:     0x5740fced7d1c - core[df12db4294e9bfd3]::panicking::panic_fmt
[INFO] [stdout]   11:     0x5740fccc0a19 - merman_bindings_core[fd57298757e5f2d]::operation::tests::every_compiled_operation_shares_one_shot_and_reusable_result_contracts
[INFO] [stdout]   12:     0x5740fccf5ff9 - <merman_bindings_core[fd57298757e5f2d]::operation::tests::every_compiled_operation_shares_one_shot_and_reusable_result_contracts::{closure#0} as core[df12db4294e9bfd3]::ops::function::FnOnce<()>>::call_once
[INFO] [stdout]   13:     0x5740fccfe2eb - test[9d35eded1c95d3be]::__rust_begin_short_backtrace::<core[df12db4294e9bfd3]::result::Result<(), alloc[2182bb758b4b3781]::string::String>, fn() -> core[df12db4294e9bfd3]::result::Result<(), alloc[2182bb758b4b3781]::string::String>>
[INFO] [stdout]   14:     0x5740fcd0b955 - test[9d35eded1c95d3be]::run_test::{closure#0}
[INFO] [stdout]   15:     0x5740fcd05214 - std[70759c8f55707aa4]::sys::backtrace::__rust_begin_short_backtrace::<test[9d35eded1c95d3be]::run_test::{closure#1}, ()>
[INFO] [stdout]   16:     0x5740fcd0eab2 - <std[70759c8f55707aa4]::thread::lifecycle::spawn_unchecked<test[9d35eded1c95d3be]::run_test::{closure#1}, ()>::{closure#1} as core[df12db4294e9bfd3]::ops::function::FnOnce<()>>::call_once::{shim:vtable#0}
[INFO] [stdout]   17:     0x5740fcec0629 - <std[70759c8f55707aa4]::sys::thread::unix::Thread>::new::thread_start
[INFO] [stdout]   18:     0x7bed1b9b0dfa - <unknown>
[INFO] [stdout]   19:     0x7bed1ba443d4 - clone
[INFO] [stdout]   20:                0x0 - <unknown>
[INFO] [stdout] 
[INFO] [stdout] ---- operation::tests::operation_request_merges_wrapped_options_over_direct_engine_options stdout ----
[INFO] [stdout] 
[INFO] [stdout] thread 'operation::tests::operation_request_merges_wrapped_options_over_direct_engine_options' (2449) panicked at src/operation.rs:1485:14:
[INFO] [stdout] called `Result::unwrap()` on an `Err` value: BindingError { status: ParseError, kind: Generic, capability_id: None, details: Some(BindingErrorDetails { resource: None, diagnostic: Some(BindingDiagnosticErrorDetails { code: "merman.parse.unsupported_diagram", span: None, field: None, diagram_type: Some("flowchart-v2"), requested_max_width: None, actual_width: None, width_profile: None, fallback_reason: None }), cancellation: None, icon_registry: None }), message: "Unsupported diagram type: flowchart-v2; enable the `diagram-flowchart` or `all-diagrams` Cargo feature" }
[INFO] [stdout] stack backtrace:
[INFO] [stdout]    0:     0x5740fcec0d61 - <<std[70759c8f55707aa4]::sys::backtrace::BacktraceLock>::print::DisplayBacktrace as core[df12db4294e9bfd3]::fmt::Display>::fmt
[INFO] [stdout]    1:     0x5740fced75ea - core[df12db4294e9bfd3]::fmt::write
[INFO] [stdout]    2:     0x5740fcec524c - <alloc[2182bb758b4b3781]::vec::Vec<u8> as core[df12db4294e9bfd3]::io::write::Write>::write_fmt
[INFO] [stdout]    3:     0x5740fce9cfb6 - std[70759c8f55707aa4]::panicking::default_hook::{closure#0}
[INFO] [stdout]    4:     0x5740fceb9349 - std[70759c8f55707aa4]::panicking::default_hook
[INFO] [stdout]    5:     0x5740fcd0b000 - test[9d35eded1c95d3be]::test_main_inner::<test[9d35eded1c95d3be]::test_main_static::{closure#0}>::{closure#0}
[INFO] [stdout]    6:     0x5740fceb9672 - std[70759c8f55707aa4]::panicking::panic_with_hook
[INFO] [stdout]    7:     0x5740fce9d062 - std[70759c8f55707aa4]::panicking::panic_handler::{closure#0}
[INFO] [stdout]    8:     0x5740fce95de9 - std[70759c8f55707aa4]::sys::backtrace::__rust_end_short_backtrace::<std[70759c8f55707aa4]::panicking::panic_handler::{closure#0}, !>
[INFO] [stdout]    9:     0x5740fce9dc5d - __rustc[8fa7c3cbc660c2b3]::rust_begin_unwind
[INFO] [stdout]   10:     0x5740fced7d1c - core[df12db4294e9bfd3]::panicking::panic_fmt
[INFO] [stdout]   11:     0x5740fced7af2 - core[df12db4294e9bfd3]::result::unwrap_failed
[INFO] [stdout]   12:     0x5740fccbf5a2 - merman_bindings_core[fd57298757e5f2d]::operation::tests::operation_request_merges_wrapped_options_over_direct_engine_options
[INFO] [stdout]   13:     0x5740fccf5fb9 - <merman_bindings_core[fd57298757e5f2d]::operation::tests::operation_request_merges_wrapped_options_over_direct_engine_options::{closure#0} as core[df12db4294e9bfd3]::ops::function::FnOnce<()>>::call_once
[INFO] [stdout]   14:     0x5740fccfe2eb - test[9d35eded1c95d3be]::__rust_begin_short_backtrace::<core[df12db4294e9bfd3]::result::Result<(), alloc[2182bb758b4b3781]::string::String>, fn() -> core[df12db4294e9bfd3]::result::Result<(), alloc[2182bb758b4b3781]::string::String>>
[INFO] [stdout]   15:     0x5740fcd0b955 - test[9d35eded1c95d3be]::run_test::{closure#0}
[INFO] [stdout]   16:     0x5740fcd05214 - std[70759c8f55707aa4]::sys::backtrace::__rust_begin_short_backtrace::<test[9d35eded1c95d3be]::run_test::{closure#1}, ()>
[INFO] [stdout]   17:     0x5740fcd0eab2 - <std[70759c8f55707aa4]::thread::lifecycle::spawn_unchecked<test[9d35eded1c95d3be]::run_test::{closure#1}, ()>::{closure#1} as core[df12db4294e9bfd3]::ops::function::FnOnce<()>>::call_once::{shim:vtable#0}
[INFO] [stdout]   18:     0x5740fcec0629 - <std[70759c8f55707aa4]::sys::thread::unix::Thread>::new::thread_start
[INFO] [stdout]   19:     0x7bed1b9b0dfa - <unknown>
[INFO] [stdout]   20:     0x7bed1ba443d4 - clone
[INFO] [stdout]   21:                0x0 - <unknown>
[INFO] [stdout] 
[INFO] [stdout] ---- operation::tests::request_resource_tightening_does_not_mutate_the_engine_or_caller_control stdout ----
[INFO] [stdout] 
[INFO] [stdout] thread 'operation::tests::request_resource_tightening_does_not_mutate_the_engine_or_caller_control' (2451) panicked at src/operation.rs:2111:14:
[INFO] [stdout] called `Result::unwrap()` on an `Err` value: BindingError { status: ParseError, kind: Generic, capability_id: None, details: Some(BindingErrorDetails { resource: None, diagnostic: Some(BindingDiagnosticErrorDetails { code: "merman.parse.unsupported_diagram", span: None, field: None, diagram_type: Some("flowchart-v2"), requested_max_width: None, actual_width: None, width_profile: None, fallback_reason: None }), cancellation: None, icon_registry: None }), message: "Unsupported diagram type: flowchart-v2; enable the `diagram-flowchart` or `all-diagrams` Cargo feature" }
[INFO] [stdout] stack backtrace:
[INFO] [stdout]    0:     0x5740fcec0d61 - <<std[70759c8f55707aa4]::sys::backtrace::BacktraceLock>::print::DisplayBacktrace as core[df12db4294e9bfd3]::fmt::Display>::fmt
[INFO] [stdout]    1:     0x5740fced75ea - core[df12db4294e9bfd3]::fmt::write
[INFO] [stdout]    2:     0x5740fcec524c - <alloc[2182bb758b4b3781]::vec::Vec<u8> as core[df12db4294e9bfd3]::io::write::Write>::write_fmt
[INFO] [stdout]    3:     0x5740fce9cfb6 - std[70759c8f55707aa4]::panicking::default_hook::{closure#0}
[INFO] [stdout]    4:     0x5740fceb9349 - std[70759c8f55707aa4]::panicking::default_hook
[INFO] [stdout]    5:     0x5740fcd0b000 - test[9d35eded1c95d3be]::test_main_inner::<test[9d35eded1c95d3be]::test_main_static::{closure#0}>::{closure#0}
[INFO] [stdout]    6:     0x5740fceb9672 - std[70759c8f55707aa4]::panicking::panic_with_hook
[INFO] [stdout]    7:     0x5740fce9d062 - std[70759c8f55707aa4]::panicking::panic_handler::{closure#0}
[INFO] [stdout]    8:     0x5740fce95de9 - std[70759c8f55707aa4]::sys::backtrace::__rust_end_short_backtrace::<std[70759c8f55707aa4]::panicking::panic_handler::{closure#0}, !>
[INFO] [stdout]    9:     0x5740fce9dc5d - __rustc[8fa7c3cbc660c2b3]::rust_begin_unwind
[INFO] [stdout]   10:     0x5740fced7d1c - core[df12db4294e9bfd3]::panicking::panic_fmt
[INFO] [stdout]   11:     0x5740fced7af2 - core[df12db4294e9bfd3]::result::unwrap_failed
[INFO] [stdout]   12:     0x5740fccc3305 - merman_bindings_core[fd57298757e5f2d]::operation::tests::request_resource_tightening_does_not_mutate_the_engine_or_caller_control
[INFO] [stdout]   13:     0x5740fccf6079 - <merman_bindings_core[fd57298757e5f2d]::operation::tests::request_resource_tightening_does_not_mutate_the_engine_or_caller_control::{closure#0} as core[df12db4294e9bfd3]::ops::function::FnOnce<()>>::call_once
[INFO] [stdout]   14:     0x5740fccfe2eb - test[9d35eded1c95d3be]::__rust_begin_short_backtrace::<core[df12db4294e9bfd3]::result::Result<(), alloc[2182bb758b4b3781]::string::String>, fn() -> core[df12db4294e9bfd3]::result::Result<(), alloc[2182bb758b4b3781]::string::String>>
[INFO] [stdout]   15:     0x5740fcd0b955 - test[9d35eded1c95d3be]::run_test::{closure#0}
[INFO] [stdout]   16:     0x5740fcd05214 - std[70759c8f55707aa4]::sys::backtrace::__rust_begin_short_backtrace::<test[9d35eded1c95d3be]::run_test::{closure#1}, ()>
[INFO] [stdout]   17:     0x5740fcd0eab2 - <std[70759c8f55707aa4]::thread::lifecycle::spawn_unchecked<test[9d35eded1c95d3be]::run_test::{closure#1}, ()>::{closure#1} as core[df12db4294e9bfd3]::ops::function::FnOnce<()>>::call_once::{shim:vtable#0}
[INFO] [stdout]   18:     0x5740fcec0629 - <std[70759c8f55707aa4]::sys::thread::unix::Thread>::new::thread_start
[INFO] [stdout]   19:     0x7bed1b9b0dfa - <unknown>
[INFO] [stdout]   20:     0x7bed1ba443d4 - clone
[INFO] [stdout]   21:                0x0 - <unknown>
[INFO] [stdout] 
[INFO] [stdout] ---- operation::tests::reusable_semantic_output_is_stable_across_empty_version_and_real_overlays stdout ----
[INFO] [stdout] 
[INFO] [stdout] thread 'operation::tests::reusable_semantic_output_is_stable_across_empty_version_and_real_overlays' (2455) panicked at src/operation.rs:1503:18:
[INFO] [stdout] called `Result::unwrap()` on an `Err` value: BindingError { status: ParseError, kind: Generic, capability_id: None, details: Some(BindingErrorDetails { resource: None, diagnostic: Some(BindingDiagnosticErrorDetails { code: "merman.parse.unsupported_diagram", span: None, field: None, diagram_type: Some("flowchart-v2"), requested_max_width: None, actual_width: None, width_profile: None, fallback_reason: None }), cancellation: None, icon_registry: None }), message: "Unsupported diagram type: flowchart-v2; enable the `diagram-flowchart` or `all-diagrams` Cargo feature" }
[INFO] [stdout] stack backtrace:
[INFO] [stdout]    0:     0x5740fcec0d61 - <<std[70759c8f55707aa4]::sys::backtrace::BacktraceLock>::print::DisplayBacktrace as core[df12db4294e9bfd3]::fmt::Display>::fmt
[INFO] [stdout]    1:     0x5740fced75ea - core[df12db4294e9bfd3]::fmt::write
[INFO] [stdout]    2:     0x5740fcec524c - <alloc[2182bb758b4b3781]::vec::Vec<u8> as core[df12db4294e9bfd3]::io::write::Write>::write_fmt
[INFO] [stdout]    3:     0x5740fce9cfb6 - std[70759c8f55707aa4]::panicking::default_hook::{closure#0}
[INFO] [stdout]    4:     0x5740fceb9349 - std[70759c8f55707aa4]::panicking::default_hook
[INFO] [stdout]    5:     0x5740fcd0b000 - test[9d35eded1c95d3be]::test_main_inner::<test[9d35eded1c95d3be]::test_main_static::{closure#0}>::{closure#0}
[INFO] [stdout]    6:     0x5740fceb9672 - std[70759c8f55707aa4]::panicking::panic_with_hook
[INFO] [stdout]    7:     0x5740fce9d062 - std[70759c8f55707aa4]::panicking::panic_handler::{closure#0}
[INFO] [stdout]    8:     0x5740fce95de9 - std[70759c8f55707aa4]::sys::backtrace::__rust_end_short_backtrace::<std[70759c8f55707aa4]::panicking::panic_handler::{closure#0}, !>
[INFO] [stdout]    9:     0x5740fce9dc5d - __rustc[8fa7c3cbc660c2b3]::rust_begin_unwind
[INFO] [stdout]   10:     0x5740fced7d1c - core[df12db4294e9bfd3]::panicking::panic_fmt
[INFO] [stdout]   11:     0x5740fced7af2 - core[df12db4294e9bfd3]::result::unwrap_failed
[INFO] [stdout]   12:     0x5740fccc3cf6 - merman_bindings_core[fd57298757e5f2d]::operation::tests::reusable_semantic_output_is_stable_across_empty_version_and_real_overlays
[INFO] [stdout]   13:     0x5740fccf6099 - <merman_bindings_core[fd57298757e5f2d]::operation::tests::reusable_semantic_output_is_stable_across_empty_version_and_real_overlays::{closure#0} as core[df12db4294e9bfd3]::ops::function::FnOnce<()>>::call_once
[INFO] [stdout]   14:     0x5740fccfe2eb - test[9d35eded1c95d3be]::__rust_begin_short_backtrace::<core[df12db4294e9bfd3]::result::Result<(), alloc[2182bb758b4b3781]::string::String>, fn() -> core[df12db4294e9bfd3]::result::Result<(), alloc[2182bb758b4b3781]::string::String>>
[INFO] [stdout]   15:     0x5740fcd0b955 - test[9d35eded1c95d3be]::run_test::{closure#0}
[INFO] [stdout]   16:     0x5740fcd05214 - std[70759c8f55707aa4]::sys::backtrace::__rust_begin_short_backtrace::<test[9d35eded1c95d3be]::run_test::{closure#1}, ()>
[INFO] [stdout]   17:     0x5740fcd0eab2 - <std[70759c8f55707aa4]::thread::lifecycle::spawn_unchecked<test[9d35eded1c95d3be]::run_test::{closure#1}, ()>::{closure#1} as core[df12db4294e9bfd3]::ops::function::FnOnce<()>>::call_once::{shim:vtable#0}
[INFO] [stdout]   18:     0x5740fcec0629 - <std[70759c8f55707aa4]::sys::thread::unix::Thread>::new::thread_start
[INFO] [stdout]   19:     0x7bed1b9b0dfa - <unknown>
[INFO] [stdout]   20:     0x7bed1ba443d4 - clone
[INFO] [stdout]   21:                0x0 - <unknown>
[INFO] [stdout] 
[INFO] [stdout] ---- operation::tests::transport_options_default_to_deterministic_policy stdout ----
[INFO] [stdout] 
[INFO] [stdout] thread 'operation::tests::transport_options_default_to_deterministic_policy' (2458) panicked at src/operation.rs:1449:14:
[INFO] [stdout] called `Result::unwrap()` on an `Err` value: BindingError { status: ParseError, kind: Generic, capability_id: None, details: Some(BindingErrorDetails { resource: None, diagnostic: Some(BindingDiagnosticErrorDetails { code: "merman.parse.unsupported_diagram", span: None, field: None, diagram_type: Some("flowchart-v2"), requested_max_width: None, actual_width: None, width_profile: None, fallback_reason: None }), cancellation: None, icon_registry: None }), message: "Unsupported diagram type: flowchart-v2; enable the `diagram-flowchart` or `all-diagrams` Cargo feature" }
[INFO] [stdout] stack backtrace:
[INFO] [stdout]    0:     0x5740fcec0d61 - <<std[70759c8f55707aa4]::sys::backtrace::BacktraceLock>::print::DisplayBacktrace as core[df12db4294e9bfd3]::fmt::Display>::fmt
[INFO] [stdout]    1:     0x5740fced75ea - core[df12db4294e9bfd3]::fmt::write
[INFO] [stdout]    2:     0x5740fcec524c - <alloc[2182bb758b4b3781]::vec::Vec<u8> as core[df12db4294e9bfd3]::io::write::Write>::write_fmt
[INFO] [stdout]    3:     0x5740fce9cfb6 - std[70759c8f55707aa4]::panicking::default_hook::{closure#0}
[INFO] [stdout]    4:     0x5740fceb9349 - std[70759c8f55707aa4]::panicking::default_hook
[INFO] [stdout]    5:     0x5740fcd0b000 - test[9d35eded1c95d3be]::test_main_inner::<test[9d35eded1c95d3be]::test_main_static::{closure#0}>::{closure#0}
[INFO] [stdout]    6:     0x5740fceb9672 - std[70759c8f55707aa4]::panicking::panic_with_hook
[INFO] [stdout]    7:     0x5740fce9d062 - std[70759c8f55707aa4]::panicking::panic_handler::{closure#0}
[INFO] [stdout]    8:     0x5740fce95de9 - std[70759c8f55707aa4]::sys::backtrace::__rust_end_short_backtrace::<std[70759c8f55707aa4]::panicking::panic_handler::{closure#0}, !>
[INFO] [stdout]    9:     0x5740fce9dc5d - __rustc[8fa7c3cbc660c2b3]::rust_begin_unwind
[INFO] [stdout]   10:     0x5740fced7d1c - core[df12db4294e9bfd3]::panicking::panic_fmt
[INFO] [stdout]   11:     0x5740fced7af2 - core[df12db4294e9bfd3]::result::unwrap_failed
[INFO] [stdout]   12:     0x5740fccbcb76 - merman_bindings_core[fd57298757e5f2d]::operation::tests::transport_options_default_to_deterministic_policy
[INFO] [stdout]   13:     0x5740fccf5e79 - <merman_bindings_core[fd57298757e5f2d]::operation::tests::transport_options_default_to_deterministic_policy::{closure#0} as core[df12db4294e9bfd3]::ops::function::FnOnce<()>>::call_once
[INFO] [stdout]   14:     0x5740fccfe2eb - test[9d35eded1c95d3be]::__rust_begin_short_backtrace::<core[df12db4294e9bfd3]::result::Result<(), alloc[2182bb758b4b3781]::string::String>, fn() -> core[df12db4294e9bfd3]::result::Result<(), alloc[2182bb758b4b3781]::string::String>>
[INFO] [stdout]   15:     0x5740fcd0b955 - test[9d35eded1c95d3be]::run_test::{closure#0}
[INFO] [stdout]   16:     0x5740fcd05214 - std[70759c8f55707aa4]::sys::backtrace::__rust_begin_short_backtrace::<test[9d35eded1c95d3be]::run_test::{closure#1}, ()>
[INFO] [stdout]   17:     0x5740fcd0eab2 - <std[70759c8f55707aa4]::thread::lifecycle::spawn_unchecked<test[9d35eded1c95d3be]::run_test::{closure#1}, ()>::{closure#1} as core[df12db4294e9bfd3]::ops::function::FnOnce<()>>::call_once::{shim:vtable#0}
[INFO] [stdout]   18:     0x5740fcec0629 - <std[70759c8f55707aa4]::sys::thread::unix::Thread>::new::thread_start
[INFO] [stdout]   19:     0x7bed1b9b0dfa - <unknown>
[INFO] [stdout]   20:     0x7bed1ba443d4 - clone
[INFO] [stdout]   21:                0x0 - <unknown>
[INFO] [stdout] 
[INFO] [stdout] ---- tests::render_and_layout_entry_points_report_missing_svg_capability stdout ----
[INFO] [stdout] 
[INFO] [stdout] thread 'tests::render_and_layout_entry_points_report_missing_svg_capability' (2472) panicked at src/lib.rs:275:54:
[INFO] [stdout] called `Result::unwrap()` on an `Err` value: BindingError { status: ParseError, kind: Generic, capability_id: None, details: Some(BindingErrorDetails { resource: None, diagnostic: Some(BindingDiagnosticErrorDetails { code: "merman.parse.unsupported_diagram", span: None, field: None, diagram_type: Some("flowchart-v2"), requested_max_width: None, actual_width: None, width_profile: None, fallback_reason: None }), cancellation: None, icon_registry: None }), message: "Unsupported diagram type: flowchart-v2; enable the `diagram-flowchart` or `all-diagrams` Cargo feature" }
[INFO] [stdout] stack backtrace:
[INFO] [stdout]    0:     0x5740fcec0d61 - <<std[70759c8f55707aa4]::sys::backtrace::BacktraceLock>::print::DisplayBacktrace as core[df12db4294e9bfd3]::fmt::Display>::fmt
[INFO] [stdout]    1:     0x5740fced75ea - core[df12db4294e9bfd3]::fmt::write
[INFO] [stdout]    2:     0x5740fcec524c - <alloc[2182bb758b4b3781]::vec::Vec<u8> as core[df12db4294e9bfd3]::io::write::Write>::write_fmt
[INFO] [stdout]    3:     0x5740fce9cfb6 - std[70759c8f55707aa4]::panicking::default_hook::{closure#0}
[INFO] [stdout]    4:     0x5740fceb9349 - std[70759c8f55707aa4]::panicking::default_hook
[INFO] [stdout]    5:     0x5740fcd0b000 - test[9d35eded1c95d3be]::test_main_inner::<test[9d35eded1c95d3be]::test_main_static::{closure#0}>::{closure#0}
[INFO] [stdout]    6:     0x5740fceb9672 - std[70759c8f55707aa4]::panicking::panic_with_hook
[INFO] [stdout]    7:     0x5740fce9d062 - std[70759c8f55707aa4]::panicking::panic_handler::{closure#0}
[INFO] [stdout]    8:     0x5740fce95de9 - std[70759c8f55707aa4]::sys::backtrace::__rust_end_short_backtrace::<std[70759c8f55707aa4]::panicking::panic_handler::{closure#0}, !>
[INFO] [stdout]    9:     0x5740fce9dc5d - __rustc[8fa7c3cbc660c2b3]::rust_begin_unwind
[INFO] [stdout]   10:     0x5740fced7d1c - core[df12db4294e9bfd3]::panicking::panic_fmt
[INFO] [stdout]   11:     0x5740fced7af2 - core[df12db4294e9bfd3]::result::unwrap_failed
[INFO] [stdout]   12:     0x5740fccf5223 - <merman_bindings_core[fd57298757e5f2d]::tests::render_and_layout_entry_points_report_missing_svg_capability::{closure#0} as core[df12db4294e9bfd3]::ops::function::FnOnce<()>>::call_once
[INFO] [stdout]   13:     0x5740fccfe2eb - test[9d35eded1c95d3be]::__rust_begin_short_backtrace::<core[df12db4294e9bfd3]::result::Result<(), alloc[2182bb758b4b3781]::string::String>, fn() -> core[df12db4294e9bfd3]::result::Result<(), alloc[2182bb758b4b3781]::string::String>>
[INFO] [stdout]   14:     0x5740fcd0b955 - test[9d35eded1c95d3be]::run_test::{closure#0}
[INFO] [stdout]   15:     0x5740fcd05214 - std[70759c8f55707aa4]::sys::backtrace::__rust_begin_short_backtrace::<test[9d35eded1c95d3be]::run_test::{closure#1}, ()>
[INFO] [stdout]   16:     0x5740fcd0eab2 - <std[70759c8f55707aa4]::thread::lifecycle::spawn_unchecked<test[9d35eded1c95d3be]::run_test::{closure#1}, ()>::{closure#1} as core[df12db4294e9bfd3]::ops::function::FnOnce<()>>::call_once::{shim:vtable#0}
[INFO] [stdout]   17:     0x5740fcec0629 - <std[70759c8f55707aa4]::sys::thread::unix::Thread>::new::thread_start
[INFO] [stdout]   18:     0x7bed1b9b0dfa - <unknown>
[INFO] [stdout]   19:     0x7bed1ba443d4 - clone
[INFO] [stdout]   20:                0x0 - <unknown>
[INFO] [stdout] 
[INFO] [stdout] 
[INFO] [stdout] failures:
[INFO] [stdout]     engine::tests::semantic_parse_accepts_exact_semantic_model_item_budget
[INFO] [stdout]     engine::tests::semantic_parse_enforces_model_item_budget
[INFO] [stdout]     engine::tests::semantic_parse_enforces_model_nesting_budget
[INFO] [stdout]     engine::tests::semantic_parse_enforces_model_text_budget
[INFO] [stdout]     engine::tests::semantic_parse_is_available_without_renderer
[INFO] [stdout]     engine::tests::semantic_parse_preserves_the_public_compatibility_json_projection
[INFO] [stdout]     engine::tests::semantic_parse_resource_boundaries_match_the_typed_model
[INFO] [stdout]     metadata::tests::diagram_family_capabilities_expose_the_complete_core_catalog
[INFO] [stdout]     metadata::tests::metadata_json_helpers_return_json_contracts
[INFO] [stdout]     metadata::tests::supported_diagrams_exposes_binding_surface
[INFO] [stdout]     operation::tests::every_compiled_operation_shares_one_shot_and_reusable_result_contracts
[INFO] [stdout]     operation::tests::one_shot_byte_execution_matches_result_data_and_errors_without_metadata
[INFO] [stdout]     operation::tests::one_shot_operation_may_choose_a_nondefault_profile
[INFO] [stdout]     operation::tests::operation_request_merges_wrapped_options_over_direct_engine_options
[INFO] [stdout]     operation::tests::request_resource_tightening_does_not_mutate_the_engine_or_caller_control
[INFO] [stdout]     operation::tests::reusable_byte_execution_matches_result_data_and_errors_without_metadata
[INFO] [stdout]     operation::tests::reusable_semantic_output_is_stable_across_empty_version_and_real_overlays
[INFO] [stdout]     operation::tests::transport_options_default_to_deterministic_policy
[INFO] [stdout]     tests::render_and_layout_entry_points_report_missing_svg_capability
[INFO] [stdout] 
[INFO] [stdout] test result: FAILED. 99 passed; 19 failed; 0 ignored; 0 measured; 0 filtered out; finished in 0.04s
[INFO] [stdout] 
[INFO] running `Command { std: "docker" "inspect" "b622d5682efde79f6b1b0f64f7d63fc4c1f43012eada97a6bff89cacc6b61a7c", kill_on_drop: false }`
[INFO] running `Command { std: "docker" "rm" "-f" "b622d5682efde79f6b1b0f64f7d63fc4c1f43012eada97a6bff89cacc6b61a7c", kill_on_drop: false }`
[INFO] [stdout] b622d5682efde79f6b1b0f64f7d63fc4c1f43012eada97a6bff89cacc6b61a7c
