[INFO] fetching crate mergekmer 0.1.2...
[INFO] testing mergekmer-0.1.2 against 1.100.0-beta.1+cargoflags=--release for beta-release-1.100-2
[INFO] extracting crate mergekmer 0.1.2 into /workspace/builds/worker-3-tc2/source
[INFO] started tweaking crates.io crate mergekmer 0.1.2
[INFO] finished tweaking crates.io crate mergekmer 0.1.2
[INFO] tweaked toml for crates.io crate mergekmer 0.1.2 written to /workspace/builds/worker-3-tc2/source/Cargo.toml
[INFO] validating manifest of crates.io crate mergekmer 0.1.2 on toolchain 1.100.0-beta.1
[INFO] running `Command { std: CARGO_HOME="/workspace/cargo-home" RUSTUP_HOME="/workspace/rustup-home" "/workspace/cargo-home/bin/cargo" "+1.100.0-beta.1" "metadata" "--manifest-path" "Cargo.toml" "--no-deps", kill_on_drop: false }`
[INFO] crate crates.io crate mergekmer 0.1.2 already has a lockfile, it will not be regenerated
[INFO] running `Command { std: CARGO_HOME="/workspace/cargo-home" RUSTUP_HOME="/workspace/rustup-home" "/workspace/cargo-home/bin/cargo" "+1.100.0-beta.1" "fetch" "--manifest-path" "Cargo.toml", kill_on_drop: false }`
[INFO] [stderr] warning: `package.homepage` is redundant with `package.repository`
[INFO] [stderr]   --> Cargo.toml:19:12
[INFO] [stderr]    |
[INFO] [stderr] 19 | homepage = "https://gitbio.ens-lyon.fr/LBMC/Delattre/mergekmer"
[INFO] [stderr]    |            ^^^^^^^^^^^^^^^^^^^^^^^^^^^^^^^^^^^^^^^^^^^^^^^^^^^^
[INFO] [stderr] ...
[INFO] [stderr] 23 | repository = "https://gitbio.ens-lyon.fr/LBMC/Delattre/mergekmer"
[INFO] [stderr]    |              ----------------------------------------------------
[INFO] [stderr]    |
[INFO] [stderr]    = note: `cargo::redundant_homepage` is set to `warn` by default
[INFO] [stderr] help: consider removing `package.homepage`
[INFO] [stderr] warning: `mergekmer` (manifest) generated 1 warning
[INFO] running `Command { std: "docker" "create" "-v" "/var/lib/crater-agent-workspace/builds/worker-3-tc2/source:/opt/rustwide/workdir:ro,Z" "-v" "/var/lib/crater-agent-workspace/builds/worker-3-tc2/target:/opt/rustwide/target:rw,Z" "-v" "/var/lib/crater-agent-workspace/cargo-home:/opt/rustwide/cargo-home:ro,Z" "-v" "/var/lib/crater-agent-workspace/rustup-home:/opt/rustwide/rustup-home:ro,Z" "-m" "1610612736" "--network" "none" "ghcr.io/rust-lang/crates-build-env/linux@sha256:77db811e55d90add9212f6832c23229e3de5f1c1f9905e8cb07319ea15df73ac" "sleep" "infinity", kill_on_drop: false }`
[INFO] [stdout] 77bc792a1d43719ca86356c9a11d8cfccb04b90aa4dce71cd5aa8882390bed17
[INFO] running `Command { std: "docker" "start" "77bc792a1d43719ca86356c9a11d8cfccb04b90aa4dce71cd5aa8882390bed17", kill_on_drop: false }`
[INFO] running `Command { std: "docker" "inspect" "77bc792a1d43719ca86356c9a11d8cfccb04b90aa4dce71cd5aa8882390bed17", kill_on_drop: false }`
[INFO] running `Command { std: "docker" "exec" "-e" "SOURCE_DIR=/opt/rustwide/workdir" "-e" "CARGO_HOME=/opt/rustwide/cargo-home" "-e" "RUSTUP_HOME=/opt/rustwide/rustup-home" "-e" "CARGO_TARGET_DIR=/opt/rustwide/target" "-w" "/opt/rustwide/workdir" "--user" "0:0" "77bc792a1d43719ca86356c9a11d8cfccb04b90aa4dce71cd5aa8882390bed17" "/opt/rustwide/cargo-home/bin/cargo" "+1.100.0-beta.1" "metadata" "--no-deps" "--format-version=1", kill_on_drop: false }`
[INFO] running `Command { std: "docker" "inspect" "77bc792a1d43719ca86356c9a11d8cfccb04b90aa4dce71cd5aa8882390bed17", kill_on_drop: false }`
[INFO] running `Command { std: "docker" "exec" "-e" "SOURCE_DIR=/opt/rustwide/workdir" "-e" "CARGO_HOME=/opt/rustwide/cargo-home" "-e" "RUSTUP_HOME=/opt/rustwide/rustup-home" "-e" "CARGO_TARGET_DIR=/opt/rustwide/target" "-e" "CARGO_INCREMENTAL=0" "-e" "RUST_BACKTRACE=full" "-e" "RUSTFLAGS=--cap-lints=warn" "-e" "RUSTDOCFLAGS=--cap-lints=warn" "-w" "/opt/rustwide/workdir" "--user" "0:0" "77bc792a1d43719ca86356c9a11d8cfccb04b90aa4dce71cd5aa8882390bed17" "/opt/rustwide/cargo-home/bin/cargo" "+1.100.0-beta.1" "build" "--frozen" "--message-format=json" "--release", kill_on_drop: false }`
[INFO] [stderr] warning: `package.homepage` is redundant with `package.repository`
[INFO] [stderr]   --> Cargo.toml:19:12
[INFO] [stderr]    |
[INFO] [stderr] 19 | homepage = "https://gitbio.ens-lyon.fr/LBMC/Delattre/mergekmer"
[INFO] [stderr]    |            ^^^^^^^^^^^^^^^^^^^^^^^^^^^^^^^^^^^^^^^^^^^^^^^^^^^^
[INFO] [stderr] ...
[INFO] [stderr] 23 | repository = "https://gitbio.ens-lyon.fr/LBMC/Delattre/mergekmer"
[INFO] [stderr]    |              ----------------------------------------------------
[INFO] [stderr]    |
[INFO] [stderr]    = note: `cargo::redundant_homepage` is set to `warn` by default
[INFO] [stderr] help: consider removing `package.homepage`
[INFO] [stderr] warning: `mergekmer` (manifest) generated 1 warning
[INFO] [stderr]    Compiling proc-macro2 v1.0.56
[INFO] [stderr]    Compiling libc v0.2.142
[INFO] [stderr]    Compiling quote v1.0.26
[INFO] [stderr]    Compiling unicode-ident v1.0.8
[INFO] [stderr]    Compiling io-lifetimes v1.0.10
[INFO] [stderr]    Compiling rustix v0.37.13
[INFO] [stderr]    Compiling linux-raw-sys v0.3.3
[INFO] [stderr]    Compiling serde_derive v1.0.160
[INFO] [stderr]    Compiling memchr v2.5.0
[INFO] [stderr]    Compiling utf8parse v0.2.1
[INFO] [stderr]    Compiling serde v1.0.160
[INFO] [stderr]    Compiling anstyle v1.0.0
[INFO] [stderr]    Compiling anstyle-query v1.0.0
[INFO] [stderr]    Compiling colorchoice v1.0.0
[INFO] [stderr]    Compiling clap_lex v0.4.1
[INFO] [stderr]    Compiling itoa v1.0.6
[INFO] [stderr]    Compiling once_cell v1.17.1
[INFO] [stderr]    Compiling anstyle-parse v0.2.0
[INFO] [stderr]    Compiling ryu v1.0.13
[INFO] [stderr]    Compiling csv-core v0.1.10
[INFO] [stderr]    Compiling syn v2.0.15
[INFO] [stderr]    Compiling is-terminal v0.4.7
[INFO] [stderr]    Compiling anstream v0.3.0
[INFO] [stderr]    Compiling clap_builder v4.2.4
[INFO] [stderr]    Compiling clap_derive v4.2.0
[INFO] [stderr]    Compiling clap v4.2.4
[INFO] [stderr]    Compiling csv v1.2.1
[INFO] [stderr]    Compiling mergekmer v0.1.2 (/opt/rustwide/workdir)
[INFO] [stdout] warning: method `get` is never used
[INFO] [stdout]   --> src/sufixtree.rs:52:12
[INFO] [stdout]    |
[INFO] [stdout] 40 | impl SufixTree {
[INFO] [stdout]    | -------------- method in this implementation
[INFO] [stdout] ...
[INFO] [stdout] 52 |     pub fn get(&self, kmer: &str) -> u64 {
[INFO] [stdout]    |            ^^^
[INFO] [stdout]    |
[INFO] [stdout]    = note: `#[warn(dead_code)]` (part of `#[warn(unused)]`) on by default
[INFO] [stdout] 
[INFO] [stdout] 
[INFO] [stdout] warning: method `get` is never used
[INFO] [stdout]   --> src/sufixtree.rs:95:12
[INFO] [stdout]    |
[INFO] [stdout] 68 | impl SufixLeaf {
[INFO] [stdout]    | -------------- method in this implementation
[INFO] [stdout] ...
[INFO] [stdout] 95 |     pub fn get(&self, kmer: &str) -> u64 {
[INFO] [stdout]    |            ^^^
[INFO] [stdout] 
[INFO] [stdout] 
[INFO] [stdout] warning: methods `add_vec` and `get` are never used
[INFO] [stdout]   --> src/sufixtreecollate.rs:35:12
[INFO] [stdout]    |
[INFO] [stdout] 15 | impl SufixTreeCollate {
[INFO] [stdout]    | --------------------- methods in this implementation
[INFO] [stdout] ...
[INFO] [stdout] 35 |     pub fn add_vec(&mut self, kmer: &str, count: Vec<u64>) {
[INFO] [stdout]    |            ^^^^^^^
[INFO] [stdout] ...
[INFO] [stdout] 39 |     pub fn get(&self, kmer: &str) -> Vec<u64> {
[INFO] [stdout]    |            ^^^
[INFO] [stdout] 
[INFO] [stdout] 
[INFO] [stdout] warning: methods `add_vec` and `get` are never used
[INFO] [stdout]    --> src/sufixtreecollate.rs:94:12
[INFO] [stdout]     |
[INFO] [stdout]  58 | impl SufixLeafCollate {
[INFO] [stdout]     | --------------------- methods in this implementation
[INFO] [stdout] ...
[INFO] [stdout]  94 |     pub fn add_vec(&mut self, kmer: &str, count: Vec<u64>) {
[INFO] [stdout]     |            ^^^^^^^
[INFO] [stdout] ...
[INFO] [stdout] 112 |     pub fn get(&self, kmer: &str) -> Vec<u64> {
[INFO] [stdout]     |            ^^^
[INFO] [stdout] 
[INFO] [stdout] 
[INFO] [stderr]     Finished `release` profile [optimized] target(s) in 21.69s
[INFO] running `Command { std: "docker" "inspect" "77bc792a1d43719ca86356c9a11d8cfccb04b90aa4dce71cd5aa8882390bed17", kill_on_drop: false }`
[INFO] running `Command { std: "docker" "exec" "-e" "SOURCE_DIR=/opt/rustwide/workdir" "-e" "CARGO_HOME=/opt/rustwide/cargo-home" "-e" "RUSTUP_HOME=/opt/rustwide/rustup-home" "-e" "CARGO_TARGET_DIR=/opt/rustwide/target" "-e" "CARGO_INCREMENTAL=0" "-e" "RUST_BACKTRACE=full" "-e" "RUSTFLAGS=--cap-lints=warn" "-e" "RUSTDOCFLAGS=--cap-lints=warn" "-w" "/opt/rustwide/workdir" "--user" "0:0" "77bc792a1d43719ca86356c9a11d8cfccb04b90aa4dce71cd5aa8882390bed17" "/opt/rustwide/cargo-home/bin/cargo" "+1.100.0-beta.1" "test" "--frozen" "--no-run" "--message-format=json" "--release", kill_on_drop: false }`
[INFO] [stderr] warning: `package.homepage` is redundant with `package.repository`
[INFO] [stderr]   --> Cargo.toml:19:12
[INFO] [stderr]    |
[INFO] [stderr] 19 | homepage = "https://gitbio.ens-lyon.fr/LBMC/Delattre/mergekmer"
[INFO] [stderr]    |            ^^^^^^^^^^^^^^^^^^^^^^^^^^^^^^^^^^^^^^^^^^^^^^^^^^^^
[INFO] [stderr] ...
[INFO] [stderr] 23 | repository = "https://gitbio.ens-lyon.fr/LBMC/Delattre/mergekmer"
[INFO] [stderr]    |              ----------------------------------------------------
[INFO] [stderr]    |
[INFO] [stderr]    = note: `cargo::redundant_homepage` is set to `warn` by default
[INFO] [stderr] help: consider removing `package.homepage`
[INFO] [stderr] warning: `mergekmer` (manifest) generated 1 warning
[INFO] [stderr]    Compiling mergekmer v0.1.2 (/opt/rustwide/workdir)
[INFO] [stdout] warning: method `add_vec` is never used
[INFO] [stdout]   --> src/sufixtreecollate.rs:35:12
[INFO] [stdout]    |
[INFO] [stdout] 15 | impl SufixTreeCollate {
[INFO] [stdout]    | --------------------- method in this implementation
[INFO] [stdout] ...
[INFO] [stdout] 35 |     pub fn add_vec(&mut self, kmer: &str, count: Vec<u64>) {
[INFO] [stdout]    |            ^^^^^^^
[INFO] [stdout]    |
[INFO] [stdout]    = note: `#[warn(dead_code)]` (part of `#[warn(unused)]`) on by default
[INFO] [stdout] 
[INFO] [stdout] 
[INFO] [stdout] warning: method `add_vec` is never used
[INFO] [stdout]   --> src/sufixtreecollate.rs:94:12
[INFO] [stdout]    |
[INFO] [stdout] 58 | impl SufixLeafCollate {
[INFO] [stdout]    | --------------------- method in this implementation
[INFO] [stdout] ...
[INFO] [stdout] 94 |     pub fn add_vec(&mut self, kmer: &str, count: Vec<u64>) {
[INFO] [stdout]    |            ^^^^^^^
[INFO] [stdout] 
[INFO] [stdout] 
[INFO] [stderr]     Finished `release` profile [optimized] target(s) in 1.88s
[INFO] running `Command { std: "docker" "inspect" "77bc792a1d43719ca86356c9a11d8cfccb04b90aa4dce71cd5aa8882390bed17", kill_on_drop: false }`
[INFO] running `Command { std: "docker" "exec" "-e" "SOURCE_DIR=/opt/rustwide/workdir" "-e" "CARGO_HOME=/opt/rustwide/cargo-home" "-e" "RUSTUP_HOME=/opt/rustwide/rustup-home" "-e" "CARGO_TARGET_DIR=/opt/rustwide/target" "-e" "CARGO_INCREMENTAL=0" "-e" "RUST_BACKTRACE=full" "-e" "RUSTFLAGS=--cap-lints=warn" "-e" "RUSTDOCFLAGS=--cap-lints=warn" "-w" "/opt/rustwide/workdir" "--user" "0:0" "77bc792a1d43719ca86356c9a11d8cfccb04b90aa4dce71cd5aa8882390bed17" "/opt/rustwide/cargo-home/bin/cargo" "+1.100.0-beta.1" "test" "--frozen" "--release", kill_on_drop: false }`
[INFO] [stderr] warning: `package.homepage` is redundant with `package.repository`
[INFO] [stderr]   --> Cargo.toml:19:12
[INFO] [stderr]    |
[INFO] [stderr] 19 | homepage = "https://gitbio.ens-lyon.fr/LBMC/Delattre/mergekmer"
[INFO] [stderr]    |            ^^^^^^^^^^^^^^^^^^^^^^^^^^^^^^^^^^^^^^^^^^^^^^^^^^^^
[INFO] [stderr] ...
[INFO] [stderr] 23 | repository = "https://gitbio.ens-lyon.fr/LBMC/Delattre/mergekmer"
[INFO] [stderr]    |              ----------------------------------------------------
[INFO] [stderr]    |
[INFO] [stderr]    = note: `cargo::redundant_homepage` is set to `warn` by default
[INFO] [stderr] help: consider removing `package.homepage`
[INFO] [stderr] warning: `mergekmer` (manifest) generated 1 warning
[INFO] [stderr] warning: method `add_vec` is never used
[INFO] [stderr]   --> src/sufixtreecollate.rs:35:12
[INFO] [stderr]    |
[INFO] [stderr] 15 | impl SufixTreeCollate {
[INFO] [stderr]    | --------------------- method in this implementation
[INFO] [stderr] ...
[INFO] [stderr] 35 |     pub fn add_vec(&mut self, kmer: &str, count: Vec<u64>) {
[INFO] [stderr]    |            ^^^^^^^
[INFO] [stderr]    |
[INFO] [stderr]    = note: `#[warn(dead_code)]` (part of `#[warn(unused)]`) on by default
[INFO] [stderr] 
[INFO] [stderr] warning: method `add_vec` is never used
[INFO] [stderr]   --> src/sufixtreecollate.rs:94:12
[INFO] [stderr]    |
[INFO] [stderr] 58 | impl SufixLeafCollate {
[INFO] [stderr]    | --------------------- method in this implementation
[INFO] [stderr] ...
[INFO] [stderr] 94 |     pub fn add_vec(&mut self, kmer: &str, count: Vec<u64>) {
[INFO] [stderr]    |            ^^^^^^^
[INFO] [stderr] 
[INFO] [stderr] warning: `mergekmer` (bin "mergekmer" test) generated 2 warnings
[INFO] [stderr]     Finished `release` profile [optimized] target(s) in 0.07s
[INFO] [stderr]      Running unittests src/main.rs (/opt/rustwide/target/release/build/mergekmer/d46ea248f7005877/out/mergekmer-d46ea248f7005877)
[INFO] [stdout] 
[INFO] [stdout] running 15 tests
[INFO] [stdout] test sufixtree::get_add_count ... ok
[INFO] [stdout] test merge::get_merge ... FAILED
[INFO] [stdout] test sufixtreecollate::get_mutliple_count ... ok
[INFO] [stdout] test sufixtreecollate::get_add_count_multiple_file ... ok
[INFO] [stdout] test sufixtreecollate::get_travese ... ok
[INFO] [stdout] test merge::get_io_csv ... FAILED
[INFO] [stdout] test sufixtree::get_mutliple_count ... ok
[INFO] [stdout] test collate::get_io_csv ... FAILED
[INFO] [stdout] test sufixtreecollate::get_count ... ok
[INFO] [stdout] test sufixtreecollate::get_travese_multiple_file ... ok
[INFO] [stdout] test merge::get_kmer_size ... FAILED
[INFO] [stdout] test collate::get_collate ... FAILED
[INFO] [stdout] test sufixtree::get_count ... ok
[INFO] [stdout] test sufixtreecollate::get_add_count ... ok
[INFO] [stdout] test sufixtree::get_travese ... ok
[INFO] [stdout] 
[INFO] [stdout] failures:
[INFO] [stdout] 
[INFO] [stdout] ---- merge::get_merge stdout ----
[INFO] [stdout] 
[INFO] [stdout] thread 'merge::get_merge' (807) panicked at src/merge.rs:72:21:
[INFO] [stdout] error oppening write_test_1.csv, Read-only file system (os error 30)
[INFO] [stdout] stack backtrace:
[INFO] [stdout]    0:     0x6140fc2d1781 - <<std[617be2ca0a6fd877]::sys::backtrace::BacktraceLock>::print::DisplayBacktrace as core[a373ad73a504971]::fmt::Display>::fmt
[INFO] [stdout]    1:     0x6140fc2e5faa - core[a373ad73a504971]::fmt::write
[INFO] [stdout]    2:     0x6140fc2d599c - <alloc[2e1b2a31b91974c5]::vec::Vec<u8> as core[a373ad73a504971]::io::write::Write>::write_fmt
[INFO] [stdout]    3:     0x6140fc2adbe6 - std[617be2ca0a6fd877]::panicking::default_hook::{closure#0}
[INFO] [stdout]    4:     0x6140fc2c9e19 - std[617be2ca0a6fd877]::panicking::default_hook
[INFO] [stdout]    5:     0x6140fc263340 - test[aada8e7e76ba119b]::test_main_inner::{closure#0}
[INFO] [stdout]    6:     0x6140fc2c9fd2 - std[617be2ca0a6fd877]::panicking::panic_with_hook
[INFO] [stdout]    7:     0x6140fc2adc92 - std[617be2ca0a6fd877]::panicking::panic_handler::{closure#0}
[INFO] [stdout]    8:     0x6140fc2a69a9 - std[617be2ca0a6fd877]::sys::backtrace::__rust_end_short_backtrace::<std[617be2ca0a6fd877]::panicking::panic_handler::{closure#0}, !>
[INFO] [stdout]    9:     0x6140fc2ae89d - __rustc[ea4f61d10b84890b]::rust_begin_unwind
[INFO] [stdout]   10:     0x6140fc2e66dc - core[a373ad73a504971]::panicking::panic_fmt
[INFO] [stdout]   11:     0x6140fc252c3d - mergekmer[89d34deef72e7b74]::merge::write_csv
[INFO] [stdout]   12:     0x6140fc253746 - <mergekmer[89d34deef72e7b74]::merge::get_merge::{closure#0} as core[a373ad73a504971]::ops::function::FnOnce<()>>::call_once
[INFO] [stdout]   13:     0x6140fc25678b - test[aada8e7e76ba119b]::__rust_begin_short_backtrace::<core[a373ad73a504971]::result::Result<(), alloc[2e1b2a31b91974c5]::string::String>, fn() -> core[a373ad73a504971]::result::Result<(), alloc[2e1b2a31b91974c5]::string::String>>
[INFO] [stdout]   14:     0x6140fc263965 - test[aada8e7e76ba119b]::run_test::{closure#0}
[INFO] [stdout]   15:     0x6140fc25d254 - std[617be2ca0a6fd877]::sys::backtrace::__rust_begin_short_backtrace::<test[aada8e7e76ba119b]::run_test::{closure#1}, ()>
[INFO] [stdout]   16:     0x6140fc2669f2 - <std[617be2ca0a6fd877]::thread::lifecycle::spawn_unchecked<test[aada8e7e76ba119b]::run_test::{closure#1}, ()>::{closure#1} as core[a373ad73a504971]::ops::function::FnOnce<()>>::call_once::{shim:vtable#0}
[INFO] [stdout]   17:     0x6140fc2d0fdf - <std[617be2ca0a6fd877]::sys::thread::unix::Thread>::new::thread_start
[INFO] [stdout]   18:     0x7fdd5f9e6dfa - <unknown>
[INFO] [stdout]   19:     0x7fdd5fa7a3d4 - clone
[INFO] [stdout]   20:                0x0 - <unknown>
[INFO] [stdout] 
[INFO] [stdout] ---- merge::get_io_csv stdout ----
[INFO] [stdout] 
[INFO] [stdout] thread 'merge::get_io_csv' (805) panicked at src/merge.rs:72:21:
[INFO] [stdout] error oppening write_test.csv, Read-only file system (os error 30)
[INFO] [stdout] stack backtrace:
[INFO] [stdout]    0:     0x6140fc2d1781 - <<std[617be2ca0a6fd877]::sys::backtrace::BacktraceLock>::print::DisplayBacktrace as core[a373ad73a504971]::fmt::Display>::fmt
[INFO] [stdout]    1:     0x6140fc2e5faa - core[a373ad73a504971]::fmt::write
[INFO] [stdout]    2:     0x6140fc2d599c - <alloc[2e1b2a31b91974c5]::vec::Vec<u8> as core[a373ad73a504971]::io::write::Write>::write_fmt
[INFO] [stdout]    3:     0x6140fc2adbe6 - std[617be2ca0a6fd877]::panicking::default_hook::{closure#0}
[INFO] [stdout]    4:     0x6140fc2c9e19 - std[617be2ca0a6fd877]::panicking::default_hook
[INFO] [stdout]    5:     0x6140fc263340 - test[aada8e7e76ba119b]::test_main_inner::{closure#0}
[INFO] [stdout]    6:     0x6140fc2c9fd2 - std[617be2ca0a6fd877]::panicking::panic_with_hook
[INFO] [stdout]    7:     0x6140fc2adc92 - std[617be2ca0a6fd877]::panicking::panic_handler::{closure#0}
[INFO] [stdout]    8:     0x6140fc2a69a9 - std[617be2ca0a6fd877]::sys::backtrace::__rust_end_short_backtrace::<std[617be2ca0a6fd877]::panicking::panic_handler::{closure#0}, !>
[INFO] [stdout]    9:     0x6140fc2ae89d - __rustc[ea4f61d10b84890b]::rust_begin_unwind
[INFO] [stdout]   10:     0x6140fc2e66dc - core[a373ad73a504971]::panicking::panic_fmt
[INFO] [stdout]   11:     0x6140fc252c3d - mergekmer[89d34deef72e7b74]::merge::write_csv
[INFO] [stdout]   12:     0x6140fc252f27 - <mergekmer[89d34deef72e7b74]::merge::get_io_csv::{closure#0} as core[a373ad73a504971]::ops::function::FnOnce<()>>::call_once
[INFO] [stdout]   13:     0x6140fc25678b - test[aada8e7e76ba119b]::__rust_begin_short_backtrace::<core[a373ad73a504971]::result::Result<(), alloc[2e1b2a31b91974c5]::string::String>, fn() -> core[a373ad73a504971]::result::Result<(), alloc[2e1b2a31b91974c5]::string::String>>
[INFO] [stdout]   14:     0x6140fc263965 - test[aada8e7e76ba119b]::run_test::{closure#0}
[INFO] [stdout]   15:     0x6140fc25d254 - std[617be2ca0a6fd877]::sys::backtrace::__rust_begin_short_backtrace::<test[aada8e7e76ba119b]::run_test::{closure#1}, ()>
[INFO] [stdout]   16:     0x6140fc2669f2 - <std[617be2ca0a6fd877]::thread::lifecycle::spawn_unchecked<test[aada8e7e76ba119b]::run_test::{closure#1}, ()>::{closure#1} as core[a373ad73a504971]::ops::function::FnOnce<()>>::call_once::{shim:vtable#0}
[INFO] [stdout]   17:     0x6140fc2d0fdf - <std[617be2ca0a6fd877]::sys::thread::unix::Thread>::new::thread_start
[INFO] [stdout]   18:     0x7fdd5f9e6dfa - <unknown>
[INFO] [stdout]   19:     0x7fdd5fa7a3d4 - clone
[INFO] [stdout]   20:                0x0 - <unknown>
[INFO] [stdout] 
[INFO] [stdout] ---- collate::get_io_csv stdout ----
[INFO] [stdout] 
[INFO] [stdout] thread 'collate::get_io_csv' (804) panicked at src/merge.rs:72:21:
[INFO] [stdout] error oppening write_test_collate.csv, Read-only file system (os error 30)
[INFO] [stdout] stack backtrace:
[INFO] [stdout]    0:     0x6140fc2d1781 - <<std[617be2ca0a6fd877]::sys::backtrace::BacktraceLock>::print::DisplayBacktrace as core[a373ad73a504971]::fmt::Display>::fmt
[INFO] [stdout]    1:     0x6140fc2e5faa - core[a373ad73a504971]::fmt::write
[INFO] [stdout]    2:     0x6140fc2d599c - <alloc[2e1b2a31b91974c5]::vec::Vec<u8> as core[a373ad73a504971]::io::write::Write>::write_fmt
[INFO] [stdout]    3:     0x6140fc2adbe6 - std[617be2ca0a6fd877]::panicking::default_hook::{closure#0}
[INFO] [stdout]    4:     0x6140fc2c9e19 - std[617be2ca0a6fd877]::panicking::default_hook
[INFO] [stdout]    5:     0x6140fc263340 - test[aada8e7e76ba119b]::test_main_inner::{closure#0}
[INFO] [stdout]    6:     0x6140fc2c9fd2 - std[617be2ca0a6fd877]::panicking::panic_with_hook
[INFO] [stdout]    7:     0x6140fc2adc92 - std[617be2ca0a6fd877]::panicking::panic_handler::{closure#0}
[INFO] [stdout]    8:     0x6140fc2a69a9 - std[617be2ca0a6fd877]::sys::backtrace::__rust_end_short_backtrace::<std[617be2ca0a6fd877]::panicking::panic_handler::{closure#0}, !>
[INFO] [stdout]    9:     0x6140fc2ae89d - __rustc[ea4f61d10b84890b]::rust_begin_unwind
[INFO] [stdout]   10:     0x6140fc2e66dc - core[a373ad73a504971]::panicking::panic_fmt
[INFO] [stdout]   11:     0x6140fc252c3d - mergekmer[89d34deef72e7b74]::merge::write_csv
[INFO] [stdout]   12:     0x6140fc23f758 - <mergekmer[89d34deef72e7b74]::collate::get_io_csv::{closure#0} as core[a373ad73a504971]::ops::function::FnOnce<()>>::call_once
[INFO] [stdout]   13:     0x6140fc25678b - test[aada8e7e76ba119b]::__rust_begin_short_backtrace::<core[a373ad73a504971]::result::Result<(), alloc[2e1b2a31b91974c5]::string::String>, fn() -> core[a373ad73a504971]::result::Result<(), alloc[2e1b2a31b91974c5]::string::String>>
[INFO] [stdout]   14:     0x6140fc263965 - test[aada8e7e76ba119b]::run_test::{closure#0}
[INFO] [stdout]   15:     0x6140fc25d254 - std[617be2ca0a6fd877]::sys::backtrace::__rust_begin_short_backtrace::<test[aada8e7e76ba119b]::run_test::{closure#1}, ()>
[INFO] [stdout]   16:     0x6140fc2669f2 - <std[617be2ca0a6fd877]::thread::lifecycle::spawn_unchecked<test[aada8e7e76ba119b]::run_test::{closure#1}, ()>::{closure#1} as core[a373ad73a504971]::ops::function::FnOnce<()>>::call_once::{shim:vtable#0}
[INFO] [stdout]   17:     0x6140fc2d0fdf - <std[617be2ca0a6fd877]::sys::thread::unix::Thread>::new::thread_start
[INFO] [stdout]   18:     0x7fdd5f9e6dfa - <unknown>
[INFO] [stdout]   19:     0x7fdd5fa7a3d4 - clone
[INFO] [stdout]   20:                0x0 - <unknown>
[INFO] [stdout] 
[INFO] [stdout] ---- merge::get_kmer_size stdout ----
[INFO] [stdout] 
[INFO] [stdout] thread 'merge::get_kmer_size' (806) panicked at src/merge.rs:72:21:
[INFO] [stdout] error oppening write_test.csv, Read-only file system (os error 30)
[INFO] [stdout] stack backtrace:
[INFO] [stdout]    0:     0x6140fc2d1781 - <<std[617be2ca0a6fd877]::sys::backtrace::BacktraceLock>::print::DisplayBacktrace as core[a373ad73a504971]::fmt::Display>::fmt
[INFO] [stdout]    1:     0x6140fc2e5faa - core[a373ad73a504971]::fmt::write
[INFO] [stdout]    2:     0x6140fc2d599c - <alloc[2e1b2a31b91974c5]::vec::Vec<u8> as core[a373ad73a504971]::io::write::Write>::write_fmt
[INFO] [stdout]    3:     0x6140fc2adbe6 - std[617be2ca0a6fd877]::panicking::default_hook::{closure#0}
[INFO] [stdout]    4:     0x6140fc2c9e19 - std[617be2ca0a6fd877]::panicking::default_hook
[INFO] [stdout]    5:     0x6140fc263340 - test[aada8e7e76ba119b]::test_main_inner::{closure#0}
[INFO] [stdout]    6:     0x6140fc2c9fd2 - std[617be2ca0a6fd877]::panicking::panic_with_hook
[INFO] [stdout]    7:     0x6140fc2adc92 - std[617be2ca0a6fd877]::panicking::panic_handler::{closure#0}
[INFO] [stdout]    8:     0x6140fc2a69a9 - std[617be2ca0a6fd877]::sys::backtrace::__rust_end_short_backtrace::<std[617be2ca0a6fd877]::panicking::panic_handler::{closure#0}, !>
[INFO] [stdout]    9:     0x6140fc2ae89d - __rustc[ea4f61d10b84890b]::rust_begin_unwind
[INFO] [stdout]   10:     0x6140fc2e66dc - core[a373ad73a504971]::panicking::panic_fmt
[INFO] [stdout]   11:     0x6140fc252c3d - mergekmer[89d34deef72e7b74]::merge::write_csv
[INFO] [stdout]   12:     0x6140fc2534fc - <mergekmer[89d34deef72e7b74]::merge::get_kmer_size::{closure#0} as core[a373ad73a504971]::ops::function::FnOnce<()>>::call_once
[INFO] [stdout]   13:     0x6140fc25678b - test[aada8e7e76ba119b]::__rust_begin_short_backtrace::<core[a373ad73a504971]::result::Result<(), alloc[2e1b2a31b91974c5]::string::String>, fn() -> core[a373ad73a504971]::result::Result<(), alloc[2e1b2a31b91974c5]::string::String>>
[INFO] [stdout]   14:     0x6140fc263965 - test[aada8e7e76ba119b]::run_test::{closure#0}
[INFO] [stdout]   15:     0x6140fc25d254 - std[617be2ca0a6fd877]::sys::backtrace::__rust_begin_short_backtrace::<test[aada8e7e76ba119b]::run_test::{closure#1}, ()>
[INFO] [stdout]   16:     0x6140fc2669f2 - <std[617be2ca0a6fd877]::thread::lifecycle::spawn_unchecked<test[aada8e7e76ba119b]::run_test::{closure#1}, ()>::{closure#1} as core[a373ad73a504971]::ops::function::FnOnce<()>>::call_once::{shim:vtable#0}
[INFO] [stdout]   17:     0x6140fc2d0fdf - <std[617be2ca0a6fd877]::sys::thread::unix::Thread>::new::thread_start
[INFO] [stdout]   18:     0x7fdd5f9e6dfa - <unknown>
[INFO] [stdout]   19:     0x7fdd5fa7a3d4 - clone
[INFO] [stdout]   20:                0x0 - <unknown>
[INFO] [stdout] 
[INFO] [stdout] ---- collate::get_collate stdout ----
[INFO] [stdout] 
[INFO] [stdout] thread 'collate::get_collate' (803) panicked at src/merge.rs:72:21:
[INFO] [stdout] error oppening write_test_collate_1.csv, Read-only file system (os error 30)
[INFO] [stdout] stack backtrace:
[INFO] [stdout]    0:     0x6140fc2d1781 - <<std[617be2ca0a6fd877]::sys::backtrace::BacktraceLock>::print::DisplayBacktrace as core[a373ad73a504971]::fmt::Display>::fmt
[INFO] [stdout]    1:     0x6140fc2e5faa - core[a373ad73a504971]::fmt::write
[INFO] [stdout]    2:     0x6140fc2d599c - <alloc[2e1b2a31b91974c5]::vec::Vec<u8> as core[a373ad73a504971]::io::write::Write>::write_fmt
[INFO] [stdout]    3:     0x6140fc2adbe6 - std[617be2ca0a6fd877]::panicking::default_hook::{closure#0}
[INFO] [stdout]    4:     0x6140fc2c9e19 - std[617be2ca0a6fd877]::panicking::default_hook
[INFO] [stdout]    5:     0x6140fc263340 - test[aada8e7e76ba119b]::test_main_inner::{closure#0}
[INFO] [stdout]    6:     0x6140fc2c9fd2 - std[617be2ca0a6fd877]::panicking::panic_with_hook
[INFO] [stdout]    7:     0x6140fc2adc92 - std[617be2ca0a6fd877]::panicking::panic_handler::{closure#0}
[INFO] [stdout]    8:     0x6140fc2a69a9 - std[617be2ca0a6fd877]::sys::backtrace::__rust_end_short_backtrace::<std[617be2ca0a6fd877]::panicking::panic_handler::{closure#0}, !>
[INFO] [stdout]    9:     0x6140fc2ae89d - __rustc[ea4f61d10b84890b]::rust_begin_unwind
[INFO] [stdout]   10:     0x6140fc2e66dc - core[a373ad73a504971]::panicking::panic_fmt
[INFO] [stdout]   11:     0x6140fc252c3d - mergekmer[89d34deef72e7b74]::merge::write_csv
[INFO] [stdout]   12:     0x6140fc23ff91 - <mergekmer[89d34deef72e7b74]::collate::get_collate::{closure#0} as core[a373ad73a504971]::ops::function::FnOnce<()>>::call_once
[INFO] [stdout]   13:     0x6140fc25678b - test[aada8e7e76ba119b]::__rust_begin_short_backtrace::<core[a373ad73a504971]::result::Result<(), alloc[2e1b2a31b91974c5]::string::String>, fn() -> core[a373ad73a504971]::result::Result<(), alloc[2e1b2a31b91974c5]::string::String>>
[INFO] [stdout]   14:     0x6140fc263965 - test[aada8e7e76ba119b]::run_test::{closure#0}
[INFO] [stdout]   15:     0x6140fc25d254 - std[617be2ca0a6fd877]::sys::backtrace::__rust_begin_short_backtrace::<test[aada8e7e76ba119b]::run_test::{closure#1}, ()>
[INFO] [stdout]   16:     0x6140fc2669f2 - <std[617be2ca0a6fd877]::thread::lifecycle::spawn_unchecked<test[aada8e7e76ba119b]::run_test::{closure#1}, ()>::{closure#1} as core[a373ad73a504971]::ops::function::FnOnce<()>>::call_once::{shim:vtable#0}
[INFO] [stdout]   17:     0x6140fc2d0fdf - <std[617be2ca0a6fd877]::sys::thread::unix::Thread>::new::thread_start
[INFO] [stdout]   18:     0x7fdd5f9e6dfa - <unknown>
[INFO] [stdout]   19:     0x7fdd5fa7a3d4 - clone
[INFO] [stdout]   20:                0x0 - <unknown>
[INFO] [stdout] 
[INFO] [stdout] 
[INFO] [stdout] failures:
[INFO] [stdout]     collate::get_collate
[INFO] [stdout]     collate::get_io_csv
[INFO] [stdout]     merge::get_io_csv
[INFO] [stdout]     merge::get_kmer_size
[INFO] [stdout]     merge::get_merge
[INFO] [stdout] 
[INFO] [stdout] test result: FAILED. 10 passed; 5 failed; 0 ignored; 0 measured; 0 filtered out; finished in 0.01s
[INFO] [stdout] 
[INFO] [stderr] error: test failed, to rerun pass `--bin mergekmer`
[INFO] running `Command { std: "docker" "inspect" "77bc792a1d43719ca86356c9a11d8cfccb04b90aa4dce71cd5aa8882390bed17", kill_on_drop: false }`
[INFO] running `Command { std: "docker" "rm" "-f" "77bc792a1d43719ca86356c9a11d8cfccb04b90aa4dce71cd5aa8882390bed17", kill_on_drop: false }`
[INFO] [stdout] 77bc792a1d43719ca86356c9a11d8cfccb04b90aa4dce71cd5aa8882390bed17
