[INFO] fetching crate mercs2_script 2.1.0...
[INFO] testing mercs2_script-2.1.0 against 1.99.0-beta.8+cargoflags=--release for beta-release-1.100-2
[INFO] extracting crate mercs2_script 2.1.0 into /workspace/builds/worker-1-tc1/source
[INFO] started tweaking crates.io crate mercs2_script 2.1.0
[INFO] removed 0 missing examples
[INFO] removed 0 missing tests
[INFO] finished tweaking crates.io crate mercs2_script 2.1.0
[INFO] tweaked toml for crates.io crate mercs2_script 2.1.0 written to /workspace/builds/worker-1-tc1/source/Cargo.toml
[INFO] validating manifest of crates.io crate mercs2_script 2.1.0 on toolchain 1.99.0-beta.8
[INFO] running `Command { std: CARGO_HOME="/workspace/cargo-home" RUSTUP_HOME="/workspace/rustup-home" "/workspace/cargo-home/bin/cargo" "+1.99.0-beta.8" "metadata" "--manifest-path" "Cargo.toml" "--no-deps", kill_on_drop: false }`
[INFO] crate crates.io crate mercs2_script 2.1.0 already has a lockfile, it will not be regenerated
[INFO] running `Command { std: CARGO_HOME="/workspace/cargo-home" RUSTUP_HOME="/workspace/rustup-home" "/workspace/cargo-home/bin/cargo" "+1.99.0-beta.8" "fetch" "--manifest-path" "Cargo.toml", kill_on_drop: false }`
[INFO] [stderr]     Updating crates.io index
[INFO] [stderr]  Downloading crates ...
[INFO] [stderr]   Downloaded mercs2_ui v1.1.2
[INFO] [stderr]   Downloaded gltf v1.4.1
[INFO] [stderr]   Downloaded gltf-json v1.4.1
[INFO] [stderr]   Downloaded gltf-derive v1.4.1
[INFO] [stderr]   Downloaded mercs2_ai v1.0.3
[INFO] [stderr]   Downloaded mercs2_player v1.1.2
[INFO] [stderr]   Downloaded mercs2_core v1.0.4
[INFO] [stderr]   Downloaded hecs v0.10.5
[INFO] [stderr]   Downloaded mercs2_luac v1.2.0
[INFO] [stderr]   Downloaded loadprobe v2.3.1
[INFO] [stderr]   Downloaded mercs2_formats v4.1.0
[INFO] running `Command { std: "docker" "create" "-v" "/var/lib/crater-agent-workspace/builds/worker-1-tc1/source:/opt/rustwide/workdir:ro,Z" "-v" "/var/lib/crater-agent-workspace/builds/worker-1-tc1/target:/opt/rustwide/target:rw,Z" "-v" "/var/lib/crater-agent-workspace/cargo-home:/opt/rustwide/cargo-home:ro,Z" "-v" "/var/lib/crater-agent-workspace/rustup-home:/opt/rustwide/rustup-home:ro,Z" "-m" "1610612736" "--network" "none" "ghcr.io/rust-lang/crates-build-env/linux@sha256:77db811e55d90add9212f6832c23229e3de5f1c1f9905e8cb07319ea15df73ac" "sleep" "infinity", kill_on_drop: false }`
[INFO] [stdout] 42e3ba7208f21e14f08088b5b878ac30be3db72554d06ee6aac0aeb7ccc0c8a7
[INFO] running `Command { std: "docker" "start" "42e3ba7208f21e14f08088b5b878ac30be3db72554d06ee6aac0aeb7ccc0c8a7", kill_on_drop: false }`
[INFO] running `Command { std: "docker" "inspect" "42e3ba7208f21e14f08088b5b878ac30be3db72554d06ee6aac0aeb7ccc0c8a7", kill_on_drop: false }`
[INFO] running `Command { std: "docker" "exec" "-e" "SOURCE_DIR=/opt/rustwide/workdir" "-e" "CARGO_HOME=/opt/rustwide/cargo-home" "-e" "RUSTUP_HOME=/opt/rustwide/rustup-home" "-e" "CARGO_TARGET_DIR=/opt/rustwide/target" "-w" "/opt/rustwide/workdir" "--user" "0:0" "42e3ba7208f21e14f08088b5b878ac30be3db72554d06ee6aac0aeb7ccc0c8a7" "/opt/rustwide/cargo-home/bin/cargo" "+1.99.0-beta.8" "metadata" "--no-deps" "--format-version=1", kill_on_drop: false }`
[INFO] running `Command { std: "docker" "inspect" "42e3ba7208f21e14f08088b5b878ac30be3db72554d06ee6aac0aeb7ccc0c8a7", kill_on_drop: false }`
[INFO] running `Command { std: "docker" "exec" "-e" "SOURCE_DIR=/opt/rustwide/workdir" "-e" "CARGO_HOME=/opt/rustwide/cargo-home" "-e" "RUSTUP_HOME=/opt/rustwide/rustup-home" "-e" "CARGO_TARGET_DIR=/opt/rustwide/target" "-e" "CARGO_INCREMENTAL=0" "-e" "RUST_BACKTRACE=full" "-e" "RUSTFLAGS=--cap-lints=warn" "-e" "RUSTDOCFLAGS=--cap-lints=warn" "-w" "/opt/rustwide/workdir" "--user" "0:0" "42e3ba7208f21e14f08088b5b878ac30be3db72554d06ee6aac0aeb7ccc0c8a7" "/opt/rustwide/cargo-home/bin/cargo" "+1.99.0-beta.8" "build" "--frozen" "--message-format=json" "--release", kill_on_drop: false }`
[INFO] [stderr]    Compiling serde_json v1.0.150
[INFO] [stderr]    Compiling zerocopy v0.8.52
[INFO] [stderr]    Compiling inflections v1.1.1
[INFO] [stderr]    Compiling inout v0.1.4
[INFO] [stderr]    Compiling clap_builder v4.6.0
[INFO] [stderr]    Compiling dbl v0.3.2
[INFO] [stderr]    Compiling spin v0.9.8
[INFO] [stderr]    Compiling syn v2.0.118
[INFO] [stderr]    Compiling digest v0.10.7
[INFO] [stderr]    Compiling cc v1.2.66
[INFO] [stderr]    Compiling glam v0.27.0
[INFO] [stderr]    Compiling cipher v0.4.4
[INFO] [stderr]    Compiling cmac v0.7.2
[INFO] [stderr]    Compiling aes v0.8.4
[INFO] [stderr]    Compiling mercs2_luac v1.2.0
[INFO] [stderr]    Compiling serde_derive v1.0.228
[INFO] [stderr]    Compiling clap_derive v4.6.1
[INFO] [stderr]    Compiling gltf-derive v1.4.1
[INFO] [stderr]    Compiling clap v4.6.1
[INFO] [stderr]    Compiling ahash v0.8.12
[INFO] [stderr]    Compiling hashbrown v0.14.5
[INFO] [stderr]    Compiling hecs v0.10.5
[INFO] [stderr]    Compiling serde v1.0.228
[INFO] [stderr]    Compiling gltf-json v1.4.1
[INFO] [stderr]    Compiling loadprobe v2.3.1
[INFO] [stderr]    Compiling mercs2_core v1.0.4
[INFO] [stderr]    Compiling gltf v1.4.1
[INFO] [stderr]    Compiling mercs2_formats v4.1.0
[INFO] [stderr]    Compiling mercs2_player v1.1.2
[INFO] [stderr]    Compiling mercs2_ui v1.1.2
[INFO] [stderr]    Compiling mercs2_script v2.1.0 (/opt/rustwide/workdir)
[INFO] [stderr]     Finished `release` profile [optimized] target(s) in 1m 42s
[INFO] running `Command { std: "docker" "inspect" "42e3ba7208f21e14f08088b5b878ac30be3db72554d06ee6aac0aeb7ccc0c8a7", kill_on_drop: false }`
[INFO] running `Command { std: "docker" "exec" "-e" "SOURCE_DIR=/opt/rustwide/workdir" "-e" "CARGO_HOME=/opt/rustwide/cargo-home" "-e" "RUSTUP_HOME=/opt/rustwide/rustup-home" "-e" "CARGO_TARGET_DIR=/opt/rustwide/target" "-e" "CARGO_INCREMENTAL=0" "-e" "RUST_BACKTRACE=full" "-e" "RUSTFLAGS=--cap-lints=warn" "-e" "RUSTDOCFLAGS=--cap-lints=warn" "-w" "/opt/rustwide/workdir" "--user" "0:0" "42e3ba7208f21e14f08088b5b878ac30be3db72554d06ee6aac0aeb7ccc0c8a7" "/opt/rustwide/cargo-home/bin/cargo" "+1.99.0-beta.8" "test" "--frozen" "--no-run" "--message-format=json" "--release", kill_on_drop: false }`
[INFO] [stderr]    Compiling mercs2_ai v1.0.3
[INFO] [stderr]    Compiling mercs2_script v2.1.0 (/opt/rustwide/workdir)
[INFO] [stdout] warning: field `layers_removed` is never read
[INFO] [stdout]   --> examples/mission_lab.rs:49:5
[INFO] [stdout]    |
[INFO] [stdout] 37 | struct MissionHost {
[INFO] [stdout]    |        ----------- field in this struct
[INFO] [stdout] ...
[INFO] [stdout] 49 |     layers_removed: Vec<String>,
[INFO] [stdout]    |     ^^^^^^^^^^^^^^
[INFO] [stdout]    |
[INFO] [stdout]    = note: `#[warn(dead_code)]` (part of `#[warn(unused)]`) on by default
[INFO] [stdout] 
[INFO] [stdout] 
[INFO] [stderr]     Finished `release` profile [optimized] target(s) in 24.51s
[INFO] running `Command { std: "docker" "inspect" "42e3ba7208f21e14f08088b5b878ac30be3db72554d06ee6aac0aeb7ccc0c8a7", kill_on_drop: false }`
[INFO] running `Command { std: "docker" "exec" "-e" "SOURCE_DIR=/opt/rustwide/workdir" "-e" "CARGO_HOME=/opt/rustwide/cargo-home" "-e" "RUSTUP_HOME=/opt/rustwide/rustup-home" "-e" "CARGO_TARGET_DIR=/opt/rustwide/target" "-e" "CARGO_INCREMENTAL=0" "-e" "RUST_BACKTRACE=full" "-e" "RUSTFLAGS=--cap-lints=warn" "-e" "RUSTDOCFLAGS=--cap-lints=warn" "-w" "/opt/rustwide/workdir" "--user" "0:0" "42e3ba7208f21e14f08088b5b878ac30be3db72554d06ee6aac0aeb7ccc0c8a7" "/opt/rustwide/cargo-home/bin/cargo" "+1.99.0-beta.8" "test" "--frozen" "--release", kill_on_drop: false }`
[INFO] [stderr] warning: field `layers_removed` is never read
[INFO] [stderr]   --> examples/mission_lab.rs:49:5
[INFO] [stderr]    |
[INFO] [stderr] 37 | struct MissionHost {
[INFO] [stderr]    |        ----------- field in this struct
[INFO] [stderr] ...
[INFO] [stderr] 49 |     layers_removed: Vec<String>,
[INFO] [stderr]    |     ^^^^^^^^^^^^^^
[INFO] [stderr]    |
[INFO] [stderr]    = note: `#[warn(dead_code)]` (part of `#[warn(unused)]`) on by default
[INFO] [stderr] 
[INFO] [stderr] warning: `mercs2_script` (example "mission_lab") generated 1 warning
[INFO] [stderr]     Finished `release` profile [optimized] target(s) in 0.08s
[INFO] [stderr]      Running unittests src/lib.rs (/opt/rustwide/target/release/deps/mercs2_script-63413e2a69db3048)
[INFO] [stdout] 
[INFO] [stdout] running 34 tests
[INFO] [stdout] test docs::tests::pg_page_carries_the_canonical_bindings ... ok
[INFO] [stdout] test docs::tests::hierarchical_globals_serve_at_a_dot_free_filename ... ok
[INFO] [stdout] test docs::tests::index_lists_every_global_with_its_binding_count ... ok
[INFO] [stdout] test bindings::string_ext::tests::get_hash_is_the_engine_name_hash ... ok
[INFO] [stdout] test bindings::event::phase_tests::an_unknown_spelling_is_not_guessed ... ok
[INFO] [stdout] test corpus::tests::skip_notice_names_the_override ... ok
[INFO] [stdout] test docs::tests::generate_covers_every_namespace ... ok
[INFO] [stdout] test corpus::tests::the_vendored_corpus_resolves_without_configuration ... ok
[INFO] [stdout] test guid::tests::guid_is_userdata_to_lua_and_round_trips ... ok
[INFO] [stdout] test docs::tests::every_page_carries_the_generated_disclaimer ... ok
[INFO] [stdout] test guid::tests::absent_or_junk_argument_is_none_not_an_error ... ok
[INFO] [stdout] test guid::tests::numbers_are_not_handles_because_f32_cannot_carry_one ... ok
[INFO] [stdout] test guid::tests::guids_are_stable_table_keys_and_compare_by_value ... ok
[INFO] [stdout] test guid::tests::pointer_round_trip_is_lossless_for_every_handle_this_target_can_carry ... ok
[INFO] [stdout] test guid::tests::zero_is_nil_not_null_lightuserdata ... ok
[INFO] [stdout] test stubs::tests::a_known_binding_shows_up_verbatim ... ok
[INFO] [stdout] test stubs::tests::every_file_declares_the_class_and_starts_with_meta ... ok
[INFO] [stdout] test stubs::tests::hierarchical_globals_emit_a_guard_per_prefix ... ok
[INFO] [stdout] test corpus::tests::stubs_resolve_and_are_searched_after_the_corpus ... ok
[INFO] [stdout] test stubs::tests::summarize_names_every_axis ... ok
[INFO] [stdout] test stubs::tests::generate_covers_every_namespace ... ok
[INFO] [stdout] test tests::module_system_import_and_inherit ... ok
[INFO] [stdout] test bindings::event::phase_tests::the_five_corpus_spellings_fold_to_two_phases ... ok
[INFO] [stdout] test docs::tests::output_is_deterministic ... ok
[INFO] [stdout] test tests::attribution_degrades_silently_when_no_host_is_registered ... ok
[INFO] [stdout] test stubs::tests::output_is_deterministic ... ok
[INFO] [stdout] test tests::attribution_survives_a_reentrant_borrow_without_panicking ... ok
[INFO] [stdout] test tests::attribution_a_thrown_callback_emits_mod_crash_and_propagates ... ok
[INFO] [stdout] test tests::attribution_a_clean_call_produces_no_crash_line ... ok
[INFO] [stdout] test tests::attribution_flows_through_a_real_event_scriptevent_dispatch ... ok
[INFO] [stdout] test tests::compat_prelude_bridges_5_1_constructs ... ok
[INFO] [stdout] test tests::authentic_spawnactor_recipe_routes_to_host ... ok
[INFO] [stdout] test tests::attribution_method_form_is_equivalent_to_call_attributed ... ok
[INFO] [stdout] test tests::coverage_report ... FAILED
[INFO] [stdout] 
[INFO] [stdout] failures:
[INFO] [stdout] 
[INFO] [stdout] ---- tests::coverage_report stdout ----
[INFO] [stdout] 
[INFO] [stdout] thread 'tests::coverage_report' (1214) panicked at src/lib.rs:2022:37:
[INFO] [stdout] write binding_coverage.json: Os { code: 30, kind: ReadOnlyFilesystem, message: "Read-only file system" }
[INFO] [stdout] stack backtrace:
[INFO] [stdout]    0:     0x647d2252b491 - <<std[70759c8f55707aa4]::sys::backtrace::BacktraceLock>::print::DisplayBacktrace as core[df12db4294e9bfd3]::fmt::Display>::fmt
[INFO] [stdout]    1:     0x647d2254255a - core[df12db4294e9bfd3]::fmt::write
[INFO] [stdout]    2:     0x647d2252fbfc - <alloc[2182bb758b4b3781]::vec::Vec<u8> as core[df12db4294e9bfd3]::io::write::Write>::write_fmt
[INFO] [stdout]    3:     0x647d22505b86 - std[70759c8f55707aa4]::panicking::default_hook::{closure#0}
[INFO] [stdout]    4:     0x647d22522d19 - std[70759c8f55707aa4]::panicking::default_hook
[INFO] [stdout]    5:     0x647d2248ac60 - test[9d35eded1c95d3be]::test_main_inner::<test[9d35eded1c95d3be]::test_main_static::{closure#0}>::{closure#0}
[INFO] [stdout]    6:     0x647d22522ed2 - std[70759c8f55707aa4]::panicking::panic_with_hook
[INFO] [stdout]    7:     0x647d22505c32 - std[70759c8f55707aa4]::panicking::panic_handler::{closure#0}
[INFO] [stdout]    8:     0x647d224fe669 - std[70759c8f55707aa4]::sys::backtrace::__rust_end_short_backtrace::<std[70759c8f55707aa4]::panicking::panic_handler::{closure#0}, !>
[INFO] [stdout]    9:     0x647d2250682d - __rustc[8fa7c3cbc660c2b3]::rust_begin_unwind
[INFO] [stdout]   10:     0x647d22542cbc - core[df12db4294e9bfd3]::panicking::panic_fmt
[INFO] [stdout]   11:     0x647d22542a92 - core[df12db4294e9bfd3]::result::unwrap_failed
[INFO] [stdout]   12:     0x647d22460d6c - mercs2_script[bb28975500026bb]::tests::coverage_report
[INFO] [stdout]   13:     0x647d2246c079 - <mercs2_script[bb28975500026bb]::tests::coverage_report::{closure#0} as core[df12db4294e9bfd3]::ops::function::FnOnce<()>>::call_once
[INFO] [stdout]   14:     0x647d2247df4b - test[9d35eded1c95d3be]::__rust_begin_short_backtrace::<core[df12db4294e9bfd3]::result::Result<(), alloc[2182bb758b4b3781]::string::String>, fn() -> core[df12db4294e9bfd3]::result::Result<(), alloc[2182bb758b4b3781]::string::String>>
[INFO] [stdout]   15:     0x647d2248b5b5 - test[9d35eded1c95d3be]::run_test::{closure#0}
[INFO] [stdout]   16:     0x647d22484e74 - std[70759c8f55707aa4]::sys::backtrace::__rust_begin_short_backtrace::<test[9d35eded1c95d3be]::run_test::{closure#1}, ()>
[INFO] [stdout]   17:     0x647d2248e712 - <std[70759c8f55707aa4]::thread::lifecycle::spawn_unchecked<test[9d35eded1c95d3be]::run_test::{closure#1}, ()>::{closure#1} as core[df12db4294e9bfd3]::ops::function::FnOnce<()>>::call_once::{shim:vtable#0}
[INFO] [stdout]   18:     0x647d2252a809 - <std[70759c8f55707aa4]::sys::thread::unix::Thread>::new::thread_start
[INFO] [stdout]   19:     0x728afc039dfa - <unknown>
[INFO] [stdout]   20:     0x728afc0cd3d4 - clone
[INFO] [stdout]   21:                0x0 - <unknown>
[INFO] [stdout] 
[INFO] [stdout] 
[INFO] [stdout] failures:
[INFO] [stdout]     tests::coverage_report
[INFO] [stdout] 
[INFO] [stdout] test result: FAILED. 33 passed; 1 failed; 0 ignored; 0 measured; 0 filtered out; finished in 0.03s
[INFO] [stdout] 
[INFO] [stderr] error: test failed, to rerun pass `--lib`
[INFO] running `Command { std: "docker" "inspect" "42e3ba7208f21e14f08088b5b878ac30be3db72554d06ee6aac0aeb7ccc0c8a7", kill_on_drop: false }`
[INFO] running `Command { std: "docker" "rm" "-f" "42e3ba7208f21e14f08088b5b878ac30be3db72554d06ee6aac0aeb7ccc0c8a7", kill_on_drop: false }`
[INFO] [stdout] 42e3ba7208f21e14f08088b5b878ac30be3db72554d06ee6aac0aeb7ccc0c8a7
