[INFO] fetching crate mentore 0.12.1...
[INFO] testing mentore-0.12.1 against 1.99.0-beta.8+cargoflags=--release for beta-release-1.100-2
[INFO] extracting crate mentore 0.12.1 into /workspace/builds/worker-5-tc1/source
[INFO] started tweaking crates.io crate mentore 0.12.1
[INFO] finished tweaking crates.io crate mentore 0.12.1
[INFO] tweaked toml for crates.io crate mentore 0.12.1 written to /workspace/builds/worker-5-tc1/source/Cargo.toml
[INFO] validating manifest of crates.io crate mentore 0.12.1 on toolchain 1.99.0-beta.8
[INFO] running `Command { std: CARGO_HOME="/workspace/cargo-home" RUSTUP_HOME="/workspace/rustup-home" "/workspace/cargo-home/bin/cargo" "+1.99.0-beta.8" "metadata" "--manifest-path" "Cargo.toml" "--no-deps", kill_on_drop: false }`
[INFO] crate crates.io crate mentore 0.12.1 already has a lockfile, it will not be regenerated
[INFO] running `Command { std: CARGO_HOME="/workspace/cargo-home" RUSTUP_HOME="/workspace/rustup-home" "/workspace/cargo-home/bin/cargo" "+1.99.0-beta.8" "fetch" "--manifest-path" "Cargo.toml", kill_on_drop: false }`
[INFO] running `Command { std: "docker" "create" "-v" "/var/lib/crater-agent-workspace/builds/worker-5-tc1/source:/opt/rustwide/workdir:ro,Z" "-v" "/var/lib/crater-agent-workspace/builds/worker-5-tc1/target:/opt/rustwide/target:rw,Z" "-v" "/var/lib/crater-agent-workspace/cargo-home:/opt/rustwide/cargo-home:ro,Z" "-v" "/var/lib/crater-agent-workspace/rustup-home:/opt/rustwide/rustup-home:ro,Z" "-m" "1610612736" "--network" "none" "ghcr.io/rust-lang/crates-build-env/linux@sha256:77db811e55d90add9212f6832c23229e3de5f1c1f9905e8cb07319ea15df73ac" "sleep" "infinity", kill_on_drop: false }`
[INFO] [stdout] 14aea57c85296876302d08caccfc247acdfbe4b3d8f9207dcee689f9ae63c1c9
[INFO] running `Command { std: "docker" "start" "14aea57c85296876302d08caccfc247acdfbe4b3d8f9207dcee689f9ae63c1c9", kill_on_drop: false }`
[INFO] running `Command { std: "docker" "inspect" "14aea57c85296876302d08caccfc247acdfbe4b3d8f9207dcee689f9ae63c1c9", kill_on_drop: false }`
[INFO] running `Command { std: "docker" "exec" "-e" "SOURCE_DIR=/opt/rustwide/workdir" "-e" "CARGO_HOME=/opt/rustwide/cargo-home" "-e" "RUSTUP_HOME=/opt/rustwide/rustup-home" "-e" "CARGO_TARGET_DIR=/opt/rustwide/target" "-w" "/opt/rustwide/workdir" "--user" "0:0" "14aea57c85296876302d08caccfc247acdfbe4b3d8f9207dcee689f9ae63c1c9" "/opt/rustwide/cargo-home/bin/cargo" "+1.99.0-beta.8" "metadata" "--no-deps" "--format-version=1", kill_on_drop: false }`
[INFO] running `Command { std: "docker" "inspect" "14aea57c85296876302d08caccfc247acdfbe4b3d8f9207dcee689f9ae63c1c9", kill_on_drop: false }`
[INFO] running `Command { std: "docker" "exec" "-e" "SOURCE_DIR=/opt/rustwide/workdir" "-e" "CARGO_HOME=/opt/rustwide/cargo-home" "-e" "RUSTUP_HOME=/opt/rustwide/rustup-home" "-e" "CARGO_TARGET_DIR=/opt/rustwide/target" "-e" "CARGO_INCREMENTAL=0" "-e" "RUST_BACKTRACE=full" "-e" "RUSTFLAGS=--cap-lints=warn" "-e" "RUSTDOCFLAGS=--cap-lints=warn" "-w" "/opt/rustwide/workdir" "--user" "0:0" "14aea57c85296876302d08caccfc247acdfbe4b3d8f9207dcee689f9ae63c1c9" "/opt/rustwide/cargo-home/bin/cargo" "+1.99.0-beta.8" "build" "--frozen" "--message-format=json" "--release", kill_on_drop: false }`
[INFO] [stderr]    Compiling slotmap v1.1.1
[INFO] [stderr]    Compiling grid v1.0.1
[INFO] [stderr]    Compiling arrayvec v0.7.8
[INFO] [stderr]    Compiling mentore v0.12.1 (/opt/rustwide/workdir)
[INFO] [stderr]     Finished `release` profile [optimized] target(s) in 3.49s
[INFO] running `Command { std: "docker" "inspect" "14aea57c85296876302d08caccfc247acdfbe4b3d8f9207dcee689f9ae63c1c9", kill_on_drop: false }`
[INFO] running `Command { std: "docker" "exec" "-e" "SOURCE_DIR=/opt/rustwide/workdir" "-e" "CARGO_HOME=/opt/rustwide/cargo-home" "-e" "RUSTUP_HOME=/opt/rustwide/rustup-home" "-e" "CARGO_TARGET_DIR=/opt/rustwide/target" "-e" "CARGO_INCREMENTAL=0" "-e" "RUST_BACKTRACE=full" "-e" "RUSTFLAGS=--cap-lints=warn" "-e" "RUSTDOCFLAGS=--cap-lints=warn" "-w" "/opt/rustwide/workdir" "--user" "0:0" "14aea57c85296876302d08caccfc247acdfbe4b3d8f9207dcee689f9ae63c1c9" "/opt/rustwide/cargo-home/bin/cargo" "+1.99.0-beta.8" "test" "--frozen" "--no-run" "--message-format=json" "--release", kill_on_drop: false }`
[INFO] [stderr]    Compiling serde_core v1.0.229
[INFO] [stderr]    Compiling zmij v1.0.23
[INFO] [stderr]    Compiling memchr v2.8.3
[INFO] [stderr]    Compiling serde_json v1.0.151
[INFO] [stderr]    Compiling grid v1.0.1
[INFO] [stderr]    Compiling arrayvec v0.7.8
[INFO] [stderr]    Compiling itoa v1.0.18
[INFO] [stderr]    Compiling slotmap v1.1.1
[INFO] [stderr]    Compiling mentore v0.12.1 (/opt/rustwide/workdir)
[INFO] [stderr]    Compiling roxmltree v0.21.1
[INFO] [stdout] warning: falling back to `f32` as the trait bound `f32: From<f64>` is not satisfied
[INFO] [stdout]    --> src/compute/grid/alignment.rs:494:48
[INFO] [stdout]     |
[INFO] [stdout] 494 |         root_style.size = Size { width: length(300.0), height: length(200.0) };
[INFO] [stdout]     |                                                ^^^^^ help: explicitly specify the type as `f32`: `300.0_f32`
[INFO] [stdout]     |
[INFO] [stdout]     = warning: this was previously accepted by the compiler but is being phased out; it will become a hard error in a future release!
[INFO] [stdout]     = note: for more information, see issue #154024 <https://github.com/rust-lang/rust/issues/154024>
[INFO] [stdout]     = note: `#[warn(float_literal_f32_fallback)]` (part of `#[warn(future_incompatible)]`) on by default
[INFO] [stdout] 
[INFO] [stdout] 
[INFO] [stdout] warning: falling back to `f32` as the trait bound `f32: From<f64>` is not satisfied
[INFO] [stdout]    --> src/compute/grid/alignment.rs:494:71
[INFO] [stdout]     |
[INFO] [stdout] 494 |         root_style.size = Size { width: length(300.0), height: length(200.0) };
[INFO] [stdout]     |                                                                       ^^^^^ help: explicitly specify the type as `f32`: `200.0_f32`
[INFO] [stdout]     |
[INFO] [stdout]     = warning: this was previously accepted by the compiler but is being phased out; it will become a hard error in a future release!
[INFO] [stdout]     = note: for more information, see issue #154024 <https://github.com/rust-lang/rust/issues/154024>
[INFO] [stdout] 
[INFO] [stdout] 
[INFO] [stdout] warning: falling back to `f32` as the trait bound `f32: From<f64>` is not satisfied
[INFO] [stdout]    --> src/compute/grid/alignment.rs:495:56
[INFO] [stdout]     |
[INFO] [stdout] 495 |         root_style.grid_template_columns = vec![length(300.0)];
[INFO] [stdout]     |                                                        ^^^^^ help: explicitly specify the type as `f32`: `300.0_f32`
[INFO] [stdout]     |
[INFO] [stdout]     = warning: this was previously accepted by the compiler but is being phased out; it will become a hard error in a future release!
[INFO] [stdout]     = note: for more information, see issue #154024 <https://github.com/rust-lang/rust/issues/154024>
[INFO] [stdout] 
[INFO] [stdout] 
[INFO] [stdout] warning: falling back to `f32` as the trait bound `f32: From<f64>` is not satisfied
[INFO] [stdout]    --> src/compute/grid/alignment.rs:496:53
[INFO] [stdout]     |
[INFO] [stdout] 496 |         root_style.grid_template_rows = vec![length(200.0)];
[INFO] [stdout]     |                                                     ^^^^^ help: explicitly specify the type as `f32`: `200.0_f32`
[INFO] [stdout]     |
[INFO] [stdout]     = warning: this was previously accepted by the compiler but is being phased out; it will become a hard error in a future release!
[INFO] [stdout]     = note: for more information, see issue #154024 <https://github.com/rust-lang/rust/issues/154024>
[INFO] [stdout] 
[INFO] [stdout] 
[INFO] [stdout] warning: falling back to `f32` as the trait bound `f32: From<f64>` is not satisfied
[INFO] [stdout]    --> src/compute/grid/alignment.rs:530:52
[INFO] [stdout]     |
[INFO] [stdout] 530 |                     grid_template_columns: vec![fr(1.0)],
[INFO] [stdout]     |                                                    ^^^ help: explicitly specify the type as `f32`: `1.0_f32`
[INFO] [stdout]     |
[INFO] [stdout]     = warning: this was previously accepted by the compiler but is being phased out; it will become a hard error in a future release!
[INFO] [stdout]     = note: for more information, see issue #154024 <https://github.com/rust-lang/rust/issues/154024>
[INFO] [stdout] 
[INFO] [stdout] 
[INFO] [stdout] warning: falling back to `f32` as the trait bound `f32: From<f64>` is not satisfied
[INFO] [stdout]    --> src/compute/grid/alignment.rs:547:48
[INFO] [stdout]     |
[INFO] [stdout] 547 |                     size: Size { width: length(300.0), height: auto() },
[INFO] [stdout]     |                                                ^^^^^ help: explicitly specify the type as `f32`: `300.0_f32`
[INFO] [stdout]     |
[INFO] [stdout]     = warning: this was previously accepted by the compiler but is being phased out; it will become a hard error in a future release!
[INFO] [stdout]     = note: for more information, see issue #154024 <https://github.com/rust-lang/rust/issues/154024>
[INFO] [stdout] 
[INFO] [stdout] 
[INFO] [stdout] warning: falling back to `f32` as the trait bound `f32: From<f64>` is not satisfied
[INFO] [stdout]    --> src/compute/grid/alignment.rs:548:56
[INFO] [stdout]     |
[INFO] [stdout] 548 |                     grid_template_columns: vec![length(300.0)],
[INFO] [stdout]     |                                                        ^^^^^ help: explicitly specify the type as `f32`: `300.0_f32`
[INFO] [stdout]     |
[INFO] [stdout]     = warning: this was previously accepted by the compiler but is being phased out; it will become a hard error in a future release!
[INFO] [stdout]     = note: for more information, see issue #154024 <https://github.com/rust-lang/rust/issues/154024>
[INFO] [stdout] 
[INFO] [stdout] 
[INFO] [stdout] warning: falling back to `f32` as the trait bound `f32: From<f64>` is not satisfied
[INFO] [stdout]    --> src/compute/grid/alignment.rs:628:20
[INFO] [stdout]     |
[INFO] [stdout] 628 |             length(350.0),
[INFO] [stdout]     |                    ^^^^^ help: explicitly specify the type as `f32`: `350.0_f32`
[INFO] [stdout]     |
[INFO] [stdout]     = warning: this was previously accepted by the compiler but is being phased out; it will become a hard error in a future release!
[INFO] [stdout]     = note: for more information, see issue #154024 <https://github.com/rust-lang/rust/issues/154024>
[INFO] [stdout] 
[INFO] [stdout] 
[INFO] [stdout] warning: falling back to `f32` as the trait bound `f32: From<f64>` is not satisfied
[INFO] [stdout]    --> src/compute/grid/alignment.rs:641:20
[INFO] [stdout]     |
[INFO] [stdout] 641 |             length(250.0),
[INFO] [stdout]     |                    ^^^^^ help: explicitly specify the type as `f32`: `250.0_f32`
[INFO] [stdout]     |
[INFO] [stdout]     = warning: this was previously accepted by the compiler but is being phased out; it will become a hard error in a future release!
[INFO] [stdout]     = note: for more information, see issue #154024 <https://github.com/rust-lang/rust/issues/154024>
[INFO] [stdout] 
[INFO] [stdout] 
[INFO] [stdout] warning: falling back to `f32` as the trait bound `f32: From<f64>` is not satisfied
[INFO] [stdout]    --> src/compute/grid/alignment.rs:648:41
[INFO] [stdout]     |
[INFO] [stdout] 648 |         let edges = Rect { left: length(10.0), right: length(10.0), top: zero(), bottom: zero() };
[INFO] [stdout]     |                                         ^^^^ help: explicitly specify the type as `f32`: `10.0_f32`
[INFO] [stdout]     |
[INFO] [stdout]     = warning: this was previously accepted by the compiler but is being phased out; it will become a hard error in a future release!
[INFO] [stdout]     = note: for more information, see issue #154024 <https://github.com/rust-lang/rust/issues/154024>
[INFO] [stdout] 
[INFO] [stdout] 
[INFO] [stdout] warning: falling back to `f32` as the trait bound `f32: From<f64>` is not satisfied
[INFO] [stdout]    --> src/compute/grid/alignment.rs:648:62
[INFO] [stdout]     |
[INFO] [stdout] 648 |         let edges = Rect { left: length(10.0), right: length(10.0), top: zero(), bottom: zero() };
[INFO] [stdout]     |                                                              ^^^^ help: explicitly specify the type as `f32`: `10.0_f32`
[INFO] [stdout]     |
[INFO] [stdout]     = warning: this was previously accepted by the compiler but is being phased out; it will become a hard error in a future release!
[INFO] [stdout]     = note: for more information, see issue #154024 <https://github.com/rust-lang/rust/issues/154024>
[INFO] [stdout] 
[INFO] [stdout] 
[INFO] [stdout] warning: falling back to `f32` as the trait bound `f32: From<f64>` is not satisfied
[INFO] [stdout]    --> src/compute/grid/alignment.rs:654:20
[INFO] [stdout]     |
[INFO] [stdout] 654 |             length(250.0),
[INFO] [stdout]     |                    ^^^^^ help: explicitly specify the type as `f32`: `250.0_f32`
[INFO] [stdout]     |
[INFO] [stdout]     = warning: this was previously accepted by the compiler but is being phased out; it will become a hard error in a future release!
[INFO] [stdout]     = note: for more information, see issue #154024 <https://github.com/rust-lang/rust/issues/154024>
[INFO] [stdout] 
[INFO] [stdout] 
[INFO] [stdout] warning: falling back to `f32` as the trait bound `f32: From<f64>` is not satisfied
[INFO] [stdout]    --> src/compute/grid/alignment.rs:706:49
[INFO] [stdout]     |
[INFO] [stdout] 706 |                 min_size: Size { width: percent(0.5), height: Dimension::auto() },
[INFO] [stdout]     |                                                 ^^^ help: explicitly specify the type as `f32`: `0.5_f32`
[INFO] [stdout]     |
[INFO] [stdout]     = warning: this was previously accepted by the compiler but is being phased out; it will become a hard error in a future release!
[INFO] [stdout]     = note: for more information, see issue #154024 <https://github.com/rust-lang/rust/issues/154024>
[INFO] [stdout] 
[INFO] [stdout] 
[INFO] [stdout] warning: falling back to `f32` as the trait bound `f32: From<f64>` is not satisfied
[INFO] [stdout]    --> src/compute/grid/alignment.rs:716:76
[INFO] [stdout]     |
[INFO] [stdout] 716 |                 min_size: Size { width: Dimension::auto(), height: percent(0.5) },
[INFO] [stdout]     |                                                                            ^^^ help: explicitly specify the type as `f32`: `0.5_f32`
[INFO] [stdout]     |
[INFO] [stdout]     = warning: this was previously accepted by the compiler but is being phased out; it will become a hard error in a future release!
[INFO] [stdout]     = note: for more information, see issue #154024 <https://github.com/rust-lang/rust/issues/154024>
[INFO] [stdout] 
[INFO] [stdout] 
[INFO] [stdout] warning: falling back to `f32` as the trait bound `f32: From<f64>` is not satisfied
[INFO] [stdout]    --> src/compute/grid/alignment.rs:752:44
[INFO] [stdout]     |
[INFO] [stdout] 752 |                 size: Size { width: length(120.0), height: Dimension::auto() },
[INFO] [stdout]     |                                            ^^^^^ help: explicitly specify the type as `f32`: `120.0_f32`
[INFO] [stdout]     |
[INFO] [stdout]     = warning: this was previously accepted by the compiler but is being phased out; it will become a hard error in a future release!
[INFO] [stdout]     = note: for more information, see issue #154024 <https://github.com/rust-lang/rust/issues/154024>
[INFO] [stdout] 
[INFO] [stdout] 
[INFO] [stdout] warning: falling back to `f32` as the trait bound `f32: From<f64>` is not satisfied
[INFO] [stdout]    --> src/compute/grid/alignment.rs:762:71
[INFO] [stdout]     |
[INFO] [stdout] 762 |                 size: Size { width: Dimension::auto(), height: length(80.0) },
[INFO] [stdout]     |                                                                       ^^^^ help: explicitly specify the type as `f32`: `80.0_f32`
[INFO] [stdout]     |
[INFO] [stdout]     = warning: this was previously accepted by the compiler but is being phased out; it will become a hard error in a future release!
[INFO] [stdout]     = note: for more information, see issue #154024 <https://github.com/rust-lang/rust/issues/154024>
[INFO] [stdout] 
[INFO] [stdout] 
[INFO] [stdout] warning: falling back to `f32` as the trait bound `f32: From<f64>` is not satisfied
[INFO] [stdout]    --> src/compute/grid/alignment.rs:776:49
[INFO] [stdout]     |
[INFO] [stdout] 776 |                 min_size: Size { width: percent(0.5), height: Dimension::auto() },
[INFO] [stdout]     |                                                 ^^^ help: explicitly specify the type as `f32`: `0.5_f32`
[INFO] [stdout]     |
[INFO] [stdout]     = warning: this was previously accepted by the compiler but is being phased out; it will become a hard error in a future release!
[INFO] [stdout]     = note: for more information, see issue #154024 <https://github.com/rust-lang/rust/issues/154024>
[INFO] [stdout] 
[INFO] [stdout] 
[INFO] [stdout] warning: falling back to `f32` as the trait bound `f32: From<f64>` is not satisfied
[INFO] [stdout]    --> src/compute/grid/explicit_grid.rs:392:40
[INFO] [stdout]     |
[INFO] [stdout] 392 |             size: Size { width: length(120.0), height: length(80.0) },
[INFO] [stdout]     |                                        ^^^^^ help: explicitly specify the type as `f32`: `120.0_f32`
[INFO] [stdout]     |
[INFO] [stdout]     = warning: this was previously accepted by the compiler but is being phased out; it will become a hard error in a future release!
[INFO] [stdout]     = note: for more information, see issue #154024 <https://github.com/rust-lang/rust/issues/154024>
[INFO] [stdout] 
[INFO] [stdout] 
[INFO] [stdout] warning: falling back to `f32` as the trait bound `f32: From<f64>` is not satisfied
[INFO] [stdout]    --> src/compute/grid/explicit_grid.rs:392:63
[INFO] [stdout]     |
[INFO] [stdout] 392 |             size: Size { width: length(120.0), height: length(80.0) },
[INFO] [stdout]     |                                                               ^^^^ help: explicitly specify the type as `f32`: `80.0_f32`
[INFO] [stdout]     |
[INFO] [stdout]     = warning: this was previously accepted by the compiler but is being phased out; it will become a hard error in a future release!
[INFO] [stdout]     = note: for more information, see issue #154024 <https://github.com/rust-lang/rust/issues/154024>
[INFO] [stdout] 
[INFO] [stdout] 
[INFO] [stdout] warning: falling back to `f32` as the trait bound `f32: From<f64>` is not satisfied
[INFO] [stdout]    --> src/compute/grid/explicit_grid.rs:393:70
[INFO] [stdout]     |
[INFO] [stdout] 393 |             grid_template_columns: vec![repeat(AutoFill, vec![length(40.0)])],
[INFO] [stdout]     |                                                                      ^^^^ help: explicitly specify the type as `f32`: `40.0_f32`
[INFO] [stdout]     |
[INFO] [stdout]     = warning: this was previously accepted by the compiler but is being phased out; it will become a hard error in a future release!
[INFO] [stdout]     = note: for more information, see issue #154024 <https://github.com/rust-lang/rust/issues/154024>
[INFO] [stdout] 
[INFO] [stdout] 
[INFO] [stdout] warning: falling back to `f32` as the trait bound `f32: From<f64>` is not satisfied
[INFO] [stdout]    --> src/compute/grid/explicit_grid.rs:394:67
[INFO] [stdout]     |
[INFO] [stdout] 394 |             grid_template_rows: vec![repeat(AutoFill, vec![length(20.0)])],
[INFO] [stdout]     |                                                                   ^^^^ help: explicitly specify the type as `f32`: `20.0_f32`
[INFO] [stdout]     |
[INFO] [stdout]     = warning: this was previously accepted by the compiler but is being phased out; it will become a hard error in a future release!
[INFO] [stdout]     = note: for more information, see issue #154024 <https://github.com/rust-lang/rust/issues/154024>
[INFO] [stdout] 
[INFO] [stdout] 
[INFO] [stdout] warning: falling back to `f32` as the trait bound `f32: From<f64>` is not satisfied
[INFO] [stdout]    --> src/compute/grid/explicit_grid.rs:423:40
[INFO] [stdout]     |
[INFO] [stdout] 423 |             size: Size { width: length(140.0), height: length(90.0) },
[INFO] [stdout]     |                                        ^^^^^ help: explicitly specify the type as `f32`: `140.0_f32`
[INFO] [stdout]     |
[INFO] [stdout]     = warning: this was previously accepted by the compiler but is being phased out; it will become a hard error in a future release!
[INFO] [stdout]     = note: for more information, see issue #154024 <https://github.com/rust-lang/rust/issues/154024>
[INFO] [stdout] 
[INFO] [stdout] 
[INFO] [stdout] warning: falling back to `f32` as the trait bound `f32: From<f64>` is not satisfied
[INFO] [stdout]    --> src/compute/grid/explicit_grid.rs:423:63
[INFO] [stdout]     |
[INFO] [stdout] 423 |             size: Size { width: length(140.0), height: length(90.0) },
[INFO] [stdout]     |                                                               ^^^^ help: explicitly specify the type as `f32`: `90.0_f32`
[INFO] [stdout]     |
[INFO] [stdout]     = warning: this was previously accepted by the compiler but is being phased out; it will become a hard error in a future release!
[INFO] [stdout]     = note: for more information, see issue #154024 <https://github.com/rust-lang/rust/issues/154024>
[INFO] [stdout] 
[INFO] [stdout] 
[INFO] [stdout] warning: falling back to `f32` as the trait bound `f32: From<f64>` is not satisfied
[INFO] [stdout]    --> src/compute/grid/explicit_grid.rs:424:70
[INFO] [stdout]     |
[INFO] [stdout] 424 |             grid_template_columns: vec![repeat(AutoFill, vec![length(40.0)])],
[INFO] [stdout]     |                                                                      ^^^^ help: explicitly specify the type as `f32`: `40.0_f32`
[INFO] [stdout]     |
[INFO] [stdout]     = warning: this was previously accepted by the compiler but is being phased out; it will become a hard error in a future release!
[INFO] [stdout]     = note: for more information, see issue #154024 <https://github.com/rust-lang/rust/issues/154024>
[INFO] [stdout] 
[INFO] [stdout] 
[INFO] [stdout] warning: falling back to `f32` as the trait bound `f32: From<f64>` is not satisfied
[INFO] [stdout]    --> src/compute/grid/explicit_grid.rs:425:67
[INFO] [stdout]     |
[INFO] [stdout] 425 |             grid_template_rows: vec![repeat(AutoFill, vec![length(20.0)])],
[INFO] [stdout]     |                                                                   ^^^^ help: explicitly specify the type as `f32`: `20.0_f32`
[INFO] [stdout]     |
[INFO] [stdout]     = warning: this was previously accepted by the compiler but is being phased out; it will become a hard error in a future release!
[INFO] [stdout]     = note: for more information, see issue #154024 <https://github.com/rust-lang/rust/issues/154024>
[INFO] [stdout] 
[INFO] [stdout] 
[INFO] [stdout] warning: falling back to `f32` as the trait bound `f32: From<f64>` is not satisfied
[INFO] [stdout]    --> src/compute/grid/explicit_grid.rs:454:44
[INFO] [stdout]     |
[INFO] [stdout] 454 |             min_size: Size { width: length(120.0), height: length(80.0) },
[INFO] [stdout]     |                                            ^^^^^ help: explicitly specify the type as `f32`: `120.0_f32`
[INFO] [stdout]     |
[INFO] [stdout]     = warning: this was previously accepted by the compiler but is being phased out; it will become a hard error in a future release!
[INFO] [stdout]     = note: for more information, see issue #154024 <https://github.com/rust-lang/rust/issues/154024>
[INFO] [stdout] 
[INFO] [stdout] 
[INFO] [stdout] warning: falling back to `f32` as the trait bound `f32: From<f64>` is not satisfied
[INFO] [stdout]    --> src/compute/grid/explicit_grid.rs:454:67
[INFO] [stdout]     |
[INFO] [stdout] 454 |             min_size: Size { width: length(120.0), height: length(80.0) },
[INFO] [stdout]     |                                                                   ^^^^ help: explicitly specify the type as `f32`: `80.0_f32`
[INFO] [stdout]     |
[INFO] [stdout]     = warning: this was previously accepted by the compiler but is being phased out; it will become a hard error in a future release!
[INFO] [stdout]     = note: for more information, see issue #154024 <https://github.com/rust-lang/rust/issues/154024>
[INFO] [stdout] 
[INFO] [stdout] 
[INFO] [stdout] warning: falling back to `f32` as the trait bound `f32: From<f64>` is not satisfied
[INFO] [stdout]    --> src/compute/grid/explicit_grid.rs:455:70
[INFO] [stdout]     |
[INFO] [stdout] 455 |             grid_template_columns: vec![repeat(AutoFill, vec![length(40.0)])],
[INFO] [stdout]     |                                                                      ^^^^ help: explicitly specify the type as `f32`: `40.0_f32`
[INFO] [stdout]     |
[INFO] [stdout]     = warning: this was previously accepted by the compiler but is being phased out; it will become a hard error in a future release!
[INFO] [stdout]     = note: for more information, see issue #154024 <https://github.com/rust-lang/rust/issues/154024>
[INFO] [stdout] 
[INFO] [stdout] 
[INFO] [stdout] warning: falling back to `f32` as the trait bound `f32: From<f64>` is not satisfied
[INFO] [stdout]    --> src/compute/grid/explicit_grid.rs:456:67
[INFO] [stdout]     |
[INFO] [stdout] 456 |             grid_template_rows: vec![repeat(AutoFill, vec![length(20.0)])],
[INFO] [stdout]     |                                                                   ^^^^ help: explicitly specify the type as `f32`: `20.0_f32`
[INFO] [stdout]     |
[INFO] [stdout]     = warning: this was previously accepted by the compiler but is being phased out; it will become a hard error in a future release!
[INFO] [stdout]     = note: for more information, see issue #154024 <https://github.com/rust-lang/rust/issues/154024>
[INFO] [stdout] 
[INFO] [stdout] 
[INFO] [stdout] warning: falling back to `f32` as the trait bound `f32: From<f64>` is not satisfied
[INFO] [stdout]    --> src/compute/grid/explicit_grid.rs:485:44
[INFO] [stdout]     |
[INFO] [stdout] 485 |             min_size: Size { width: length(140.0), height: length(90.0) },
[INFO] [stdout]     |                                            ^^^^^ help: explicitly specify the type as `f32`: `140.0_f32`
[INFO] [stdout]     |
[INFO] [stdout]     = warning: this was previously accepted by the compiler but is being phased out; it will become a hard error in a future release!
[INFO] [stdout]     = note: for more information, see issue #154024 <https://github.com/rust-lang/rust/issues/154024>
[INFO] [stdout] 
[INFO] [stdout] 
[INFO] [stdout] warning: falling back to `f32` as the trait bound `f32: From<f64>` is not satisfied
[INFO] [stdout]    --> src/compute/grid/explicit_grid.rs:485:67
[INFO] [stdout]     |
[INFO] [stdout] 485 |             min_size: Size { width: length(140.0), height: length(90.0) },
[INFO] [stdout]     |                                                                   ^^^^ help: explicitly specify the type as `f32`: `90.0_f32`
[INFO] [stdout]     |
[INFO] [stdout]     = warning: this was previously accepted by the compiler but is being phased out; it will become a hard error in a future release!
[INFO] [stdout]     = note: for more information, see issue #154024 <https://github.com/rust-lang/rust/issues/154024>
[INFO] [stdout] 
[INFO] [stdout] 
[INFO] [stdout] warning: falling back to `f32` as the trait bound `f32: From<f64>` is not satisfied
[INFO] [stdout]    --> src/compute/grid/explicit_grid.rs:486:70
[INFO] [stdout]     |
[INFO] [stdout] 486 |             grid_template_columns: vec![repeat(AutoFill, vec![length(40.0)])],
[INFO] [stdout]     |                                                                      ^^^^ help: explicitly specify the type as `f32`: `40.0_f32`
[INFO] [stdout]     |
[INFO] [stdout]     = warning: this was previously accepted by the compiler but is being phased out; it will become a hard error in a future release!
[INFO] [stdout]     = note: for more information, see issue #154024 <https://github.com/rust-lang/rust/issues/154024>
[INFO] [stdout] 
[INFO] [stdout] 
[INFO] [stdout] warning: falling back to `f32` as the trait bound `f32: From<f64>` is not satisfied
[INFO] [stdout]    --> src/compute/grid/explicit_grid.rs:487:67
[INFO] [stdout]     |
[INFO] [stdout] 487 |             grid_template_rows: vec![repeat(AutoFill, vec![length(20.0)])],
[INFO] [stdout]     |                                                                   ^^^^ help: explicitly specify the type as `f32`: `20.0_f32`
[INFO] [stdout]     |
[INFO] [stdout]     = warning: this was previously accepted by the compiler but is being phased out; it will become a hard error in a future release!
[INFO] [stdout]     = note: for more information, see issue #154024 <https://github.com/rust-lang/rust/issues/154024>
[INFO] [stdout] 
[INFO] [stdout] 
[INFO] [stdout] warning: falling back to `f32` as the trait bound `f32: From<f64>` is not satisfied
[INFO] [stdout]    --> src/compute/grid/explicit_grid.rs:516:40
[INFO] [stdout]     |
[INFO] [stdout] 516 |             size: Size { width: length(140.0), height: length(100.0) },
[INFO] [stdout]     |                                        ^^^^^ help: explicitly specify the type as `f32`: `140.0_f32`
[INFO] [stdout]     |
[INFO] [stdout]     = warning: this was previously accepted by the compiler but is being phased out; it will become a hard error in a future release!
[INFO] [stdout]     = note: for more information, see issue #154024 <https://github.com/rust-lang/rust/issues/154024>
[INFO] [stdout] 
[INFO] [stdout] 
[INFO] [stdout] warning: falling back to `f32` as the trait bound `f32: From<f64>` is not satisfied
[INFO] [stdout]    --> src/compute/grid/explicit_grid.rs:516:63
[INFO] [stdout]     |
[INFO] [stdout] 516 |             size: Size { width: length(140.0), height: length(100.0) },
[INFO] [stdout]     |                                                               ^^^^^ help: explicitly specify the type as `f32`: `100.0_f32`
[INFO] [stdout]     |
[INFO] [stdout]     = warning: this was previously accepted by the compiler but is being phased out; it will become a hard error in a future release!
[INFO] [stdout]     = note: for more information, see issue #154024 <https://github.com/rust-lang/rust/issues/154024>
[INFO] [stdout] 
[INFO] [stdout] 
[INFO] [stdout] warning: falling back to `f32` as the trait bound `f32: From<f64>` is not satisfied
[INFO] [stdout]    --> src/compute/grid/explicit_grid.rs:517:70
[INFO] [stdout]     |
[INFO] [stdout] 517 |             grid_template_columns: vec![repeat(AutoFill, vec![length(40.0), length(20.0)])],
[INFO] [stdout]     |                                                                      ^^^^ help: explicitly specify the type as `f32`: `40.0_f32`
[INFO] [stdout]     |
[INFO] [stdout]     = warning: this was previously accepted by the compiler but is being phased out; it will become a hard error in a future release!
[INFO] [stdout]     = note: for more information, see issue #154024 <https://github.com/rust-lang/rust/issues/154024>
[INFO] [stdout] 
[INFO] [stdout] 
[INFO] [stdout] warning: falling back to `f32` as the trait bound `f32: From<f64>` is not satisfied
[INFO] [stdout]    --> src/compute/grid/explicit_grid.rs:517:84
[INFO] [stdout]     |
[INFO] [stdout] 517 |             grid_template_columns: vec![repeat(AutoFill, vec![length(40.0), length(20.0)])],
[INFO] [stdout]     |                                                                                    ^^^^ help: explicitly specify the type as `f32`: `20.0_f32`
[INFO] [stdout]     |
[INFO] [stdout]     = warning: this was previously accepted by the compiler but is being phased out; it will become a hard error in a future release!
[INFO] [stdout]     = note: for more information, see issue #154024 <https://github.com/rust-lang/rust/issues/154024>
[INFO] [stdout] 
[INFO] [stdout] 
[INFO] [stdout] warning: falling back to `f32` as the trait bound `f32: From<f64>` is not satisfied
[INFO] [stdout]    --> src/compute/grid/explicit_grid.rs:518:67
[INFO] [stdout]     |
[INFO] [stdout] 518 |             grid_template_rows: vec![repeat(AutoFill, vec![length(20.0), length(10.0)])],
[INFO] [stdout]     |                                                                   ^^^^ help: explicitly specify the type as `f32`: `20.0_f32`
[INFO] [stdout]     |
[INFO] [stdout]     = warning: this was previously accepted by the compiler but is being phased out; it will become a hard error in a future release!
[INFO] [stdout]     = note: for more information, see issue #154024 <https://github.com/rust-lang/rust/issues/154024>
[INFO] [stdout] 
[INFO] [stdout] 
[INFO] [stdout] warning: falling back to `f32` as the trait bound `f32: From<f64>` is not satisfied
[INFO] [stdout]    --> src/compute/grid/explicit_grid.rs:518:81
[INFO] [stdout]     |
[INFO] [stdout] 518 |             grid_template_rows: vec![repeat(AutoFill, vec![length(20.0), length(10.0)])],
[INFO] [stdout]     |                                                                                 ^^^^ help: explicitly specify the type as `f32`: `10.0_f32`
[INFO] [stdout]     |
[INFO] [stdout]     = warning: this was previously accepted by the compiler but is being phased out; it will become a hard error in a future release!
[INFO] [stdout]     = note: for more information, see issue #154024 <https://github.com/rust-lang/rust/issues/154024>
[INFO] [stdout] 
[INFO] [stdout] 
[INFO] [stdout] warning: falling back to `f32` as the trait bound `f32: From<f64>` is not satisfied
[INFO] [stdout]    --> src/compute/grid/explicit_grid.rs:547:40
[INFO] [stdout]     |
[INFO] [stdout] 547 |             size: Size { width: length(140.0), height: length(100.0) },
[INFO] [stdout]     |                                        ^^^^^ help: explicitly specify the type as `f32`: `140.0_f32`
[INFO] [stdout]     |
[INFO] [stdout]     = warning: this was previously accepted by the compiler but is being phased out; it will become a hard error in a future release!
[INFO] [stdout]     = note: for more information, see issue #154024 <https://github.com/rust-lang/rust/issues/154024>
[INFO] [stdout] 
[INFO] [stdout] 
[INFO] [stdout] warning: falling back to `f32` as the trait bound `f32: From<f64>` is not satisfied
[INFO] [stdout]    --> src/compute/grid/explicit_grid.rs:547:63
[INFO] [stdout]     |
[INFO] [stdout] 547 |             size: Size { width: length(140.0), height: length(100.0) },
[INFO] [stdout]     |                                                               ^^^^^ help: explicitly specify the type as `f32`: `100.0_f32`
[INFO] [stdout]     |
[INFO] [stdout]     = warning: this was previously accepted by the compiler but is being phased out; it will become a hard error in a future release!
[INFO] [stdout]     = note: for more information, see issue #154024 <https://github.com/rust-lang/rust/issues/154024>
[INFO] [stdout] 
[INFO] [stdout] 
[INFO] [stdout] warning: falling back to `f32` as the trait bound `f32: From<f64>` is not satisfied
[INFO] [stdout]    --> src/compute/grid/explicit_grid.rs:548:70
[INFO] [stdout]     |
[INFO] [stdout] 548 |             grid_template_columns: vec![repeat(AutoFill, vec![length(40.0)])],
[INFO] [stdout]     |                                                                      ^^^^ help: explicitly specify the type as `f32`: `40.0_f32`
[INFO] [stdout]     |
[INFO] [stdout]     = warning: this was previously accepted by the compiler but is being phased out; it will become a hard error in a future release!
[INFO] [stdout]     = note: for more information, see issue #154024 <https://github.com/rust-lang/rust/issues/154024>
[INFO] [stdout] 
[INFO] [stdout] 
[INFO] [stdout] warning: falling back to `f32` as the trait bound `f32: From<f64>` is not satisfied
[INFO] [stdout]    --> src/compute/grid/explicit_grid.rs:549:67
[INFO] [stdout]     |
[INFO] [stdout] 549 |             grid_template_rows: vec![repeat(AutoFill, vec![length(20.0)])],
[INFO] [stdout]     |                                                                   ^^^^ help: explicitly specify the type as `f32`: `20.0_f32`
[INFO] [stdout]     |
[INFO] [stdout]     = warning: this was previously accepted by the compiler but is being phased out; it will become a hard error in a future release!
[INFO] [stdout]     = note: for more information, see issue #154024 <https://github.com/rust-lang/rust/issues/154024>
[INFO] [stdout] 
[INFO] [stdout] 
[INFO] [stdout] warning: falling back to `f32` as the trait bound `f32: From<f64>` is not satisfied
[INFO] [stdout]    --> src/compute/grid/explicit_grid.rs:550:25
[INFO] [stdout]     |
[INFO] [stdout] 550 |             gap: length(20.0),
[INFO] [stdout]     |                         ^^^^ help: explicitly specify the type as `f32`: `20.0_f32`
[INFO] [stdout]     |
[INFO] [stdout]     = warning: this was previously accepted by the compiler but is being phased out; it will become a hard error in a future release!
[INFO] [stdout]     = note: for more information, see issue #154024 <https://github.com/rust-lang/rust/issues/154024>
[INFO] [stdout] 
[INFO] [stdout] 
[INFO] [stdout] warning: falling back to `f32` as the trait bound `f32: From<f64>` is not satisfied
[INFO] [stdout]    --> src/compute/grid/explicit_grid.rs:579:70
[INFO] [stdout]     |
[INFO] [stdout] 579 |             grid_template_columns: vec![repeat(AutoFill, vec![length(40.0), percent(0.5), length(20.0)])],
[INFO] [stdout]     |                                                                      ^^^^ help: explicitly specify the type as `f32`: `40.0_f32`
[INFO] [stdout]     |
[INFO] [stdout]     = warning: this was previously accepted by the compiler but is being phased out; it will become a hard error in a future release!
[INFO] [stdout]     = note: for more information, see issue #154024 <https://github.com/rust-lang/rust/issues/154024>
[INFO] [stdout] 
[INFO] [stdout] 
[INFO] [stdout] warning: falling back to `f32` as the trait bound `f32: From<f64>` is not satisfied
[INFO] [stdout]    --> src/compute/grid/explicit_grid.rs:579:85
[INFO] [stdout]     |
[INFO] [stdout] 579 |             grid_template_columns: vec![repeat(AutoFill, vec![length(40.0), percent(0.5), length(20.0)])],
[INFO] [stdout]     |                                                                                     ^^^ help: explicitly specify the type as `f32`: `0.5_f32`
[INFO] [stdout]     |
[INFO] [stdout]     = warning: this was previously accepted by the compiler but is being phased out; it will become a hard error in a future release!
[INFO] [stdout]     = note: for more information, see issue #154024 <https://github.com/rust-lang/rust/issues/154024>
[INFO] [stdout] 
[INFO] [stdout] 
[INFO] [stdout] warning: falling back to `f32` as the trait bound `f32: From<f64>` is not satisfied
[INFO] [stdout]    --> src/compute/grid/explicit_grid.rs:579:98
[INFO] [stdout]     |
[INFO] [stdout] 579 |             grid_template_columns: vec![repeat(AutoFill, vec![length(40.0), percent(0.5), length(20.0)])],
[INFO] [stdout]     |                                                                                                  ^^^^ help: explicitly specify the type as `f32`: `20.0_f32`
[INFO] [stdout]     |
[INFO] [stdout]     = warning: this was previously accepted by the compiler but is being phased out; it will become a hard error in a future release!
[INFO] [stdout]     = note: for more information, see issue #154024 <https://github.com/rust-lang/rust/issues/154024>
[INFO] [stdout] 
[INFO] [stdout] 
[INFO] [stdout] warning: falling back to `f32` as the trait bound `f32: From<f64>` is not satisfied
[INFO] [stdout]    --> src/compute/grid/explicit_grid.rs:580:67
[INFO] [stdout]     |
[INFO] [stdout] 580 |             grid_template_rows: vec![repeat(AutoFill, vec![length(20.0)])],
[INFO] [stdout]     |                                                                   ^^^^ help: explicitly specify the type as `f32`: `20.0_f32`
[INFO] [stdout]     |
[INFO] [stdout]     = warning: this was previously accepted by the compiler but is being phased out; it will become a hard error in a future release!
[INFO] [stdout]     = note: for more information, see issue #154024 <https://github.com/rust-lang/rust/issues/154024>
[INFO] [stdout] 
[INFO] [stdout] 
[INFO] [stdout] warning: falling back to `f32` as the trait bound `f32: From<f64>` is not satisfied
[INFO] [stdout]    --> src/compute/grid/explicit_grid.rs:581:25
[INFO] [stdout]     |
[INFO] [stdout] 581 |             gap: length(20.0),
[INFO] [stdout]     |                         ^^^^ help: explicitly specify the type as `f32`: `20.0_f32`
[INFO] [stdout]     |
[INFO] [stdout]     = warning: this was previously accepted by the compiler but is being phased out; it will become a hard error in a future release!
[INFO] [stdout]     = note: for more information, see issue #154024 <https://github.com/rust-lang/rust/issues/154024>
[INFO] [stdout] 
[INFO] [stdout] 
[INFO] [stdout] warning: falling back to `f32` as the trait bound `f32: From<f64>` is not satisfied
[INFO] [stdout]    --> src/compute/grid/explicit_grid.rs:610:40
[INFO] [stdout]     |
[INFO] [stdout] 610 |             size: Size { width: length(140.0), height: length(100.0) },
[INFO] [stdout]     |                                        ^^^^^ help: explicitly specify the type as `f32`: `140.0_f32`
[INFO] [stdout]     |
[INFO] [stdout]     = warning: this was previously accepted by the compiler but is being phased out; it will become a hard error in a future release!
[INFO] [stdout]     = note: for more information, see issue #154024 <https://github.com/rust-lang/rust/issues/154024>
[INFO] [stdout] 
[INFO] [stdout] 
[INFO] [stdout] warning: falling back to `f32` as the trait bound `f32: From<f64>` is not satisfied
[INFO] [stdout]    --> src/compute/grid/explicit_grid.rs:610:63
[INFO] [stdout]     |
[INFO] [stdout] 610 |             size: Size { width: length(140.0), height: length(100.0) },
[INFO] [stdout]     |                                                               ^^^^^ help: explicitly specify the type as `f32`: `100.0_f32`
[INFO] [stdout]     |
[INFO] [stdout]     = warning: this was previously accepted by the compiler but is being phased out; it will become a hard error in a future release!
[INFO] [stdout]     = note: for more information, see issue #154024 <https://github.com/rust-lang/rust/issues/154024>
[INFO] [stdout] 
[INFO] [stdout] 
[INFO] [stdout] warning: falling back to `f32` as the trait bound `f32: From<f64>` is not satisfied
[INFO] [stdout]    --> src/compute/grid/explicit_grid.rs:611:48
[INFO] [stdout]     |
[INFO] [stdout] 611 |             grid_template_columns: vec![length(20.0), repeat(AutoFill, vec![length(40.0)])],
[INFO] [stdout]     |                                                ^^^^ help: explicitly specify the type as `f32`: `20.0_f32`
[INFO] [stdout]     |
[INFO] [stdout]     = warning: this was previously accepted by the compiler but is being phased out; it will become a hard error in a future release!
[INFO] [stdout]     = note: for more information, see issue #154024 <https://github.com/rust-lang/rust/issues/154024>
[INFO] [stdout] 
[INFO] [stdout] 
[INFO] [stdout] warning: falling back to `f32` as the trait bound `f32: From<f64>` is not satisfied
[INFO] [stdout]    --> src/compute/grid/explicit_grid.rs:611:84
[INFO] [stdout]     |
[INFO] [stdout] 611 |             grid_template_columns: vec![length(20.0), repeat(AutoFill, vec![length(40.0)])],
[INFO] [stdout]     |                                                                                    ^^^^ help: explicitly specify the type as `f32`: `40.0_f32`
[INFO] [stdout]     |
[INFO] [stdout]     = warning: this was previously accepted by the compiler but is being phased out; it will become a hard error in a future release!
[INFO] [stdout]     = note: for more information, see issue #154024 <https://github.com/rust-lang/rust/issues/154024>
[INFO] [stdout] 
[INFO] [stdout] 
[INFO] [stdout] warning: falling back to `f32` as the trait bound `f32: From<f64>` is not satisfied
[INFO] [stdout]    --> src/compute/grid/explicit_grid.rs:612:45
[INFO] [stdout]     |
[INFO] [stdout] 612 |             grid_template_rows: vec![length(40.0), repeat(AutoFill, vec![length(20.0)])],
[INFO] [stdout]     |                                             ^^^^ help: explicitly specify the type as `f32`: `40.0_f32`
[INFO] [stdout]     |
[INFO] [stdout]     = warning: this was previously accepted by the compiler but is being phased out; it will become a hard error in a future release!
[INFO] [stdout]     = note: for more information, see issue #154024 <https://github.com/rust-lang/rust/issues/154024>
[INFO] [stdout] 
[INFO] [stdout] 
[INFO] [stdout] warning: falling back to `f32` as the trait bound `f32: From<f64>` is not satisfied
[INFO] [stdout]    --> src/compute/grid/explicit_grid.rs:612:81
[INFO] [stdout]     |
[INFO] [stdout] 612 |             grid_template_rows: vec![length(40.0), repeat(AutoFill, vec![length(20.0)])],
[INFO] [stdout]     |                                                                                 ^^^^ help: explicitly specify the type as `f32`: `20.0_f32`
[INFO] [stdout]     |
[INFO] [stdout]     = warning: this was previously accepted by the compiler but is being phased out; it will become a hard error in a future release!
[INFO] [stdout]     = note: for more information, see issue #154024 <https://github.com/rust-lang/rust/issues/154024>
[INFO] [stdout] 
[INFO] [stdout] 
[INFO] [stdout] warning: falling back to `f32` as the trait bound `f32: From<f64>` is not satisfied
[INFO] [stdout]    --> src/compute/grid/explicit_grid.rs:613:25
[INFO] [stdout]     |
[INFO] [stdout] 613 |             gap: length(20.0),
[INFO] [stdout]     |                         ^^^^ help: explicitly specify the type as `f32`: `20.0_f32`
[INFO] [stdout]     |
[INFO] [stdout]     = warning: this was previously accepted by the compiler but is being phased out; it will become a hard error in a future release!
[INFO] [stdout]     = note: for more information, see issue #154024 <https://github.com/rust-lang/rust/issues/154024>
[INFO] [stdout] 
[INFO] [stdout] 
[INFO] [stdout] warning: falling back to `f32` as the trait bound `f32: From<f64>` is not satisfied
[INFO] [stdout]    --> src/compute/grid/explicit_grid.rs:642:40
[INFO] [stdout]     |
[INFO] [stdout] 642 |             size: Size { width: length(120.0), height: length(120.0) },
[INFO] [stdout]     |                                        ^^^^^ help: explicitly specify the type as `f32`: `120.0_f32`
[INFO] [stdout]     |
[INFO] [stdout]     = warning: this was previously accepted by the compiler but is being phased out; it will become a hard error in a future release!
[INFO] [stdout]     = note: for more information, see issue #154024 <https://github.com/rust-lang/rust/issues/154024>
[INFO] [stdout] 
[INFO] [stdout] 
[INFO] [stdout] warning: falling back to `f32` as the trait bound `f32: From<f64>` is not satisfied
[INFO] [stdout]    --> src/compute/grid/explicit_grid.rs:642:63
[INFO] [stdout]     |
[INFO] [stdout] 642 |             size: Size { width: length(120.0), height: length(120.0) },
[INFO] [stdout]     |                                                               ^^^^^ help: explicitly specify the type as `f32`: `120.0_f32`
[INFO] [stdout]     |
[INFO] [stdout]     = warning: this was previously accepted by the compiler but is being phased out; it will become a hard error in a future release!
[INFO] [stdout]     = note: for more information, see issue #154024 <https://github.com/rust-lang/rust/issues/154024>
[INFO] [stdout] 
[INFO] [stdout] 
[INFO] [stdout] warning: falling back to `f32` as the trait bound `f32: From<f64>` is not satisfied
[INFO] [stdout]    --> src/compute/grid/explicit_grid.rs:643:42
[INFO] [stdout]     |
[INFO] [stdout] 643 |             padding: Rect { left: length(10.0), right: length(10.0), top: length(20.0), bottom: length(20.0) },
[INFO] [stdout]     |                                          ^^^^ help: explicitly specify the type as `f32`: `10.0_f32`
[INFO] [stdout]     |
[INFO] [stdout]     = warning: this was previously accepted by the compiler but is being phased out; it will become a hard error in a future release!
[INFO] [stdout]     = note: for more information, see issue #154024 <https://github.com/rust-lang/rust/issues/154024>
[INFO] [stdout] 
[INFO] [stdout] 
[INFO] [stdout] warning: falling back to `f32` as the trait bound `f32: From<f64>` is not satisfied
[INFO] [stdout]    --> src/compute/grid/explicit_grid.rs:643:63
[INFO] [stdout]     |
[INFO] [stdout] 643 |             padding: Rect { left: length(10.0), right: length(10.0), top: length(20.0), bottom: length(20.0) },
[INFO] [stdout]     |                                                               ^^^^ help: explicitly specify the type as `f32`: `10.0_f32`
[INFO] [stdout]     |
[INFO] [stdout]     = warning: this was previously accepted by the compiler but is being phased out; it will become a hard error in a future release!
[INFO] [stdout]     = note: for more information, see issue #154024 <https://github.com/rust-lang/rust/issues/154024>
[INFO] [stdout] 
[INFO] [stdout] 
[INFO] [stdout] warning: falling back to `f32` as the trait bound `f32: From<f64>` is not satisfied
[INFO] [stdout]    --> src/compute/grid/explicit_grid.rs:643:82
[INFO] [stdout]     |
[INFO] [stdout] 643 |             padding: Rect { left: length(10.0), right: length(10.0), top: length(20.0), bottom: length(20.0) },
[INFO] [stdout]     |                                                                                  ^^^^ help: explicitly specify the type as `f32`: `20.0_f32`
[INFO] [stdout]     |
[INFO] [stdout]     = warning: this was previously accepted by the compiler but is being phased out; it will become a hard error in a future release!
[INFO] [stdout]     = note: for more information, see issue #154024 <https://github.com/rust-lang/rust/issues/154024>
[INFO] [stdout] 
[INFO] [stdout] 
[INFO] [stdout] warning: falling back to `f32` as the trait bound `f32: From<f64>` is not satisfied
[INFO] [stdout]    --> src/compute/grid/explicit_grid.rs:643:104
[INFO] [stdout]     |
[INFO] [stdout] 643 |             padding: Rect { left: length(10.0), right: length(10.0), top: length(20.0), bottom: length(20.0) },
[INFO] [stdout]     |                                                                                                        ^^^^ help: explicitly specify the type as `f32`: `20.0_f32`
[INFO] [stdout]     |
[INFO] [stdout]     = warning: this was previously accepted by the compiler but is being phased out; it will become a hard error in a future release!
[INFO] [stdout]     = note: for more information, see issue #154024 <https://github.com/rust-lang/rust/issues/154024>
[INFO] [stdout] 
[INFO] [stdout] 
[INFO] [stdout] warning: falling back to `f32` as the trait bound `f32: From<f64>` is not satisfied
[INFO] [stdout]    --> src/compute/grid/explicit_grid.rs:644:70
[INFO] [stdout]     |
[INFO] [stdout] 644 |             grid_template_columns: vec![repeat(AutoFill, vec![length(20.0)])],
[INFO] [stdout]     |                                                                      ^^^^ help: explicitly specify the type as `f32`: `20.0_f32`
[INFO] [stdout]     |
[INFO] [stdout]     = warning: this was previously accepted by the compiler but is being phased out; it will become a hard error in a future release!
[INFO] [stdout]     = note: for more information, see issue #154024 <https://github.com/rust-lang/rust/issues/154024>
[INFO] [stdout] 
[INFO] [stdout] 
[INFO] [stdout] warning: falling back to `f32` as the trait bound `f32: From<f64>` is not satisfied
[INFO] [stdout]    --> src/compute/grid/explicit_grid.rs:645:67
[INFO] [stdout]     |
[INFO] [stdout] 645 |             grid_template_rows: vec![repeat(AutoFill, vec![length(20.0)])],
[INFO] [stdout]     |                                                                   ^^^^ help: explicitly specify the type as `f32`: `20.0_f32`
[INFO] [stdout]     |
[INFO] [stdout]     = warning: this was previously accepted by the compiler but is being phased out; it will become a hard error in a future release!
[INFO] [stdout]     = note: for more information, see issue #154024 <https://github.com/rust-lang/rust/issues/154024>
[INFO] [stdout] 
[INFO] [stdout] 
[INFO] [stdout] warning: falling back to `f32` as the trait bound `f32: From<f64>` is not satisfied
[INFO] [stdout]    --> src/compute/grid/explicit_grid.rs:671:58
[INFO] [stdout]     |
[INFO] [stdout] 671 |         let minpx0 = MinTrackSizingFunction::from_length(0.0);
[INFO] [stdout]     |                                                          ^^^ help: explicitly specify the type as `f32`: `0.0_f32`
[INFO] [stdout]     |
[INFO] [stdout]     = warning: this was previously accepted by the compiler but is being phased out; it will become a hard error in a future release!
[INFO] [stdout]     = note: for more information, see issue #154024 <https://github.com/rust-lang/rust/issues/154024>
[INFO] [stdout] 
[INFO] [stdout] 
[INFO] [stdout] warning: falling back to `f32` as the trait bound `f32: From<f64>` is not satisfied
[INFO] [stdout]    --> src/compute/grid/explicit_grid.rs:672:59
[INFO] [stdout]     |
[INFO] [stdout] 672 |         let minpx20 = MinTrackSizingFunction::from_length(20.0);
[INFO] [stdout]     |                                                           ^^^^ help: explicitly specify the type as `f32`: `20.0_f32`
[INFO] [stdout]     |
[INFO] [stdout]     = warning: this was previously accepted by the compiler but is being phased out; it will become a hard error in a future release!
[INFO] [stdout]     = note: for more information, see issue #154024 <https://github.com/rust-lang/rust/issues/154024>
[INFO] [stdout] 
[INFO] [stdout] 
[INFO] [stdout] warning: falling back to `f32` as the trait bound `f32: From<f64>` is not satisfied
[INFO] [stdout]    --> src/compute/grid/explicit_grid.rs:673:60
[INFO] [stdout]     |
[INFO] [stdout] 673 |         let minpx100 = MinTrackSizingFunction::from_length(100.0);
[INFO] [stdout]     |                                                            ^^^^^ help: explicitly specify the type as `f32`: `100.0_f32`
[INFO] [stdout]     |
[INFO] [stdout]     = warning: this was previously accepted by the compiler but is being phased out; it will become a hard error in a future release!
[INFO] [stdout]     = note: for more information, see issue #154024 <https://github.com/rust-lang/rust/issues/154024>
[INFO] [stdout] 
[INFO] [stdout] 
[INFO] [stdout] warning: falling back to `f32` as the trait bound `f32: From<f64>` is not satisfied
[INFO] [stdout]    --> src/compute/grid/explicit_grid.rs:675:58
[INFO] [stdout]     |
[INFO] [stdout] 675 |         let maxpx0 = MaxTrackSizingFunction::from_length(0.0);
[INFO] [stdout]     |                                                          ^^^ help: explicitly specify the type as `f32`: `0.0_f32`
[INFO] [stdout]     |
[INFO] [stdout]     = warning: this was previously accepted by the compiler but is being phased out; it will become a hard error in a future release!
[INFO] [stdout]     = note: for more information, see issue #154024 <https://github.com/rust-lang/rust/issues/154024>
[INFO] [stdout] 
[INFO] [stdout] 
[INFO] [stdout] warning: falling back to `f32` as the trait bound `f32: From<f64>` is not satisfied
[INFO] [stdout]    --> src/compute/grid/explicit_grid.rs:676:59
[INFO] [stdout]     |
[INFO] [stdout] 676 |         let maxpx20 = MaxTrackSizingFunction::from_length(20.0);
[INFO] [stdout]     |                                                           ^^^^ help: explicitly specify the type as `f32`: `20.0_f32`
[INFO] [stdout]     |
[INFO] [stdout]     = warning: this was previously accepted by the compiler but is being phased out; it will become a hard error in a future release!
[INFO] [stdout]     = note: for more information, see issue #154024 <https://github.com/rust-lang/rust/issues/154024>
[INFO] [stdout] 
[INFO] [stdout] 
[INFO] [stdout] warning: falling back to `f32` as the trait bound `f32: From<f64>` is not satisfied
[INFO] [stdout]    --> src/compute/grid/explicit_grid.rs:677:60
[INFO] [stdout]     |
[INFO] [stdout] 677 |         let maxpx100 = MaxTrackSizingFunction::from_length(100.0);
[INFO] [stdout]     |                                                            ^^^^^ help: explicitly specify the type as `f32`: `100.0_f32`
[INFO] [stdout]     |
[INFO] [stdout]     = warning: this was previously accepted by the compiler but is being phased out; it will become a hard error in a future release!
[INFO] [stdout]     = note: for more information, see issue #154024 <https://github.com/rust-lang/rust/issues/154024>
[INFO] [stdout] 
[INFO] [stdout] 
[INFO] [stdout] warning: falling back to `f32` as the trait bound `f32: From<f64>` is not satisfied
[INFO] [stdout]    --> src/compute/grid/explicit_grid.rs:682:25
[INFO] [stdout]     |
[INFO] [stdout] 682 |             gap: length(20.0),
[INFO] [stdout]     |                         ^^^^ help: explicitly specify the type as `f32`: `20.0_f32`
[INFO] [stdout]     |
[INFO] [stdout]     = warning: this was previously accepted by the compiler but is being phased out; it will become a hard error in a future release!
[INFO] [stdout]     = note: for more information, see issue #154024 <https://github.com/rust-lang/rust/issues/154024>
[INFO] [stdout] 
[INFO] [stdout] 
[INFO] [stdout] warning: falling back to `f32` as the trait bound `f32: From<f64>` is not satisfied
[INFO] [stdout]    --> src/compute/grid/explicit_grid.rs:683:48
[INFO] [stdout]     |
[INFO] [stdout] 683 |             grid_template_columns: vec![length(100.0), minmax(length(100.0), fr(2.0)), fr(1.0)],
[INFO] [stdout]     |                                                ^^^^^ help: explicitly specify the type as `f32`: `100.0_f32`
[INFO] [stdout]     |
[INFO] [stdout]     = warning: this was previously accepted by the compiler but is being phased out; it will become a hard error in a future release!
[INFO] [stdout]     = note: for more information, see issue #154024 <https://github.com/rust-lang/rust/issues/154024>
[INFO] [stdout] 
[INFO] [stdout] 
[INFO] [stdout] warning: falling back to `f32` as the trait bound `f32: From<f64>` is not satisfied
[INFO] [stdout]    --> src/compute/grid/explicit_grid.rs:683:70
[INFO] [stdout]     |
[INFO] [stdout] 683 |             grid_template_columns: vec![length(100.0), minmax(length(100.0), fr(2.0)), fr(1.0)],
[INFO] [stdout]     |                                                                      ^^^^^ help: explicitly specify the type as `f32`: `100.0_f32`
[INFO] [stdout]     |
[INFO] [stdout]     = warning: this was previously accepted by the compiler but is being phased out; it will become a hard error in a future release!
[INFO] [stdout]     = note: for more information, see issue #154024 <https://github.com/rust-lang/rust/issues/154024>
[INFO] [stdout] 
[INFO] [stdout] 
[INFO] [stdout] warning: falling back to `f32` as the trait bound `f32: From<f64>` is not satisfied
[INFO] [stdout]    --> src/compute/grid/explicit_grid.rs:683:81
[INFO] [stdout]     |
[INFO] [stdout] 683 |             grid_template_columns: vec![length(100.0), minmax(length(100.0), fr(2.0)), fr(1.0)],
[INFO] [stdout]     |                                                                                 ^^^ help: explicitly specify the type as `f32`: `2.0_f32`
[INFO] [stdout]     |
[INFO] [stdout]     = warning: this was previously accepted by the compiler but is being phased out; it will become a hard error in a future release!
[INFO] [stdout]     = note: for more information, see issue #154024 <https://github.com/rust-lang/rust/issues/154024>
[INFO] [stdout] 
[INFO] [stdout] 
[INFO] [stdout] warning: falling back to `f32` as the trait bound `f32: From<f64>` is not satisfied
[INFO] [stdout]    --> src/compute/grid/explicit_grid.rs:683:91
[INFO] [stdout]     |
[INFO] [stdout] 683 |             grid_template_columns: vec![length(100.0), minmax(length(100.0), fr(2.0)), fr(1.0)],
[INFO] [stdout]     |                                                                                           ^^^ help: explicitly specify the type as `f32`: `1.0_f32`
[INFO] [stdout]     |
[INFO] [stdout]     = warning: this was previously accepted by the compiler but is being phased out; it will become a hard error in a future release!
[INFO] [stdout]     = note: for more information, see issue #154024 <https://github.com/rust-lang/rust/issues/154024>
[INFO] [stdout] 
[INFO] [stdout] 
[INFO] [stdout] warning: falling back to `f32` as the trait bound `f32: From<f64>` is not satisfied
[INFO] [stdout]    --> src/compute/grid/explicit_grid.rs:684:52
[INFO] [stdout]     |
[INFO] [stdout] 684 |             grid_auto_columns: vec![auto(), length(100.0)],
[INFO] [stdout]     |                                                    ^^^^^ help: explicitly specify the type as `f32`: `100.0_f32`
[INFO] [stdout]     |
[INFO] [stdout]     = warning: this was previously accepted by the compiler but is being phased out; it will become a hard error in a future release!
[INFO] [stdout]     = note: for more information, see issue #154024 <https://github.com/rust-lang/rust/issues/154024>
[INFO] [stdout] 
[INFO] [stdout] 
[INFO] [stdout] warning: falling back to `f32` as the trait bound `f32: From<f64>` is not satisfied
[INFO] [stdout]    --> src/compute/grid/explicit_grid.rs:711:78
[INFO] [stdout]     |
[INFO] [stdout] 711 |             (GridTrackKind::Track, minpx100, MaxTrackSizingFunction::from_fr(2.0)), // Note: separate min-max functions
[INFO] [stdout]     |                                                                              ^^^ help: explicitly specify the type as `f32`: `2.0_f32`
[INFO] [stdout]     |
[INFO] [stdout]     = warning: this was previously accepted by the compiler but is being phased out; it will become a hard error in a future release!
[INFO] [stdout]     = note: for more information, see issue #154024 <https://github.com/rust-lang/rust/issues/154024>
[INFO] [stdout] 
[INFO] [stdout] 
[INFO] [stdout] warning: falling back to `f32` as the trait bound `f32: From<f64>` is not satisfied
[INFO] [stdout]    --> src/compute/grid/explicit_grid.rs:713:76
[INFO] [stdout]     |
[INFO] [stdout] 713 | ...   (GridTrackKind::Track, auto(), MaxTrackSizingFunction::from_fr(1.0)), // Note: min sizing function of flex sizing functions i...
[INFO] [stdout]     |                                                                      ^^^ help: explicitly specify the type as `f32`: `1.0_f32`
[INFO] [stdout]     |
[INFO] [stdout]     = warning: this was previously accepted by the compiler but is being phased out; it will become a hard error in a future release!
[INFO] [stdout]     = note: for more information, see issue #154024 <https://github.com/rust-lang/rust/issues/154024>
[INFO] [stdout] 
[INFO] [stdout] 
[INFO] [stdout] warning: falling back to `f32` as the trait bound `f32: From<f64>` is not satisfied
[INFO] [stdout]    --> src/util/resolve.rs:211:44
[INFO] [stdout]     |
[INFO] [stdout] 211 |             mr_case(Dimension::from_length(1.0), None, Some(1.0));
[INFO] [stdout]     |                                            ^^^ help: explicitly specify the type as `f32`: `1.0_f32`
[INFO] [stdout]     |
[INFO] [stdout]     = warning: this was previously accepted by the compiler but is being phased out; it will become a hard error in a future release!
[INFO] [stdout]     = note: for more information, see issue #154024 <https://github.com/rust-lang/rust/issues/154024>
[INFO] [stdout] 
[INFO] [stdout] 
[INFO] [stdout] warning: falling back to `f32` as the trait bound `f32: From<f64>` is not satisfied
[INFO] [stdout]    --> src/util/resolve.rs:212:44
[INFO] [stdout]     |
[INFO] [stdout] 212 |             mr_case(Dimension::from_length(1.0), Some(5.0), Some(1.0));
[INFO] [stdout]     |                                            ^^^ help: explicitly specify the type as `f32`: `1.0_f32`
[INFO] [stdout]     |
[INFO] [stdout]     = warning: this was previously accepted by the compiler but is being phased out; it will become a hard error in a future release!
[INFO] [stdout]     = note: for more information, see issue #154024 <https://github.com/rust-lang/rust/issues/154024>
[INFO] [stdout] 
[INFO] [stdout] 
[INFO] [stdout] warning: falling back to `f32` as the trait bound `f32: From<f64>` is not satisfied
[INFO] [stdout]    --> src/util/resolve.rs:213:44
[INFO] [stdout]     |
[INFO] [stdout] 213 |             mr_case(Dimension::from_length(1.0), Some(-5.0), Some(1.0));
[INFO] [stdout]     |                                            ^^^ help: explicitly specify the type as `f32`: `1.0_f32`
[INFO] [stdout]     |
[INFO] [stdout]     = warning: this was previously accepted by the compiler but is being phased out; it will become a hard error in a future release!
[INFO] [stdout]     = note: for more information, see issue #154024 <https://github.com/rust-lang/rust/issues/154024>
[INFO] [stdout] 
[INFO] [stdout] 
[INFO] [stdout] warning: falling back to `f32` as the trait bound `f32: From<f64>` is not satisfied
[INFO] [stdout]    --> src/util/resolve.rs:214:44
[INFO] [stdout]     |
[INFO] [stdout] 214 |             mr_case(Dimension::from_length(1.0), Some(0.), Some(1.0));
[INFO] [stdout]     |                                            ^^^ help: explicitly specify the type as `f32`: `1.0_f32`
[INFO] [stdout]     |
[INFO] [stdout]     = warning: this was previously accepted by the compiler but is being phased out; it will become a hard error in a future release!
[INFO] [stdout]     = note: for more information, see issue #154024 <https://github.com/rust-lang/rust/issues/154024>
[INFO] [stdout] 
[INFO] [stdout] 
[INFO] [stdout] warning: falling back to `f32` as the trait bound `f32: From<f64>` is not satisfied
[INFO] [stdout]    --> src/util/resolve.rs:224:45
[INFO] [stdout]     |
[INFO] [stdout] 224 |             mr_case(Dimension::from_percent(1.0), None, None);
[INFO] [stdout]     |                                             ^^^ help: explicitly specify the type as `f32`: `1.0_f32`
[INFO] [stdout]     |
[INFO] [stdout]     = warning: this was previously accepted by the compiler but is being phased out; it will become a hard error in a future release!
[INFO] [stdout]     = note: for more information, see issue #154024 <https://github.com/rust-lang/rust/issues/154024>
[INFO] [stdout] 
[INFO] [stdout] 
[INFO] [stdout] warning: falling back to `f32` as the trait bound `f32: From<f64>` is not satisfied
[INFO] [stdout]    --> src/util/resolve.rs:225:45
[INFO] [stdout]     |
[INFO] [stdout] 225 |             mr_case(Dimension::from_percent(1.0), Some(5.0), Some(5.0));
[INFO] [stdout]     |                                             ^^^ help: explicitly specify the type as `f32`: `1.0_f32`
[INFO] [stdout]     |
[INFO] [stdout]     = warning: this was previously accepted by the compiler but is being phased out; it will become a hard error in a future release!
[INFO] [stdout]     = note: for more information, see issue #154024 <https://github.com/rust-lang/rust/issues/154024>
[INFO] [stdout] 
[INFO] [stdout] 
[INFO] [stdout] warning: falling back to `f32` as the trait bound `f32: From<f64>` is not satisfied
[INFO] [stdout]    --> src/util/resolve.rs:226:45
[INFO] [stdout]     |
[INFO] [stdout] 226 |             mr_case(Dimension::from_percent(1.0), Some(-5.0), Some(-5.0));
[INFO] [stdout]     |                                             ^^^ help: explicitly specify the type as `f32`: `1.0_f32`
[INFO] [stdout]     |
[INFO] [stdout]     = warning: this was previously accepted by the compiler but is being phased out; it will become a hard error in a future release!
[INFO] [stdout]     = note: for more information, see issue #154024 <https://github.com/rust-lang/rust/issues/154024>
[INFO] [stdout] 
[INFO] [stdout] 
[INFO] [stdout] warning: falling back to `f32` as the trait bound `f32: From<f64>` is not satisfied
[INFO] [stdout]    --> src/util/resolve.rs:227:45
[INFO] [stdout]     |
[INFO] [stdout] 227 |             mr_case(Dimension::from_percent(1.0), Some(50.0), Some(50.0));
[INFO] [stdout]     |                                             ^^^ help: explicitly specify the type as `f32`: `1.0_f32`
[INFO] [stdout]     |
[INFO] [stdout]     = warning: this was previously accepted by the compiler but is being phased out; it will become a hard error in a future release!
[INFO] [stdout]     = note: for more information, see issue #154024 <https://github.com/rust-lang/rust/issues/154024>
[INFO] [stdout] 
[INFO] [stdout] 
[INFO] [stdout] warning: falling back to `f32` as the trait bound `f32: From<f64>` is not satisfied
[INFO] [stdout]    --> src/util/resolve.rs:287:45
[INFO] [stdout]     |
[INFO] [stdout] 287 |             roz_case(Dimension::from_length(5.0), None, 5.0);
[INFO] [stdout]     |                                             ^^^ help: explicitly specify the type as `f32`: `5.0_f32`
[INFO] [stdout]     |
[INFO] [stdout]     = warning: this was previously accepted by the compiler but is being phased out; it will become a hard error in a future release!
[INFO] [stdout]     = note: for more information, see issue #154024 <https://github.com/rust-lang/rust/issues/154024>
[INFO] [stdout] 
[INFO] [stdout] 
[INFO] [stdout] warning: falling back to `f32` as the trait bound `f32: From<f64>` is not satisfied
[INFO] [stdout]    --> src/util/resolve.rs:288:45
[INFO] [stdout]     |
[INFO] [stdout] 288 |             roz_case(Dimension::from_length(5.0), Some(5.0), 5.0);
[INFO] [stdout]     |                                             ^^^ help: explicitly specify the type as `f32`: `5.0_f32`
[INFO] [stdout]     |
[INFO] [stdout]     = warning: this was previously accepted by the compiler but is being phased out; it will become a hard error in a future release!
[INFO] [stdout]     = note: for more information, see issue #154024 <https://github.com/rust-lang/rust/issues/154024>
[INFO] [stdout] 
[INFO] [stdout] 
[INFO] [stdout] warning: falling back to `f32` as the trait bound `f32: From<f64>` is not satisfied
[INFO] [stdout]    --> src/util/resolve.rs:289:45
[INFO] [stdout]     |
[INFO] [stdout] 289 |             roz_case(Dimension::from_length(5.0), Some(-5.0), 5.0);
[INFO] [stdout]     |                                             ^^^ help: explicitly specify the type as `f32`: `5.0_f32`
[INFO] [stdout]     |
[INFO] [stdout]     = warning: this was previously accepted by the compiler but is being phased out; it will become a hard error in a future release!
[INFO] [stdout]     = note: for more information, see issue #154024 <https://github.com/rust-lang/rust/issues/154024>
[INFO] [stdout] 
[INFO] [stdout] 
[INFO] [stdout] warning: falling back to `f32` as the trait bound `f32: From<f64>` is not satisfied
[INFO] [stdout]    --> src/util/resolve.rs:290:45
[INFO] [stdout]     |
[INFO] [stdout] 290 |             roz_case(Dimension::from_length(5.0), Some(0.0), 5.0);
[INFO] [stdout]     |                                             ^^^ help: explicitly specify the type as `f32`: `5.0_f32`
[INFO] [stdout]     |
[INFO] [stdout]     = warning: this was previously accepted by the compiler but is being phased out; it will become a hard error in a future release!
[INFO] [stdout]     = note: for more information, see issue #154024 <https://github.com/rust-lang/rust/issues/154024>
[INFO] [stdout] 
[INFO] [stdout] 
[INFO] [stdout] warning: falling back to `f32` as the trait bound `f32: From<f64>` is not satisfied
[INFO] [stdout]    --> src/util/resolve.rs:294:46
[INFO] [stdout]     |
[INFO] [stdout] 294 |             roz_case(Dimension::from_percent(5.0), None, 0.0);
[INFO] [stdout]     |                                              ^^^ help: explicitly specify the type as `f32`: `5.0_f32`
[INFO] [stdout]     |
[INFO] [stdout]     = warning: this was previously accepted by the compiler but is being phased out; it will become a hard error in a future release!
[INFO] [stdout]     = note: for more information, see issue #154024 <https://github.com/rust-lang/rust/issues/154024>
[INFO] [stdout] 
[INFO] [stdout] 
[INFO] [stdout] warning: falling back to `f32` as the trait bound `f32: From<f64>` is not satisfied
[INFO] [stdout]    --> src/util/resolve.rs:295:46
[INFO] [stdout]     |
[INFO] [stdout] 295 |             roz_case(Dimension::from_percent(5.0), Some(5.0), 25.0);
[INFO] [stdout]     |                                              ^^^ help: explicitly specify the type as `f32`: `5.0_f32`
[INFO] [stdout]     |
[INFO] [stdout]     = warning: this was previously accepted by the compiler but is being phased out; it will become a hard error in a future release!
[INFO] [stdout]     = note: for more information, see issue #154024 <https://github.com/rust-lang/rust/issues/154024>
[INFO] [stdout] 
[INFO] [stdout] 
[INFO] [stdout] warning: falling back to `f32` as the trait bound `f32: From<f64>` is not satisfied
[INFO] [stdout]    --> src/util/resolve.rs:296:46
[INFO] [stdout]     |
[INFO] [stdout] 296 |             roz_case(Dimension::from_percent(5.0), Some(-5.0), -25.0);
[INFO] [stdout]     |                                              ^^^ help: explicitly specify the type as `f32`: `5.0_f32`
[INFO] [stdout]     |
[INFO] [stdout]     = warning: this was previously accepted by the compiler but is being phased out; it will become a hard error in a future release!
[INFO] [stdout]     = note: for more information, see issue #154024 <https://github.com/rust-lang/rust/issues/154024>
[INFO] [stdout] 
[INFO] [stdout] 
[INFO] [stdout] warning: falling back to `f32` as the trait bound `f32: From<f64>` is not satisfied
[INFO] [stdout]    --> src/util/resolve.rs:297:46
[INFO] [stdout]     |
[INFO] [stdout] 297 |             roz_case(Dimension::from_percent(5.0), Some(0.0), 0.0);
[INFO] [stdout]     |                                              ^^^ help: explicitly specify the type as `f32`: `5.0_f32`
[INFO] [stdout]     |
[INFO] [stdout]     = warning: this was previously accepted by the compiler but is being phased out; it will become a hard error in a future release!
[INFO] [stdout]     = note: for more information, see issue #154024 <https://github.com/rust-lang/rust/issues/154024>
[INFO] [stdout] 
[INFO] [stdout] 
[INFO] [stderr]     Finished `release` profile [optimized] target(s) in 1m 06s
[INFO] running `Command { std: "docker" "inspect" "14aea57c85296876302d08caccfc247acdfbe4b3d8f9207dcee689f9ae63c1c9", kill_on_drop: false }`
[INFO] running `Command { std: "docker" "exec" "-e" "SOURCE_DIR=/opt/rustwide/workdir" "-e" "CARGO_HOME=/opt/rustwide/cargo-home" "-e" "RUSTUP_HOME=/opt/rustwide/rustup-home" "-e" "CARGO_TARGET_DIR=/opt/rustwide/target" "-e" "CARGO_INCREMENTAL=0" "-e" "RUST_BACKTRACE=full" "-e" "RUSTFLAGS=--cap-lints=warn" "-e" "RUSTDOCFLAGS=--cap-lints=warn" "-w" "/opt/rustwide/workdir" "--user" "0:0" "14aea57c85296876302d08caccfc247acdfbe4b3d8f9207dcee689f9ae63c1c9" "/opt/rustwide/cargo-home/bin/cargo" "+1.99.0-beta.8" "test" "--frozen" "--release", kill_on_drop: false }`
[INFO] [stderr] warning: falling back to `f32` as the trait bound `f32: From<f64>` is not satisfied
[INFO] [stderr]    --> src/compute/grid/alignment.rs:494:48
[INFO] [stderr]     |
[INFO] [stderr] 494 |         root_style.size = Size { width: length(300.0), height: length(200.0) };
[INFO] [stderr]     |                                                ^^^^^ help: explicitly specify the type as `f32`: `300.0_f32`
[INFO] [stderr]     |
[INFO] [stderr]     = warning: this was previously accepted by the compiler but is being phased out; it will become a hard error in a future release!
[INFO] [stderr]     = note: for more information, see issue #154024 <https://github.com/rust-lang/rust/issues/154024>
[INFO] [stderr]     = note: `#[warn(float_literal_f32_fallback)]` (part of `#[warn(future_incompatible)]`) on by default
[INFO] [stderr] 
[INFO] [stderr] warning: falling back to `f32` as the trait bound `f32: From<f64>` is not satisfied
[INFO] [stderr]    --> src/compute/grid/alignment.rs:494:71
[INFO] [stderr]     |
[INFO] [stderr] 494 |         root_style.size = Size { width: length(300.0), height: length(200.0) };
[INFO] [stderr]     |                                                                       ^^^^^ help: explicitly specify the type as `f32`: `200.0_f32`
[INFO] [stderr]     |
[INFO] [stderr]     = warning: this was previously accepted by the compiler but is being phased out; it will become a hard error in a future release!
[INFO] [stderr]     = note: for more information, see issue #154024 <https://github.com/rust-lang/rust/issues/154024>
[INFO] [stderr] 
[INFO] [stderr] warning: falling back to `f32` as the trait bound `f32: From<f64>` is not satisfied
[INFO] [stderr]    --> src/compute/grid/alignment.rs:495:56
[INFO] [stderr]     |
[INFO] [stderr] 495 |         root_style.grid_template_columns = vec![length(300.0)];
[INFO] [stderr]     |                                                        ^^^^^ help: explicitly specify the type as `f32`: `300.0_f32`
[INFO] [stderr]     |
[INFO] [stderr]     = warning: this was previously accepted by the compiler but is being phased out; it will become a hard error in a future release!
[INFO] [stderr]     = note: for more information, see issue #154024 <https://github.com/rust-lang/rust/issues/154024>
[INFO] [stderr] 
[INFO] [stderr] warning: falling back to `f32` as the trait bound `f32: From<f64>` is not satisfied
[INFO] [stderr]    --> src/compute/grid/alignment.rs:496:53
[INFO] [stderr]     |
[INFO] [stderr] 496 |         root_style.grid_template_rows = vec![length(200.0)];
[INFO] [stderr]     |                                                     ^^^^^ help: explicitly specify the type as `f32`: `200.0_f32`
[INFO] [stderr]     |
[INFO] [stderr]     = warning: this was previously accepted by the compiler but is being phased out; it will become a hard error in a future release!
[INFO] [stderr]     = note: for more information, see issue #154024 <https://github.com/rust-lang/rust/issues/154024>
[INFO] [stderr] 
[INFO] [stderr] warning: falling back to `f32` as the trait bound `f32: From<f64>` is not satisfied
[INFO] [stderr]    --> src/compute/grid/alignment.rs:530:52
[INFO] [stderr]     |
[INFO] [stderr] 530 |                     grid_template_columns: vec![fr(1.0)],
[INFO] [stderr]     |                                                    ^^^ help: explicitly specify the type as `f32`: `1.0_f32`
[INFO] [stderr]     |
[INFO] [stderr]     = warning: this was previously accepted by the compiler but is being phased out; it will become a hard error in a future release!
[INFO] [stderr]     = note: for more information, see issue #154024 <https://github.com/rust-lang/rust/issues/154024>
[INFO] [stderr] 
[INFO] [stderr] warning: falling back to `f32` as the trait bound `f32: From<f64>` is not satisfied
[INFO] [stderr]    --> src/compute/grid/alignment.rs:547:48
[INFO] [stderr]     |
[INFO] [stderr] 547 |                     size: Size { width: length(300.0), height: auto() },
[INFO] [stderr]     |                                                ^^^^^ help: explicitly specify the type as `f32`: `300.0_f32`
[INFO] [stderr]     |
[INFO] [stderr]     = warning: this was previously accepted by the compiler but is being phased out; it will become a hard error in a future release!
[INFO] [stderr]     = note: for more information, see issue #154024 <https://github.com/rust-lang/rust/issues/154024>
[INFO] [stderr] 
[INFO] [stderr] warning: falling back to `f32` as the trait bound `f32: From<f64>` is not satisfied
[INFO] [stderr]    --> src/compute/grid/alignment.rs:548:56
[INFO] [stderr]     |
[INFO] [stderr] 548 |                     grid_template_columns: vec![length(300.0)],
[INFO] [stderr]     |                                                        ^^^^^ help: explicitly specify the type as `f32`: `300.0_f32`
[INFO] [stderr]     |
[INFO] [stderr]     = warning: this was previously accepted by the compiler but is being phased out; it will become a hard error in a future release!
[INFO] [stderr]     = note: for more information, see issue #154024 <https://github.com/rust-lang/rust/issues/154024>
[INFO] [stderr] 
[INFO] [stderr] warning: falling back to `f32` as the trait bound `f32: From<f64>` is not satisfied
[INFO] [stderr]    --> src/compute/grid/alignment.rs:628:20
[INFO] [stderr]     |
[INFO] [stderr] 628 |             length(350.0),
[INFO] [stderr]     |                    ^^^^^ help: explicitly specify the type as `f32`: `350.0_f32`
[INFO] [stderr]     |
[INFO] [stderr]     = warning: this was previously accepted by the compiler but is being phased out; it will become a hard error in a future release!
[INFO] [stderr]     = note: for more information, see issue #154024 <https://github.com/rust-lang/rust/issues/154024>
[INFO] [stderr] 
[INFO] [stderr] warning: falling back to `f32` as the trait bound `f32: From<f64>` is not satisfied
[INFO] [stderr]    --> src/compute/grid/alignment.rs:641:20
[INFO] [stderr]     |
[INFO] [stderr] 641 |             length(250.0),
[INFO] [stderr]     |                    ^^^^^ help: explicitly specify the type as `f32`: `250.0_f32`
[INFO] [stderr]     |
[INFO] [stderr]     = warning: this was previously accepted by the compiler but is being phased out; it will become a hard error in a future release!
[INFO] [stderr]     = note: for more information, see issue #154024 <https://github.com/rust-lang/rust/issues/154024>
[INFO] [stderr] 
[INFO] [stderr] warning: falling back to `f32` as the trait bound `f32: From<f64>` is not satisfied
[INFO] [stderr]    --> src/compute/grid/alignment.rs:648:41
[INFO] [stderr]     |
[INFO] [stderr] 648 |         let edges = Rect { left: length(10.0), right: length(10.0), top: zero(), bottom: zero() };
[INFO] [stderr]     |                                         ^^^^ help: explicitly specify the type as `f32`: `10.0_f32`
[INFO] [stderr]     |
[INFO] [stderr]     = warning: this was previously accepted by the compiler but is being phased out; it will become a hard error in a future release!
[INFO] [stderr]     = note: for more information, see issue #154024 <https://github.com/rust-lang/rust/issues/154024>
[INFO] [stderr] 
[INFO] [stderr] warning: falling back to `f32` as the trait bound `f32: From<f64>` is not satisfied
[INFO] [stderr]    --> src/compute/grid/alignment.rs:648:62
[INFO] [stderr]     |
[INFO] [stderr] 648 |         let edges = Rect { left: length(10.0), right: length(10.0), top: zero(), bottom: zero() };
[INFO] [stderr]     |                                                              ^^^^ help: explicitly specify the type as `f32`: `10.0_f32`
[INFO] [stderr]     |
[INFO] [stderr]     = warning: this was previously accepted by the compiler but is being phased out; it will become a hard error in a future release!
[INFO] [stderr]     = note: for more information, see issue #154024 <https://github.com/rust-lang/rust/issues/154024>
[INFO] [stderr] 
[INFO] [stderr] warning: falling back to `f32` as the trait bound `f32: From<f64>` is not satisfied
[INFO] [stderr]    --> src/compute/grid/alignment.rs:654:20
[INFO] [stderr]     |
[INFO] [stderr] 654 |             length(250.0),
[INFO] [stderr]     |                    ^^^^^ help: explicitly specify the type as `f32`: `250.0_f32`
[INFO] [stderr]     |
[INFO] [stderr]     = warning: this was previously accepted by the compiler but is being phased out; it will become a hard error in a future release!
[INFO] [stderr]     = note: for more information, see issue #154024 <https://github.com/rust-lang/rust/issues/154024>
[INFO] [stderr] 
[INFO] [stderr] warning: falling back to `f32` as the trait bound `f32: From<f64>` is not satisfied
[INFO] [stderr]    --> src/compute/grid/alignment.rs:706:49
[INFO] [stderr]     |
[INFO] [stderr] 706 |                 min_size: Size { width: percent(0.5), height: Dimension::auto() },
[INFO] [stderr]     |                                                 ^^^ help: explicitly specify the type as `f32`: `0.5_f32`
[INFO] [stderr]     |
[INFO] [stderr]     = warning: this was previously accepted by the compiler but is being phased out; it will become a hard error in a future release!
[INFO] [stderr]     = note: for more information, see issue #154024 <https://github.com/rust-lang/rust/issues/154024>
[INFO] [stderr] 
[INFO] [stderr] warning: falling back to `f32` as the trait bound `f32: From<f64>` is not satisfied
[INFO] [stderr]    --> src/compute/grid/alignment.rs:716:76
[INFO] [stderr]     |
[INFO] [stderr] 716 |                 min_size: Size { width: Dimension::auto(), height: percent(0.5) },
[INFO] [stderr]     |                                                                            ^^^ help: explicitly specify the type as `f32`: `0.5_f32`
[INFO] [stderr]     |
[INFO] [stderr]     = warning: this was previously accepted by the compiler but is being phased out; it will become a hard error in a future release!
[INFO] [stderr]     = note: for more information, see issue #154024 <https://github.com/rust-lang/rust/issues/154024>
[INFO] [stderr] 
[INFO] [stderr] warning: falling back to `f32` as the trait bound `f32: From<f64>` is not satisfied
[INFO] [stderr]    --> src/compute/grid/alignment.rs:752:44
[INFO] [stderr]     |
[INFO] [stderr] 752 |                 size: Size { width: length(120.0), height: Dimension::auto() },
[INFO] [stderr]     |                                            ^^^^^ help: explicitly specify the type as `f32`: `120.0_f32`
[INFO] [stderr]     |
[INFO] [stderr]     = warning: this was previously accepted by the compiler but is being phased out; it will become a hard error in a future release!
[INFO] [stderr]     = note: for more information, see issue #154024 <https://github.com/rust-lang/rust/issues/154024>
[INFO] [stderr] 
[INFO] [stderr] warning: falling back to `f32` as the trait bound `f32: From<f64>` is not satisfied
[INFO] [stderr]    --> src/compute/grid/alignment.rs:762:71
[INFO] [stderr]     |
[INFO] [stderr] 762 |                 size: Size { width: Dimension::auto(), height: length(80.0) },
[INFO] [stderr]     |                                                                       ^^^^ help: explicitly specify the type as `f32`: `80.0_f32`
[INFO] [stderr]     |
[INFO] [stderr]     = warning: this was previously accepted by the compiler but is being phased out; it will become a hard error in a future release!
[INFO] [stderr]     = note: for more information, see issue #154024 <https://github.com/rust-lang/rust/issues/154024>
[INFO] [stderr] 
[INFO] [stderr] warning: falling back to `f32` as the trait bound `f32: From<f64>` is not satisfied
[INFO] [stderr]    --> src/compute/grid/alignment.rs:776:49
[INFO] [stderr]     |
[INFO] [stderr] 776 |                 min_size: Size { width: percent(0.5), height: Dimension::auto() },
[INFO] [stderr]     |                                                 ^^^ help: explicitly specify the type as `f32`: `0.5_f32`
[INFO] [stderr]     |
[INFO] [stderr]     = warning: this was previously accepted by the compiler but is being phased out; it will become a hard error in a future release!
[INFO] [stderr]     = note: for more information, see issue #154024 <https://github.com/rust-lang/rust/issues/154024>
[INFO] [stderr] 
[INFO] [stderr] warning: falling back to `f32` as the trait bound `f32: From<f64>` is not satisfied
[INFO] [stderr]    --> src/compute/grid/explicit_grid.rs:392:40
[INFO] [stderr]     |
[INFO] [stderr] 392 |             size: Size { width: length(120.0), height: length(80.0) },
[INFO] [stderr]     |                                        ^^^^^ help: explicitly specify the type as `f32`: `120.0_f32`
[INFO] [stderr]     |
[INFO] [stderr]     = warning: this was previously accepted by the compiler but is being phased out; it will become a hard error in a future release!
[INFO] [stderr]     = note: for more information, see issue #154024 <https://github.com/rust-lang/rust/issues/154024>
[INFO] [stderr] 
[INFO] [stderr] warning: falling back to `f32` as the trait bound `f32: From<f64>` is not satisfied
[INFO] [stderr]    --> src/compute/grid/explicit_grid.rs:392:63
[INFO] [stderr]     |
[INFO] [stderr] 392 |             size: Size { width: length(120.0), height: length(80.0) },
[INFO] [stderr]     |                                                               ^^^^ help: explicitly specify the type as `f32`: `80.0_f32`
[INFO] [stderr]     |
[INFO] [stderr]     = warning: this was previously accepted by the compiler but is being phased out; it will become a hard error in a future release!
[INFO] [stderr]     = note: for more information, see issue #154024 <https://github.com/rust-lang/rust/issues/154024>
[INFO] [stderr] 
[INFO] [stderr] warning: falling back to `f32` as the trait bound `f32: From<f64>` is not satisfied
[INFO] [stderr]    --> src/compute/grid/explicit_grid.rs:393:70
[INFO] [stderr]     |
[INFO] [stderr] 393 |             grid_template_columns: vec![repeat(AutoFill, vec![length(40.0)])],
[INFO] [stderr]     |                                                                      ^^^^ help: explicitly specify the type as `f32`: `40.0_f32`
[INFO] [stderr]     |
[INFO] [stderr]     = warning: this was previously accepted by the compiler but is being phased out; it will become a hard error in a future release!
[INFO] [stderr]     = note: for more information, see issue #154024 <https://github.com/rust-lang/rust/issues/154024>
[INFO] [stderr] 
[INFO] [stderr] warning: falling back to `f32` as the trait bound `f32: From<f64>` is not satisfied
[INFO] [stderr]    --> src/compute/grid/explicit_grid.rs:394:67
[INFO] [stderr]     |
[INFO] [stderr] 394 |             grid_template_rows: vec![repeat(AutoFill, vec![length(20.0)])],
[INFO] [stderr]     |                                                                   ^^^^ help: explicitly specify the type as `f32`: `20.0_f32`
[INFO] [stderr]     |
[INFO] [stderr]     = warning: this was previously accepted by the compiler but is being phased out; it will become a hard error in a future release!
[INFO] [stderr]     = note: for more information, see issue #154024 <https://github.com/rust-lang/rust/issues/154024>
[INFO] [stderr] 
[INFO] [stderr] warning: falling back to `f32` as the trait bound `f32: From<f64>` is not satisfied
[INFO] [stderr]    --> src/compute/grid/explicit_grid.rs:423:40
[INFO] [stderr]     |
[INFO] [stderr] 423 |             size: Size { width: length(140.0), height: length(90.0) },
[INFO] [stderr]     |                                        ^^^^^ help: explicitly specify the type as `f32`: `140.0_f32`
[INFO] [stderr]     |
[INFO] [stderr]     = warning: this was previously accepted by the compiler but is being phased out; it will become a hard error in a future release!
[INFO] [stderr]     = note: for more information, see issue #154024 <https://github.com/rust-lang/rust/issues/154024>
[INFO] [stderr] 
[INFO] [stderr] warning: falling back to `f32` as the trait bound `f32: From<f64>` is not satisfied
[INFO] [stderr]    --> src/compute/grid/explicit_grid.rs:423:63
[INFO] [stderr]     |
[INFO] [stderr] 423 |             size: Size { width: length(140.0), height: length(90.0) },
[INFO] [stderr]     |                                                               ^^^^ help: explicitly specify the type as `f32`: `90.0_f32`
[INFO] [stderr]     |
[INFO] [stderr]     = warning: this was previously accepted by the compiler but is being phased out; it will become a hard error in a future release!
[INFO] [stderr]     = note: for more information, see issue #154024 <https://github.com/rust-lang/rust/issues/154024>
[INFO] [stderr] 
[INFO] [stderr] warning: falling back to `f32` as the trait bound `f32: From<f64>` is not satisfied
[INFO] [stderr]    --> src/compute/grid/explicit_grid.rs:424:70
[INFO] [stderr]     |
[INFO] [stderr] 424 |             grid_template_columns: vec![repeat(AutoFill, vec![length(40.0)])],
[INFO] [stderr]     |                                                                      ^^^^ help: explicitly specify the type as `f32`: `40.0_f32`
[INFO] [stderr]     |
[INFO] [stderr]     = warning: this was previously accepted by the compiler but is being phased out; it will become a hard error in a future release!
[INFO] [stderr]     = note: for more information, see issue #154024 <https://github.com/rust-lang/rust/issues/154024>
[INFO] [stderr] 
[INFO] [stderr] warning: falling back to `f32` as the trait bound `f32: From<f64>` is not satisfied
[INFO] [stderr]    --> src/compute/grid/explicit_grid.rs:425:67
[INFO] [stderr]     |
[INFO] [stderr] 425 |             grid_template_rows: vec![repeat(AutoFill, vec![length(20.0)])],
[INFO] [stderr]     |                                                                   ^^^^ help: explicitly specify the type as `f32`: `20.0_f32`
[INFO] [stderr]     |
[INFO] [stderr]     = warning: this was previously accepted by the compiler but is being phased out; it will become a hard error in a future release!
[INFO] [stderr]     = note: for more information, see issue #154024 <https://github.com/rust-lang/rust/issues/154024>
[INFO] [stderr] 
[INFO] [stderr] warning: falling back to `f32` as the trait bound `f32: From<f64>` is not satisfied
[INFO] [stderr]    --> src/compute/grid/explicit_grid.rs:454:44
[INFO] [stderr]     |
[INFO] [stderr] 454 |             min_size: Size { width: length(120.0), height: length(80.0) },
[INFO] [stderr]     |                                            ^^^^^ help: explicitly specify the type as `f32`: `120.0_f32`
[INFO] [stderr]     |
[INFO] [stderr]     = warning: this was previously accepted by the compiler but is being phased out; it will become a hard error in a future release!
[INFO] [stderr]     = note: for more information, see issue #154024 <https://github.com/rust-lang/rust/issues/154024>
[INFO] [stderr] 
[INFO] [stderr] warning: falling back to `f32` as the trait bound `f32: From<f64>` is not satisfied
[INFO] [stderr]    --> src/compute/grid/explicit_grid.rs:454:67
[INFO] [stderr]     |
[INFO] [stderr] 454 |             min_size: Size { width: length(120.0), height: length(80.0) },
[INFO] [stderr]     |                                                                   ^^^^ help: explicitly specify the type as `f32`: `80.0_f32`
[INFO] [stderr]     |
[INFO] [stderr]     = warning: this was previously accepted by the compiler but is being phased out; it will become a hard error in a future release!
[INFO] [stderr]     = note: for more information, see issue #154024 <https://github.com/rust-lang/rust/issues/154024>
[INFO] [stderr] 
[INFO] [stderr] warning: falling back to `f32` as the trait bound `f32: From<f64>` is not satisfied
[INFO] [stderr]    --> src/compute/grid/explicit_grid.rs:455:70
[INFO] [stderr]     |
[INFO] [stderr] 455 |             grid_template_columns: vec![repeat(AutoFill, vec![length(40.0)])],
[INFO] [stderr]     |                                                                      ^^^^ help: explicitly specify the type as `f32`: `40.0_f32`
[INFO] [stderr]     |
[INFO] [stderr]     = warning: this was previously accepted by the compiler but is being phased out; it will become a hard error in a future release!
[INFO] [stderr]     = note: for more information, see issue #154024 <https://github.com/rust-lang/rust/issues/154024>
[INFO] [stderr] 
[INFO] [stderr] warning: falling back to `f32` as the trait bound `f32: From<f64>` is not satisfied
[INFO] [stderr]    --> src/compute/grid/explicit_grid.rs:456:67
[INFO] [stderr]     |
[INFO] [stderr] 456 |             grid_template_rows: vec![repeat(AutoFill, vec![length(20.0)])],
[INFO] [stderr]     |                                                                   ^^^^ help: explicitly specify the type as `f32`: `20.0_f32`
[INFO] [stderr]     |
[INFO] [stderr]     = warning: this was previously accepted by the compiler but is being phased out; it will become a hard error in a future release!
[INFO] [stderr]     = note: for more information, see issue #154024 <https://github.com/rust-lang/rust/issues/154024>
[INFO] [stderr] 
[INFO] [stderr] warning: falling back to `f32` as the trait bound `f32: From<f64>` is not satisfied
[INFO] [stderr]    --> src/compute/grid/explicit_grid.rs:485:44
[INFO] [stderr]     |
[INFO] [stderr] 485 |             min_size: Size { width: length(140.0), height: length(90.0) },
[INFO] [stderr]     |                                            ^^^^^ help: explicitly specify the type as `f32`: `140.0_f32`
[INFO] [stderr]     |
[INFO] [stderr]     = warning: this was previously accepted by the compiler but is being phased out; it will become a hard error in a future release!
[INFO] [stderr]     = note: for more information, see issue #154024 <https://github.com/rust-lang/rust/issues/154024>
[INFO] [stderr] 
[INFO] [stderr] warning: falling back to `f32` as the trait bound `f32: From<f64>` is not satisfied
[INFO] [stderr]    --> src/compute/grid/explicit_grid.rs:485:67
[INFO] [stderr]     |
[INFO] [stderr] 485 |             min_size: Size { width: length(140.0), height: length(90.0) },
[INFO] [stderr]     |                                                                   ^^^^ help: explicitly specify the type as `f32`: `90.0_f32`
[INFO] [stderr]     |
[INFO] [stderr]     = warning: this was previously accepted by the compiler but is being phased out; it will become a hard error in a future release!
[INFO] [stderr]     = note: for more information, see issue #154024 <https://github.com/rust-lang/rust/issues/154024>
[INFO] [stderr] 
[INFO] [stderr] warning: falling back to `f32` as the trait bound `f32: From<f64>` is not satisfied
[INFO] [stderr]    --> src/compute/grid/explicit_grid.rs:486:70
[INFO] [stderr]     |
[INFO] [stderr] 486 |             grid_template_columns: vec![repeat(AutoFill, vec![length(40.0)])],
[INFO] [stderr]     |                                                                      ^^^^ help: explicitly specify the type as `f32`: `40.0_f32`
[INFO] [stderr]     |
[INFO] [stderr]     = warning: this was previously accepted by the compiler but is being phased out; it will become a hard error in a future release!
[INFO] [stderr]     = note: for more information, see issue #154024 <https://github.com/rust-lang/rust/issues/154024>
[INFO] [stderr] 
[INFO] [stderr] warning: falling back to `f32` as the trait bound `f32: From<f64>` is not satisfied
[INFO] [stderr]    --> src/compute/grid/explicit_grid.rs:487:67
[INFO] [stderr]     |
[INFO] [stderr] 487 |             grid_template_rows: vec![repeat(AutoFill, vec![length(20.0)])],
[INFO] [stderr]     |                                                                   ^^^^ help: explicitly specify the type as `f32`: `20.0_f32`
[INFO] [stderr]     |
[INFO] [stderr]     = warning: this was previously accepted by the compiler but is being phased out; it will become a hard error in a future release!
[INFO] [stderr]     = note: for more information, see issue #154024 <https://github.com/rust-lang/rust/issues/154024>
[INFO] [stderr] 
[INFO] [stderr] warning: falling back to `f32` as the trait bound `f32: From<f64>` is not satisfied
[INFO] [stderr]    --> src/compute/grid/explicit_grid.rs:516:40
[INFO] [stderr]     |
[INFO] [stderr] 516 |             size: Size { width: length(140.0), height: length(100.0) },
[INFO] [stderr]     |                                        ^^^^^ help: explicitly specify the type as `f32`: `140.0_f32`
[INFO] [stderr]     |
[INFO] [stderr]     = warning: this was previously accepted by the compiler but is being phased out; it will become a hard error in a future release!
[INFO] [stderr]     = note: for more information, see issue #154024 <https://github.com/rust-lang/rust/issues/154024>
[INFO] [stderr] 
[INFO] [stderr] warning: falling back to `f32` as the trait bound `f32: From<f64>` is not satisfied
[INFO] [stderr]    --> src/compute/grid/explicit_grid.rs:516:63
[INFO] [stderr]     |
[INFO] [stderr] 516 |             size: Size { width: length(140.0), height: length(100.0) },
[INFO] [stderr]     |                                                               ^^^^^ help: explicitly specify the type as `f32`: `100.0_f32`
[INFO] [stderr]     |
[INFO] [stderr]     = warning: this was previously accepted by the compiler but is being phased out; it will become a hard error in a future release!
[INFO] [stderr]     = note: for more information, see issue #154024 <https://github.com/rust-lang/rust/issues/154024>
[INFO] [stderr] 
[INFO] [stderr] warning: falling back to `f32` as the trait bound `f32: From<f64>` is not satisfied
[INFO] [stderr]    --> src/compute/grid/explicit_grid.rs:517:70
[INFO] [stderr]     |
[INFO] [stderr] 517 |             grid_template_columns: vec![repeat(AutoFill, vec![length(40.0), length(20.0)])],
[INFO] [stderr]     |                                                                      ^^^^ help: explicitly specify the type as `f32`: `40.0_f32`
[INFO] [stderr]     |
[INFO] [stderr]     = warning: this was previously accepted by the compiler but is being phased out; it will become a hard error in a future release!
[INFO] [stderr]     = note: for more information, see issue #154024 <https://github.com/rust-lang/rust/issues/154024>
[INFO] [stderr] 
[INFO] [stderr] warning: falling back to `f32` as the trait bound `f32: From<f64>` is not satisfied
[INFO] [stderr]    --> src/compute/grid/explicit_grid.rs:517:84
[INFO] [stderr]     |
[INFO] [stderr] 517 |             grid_template_columns: vec![repeat(AutoFill, vec![length(40.0), length(20.0)])],
[INFO] [stderr]     |                                                                                    ^^^^ help: explicitly specify the type as `f32`: `20.0_f32`
[INFO] [stderr]     |
[INFO] [stderr]     = warning: this was previously accepted by the compiler but is being phased out; it will become a hard error in a future release!
[INFO] [stderr]     = note: for more information, see issue #154024 <https://github.com/rust-lang/rust/issues/154024>
[INFO] [stderr] 
[INFO] [stderr] warning: falling back to `f32` as the trait bound `f32: From<f64>` is not satisfied
[INFO] [stderr]    --> src/compute/grid/explicit_grid.rs:518:67
[INFO] [stderr]     |
[INFO] [stderr] 518 |             grid_template_rows: vec![repeat(AutoFill, vec![length(20.0), length(10.0)])],
[INFO] [stderr]     |                                                                   ^^^^ help: explicitly specify the type as `f32`: `20.0_f32`
[INFO] [stderr]     |
[INFO] [stderr]     = warning: this was previously accepted by the compiler but is being phased out; it will become a hard error in a future release!
[INFO] [stderr]     = note: for more information, see issue #154024 <https://github.com/rust-lang/rust/issues/154024>
[INFO] [stderr] 
[INFO] [stderr] warning: falling back to `f32` as the trait bound `f32: From<f64>` is not satisfied
[INFO] [stderr]    --> src/compute/grid/explicit_grid.rs:518:81
[INFO] [stderr]     |
[INFO] [stderr] 518 |             grid_template_rows: vec![repeat(AutoFill, vec![length(20.0), length(10.0)])],
[INFO] [stderr]     |                                                                                 ^^^^ help: explicitly specify the type as `f32`: `10.0_f32`
[INFO] [stderr]     |
[INFO] [stderr]     = warning: this was previously accepted by the compiler but is being phased out; it will become a hard error in a future release!
[INFO] [stderr]     = note: for more information, see issue #154024 <https://github.com/rust-lang/rust/issues/154024>
[INFO] [stderr] 
[INFO] [stderr] warning: falling back to `f32` as the trait bound `f32: From<f64>` is not satisfied
[INFO] [stderr]    --> src/compute/grid/explicit_grid.rs:547:40
[INFO] [stderr]     |
[INFO] [stderr] 547 |             size: Size { width: length(140.0), height: length(100.0) },
[INFO] [stderr]     |                                        ^^^^^ help: explicitly specify the type as `f32`: `140.0_f32`
[INFO] [stderr]     |
[INFO] [stderr]     = warning: this was previously accepted by the compiler but is being phased out; it will become a hard error in a future release!
[INFO] [stderr]     = note: for more information, see issue #154024 <https://github.com/rust-lang/rust/issues/154024>
[INFO] [stderr] 
[INFO] [stderr] warning: falling back to `f32` as the trait bound `f32: From<f64>` is not satisfied
[INFO] [stderr]    --> src/compute/grid/explicit_grid.rs:547:63
[INFO] [stderr]     |
[INFO] [stderr] 547 |             size: Size { width: length(140.0), height: length(100.0) },
[INFO] [stderr]     |                                                               ^^^^^ help: explicitly specify the type as `f32`: `100.0_f32`
[INFO] [stderr]     |
[INFO] [stderr]     = warning: this was previously accepted by the compiler but is being phased out; it will become a hard error in a future release!
[INFO] [stderr]     = note: for more information, see issue #154024 <https://github.com/rust-lang/rust/issues/154024>
[INFO] [stderr] 
[INFO] [stderr] warning: falling back to `f32` as the trait bound `f32: From<f64>` is not satisfied
[INFO] [stderr]    --> src/compute/grid/explicit_grid.rs:548:70
[INFO] [stderr]     |
[INFO] [stderr] 548 |             grid_template_columns: vec![repeat(AutoFill, vec![length(40.0)])],
[INFO] [stderr]     |                                                                      ^^^^ help: explicitly specify the type as `f32`: `40.0_f32`
[INFO] [stderr]     |
[INFO] [stderr]     = warning: this was previously accepted by the compiler but is being phased out; it will become a hard error in a future release!
[INFO] [stderr]     = note: for more information, see issue #154024 <https://github.com/rust-lang/rust/issues/154024>
[INFO] [stderr] 
[INFO] [stderr] warning: falling back to `f32` as the trait bound `f32: From<f64>` is not satisfied
[INFO] [stderr]    --> src/compute/grid/explicit_grid.rs:549:67
[INFO] [stderr]     |
[INFO] [stderr] 549 |             grid_template_rows: vec![repeat(AutoFill, vec![length(20.0)])],
[INFO] [stderr]     |                                                                   ^^^^ help: explicitly specify the type as `f32`: `20.0_f32`
[INFO] [stderr]     |
[INFO] [stderr]     = warning: this was previously accepted by the compiler but is being phased out; it will become a hard error in a future release!
[INFO] [stderr]     = note: for more information, see issue #154024 <https://github.com/rust-lang/rust/issues/154024>
[INFO] [stderr] 
[INFO] [stderr] warning: falling back to `f32` as the trait bound `f32: From<f64>` is not satisfied
[INFO] [stderr]    --> src/compute/grid/explicit_grid.rs:550:25
[INFO] [stderr]     |
[INFO] [stderr] 550 |             gap: length(20.0),
[INFO] [stderr]     |                         ^^^^ help: explicitly specify the type as `f32`: `20.0_f32`
[INFO] [stderr]     |
[INFO] [stderr]     = warning: this was previously accepted by the compiler but is being phased out; it will become a hard error in a future release!
[INFO] [stderr]     = note: for more information, see issue #154024 <https://github.com/rust-lang/rust/issues/154024>
[INFO] [stderr] 
[INFO] [stderr] warning: falling back to `f32` as the trait bound `f32: From<f64>` is not satisfied
[INFO] [stderr]    --> src/compute/grid/explicit_grid.rs:579:70
[INFO] [stderr]     |
[INFO] [stderr] 579 |             grid_template_columns: vec![repeat(AutoFill, vec![length(40.0), percent(0.5), length(20.0)])],
[INFO] [stderr]     |                                                                      ^^^^ help: explicitly specify the type as `f32`: `40.0_f32`
[INFO] [stderr]     |
[INFO] [stderr]     = warning: this was previously accepted by the compiler but is being phased out; it will become a hard error in a future release!
[INFO] [stderr]     = note: for more information, see issue #154024 <https://github.com/rust-lang/rust/issues/154024>
[INFO] [stderr] 
[INFO] [stderr] warning: falling back to `f32` as the trait bound `f32: From<f64>` is not satisfied
[INFO] [stderr]    --> src/compute/grid/explicit_grid.rs:579:85
[INFO] [stderr]     |
[INFO] [stderr] 579 |             grid_template_columns: vec![repeat(AutoFill, vec![length(40.0), percent(0.5), length(20.0)])],
[INFO] [stderr]     |                                                                                     ^^^ help: explicitly specify the type as `f32`: `0.5_f32`
[INFO] [stderr]     |
[INFO] [stderr]     = warning: this was previously accepted by the compiler but is being phased out; it will become a hard error in a future release!
[INFO] [stderr]     = note: for more information, see issue #154024 <https://github.com/rust-lang/rust/issues/154024>
[INFO] [stderr] 
[INFO] [stderr] warning: falling back to `f32` as the trait bound `f32: From<f64>` is not satisfied
[INFO] [stderr]    --> src/compute/grid/explicit_grid.rs:579:98
[INFO] [stderr]     |
[INFO] [stderr] 579 |             grid_template_columns: vec![repeat(AutoFill, vec![length(40.0), percent(0.5), length(20.0)])],
[INFO] [stderr]     |                                                                                                  ^^^^ help: explicitly specify the type as `f32`: `20.0_f32`
[INFO] [stderr]     |
[INFO] [stderr]     = warning: this was previously accepted by the compiler but is being phased out; it will become a hard error in a future release!
[INFO] [stderr]     = note: for more information, see issue #154024 <https://github.com/rust-lang/rust/issues/154024>
[INFO] [stderr] 
[INFO] [stderr] warning: falling back to `f32` as the trait bound `f32: From<f64>` is not satisfied
[INFO] [stderr]    --> src/compute/grid/explicit_grid.rs:580:67
[INFO] [stderr]     |
[INFO] [stderr] 580 |             grid_template_rows: vec![repeat(AutoFill, vec![length(20.0)])],
[INFO] [stderr]     |                                                                   ^^^^ help: explicitly specify the type as `f32`: `20.0_f32`
[INFO] [stderr]     |
[INFO] [stderr]     = warning: this was previously accepted by the compiler but is being phased out; it will become a hard error in a future release!
[INFO] [stderr]     = note: for more information, see issue #154024 <https://github.com/rust-lang/rust/issues/154024>
[INFO] [stderr] 
[INFO] [stderr] warning: falling back to `f32` as the trait bound `f32: From<f64>` is not satisfied
[INFO] [stderr]    --> src/compute/grid/explicit_grid.rs:581:25
[INFO] [stderr]     |
[INFO] [stderr] 581 |             gap: length(20.0),
[INFO] [stderr]     |                         ^^^^ help: explicitly specify the type as `f32`: `20.0_f32`
[INFO] [stderr]     |
[INFO] [stderr]     = warning: this was previously accepted by the compiler but is being phased out; it will become a hard error in a future release!
[INFO] [stderr]     = note: for more information, see issue #154024 <https://github.com/rust-lang/rust/issues/154024>
[INFO] [stderr] 
[INFO] [stderr] warning: falling back to `f32` as the trait bound `f32: From<f64>` is not satisfied
[INFO] [stderr]    --> src/compute/grid/explicit_grid.rs:610:40
[INFO] [stderr]     |
[INFO] [stderr] 610 |             size: Size { width: length(140.0), height: length(100.0) },
[INFO] [stderr]     |                                        ^^^^^ help: explicitly specify the type as `f32`: `140.0_f32`
[INFO] [stderr]     |
[INFO] [stderr]     = warning: this was previously accepted by the compiler but is being phased out; it will become a hard error in a future release!
[INFO] [stderr]     = note: for more information, see issue #154024 <https://github.com/rust-lang/rust/issues/154024>
[INFO] [stderr] 
[INFO] [stderr] warning: falling back to `f32` as the trait bound `f32: From<f64>` is not satisfied
[INFO] [stderr]    --> src/compute/grid/explicit_grid.rs:610:63
[INFO] [stderr]     |
[INFO] [stderr] 610 |             size: Size { width: length(140.0), height: length(100.0) },
[INFO] [stderr]     |                                                               ^^^^^ help: explicitly specify the type as `f32`: `100.0_f32`
[INFO] [stderr]     |
[INFO] [stderr]     = warning: this was previously accepted by the compiler but is being phased out; it will become a hard error in a future release!
[INFO] [stderr]     = note: for more information, see issue #154024 <https://github.com/rust-lang/rust/issues/154024>
[INFO] [stderr] 
[INFO] [stderr] warning: falling back to `f32` as the trait bound `f32: From<f64>` is not satisfied
[INFO] [stderr]    --> src/compute/grid/explicit_grid.rs:611:48
[INFO] [stderr]     |
[INFO] [stderr] 611 |             grid_template_columns: vec![length(20.0), repeat(AutoFill, vec![length(40.0)])],
[INFO] [stderr]     |                                                ^^^^ help: explicitly specify the type as `f32`: `20.0_f32`
[INFO] [stderr]     |
[INFO] [stderr]     = warning: this was previously accepted by the compiler but is being phased out; it will become a hard error in a future release!
[INFO] [stderr]     = note: for more information, see issue #154024 <https://github.com/rust-lang/rust/issues/154024>
[INFO] [stderr] 
[INFO] [stderr] warning: falling back to `f32` as the trait bound `f32: From<f64>` is not satisfied
[INFO] [stderr]    --> src/compute/grid/explicit_grid.rs:611:84
[INFO] [stderr]     |
[INFO] [stderr] 611 |             grid_template_columns: vec![length(20.0), repeat(AutoFill, vec![length(40.0)])],
[INFO] [stderr]     |                                                                                    ^^^^ help: explicitly specify the type as `f32`: `40.0_f32`
[INFO] [stderr]     |
[INFO] [stderr]     = warning: this was previously accepted by the compiler but is being phased out; it will become a hard error in a future release!
[INFO] [stderr]     = note: for more information, see issue #154024 <https://github.com/rust-lang/rust/issues/154024>
[INFO] [stderr] 
[INFO] [stderr] warning: falling back to `f32` as the trait bound `f32: From<f64>` is not satisfied
[INFO] [stderr]    --> src/compute/grid/explicit_grid.rs:612:45
[INFO] [stderr]     |
[INFO] [stderr] 612 |             grid_template_rows: vec![length(40.0), repeat(AutoFill, vec![length(20.0)])],
[INFO] [stderr]     |                                             ^^^^ help: explicitly specify the type as `f32`: `40.0_f32`
[INFO] [stderr]     |
[INFO] [stderr]     = warning: this was previously accepted by the compiler but is being phased out; it will become a hard error in a future release!
[INFO] [stderr]     = note: for more information, see issue #154024 <https://github.com/rust-lang/rust/issues/154024>
[INFO] [stderr] 
[INFO] [stderr] warning: falling back to `f32` as the trait bound `f32: From<f64>` is not satisfied
[INFO] [stderr]    --> src/compute/grid/explicit_grid.rs:612:81
[INFO] [stderr]     |
[INFO] [stderr] 612 |             grid_template_rows: vec![length(40.0), repeat(AutoFill, vec![length(20.0)])],
[INFO] [stderr]     |                                                                                 ^^^^ help: explicitly specify the type as `f32`: `20.0_f32`
[INFO] [stderr]     |
[INFO] [stderr]     = warning: this was previously accepted by the compiler but is being phased out; it will become a hard error in a future release!
[INFO] [stderr]     = note: for more information, see issue #154024 <https://github.com/rust-lang/rust/issues/154024>
[INFO] [stderr] 
[INFO] [stderr] warning: falling back to `f32` as the trait bound `f32: From<f64>` is not satisfied
[INFO] [stderr]    --> src/compute/grid/explicit_grid.rs:613:25
[INFO] [stderr]     |
[INFO] [stderr] 613 |             gap: length(20.0),
[INFO] [stderr]     |                         ^^^^ help: explicitly specify the type as `f32`: `20.0_f32`
[INFO] [stderr]     |
[INFO] [stderr]     = warning: this was previously accepted by the compiler but is being phased out; it will become a hard error in a future release!
[INFO] [stderr]     = note: for more information, see issue #154024 <https://github.com/rust-lang/rust/issues/154024>
[INFO] [stderr] 
[INFO] [stderr] warning: falling back to `f32` as the trait bound `f32: From<f64>` is not satisfied
[INFO] [stderr]    --> src/compute/grid/explicit_grid.rs:642:40
[INFO] [stderr]     |
[INFO] [stderr] 642 |             size: Size { width: length(120.0), height: length(120.0) },
[INFO] [stderr]     |                                        ^^^^^ help: explicitly specify the type as `f32`: `120.0_f32`
[INFO] [stderr]     |
[INFO] [stderr]     = warning: this was previously accepted by the compiler but is being phased out; it will become a hard error in a future release!
[INFO] [stderr]     = note: for more information, see issue #154024 <https://github.com/rust-lang/rust/issues/154024>
[INFO] [stderr] 
[INFO] [stderr] warning: falling back to `f32` as the trait bound `f32: From<f64>` is not satisfied
[INFO] [stderr]    --> src/compute/grid/explicit_grid.rs:642:63
[INFO] [stderr]     |
[INFO] [stderr] 642 |             size: Size { width: length(120.0), height: length(120.0) },
[INFO] [stderr]     |                                                               ^^^^^ help: explicitly specify the type as `f32`: `120.0_f32`
[INFO] [stderr]     |
[INFO] [stderr]     = warning: this was previously accepted by the compiler but is being phased out; it will become a hard error in a future release!
[INFO] [stderr]     = note: for more information, see issue #154024 <https://github.com/rust-lang/rust/issues/154024>
[INFO] [stderr] 
[INFO] [stderr] warning: falling back to `f32` as the trait bound `f32: From<f64>` is not satisfied
[INFO] [stderr]    --> src/compute/grid/explicit_grid.rs:643:42
[INFO] [stderr]     |
[INFO] [stderr] 643 |             padding: Rect { left: length(10.0), right: length(10.0), top: length(20.0), bottom: length(20.0) },
[INFO] [stderr]     |                                          ^^^^ help: explicitly specify the type as `f32`: `10.0_f32`
[INFO] [stderr]     |
[INFO] [stderr]     = warning: this was previously accepted by the compiler but is being phased out; it will become a hard error in a future release!
[INFO] [stderr]     = note: for more information, see issue #154024 <https://github.com/rust-lang/rust/issues/154024>
[INFO] [stderr] 
[INFO] [stderr] warning: falling back to `f32` as the trait bound `f32: From<f64>` is not satisfied
[INFO] [stderr]    --> src/compute/grid/explicit_grid.rs:643:63
[INFO] [stderr]     |
[INFO] [stderr] 643 |             padding: Rect { left: length(10.0), right: length(10.0), top: length(20.0), bottom: length(20.0) },
[INFO] [stderr]     |                                                               ^^^^ help: explicitly specify the type as `f32`: `10.0_f32`
[INFO] [stderr]     |
[INFO] [stderr]     = warning: this was previously accepted by the compiler but is being phased out; it will become a hard error in a future release!
[INFO] [stderr]     = note: for more information, see issue #154024 <https://github.com/rust-lang/rust/issues/154024>
[INFO] [stderr] 
[INFO] [stderr] warning: falling back to `f32` as the trait bound `f32: From<f64>` is not satisfied
[INFO] [stderr]    --> src/compute/grid/explicit_grid.rs:643:82
[INFO] [stderr]     |
[INFO] [stderr] 643 |             padding: Rect { left: length(10.0), right: length(10.0), top: length(20.0), bottom: length(20.0) },
[INFO] [stderr]     |                                                                                  ^^^^ help: explicitly specify the type as `f32`: `20.0_f32`
[INFO] [stderr]     |
[INFO] [stderr]     = warning: this was previously accepted by the compiler but is being phased out; it will become a hard error in a future release!
[INFO] [stderr]     = note: for more information, see issue #154024 <https://github.com/rust-lang/rust/issues/154024>
[INFO] [stderr] 
[INFO] [stderr] warning: falling back to `f32` as the trait bound `f32: From<f64>` is not satisfied
[INFO] [stderr]    --> src/compute/grid/explicit_grid.rs:643:104
[INFO] [stderr]     |
[INFO] [stderr] 643 |             padding: Rect { left: length(10.0), right: length(10.0), top: length(20.0), bottom: length(20.0) },
[INFO] [stderr]     |                                                                                                        ^^^^ help: explicitly specify the type as `f32`: `20.0_f32`
[INFO] [stderr]     |
[INFO] [stderr]     = warning: this was previously accepted by the compiler but is being phased out; it will become a hard error in a future release!
[INFO] [stderr]     = note: for more information, see issue #154024 <https://github.com/rust-lang/rust/issues/154024>
[INFO] [stderr] 
[INFO] [stderr] warning: falling back to `f32` as the trait bound `f32: From<f64>` is not satisfied
[INFO] [stderr]    --> src/compute/grid/explicit_grid.rs:644:70
[INFO] [stderr]     |
[INFO] [stderr] 644 |             grid_template_columns: vec![repeat(AutoFill, vec![length(20.0)])],
[INFO] [stderr]     |                                                                      ^^^^ help: explicitly specify the type as `f32`: `20.0_f32`
[INFO] [stderr]     |
[INFO] [stderr]     = warning: this was previously accepted by the compiler but is being phased out; it will become a hard error in a future release!
[INFO] [stderr]     = note: for more information, see issue #154024 <https://github.com/rust-lang/rust/issues/154024>
[INFO] [stderr] 
[INFO] [stderr] warning: falling back to `f32` as the trait bound `f32: From<f64>` is not satisfied
[INFO] [stderr]    --> src/compute/grid/explicit_grid.rs:645:67
[INFO] [stderr]     |
[INFO] [stderr] 645 |             grid_template_rows: vec![repeat(AutoFill, vec![length(20.0)])],
[INFO] [stderr]     |                                                                   ^^^^ help: explicitly specify the type as `f32`: `20.0_f32`
[INFO] [stderr]     |
[INFO] [stderr]     = warning: this was previously accepted by the compiler but is being phased out; it will become a hard error in a future release!
[INFO] [stderr]     = note: for more information, see issue #154024 <https://github.com/rust-lang/rust/issues/154024>
[INFO] [stderr] 
[INFO] [stderr] warning: falling back to `f32` as the trait bound `f32: From<f64>` is not satisfied
[INFO] [stderr]    --> src/compute/grid/explicit_grid.rs:671:58
[INFO] [stderr]     |
[INFO] [stderr] 671 |         let minpx0 = MinTrackSizingFunction::from_length(0.0);
[INFO] [stderr]     |                                                          ^^^ help: explicitly specify the type as `f32`: `0.0_f32`
[INFO] [stderr]     |
[INFO] [stderr]     = warning: this was previously accepted by the compiler but is being phased out; it will become a hard error in a future release!
[INFO] [stderr]     = note: for more information, see issue #154024 <https://github.com/rust-lang/rust/issues/154024>
[INFO] [stderr] 
[INFO] [stderr] warning: falling back to `f32` as the trait bound `f32: From<f64>` is not satisfied
[INFO] [stderr]    --> src/compute/grid/explicit_grid.rs:672:59
[INFO] [stderr]     |
[INFO] [stderr] 672 |         let minpx20 = MinTrackSizingFunction::from_length(20.0);
[INFO] [stderr]     |                                                           ^^^^ help: explicitly specify the type as `f32`: `20.0_f32`
[INFO] [stderr]     |
[INFO] [stderr]     = warning: this was previously accepted by the compiler but is being phased out; it will become a hard error in a future release!
[INFO] [stderr]     = note: for more information, see issue #154024 <https://github.com/rust-lang/rust/issues/154024>
[INFO] [stderr] 
[INFO] [stderr] warning: falling back to `f32` as the trait bound `f32: From<f64>` is not satisfied
[INFO] [stderr]    --> src/compute/grid/explicit_grid.rs:673:60
[INFO] [stderr]     |
[INFO] [stderr] 673 |         let minpx100 = MinTrackSizingFunction::from_length(100.0);
[INFO] [stderr]     |                                                            ^^^^^ help: explicitly specify the type as `f32`: `100.0_f32`
[INFO] [stderr]     |
[INFO] [stderr]     = warning: this was previously accepted by the compiler but is being phased out; it will become a hard error in a future release!
[INFO] [stderr]     = note: for more information, see issue #154024 <https://github.com/rust-lang/rust/issues/154024>
[INFO] [stderr] 
[INFO] [stderr] warning: falling back to `f32` as the trait bound `f32: From<f64>` is not satisfied
[INFO] [stderr]    --> src/compute/grid/explicit_grid.rs:675:58
[INFO] [stderr]     |
[INFO] [stderr] 675 |         let maxpx0 = MaxTrackSizingFunction::from_length(0.0);
[INFO] [stderr]     |                                                          ^^^ help: explicitly specify the type as `f32`: `0.0_f32`
[INFO] [stderr]     |
[INFO] [stderr]     = warning: this was previously accepted by the compiler but is being phased out; it will become a hard error in a future release!
[INFO] [stderr]     = note: for more information, see issue #154024 <https://github.com/rust-lang/rust/issues/154024>
[INFO] [stderr] 
[INFO] [stderr] warning: falling back to `f32` as the trait bound `f32: From<f64>` is not satisfied
[INFO] [stderr]    --> src/compute/grid/explicit_grid.rs:676:59
[INFO] [stderr]     |
[INFO] [stderr] 676 |         let maxpx20 = MaxTrackSizingFunction::from_length(20.0);
[INFO] [stderr]     |                                                           ^^^^ help: explicitly specify the type as `f32`: `20.0_f32`
[INFO] [stderr]     |
[INFO] [stderr]     = warning: this was previously accepted by the compiler but is being phased out; it will become a hard error in a future release!
[INFO] [stderr]     = note: for more information, see issue #154024 <https://github.com/rust-lang/rust/issues/154024>
[INFO] [stderr] 
[INFO] [stderr] warning: falling back to `f32` as the trait bound `f32: From<f64>` is not satisfied
[INFO] [stderr]    --> src/compute/grid/explicit_grid.rs:677:60
[INFO] [stderr]     |
[INFO] [stderr] 677 |         let maxpx100 = MaxTrackSizingFunction::from_length(100.0);
[INFO] [stderr]     |                                                            ^^^^^ help: explicitly specify the type as `f32`: `100.0_f32`
[INFO] [stderr]     |
[INFO] [stderr]     = warning: this was previously accepted by the compiler but is being phased out; it will become a hard error in a future release!
[INFO] [stderr]     = note: for more information, see issue #154024 <https://github.com/rust-lang/rust/issues/154024>
[INFO] [stderr] 
[INFO] [stderr] warning: falling back to `f32` as the trait bound `f32: From<f64>` is not satisfied
[INFO] [stderr]    --> src/compute/grid/explicit_grid.rs:682:25
[INFO] [stderr]     |
[INFO] [stderr] 682 |             gap: length(20.0),
[INFO] [stderr]     |                         ^^^^ help: explicitly specify the type as `f32`: `20.0_f32`
[INFO] [stderr]     |
[INFO] [stderr]     = warning: this was previously accepted by the compiler but is being phased out; it will become a hard error in a future release!
[INFO] [stderr]     = note: for more information, see issue #154024 <https://github.com/rust-lang/rust/issues/154024>
[INFO] [stderr] 
[INFO] [stderr] warning: falling back to `f32` as the trait bound `f32: From<f64>` is not satisfied
[INFO] [stderr]    --> src/compute/grid/explicit_grid.rs:683:48
[INFO] [stderr]     |
[INFO] [stderr] 683 |             grid_template_columns: vec![length(100.0), minmax(length(100.0), fr(2.0)), fr(1.0)],
[INFO] [stderr]     |                                                ^^^^^ help: explicitly specify the type as `f32`: `100.0_f32`
[INFO] [stderr]     |
[INFO] [stderr]     = warning: this was previously accepted by the compiler but is being phased out; it will become a hard error in a future release!
[INFO] [stderr]     = note: for more information, see issue #154024 <https://github.com/rust-lang/rust/issues/154024>
[INFO] [stderr] 
[INFO] [stderr] warning: falling back to `f32` as the trait bound `f32: From<f64>` is not satisfied
[INFO] [stderr]    --> src/compute/grid/explicit_grid.rs:683:70
[INFO] [stderr]     |
[INFO] [stderr] 683 |             grid_template_columns: vec![length(100.0), minmax(length(100.0), fr(2.0)), fr(1.0)],
[INFO] [stderr]     |                                                                      ^^^^^ help: explicitly specify the type as `f32`: `100.0_f32`
[INFO] [stderr]     |
[INFO] [stderr]     = warning: this was previously accepted by the compiler but is being phased out; it will become a hard error in a future release!
[INFO] [stderr]     = note: for more information, see issue #154024 <https://github.com/rust-lang/rust/issues/154024>
[INFO] [stderr] 
[INFO] [stderr] warning: falling back to `f32` as the trait bound `f32: From<f64>` is not satisfied
[INFO] [stderr]    --> src/compute/grid/explicit_grid.rs:683:81
[INFO] [stderr]     |
[INFO] [stderr] 683 |             grid_template_columns: vec![length(100.0), minmax(length(100.0), fr(2.0)), fr(1.0)],
[INFO] [stderr]     |                                                                                 ^^^ help: explicitly specify the type as `f32`: `2.0_f32`
[INFO] [stderr]     |
[INFO] [stderr]     = warning: this was previously accepted by the compiler but is being phased out; it will become a hard error in a future release!
[INFO] [stderr]     = note: for more information, see issue #154024 <https://github.com/rust-lang/rust/issues/154024>
[INFO] [stderr] 
[INFO] [stderr] warning: falling back to `f32` as the trait bound `f32: From<f64>` is not satisfied
[INFO] [stderr]    --> src/compute/grid/explicit_grid.rs:683:91
[INFO] [stderr]     |
[INFO] [stderr] 683 |             grid_template_columns: vec![length(100.0), minmax(length(100.0), fr(2.0)), fr(1.0)],
[INFO] [stderr]     |                                                                                           ^^^ help: explicitly specify the type as `f32`: `1.0_f32`
[INFO] [stderr]     |
[INFO] [stderr]     = warning: this was previously accepted by the compiler but is being phased out; it will become a hard error in a future release!
[INFO] [stderr]     = note: for more information, see issue #154024 <https://github.com/rust-lang/rust/issues/154024>
[INFO] [stderr] 
[INFO] [stderr] warning: falling back to `f32` as the trait bound `f32: From<f64>` is not satisfied
[INFO] [stderr]    --> src/compute/grid/explicit_grid.rs:684:52
[INFO] [stderr]     |
[INFO] [stderr] 684 |             grid_auto_columns: vec![auto(), length(100.0)],
[INFO] [stderr]     |                                                    ^^^^^ help: explicitly specify the type as `f32`: `100.0_f32`
[INFO] [stderr]     |
[INFO] [stderr]     = warning: this was previously accepted by the compiler but is being phased out; it will become a hard error in a future release!
[INFO] [stderr]     = note: for more information, see issue #154024 <https://github.com/rust-lang/rust/issues/154024>
[INFO] [stderr] 
[INFO] [stderr] warning: falling back to `f32` as the trait bound `f32: From<f64>` is not satisfied
[INFO] [stderr]    --> src/compute/grid/explicit_grid.rs:711:78
[INFO] [stderr]     |
[INFO] [stderr] 711 |             (GridTrackKind::Track, minpx100, MaxTrackSizingFunction::from_fr(2.0)), // Note: separate min-max functions
[INFO] [stderr]     |                                                                              ^^^ help: explicitly specify the type as `f32`: `2.0_f32`
[INFO] [stderr]     |
[INFO] [stderr]     = warning: this was previously accepted by the compiler but is being phased out; it will become a hard error in a future release!
[INFO] [stderr]     = note: for more information, see issue #154024 <https://github.com/rust-lang/rust/issues/154024>
[INFO] [stderr] 
[INFO] [stderr] warning: falling back to `f32` as the trait bound `f32: From<f64>` is not satisfied
[INFO] [stderr]    --> src/compute/grid/explicit_grid.rs:713:76
[INFO] [stderr]     |
[INFO] [stderr] 713 | ...   (GridTrackKind::Track, auto(), MaxTrackSizingFunction::from_fr(1.0)), // Note: min sizing function of flex sizing functions i...
[INFO] [stderr]     |                                                                      ^^^ help: explicitly specify the type as `f32`: `1.0_f32`
[INFO] [stderr]     |
[INFO] [stderr]     = warning: this was previously accepted by the compiler but is being phased out; it will become a hard error in a future release!
[INFO] [stderr]     = note: for more information, see issue #154024 <https://github.com/rust-lang/rust/issues/154024>
[INFO] [stderr] 
[INFO] [stderr] warning: falling back to `f32` as the trait bound `f32: From<f64>` is not satisfied
[INFO] [stderr]    --> src/util/resolve.rs:211:44
[INFO] [stderr]     |
[INFO] [stderr] 211 |             mr_case(Dimension::from_length(1.0), None, Some(1.0));
[INFO] [stderr]     |                                            ^^^ help: explicitly specify the type as `f32`: `1.0_f32`
[INFO] [stderr]     |
[INFO] [stderr]     = warning: this was previously accepted by the compiler but is being phased out; it will become a hard error in a future release!
[INFO] [stderr]     = note: for more information, see issue #154024 <https://github.com/rust-lang/rust/issues/154024>
[INFO] [stderr] 
[INFO] [stderr] warning: falling back to `f32` as the trait bound `f32: From<f64>` is not satisfied
[INFO] [stderr]    --> src/util/resolve.rs:212:44
[INFO] [stderr]     |
[INFO] [stderr] 212 |             mr_case(Dimension::from_length(1.0), Some(5.0), Some(1.0));
[INFO] [stderr]     |                                            ^^^ help: explicitly specify the type as `f32`: `1.0_f32`
[INFO] [stderr]     |
[INFO] [stderr]     = warning: this was previously accepted by the compiler but is being phased out; it will become a hard error in a future release!
[INFO] [stderr]     = note: for more information, see issue #154024 <https://github.com/rust-lang/rust/issues/154024>
[INFO] [stderr] 
[INFO] [stderr] warning: falling back to `f32` as the trait bound `f32: From<f64>` is not satisfied
[INFO] [stderr]    --> src/util/resolve.rs:213:44
[INFO] [stderr]     |
[INFO] [stderr] 213 |             mr_case(Dimension::from_length(1.0), Some(-5.0), Some(1.0));
[INFO] [stderr]     |                                            ^^^ help: explicitly specify the type as `f32`: `1.0_f32`
[INFO] [stderr]     |
[INFO] [stderr]     = warning: this was previously accepted by the compiler but is being phased out; it will become a hard error in a future release!
[INFO] [stderr]     = note: for more information, see issue #154024 <https://github.com/rust-lang/rust/issues/154024>
[INFO] [stderr] 
[INFO] [stderr] warning: falling back to `f32` as the trait bound `f32: From<f64>` is not satisfied
[INFO] [stderr]    --> src/util/resolve.rs:214:44
[INFO] [stderr]     |
[INFO] [stderr] 214 |             mr_case(Dimension::from_length(1.0), Some(0.), Some(1.0));
[INFO] [stderr]     |                                            ^^^ help: explicitly specify the type as `f32`: `1.0_f32`
[INFO] [stderr]     |
[INFO] [stderr]     = warning: this was previously accepted by the compiler but is being phased out; it will become a hard error in a future release!
[INFO] [stderr]     = note: for more information, see issue #154024 <https://github.com/rust-lang/rust/issues/154024>
[INFO] [stderr] 
[INFO] [stderr] warning: falling back to `f32` as the trait bound `f32: From<f64>` is not satisfied
[INFO] [stderr]    --> src/util/resolve.rs:224:45
[INFO] [stderr]     |
[INFO] [stderr] 224 |             mr_case(Dimension::from_percent(1.0), None, None);
[INFO] [stderr]     |                                             ^^^ help: explicitly specify the type as `f32`: `1.0_f32`
[INFO] [stderr]     |
[INFO] [stderr]     = warning: this was previously accepted by the compiler but is being phased out; it will become a hard error in a future release!
[INFO] [stderr]     = note: for more information, see issue #154024 <https://github.com/rust-lang/rust/issues/154024>
[INFO] [stderr] 
[INFO] [stderr] warning: falling back to `f32` as the trait bound `f32: From<f64>` is not satisfied
[INFO] [stderr]    --> src/util/resolve.rs:225:45
[INFO] [stderr]     |
[INFO] [stderr] 225 |             mr_case(Dimension::from_percent(1.0), Some(5.0), Some(5.0));
[INFO] [stderr]     |                                             ^^^ help: explicitly specify the type as `f32`: `1.0_f32`
[INFO] [stderr]     |
[INFO] [stderr]     = warning: this was previously accepted by the compiler but is being phased out; it will become a hard error in a future release!
[INFO] [stderr]     = note: for more information, see issue #154024 <https://github.com/rust-lang/rust/issues/154024>
[INFO] [stderr] 
[INFO] [stderr] warning: falling back to `f32` as the trait bound `f32: From<f64>` is not satisfied
[INFO] [stderr]    --> src/util/resolve.rs:226:45
[INFO] [stderr]     |
[INFO] [stderr] 226 |             mr_case(Dimension::from_percent(1.0), Some(-5.0), Some(-5.0));
[INFO] [stderr]     |                                             ^^^ help: explicitly specify the type as `f32`: `1.0_f32`
[INFO] [stderr]     |
[INFO] [stderr]     = warning: this was previously accepted by the compiler but is being phased out; it will become a hard error in a future release!
[INFO] [stderr]     = note: for more information, see issue #154024 <https://github.com/rust-lang/rust/issues/154024>
[INFO] [stderr] 
[INFO] [stderr] warning: falling back to `f32` as the trait bound `f32: From<f64>` is not satisfied
[INFO] [stderr]    --> src/util/resolve.rs:227:45
[INFO] [stderr]     |
[INFO] [stderr] 227 |             mr_case(Dimension::from_percent(1.0), Some(50.0), Some(50.0));
[INFO] [stderr]     |                                             ^^^ help: explicitly specify the type as `f32`: `1.0_f32`
[INFO] [stderr]     |
[INFO] [stderr]     = warning: this was previously accepted by the compiler but is being phased out; it will become a hard error in a future release!
[INFO] [stderr]     = note: for more information, see issue #154024 <https://github.com/rust-lang/rust/issues/154024>
[INFO] [stderr] 
[INFO] [stderr] warning: falling back to `f32` as the trait bound `f32: From<f64>` is not satisfied
[INFO] [stderr]    --> src/util/resolve.rs:287:45
[INFO] [stderr]     |
[INFO] [stderr] 287 |             roz_case(Dimension::from_length(5.0), None, 5.0);
[INFO] [stderr]     |                                             ^^^ help: explicitly specify the type as `f32`: `5.0_f32`
[INFO] [stderr]     |
[INFO] [stderr]     = warning: this was previously accepted by the compiler but is being phased out; it will become a hard error in a future release!
[INFO] [stderr]     = note: for more information, see issue #154024 <https://github.com/rust-lang/rust/issues/154024>
[INFO] [stderr] 
[INFO] [stderr] warning: falling back to `f32` as the trait bound `f32: From<f64>` is not satisfied
[INFO] [stderr]    --> src/util/resolve.rs:288:45
[INFO] [stderr]     |
[INFO] [stderr] 288 |             roz_case(Dimension::from_length(5.0), Some(5.0), 5.0);
[INFO] [stderr]     |                                             ^^^ help: explicitly specify the type as `f32`: `5.0_f32`
[INFO] [stderr]     |
[INFO] [stderr]     = warning: this was previously accepted by the compiler but is being phased out; it will become a hard error in a future release!
[INFO] [stderr]     = note: for more information, see issue #154024 <https://github.com/rust-lang/rust/issues/154024>
[INFO] [stderr] 
[INFO] [stderr] warning: falling back to `f32` as the trait bound `f32: From<f64>` is not satisfied
[INFO] [stderr]    --> src/util/resolve.rs:289:45
[INFO] [stderr]     |
[INFO] [stderr] 289 |             roz_case(Dimension::from_length(5.0), Some(-5.0), 5.0);
[INFO] [stderr]     |                                             ^^^ help: explicitly specify the type as `f32`: `5.0_f32`
[INFO] [stderr]     |
[INFO] [stderr]     = warning: this was previously accepted by the compiler but is being phased out; it will become a hard error in a future release!
[INFO] [stderr]     = note: for more information, see issue #154024 <https://github.com/rust-lang/rust/issues/154024>
[INFO] [stderr] 
[INFO] [stderr] warning: falling back to `f32` as the trait bound `f32: From<f64>` is not satisfied
[INFO] [stderr]    --> src/util/resolve.rs:290:45
[INFO] [stderr]     |
[INFO] [stderr] 290 |             roz_case(Dimension::from_length(5.0), Some(0.0), 5.0);
[INFO] [stderr]     |                                             ^^^ help: explicitly specify the type as `f32`: `5.0_f32`
[INFO] [stderr]     |
[INFO] [stderr]     = warning: this was previously accepted by the compiler but is being phased out; it will become a hard error in a future release!
[INFO] [stderr]     = note: for more information, see issue #154024 <https://github.com/rust-lang/rust/issues/154024>
[INFO] [stderr] 
[INFO] [stderr] warning: falling back to `f32` as the trait bound `f32: From<f64>` is not satisfied
[INFO] [stderr]    --> src/util/resolve.rs:294:46
[INFO] [stderr]     |
[INFO] [stderr] 294 |             roz_case(Dimension::from_percent(5.0), None, 0.0);
[INFO] [stderr]     |                                              ^^^ help: explicitly specify the type as `f32`: `5.0_f32`
[INFO] [stderr]     |
[INFO] [stderr]     = warning: this was previously accepted by the compiler but is being phased out; it will become a hard error in a future release!
[INFO] [stderr]     = note: for more information, see issue #154024 <https://github.com/rust-lang/rust/issues/154024>
[INFO] [stderr] 
[INFO] [stderr] warning: falling back to `f32` as the trait bound `f32: From<f64>` is not satisfied
[INFO] [stderr]    --> src/util/resolve.rs:295:46
[INFO] [stderr]     |
[INFO] [stderr] 295 |             roz_case(Dimension::from_percent(5.0), Some(5.0), 25.0);
[INFO] [stderr]     |                                              ^^^ help: explicitly specify the type as `f32`: `5.0_f32`
[INFO] [stderr]     |
[INFO] [stderr]     = warning: this was previously accepted by the compiler but is being phased out; it will become a hard error in a future release!
[INFO] [stderr]     = note: for more information, see issue #154024 <https://github.com/rust-lang/rust/issues/154024>
[INFO] [stderr] 
[INFO] [stderr] warning: falling back to `f32` as the trait bound `f32: From<f64>` is not satisfied
[INFO] [stderr]    --> src/util/resolve.rs:296:46
[INFO] [stderr]     |
[INFO] [stderr] 296 |             roz_case(Dimension::from_percent(5.0), Some(-5.0), -25.0);
[INFO] [stderr]     |                                              ^^^ help: explicitly specify the type as `f32`: `5.0_f32`
[INFO] [stderr]     |
[INFO] [stderr]     = warning: this was previously accepted by the compiler but is being phased out; it will become a hard error in a future release!
[INFO] [stderr]     = note: for more information, see issue #154024 <https://github.com/rust-lang/rust/issues/154024>
[INFO] [stderr] 
[INFO] [stderr] warning: falling back to `f32` as the trait bound `f32: From<f64>` is not satisfied
[INFO] [stderr]    --> src/util/resolve.rs:297:46
[INFO] [stderr]     |
[INFO] [stderr] 297 |             roz_case(Dimension::from_percent(5.0), Some(0.0), 0.0);
[INFO] [stderr]     |                                              ^^^ help: explicitly specify the type as `f32`: `5.0_f32`
[INFO] [stderr]     |
[INFO] [stderr]     = warning: this was previously accepted by the compiler but is being phased out; it will become a hard error in a future release!
[INFO] [stderr]     = note: for more information, see issue #154024 <https://github.com/rust-lang/rust/issues/154024>
[INFO] [stderr] 
[INFO] [stderr] warning: `mentore` (lib test) generated 94 warnings (run `cargo fix --lib -p mentore --tests` to apply 94 suggestions)
[INFO] [stderr]     Finished `release` profile [optimized] target(s) in 0.04s
[INFO] [stderr]      Running unittests src/lib.rs (/opt/rustwide/target/release/deps/taffy-37be50cb7d7de43a)
[INFO] [stdout] 
[INFO] [stdout] running 109 tests
[INFO] [stdout] test compute::float::tests::side_clearance_is_monotonic_for_left_and_right_floats ... ok
[INFO] [stdout] test compute::float::tests::clearance_keeps_the_tallest_bottom_after_segment_subdivision ... ok
[INFO] [stdout] test compute::grid::alignment::tests::grid_normal_uses_natural_replaced_size_but_stretches_ordinary_items ... ok
[INFO] [stdout] test compute::grid::alignment::tests::breakable_fit_content_honors_auto_margin_and_self_alignment_matrix ... ok
[INFO] [stdout] test compute::grid::alignment::tests::ordinary_grid_aspect_ratio_preserves_normal_alignment_provenance ... ok
[INFO] [stdout] test compute::float::tests::source_order_top_survives_a_segment_inserted_before_the_old_start ... ok
[INFO] [stdout] test compute::grid::alignment::tests::fit_content_applies_author_min_max_and_box_edges ... ok
[INFO] [stdout] test compute::grid::alignment::tests::overflowing_auto_margins_override_unsafe_self_alignment ... ok
[INFO] [stdout] test compute::grid::alignment::tests::replaced_grid_normal_and_auto_margins_remain_natural ... ok
[INFO] [stdout] test compute::grid::alignment::tests::replaced_grid_normal_applies_percentage_minimums_without_implicit_stretch ... ok
[INFO] [stdout] test compute::grid::alignment::tests::unbreakable_fit_content_preserves_the_min_content_floor ... ok
[INFO] [stdout] test compute::float::tests::cleared_float_and_content_slot_use_the_geometric_bottom ... ok
[INFO] [stdout] test compute::grid::alignment::tests::replaced_grid_explicit_stretch_precedes_aspect_ratio_transfer ... ok
[INFO] [stdout] test compute::grid::explicit_grid::test::explicit_grid_sizing_auto_fill_exact_fit ... ok
[INFO] [stdout] test compute::grid::explicit_grid::test::explicit_grid_sizing_auto_fill_gap ... ok
[INFO] [stdout] test compute::grid::explicit_grid::test::explicit_grid_sizing_auto_fill_min_size_exact_fit ... ok
[INFO] [stdout] test compute::grid::explicit_grid::test::explicit_grid_sizing_auto_fill_min_size_non_exact_fit ... ok
[INFO] [stdout] test compute::grid::explicit_grid::test::explicit_grid_sizing_auto_fill_multiple_repeated_tracks ... ok
[INFO] [stdout] test compute::grid::explicit_grid::test::explicit_grid_sizing_no_defined_size ... ok
[INFO] [stdout] test compute::grid::implicit_grid::tests::test_child_min_max_line::child_min_max_line_auto ... ok
[INFO] [stdout] test compute::grid::implicit_grid::tests::test_child_min_max_line::child_min_max_line_negative_track ... ok
[INFO] [stdout] test compute::grid::implicit_grid::tests::test_initial_grid_sizing::explicit_grid_sizing_with_children ... ok
[INFO] [stdout] test compute::grid::explicit_grid::test::test_initialize_grid_tracks ... ok
[INFO] [stdout] test compute::grid::explicit_grid::test::explicit_grid_sizing_auto_fill_non_exact_fit ... ok
[INFO] [stdout] test compute::grid::explicit_grid::test::explicit_grid_sizing_mix_with_padding ... ok
[INFO] [stdout] test compute::grid::implicit_grid::tests::test_initial_grid_sizing::negative_implicit_grid_sizing ... ok
[INFO] [stdout] test compute::grid::placement::tests::test_placement_algorithm::test_auto_placement_in_negative_tracks ... ok
[INFO] [stdout] test compute::grid::explicit_grid::test::explicit_grid_sizing_mix_repeated_and_non_repeated ... ok
[INFO] [stdout] test compute::grid::placement::tests::test_placement_algorithm::test_dense_packing_algorithm ... ok
[INFO] [stdout] test compute::grid::explicit_grid::test::explicit_grid_sizing_no_repeats ... ok
[INFO] [stdout] test compute::grid::placement::tests::test_placement_algorithm::test_only_fixed_placement ... ok
[INFO] [stdout] test compute::grid::placement::tests::test_placement_algorithm::test_fixed_in_secondary_axis ... ok
[INFO] [stdout] test compute::grid::placement::tests::test_placement_algorithm::test_only_auto_placement_column_flow ... ok
[INFO] [stdout] test compute::grid::placement::tests::test_placement_algorithm::test_sparse_packing_algorithm ... ok
[INFO] [stdout] test compute::grid::placement::tests::test_placement_algorithm::test_oversized_item ... ok
[INFO] [stdout] test compute::grid::placement::tests::test_placement_algorithm::test_definite_in_secondary_axis_with_fully_definite_negative ... ok
[INFO] [stdout] test compute::grid::placement::tests::test_placement_algorithm::test_placement_spanning_origin ... ok
[INFO] [stdout] test compute::grid::placement::tests::test_placement_algorithm::test_only_auto_placement_row_flow ... ok
[INFO] [stdout] test style::alignment::tests::align_content_keyword_strips_safe ... ok
[INFO] [stdout] test style::alignment::tests::align_items_is_safe ... ok
[INFO] [stdout] test style::alignment::tests::align_content_is_safe ... ok
[INFO] [stdout] test style::alignment::tests::align_items_keyword_strips_safe ... ok
[INFO] [stdout] test style::alignment::tests::align_items_keyword_passthrough ... ok
[INFO] [stdout] test style::alignment::tests::align_content_keyword_reversed_swaps_start_end ... ok
[INFO] [stdout] test compute::tests::hidden_layout_should_hide_recursively ... ok
[INFO] [stdout] test style::flex::tests::test_flex_direction::flex_direction_is_column ... ok
[INFO] [stdout] test style::flex::tests::test_flex_direction::flex_direction_is_reverse ... ok
[INFO] [stdout] test style::flex::tests::test_flex_direction::flex_direction_is_row ... ok
[INFO] [stdout] test tree::taffy_tree::tests::compute_layout_should_produce_valid_result ... ok
[INFO] [stdout] test style::tests::defaults_match ... ok
[INFO] [stdout] test tree::taffy_tree::tests::add_child ... ok
[INFO] [stdout] test tree::taffy_tree::tests::new_leaf_with_context ... ok
[INFO] [stdout] test tree::taffy_tree::tests::new_should_allocate_default_capacity ... ok
[INFO] [stdout] test style::tests::style_sizes ... FAILED
[INFO] [stdout] test style_helpers::repeat_fn_tests::test_repeat_auto_fill_str ... ok
[INFO] [stdout] test style_helpers::repeat_fn_tests::test_repeat_auto_fit_str ... ok
[INFO] [stdout] test style_helpers::repeat_fn_tests::test_repeat_u16 ... ok
[INFO] [stdout] test tree::taffy_tree::tests::remove_child_updates_parents ... ok
[INFO] [stdout] test tree::taffy_tree::tests::make_sure_layout_location_is_top_left ... ok
[INFO] [stdout] test tree::taffy_tree::tests::remove_child ... ok
[INFO] [stdout] test tree::taffy_tree::tests::remove_children_range ... ok
[INFO] [stdout] test tree::taffy_tree::tests::remove_child_at_index ... ok
[INFO] [stdout] test tree::taffy_tree::tests::set_children_reparents ... ok
[INFO] [stdout] test tree::taffy_tree::tests::set_measure ... ok
[INFO] [stdout] test tree::taffy_tree::tests::remove_node_should_remove ... ok
[INFO] [stdout] test tree::taffy_tree::tests::replace_child_at_index ... ok
[INFO] [stdout] test tree::taffy_tree::tests::set_children ... ok
[INFO] [stdout] test tree::taffy_tree::tests::test_child_at_index ... ok
[INFO] [stdout] test tree::taffy_tree::tests::test_child_count ... ok
[INFO] [stdout] test tree::taffy_tree::tests::remove_last_node ... ok
[INFO] [stdout] test tree::taffy_tree::tests::set_measure_of_previously_unmeasured_node ... ok
[INFO] [stdout] test tree::taffy_tree::tests::test_layout ... ok
[INFO] [stdout] test tree::taffy_tree::tests::test_new_leaf ... ok
[INFO] [stdout] test tree::taffy_tree::tests::test_new_with_children ... ok
[INFO] [stdout] test tree::taffy_tree::tests::test_set_style ... ok
[INFO] [stdout] test tree::taffy_tree::tests::test_style ... ok
[INFO] [stdout] test tree::taffy_tree::tests::test_with_capacity ... ok
[INFO] [stdout] test style::alignment::tests::align_types_within_size_budget ... ok
[INFO] [stdout] test tree::taffy_tree::tests::test_children ... ok
[INFO] [stdout] test tree::taffy_tree::tests::test_mark_dirty ... ok
[INFO] [stdout] test util::math::tests::lhs_option_f32_rhs_f32::test_maybe_max ... ok
[INFO] [stdout] test tree::taffy_tree::tests::insert_child_at_index ... ok
[INFO] [stdout] test util::math::tests::lhs_f32_rhs_option_f32::test_maybe_add ... ok
[INFO] [stdout] test util::math::tests::lhs_option_f32_rhs_f32::test_maybe_add ... ok
[INFO] [stdout] test util::math::tests::lhs_f32_rhs_option_f32::test_maybe_min ... ok
[INFO] [stdout] test util::math::tests::lhs_option_f32_rhs_f32::test_maybe_min ... ok
[INFO] [stdout] test util::math::tests::lhs_f32_rhs_option_f32::test_maybe_max ... ok
[INFO] [stdout] test util::math::tests::lhs_f32_rhs_option_f32::test_maybe_sub ... ok
[INFO] [stdout] test tree::taffy_tree::tests::remove_node_should_detach_hierarchy ... ok
[INFO] [stdout] test util::math::tests::lhs_option_f32_rhs_option_f32::test_maybe_add ... ok
[INFO] [stdout] test util::math::tests::lhs_option_f32_rhs_option_f32::test_maybe_max ... ok
[INFO] [stdout] test util::math::tests::lhs_option_f32_rhs_option_f32::test_maybe_min ... ok
[INFO] [stdout] test util::math::tests::lhs_option_f32_rhs_f32::test_maybe_sub ... ok
[INFO] [stdout] test util::resolve::tests::maybe_resolve_size_dimension::maybe_resolve_auto ... ok
[INFO] [stdout] test util::math::tests::lhs_option_f32_rhs_option_f32::test_maybe_sub ... ok
[INFO] [stdout] test util::resolve::tests::maybe_resolve_size_dimension::maybe_resolve_length ... ok
[INFO] [stdout] test util::resolve::tests::maybe_resolve_dimension::resolve_auto ... ok
[INFO] [stdout] test util::resolve::tests::maybe_resolve_dimension::resolve_length ... ok
[INFO] [stdout] test util::resolve::tests::resolve_or_zero_dimension_to_option_f32::resolve_or_zero_percent ... ok
[INFO] [stdout] test util::resolve::tests::resolve_or_zero_rect_dimension_to_rect::resolve_or_zero_auto ... ok
[INFO] [stdout] test util::resolve::tests::maybe_resolve_dimension::resolve_percent ... ok
[INFO] [stdout] test util::resolve::tests::resolve_or_zero_dimension_to_option_f32::resolve_or_zero_auto ... ok
[INFO] [stdout] test util::resolve::tests::resolve_or_zero_rect_dimension_to_rect_f32_via_option::resolve_or_zero_length ... ok
[INFO] [stdout] test util::resolve::tests::maybe_resolve_size_dimension::maybe_resolve_percent ... ok
[INFO] [stdout] test util::resolve::tests::resolve_or_zero_dimension_to_option_f32::resolve_or_zero_length ... ok
[INFO] [stdout] test util::resolve::tests::resolve_or_zero_rect_dimension_to_rect_f32_via_option::resolve_or_zero_auto ... ok
[INFO] [stdout] test util::resolve::tests::resolve_or_zero_rect_dimension_to_rect::resolve_or_zero_length ... ok
[INFO] [stdout] test util::resolve::tests::resolve_or_zero_rect_dimension_to_rect::resolve_or_zero_percent ... ok
[INFO] [stdout] test util::resolve::tests::resolve_or_zero_rect_dimension_to_rect_f32_via_option::resolve_or_zero_percent ... ok
[INFO] [stderr] error: test failed, to rerun pass `--lib`
[INFO] [stdout] 
[INFO] [stdout] failures:
[INFO] [stdout] 
[INFO] [stdout] ---- style::tests::style_sizes stdout ----
[INFO] [stdout] 
[INFO] [stdout] thread 'style::tests::style_sizes' (398) panicked at src/style/mod.rs:1327:13:
[INFO] [stdout] assertion `left == right` failed: Expected taffy::style::Style for be 544 byte(s) but it was 552 byte(s)
[INFO] [stdout]   left: 552
[INFO] [stdout]  right: 544
[INFO] [stdout] stack backtrace:
[INFO] [stdout]    0:     0x59f07163c097 - <<std[70759c8f55707aa4]::sys::backtrace::BacktraceLock>::print::DisplayBacktrace as core[df12db4294e9bfd3]::fmt::Display>::fmt
[INFO] [stdout]    1:     0x59f071623a7a - core[df12db4294e9bfd3]::fmt::write
[INFO] [stdout]    2:     0x59f07163b64b - <alloc[2182bb758b4b3781]::vec::Vec<u8> as core[df12db4294e9bfd3]::io::write::Write>::write_fmt
[INFO] [stdout]    3:     0x59f07163b12f - std[70759c8f55707aa4]::panicking::default_hook::{closure#0}
[INFO] [stdout]    4:     0x59f07163ad5a - std[70759c8f55707aa4]::panicking::default_hook
[INFO] [stdout]    5:     0x59f07163a892 - std[70759c8f55707aa4]::panicking::panic_with_hook
[INFO] [stdout]    6:     0x59f071661cb1 - std[70759c8f55707aa4]::panicking::panic_handler::{closure#0}
[INFO] [stdout]    7:     0x59f071661c69 - std[70759c8f55707aa4]::sys::backtrace::__rust_end_short_backtrace::<std[70759c8f55707aa4]::panicking::panic_handler::{closure#0}, !>
[INFO] [stdout]    8:     0x59f07166217c - __rustc[8fa7c3cbc660c2b3]::rust_begin_unwind
[INFO] [stdout]    9:     0x59f07162390b - core[df12db4294e9bfd3]::panicking::panic_fmt
[INFO] [stdout]   10:     0x59f071623885 - core[df12db4294e9bfd3]::panicking::assert_failed_inner
[INFO] [stdout]   11:     0x59f071624cdd - core[df12db4294e9bfd3]::panicking::assert_failed::<usize, usize>
[INFO] [stdout]   12:     0x59f071788b68 - taffy[450dea694448ece1]::style::tests::style_sizes::assert_type_size::<taffy[450dea694448ece1]::style::Style>
[INFO] [stdout]   13:     0x59f071787ff2 - taffy[450dea694448ece1]::style::tests::style_sizes
[INFO] [stdout]   14:     0x59f07176ea66 - <taffy[450dea694448ece1]::style::tests::style_sizes::{closure#0} as core[df12db4294e9bfd3]::ops::function::FnOnce<()>>::call_once
[INFO] [stdout]   15:     0x59f0717c2a7b - test[9d35eded1c95d3be]::__rust_begin_short_backtrace::<core[df12db4294e9bfd3]::result::Result<(), alloc[2182bb758b4b3781]::string::String>, fn() -> core[df12db4294e9bfd3]::result::Result<(), alloc[2182bb758b4b3781]::string::String>>
[INFO] [stdout]   16:     0x59f0717be08f - test[9d35eded1c95d3be]::run_test::{closure#0}
[INFO] [stdout]   17:     0x59f0717bdb0c - std[70759c8f55707aa4]::sys::backtrace::__rust_begin_short_backtrace::<test[9d35eded1c95d3be]::run_test::{closure#1}, ()>
[INFO] [stdout]   18:     0x59f0717da9fc - <std[70759c8f55707aa4]::thread::lifecycle::spawn_unchecked<test[9d35eded1c95d3be]::run_test::{closure#1}, ()>::{closure#1} as core[df12db4294e9bfd3]::ops::function::FnOnce<()>>::call_once::{shim:vtable#0}
[INFO] [stdout]   19:     0x59f071663532 - <std[70759c8f55707aa4]::sys::thread::unix::Thread>::new::thread_start
[INFO] [stdout]   20:     0x71b4742e7dfa - <unknown>
[INFO] [stdout]   21:     0x71b47437b3d4 - clone
[INFO] [stdout]   22:                0x0 - <unknown>
[INFO] [stdout] 
[INFO] [stdout] 
[INFO] [stdout] failures:
[INFO] [stdout]     style::tests::style_sizes
[INFO] [stdout] 
[INFO] [stdout] test result: FAILED. 108 passed; 1 failed; 0 ignored; 0 measured; 0 filtered out; finished in 0.05s
[INFO] [stdout] 
[INFO] running `Command { std: "docker" "inspect" "14aea57c85296876302d08caccfc247acdfbe4b3d8f9207dcee689f9ae63c1c9", kill_on_drop: false }`
[INFO] running `Command { std: "docker" "rm" "-f" "14aea57c85296876302d08caccfc247acdfbe4b3d8f9207dcee689f9ae63c1c9", kill_on_drop: false }`
[INFO] [stdout] 14aea57c85296876302d08caccfc247acdfbe4b3d8f9207dcee689f9ae63c1c9
