[INFO] fetching crate memory_size 0.1.6...
[INFO] testing memory_size-0.1.6 against 1.100.0-beta.1+cargoflags=--release for beta-release-1.100-2
[INFO] extracting crate memory_size 0.1.6 into /workspace/builds/worker-6-tc2/source
[INFO] started tweaking crates.io crate memory_size 0.1.6
[INFO] finished tweaking crates.io crate memory_size 0.1.6
[INFO] tweaked toml for crates.io crate memory_size 0.1.6 written to /workspace/builds/worker-6-tc2/source/Cargo.toml
[INFO] validating manifest of crates.io crate memory_size 0.1.6 on toolchain 1.100.0-beta.1
[INFO] running `Command { std: CARGO_HOME="/workspace/cargo-home" RUSTUP_HOME="/workspace/rustup-home" "/workspace/cargo-home/bin/cargo" "+1.100.0-beta.1" "metadata" "--manifest-path" "Cargo.toml" "--no-deps", kill_on_drop: false }`
[INFO] crate crates.io crate memory_size 0.1.6 already has a lockfile, it will not be regenerated
[INFO] running `Command { std: CARGO_HOME="/workspace/cargo-home" RUSTUP_HOME="/workspace/rustup-home" "/workspace/cargo-home/bin/cargo" "+1.100.0-beta.1" "fetch" "--manifest-path" "Cargo.toml", kill_on_drop: false }`
[INFO] running `Command { std: "docker" "create" "-v" "/var/lib/crater-agent-workspace/builds/worker-6-tc2/source:/opt/rustwide/workdir:ro,Z" "-v" "/var/lib/crater-agent-workspace/builds/worker-6-tc2/target:/opt/rustwide/target:rw,Z" "-v" "/var/lib/crater-agent-workspace/cargo-home:/opt/rustwide/cargo-home:ro,Z" "-v" "/var/lib/crater-agent-workspace/rustup-home:/opt/rustwide/rustup-home:ro,Z" "-m" "1610612736" "--network" "none" "ghcr.io/rust-lang/crates-build-env/linux@sha256:77db811e55d90add9212f6832c23229e3de5f1c1f9905e8cb07319ea15df73ac" "sleep" "infinity", kill_on_drop: false }`
[INFO] [stdout] 0940b3406be42b9cecdd7f4d6e4a41af928a090f2ba8ef311aab1b0bca5142d8
[INFO] running `Command { std: "docker" "start" "0940b3406be42b9cecdd7f4d6e4a41af928a090f2ba8ef311aab1b0bca5142d8", kill_on_drop: false }`
[INFO] running `Command { std: "docker" "inspect" "0940b3406be42b9cecdd7f4d6e4a41af928a090f2ba8ef311aab1b0bca5142d8", kill_on_drop: false }`
[INFO] running `Command { std: "docker" "exec" "-e" "SOURCE_DIR=/opt/rustwide/workdir" "-e" "CARGO_HOME=/opt/rustwide/cargo-home" "-e" "RUSTUP_HOME=/opt/rustwide/rustup-home" "-e" "CARGO_TARGET_DIR=/opt/rustwide/target" "-w" "/opt/rustwide/workdir" "--user" "0:0" "0940b3406be42b9cecdd7f4d6e4a41af928a090f2ba8ef311aab1b0bca5142d8" "/opt/rustwide/cargo-home/bin/cargo" "+1.100.0-beta.1" "metadata" "--no-deps" "--format-version=1", kill_on_drop: false }`
[INFO] running `Command { std: "docker" "inspect" "0940b3406be42b9cecdd7f4d6e4a41af928a090f2ba8ef311aab1b0bca5142d8", kill_on_drop: false }`
[INFO] running `Command { std: "docker" "exec" "-e" "SOURCE_DIR=/opt/rustwide/workdir" "-e" "CARGO_HOME=/opt/rustwide/cargo-home" "-e" "RUSTUP_HOME=/opt/rustwide/rustup-home" "-e" "CARGO_TARGET_DIR=/opt/rustwide/target" "-e" "CARGO_INCREMENTAL=0" "-e" "RUST_BACKTRACE=full" "-e" "RUSTFLAGS=--cap-lints=warn" "-e" "RUSTDOCFLAGS=--cap-lints=warn" "-w" "/opt/rustwide/workdir" "--user" "0:0" "0940b3406be42b9cecdd7f4d6e4a41af928a090f2ba8ef311aab1b0bca5142d8" "/opt/rustwide/cargo-home/bin/cargo" "+1.100.0-beta.1" "build" "--frozen" "--message-format=json" "--release", kill_on_drop: false }`
[INFO] [stderr]    Compiling proc-macro2 v1.0.94
[INFO] [stderr]    Compiling quote v1.0.40
[INFO] [stderr]    Compiling syn v2.0.100
[INFO] [stderr]    Compiling derive_more-impl v2.0.1
[INFO] [stderr]    Compiling derive_more v2.0.1
[INFO] [stderr]    Compiling memory_size v0.1.6 (/opt/rustwide/workdir)
[INFO] [stderr]     Finished `release` profile [optimized] target(s) in 4.80s
[INFO] running `Command { std: "docker" "inspect" "0940b3406be42b9cecdd7f4d6e4a41af928a090f2ba8ef311aab1b0bca5142d8", kill_on_drop: false }`
[INFO] running `Command { std: "docker" "exec" "-e" "SOURCE_DIR=/opt/rustwide/workdir" "-e" "CARGO_HOME=/opt/rustwide/cargo-home" "-e" "RUSTUP_HOME=/opt/rustwide/rustup-home" "-e" "CARGO_TARGET_DIR=/opt/rustwide/target" "-e" "CARGO_INCREMENTAL=0" "-e" "RUST_BACKTRACE=full" "-e" "RUSTFLAGS=--cap-lints=warn" "-e" "RUSTDOCFLAGS=--cap-lints=warn" "-w" "/opt/rustwide/workdir" "--user" "0:0" "0940b3406be42b9cecdd7f4d6e4a41af928a090f2ba8ef311aab1b0bca5142d8" "/opt/rustwide/cargo-home/bin/cargo" "+1.100.0-beta.1" "test" "--frozen" "--no-run" "--message-format=json" "--release", kill_on_drop: false }`
[INFO] [stderr]    Compiling memory_size v0.1.6 (/opt/rustwide/workdir)
[INFO] [stderr]     Finished `release` profile [optimized] target(s) in 0.50s
[INFO] running `Command { std: "docker" "inspect" "0940b3406be42b9cecdd7f4d6e4a41af928a090f2ba8ef311aab1b0bca5142d8", kill_on_drop: false }`
[INFO] running `Command { std: "docker" "exec" "-e" "SOURCE_DIR=/opt/rustwide/workdir" "-e" "CARGO_HOME=/opt/rustwide/cargo-home" "-e" "RUSTUP_HOME=/opt/rustwide/rustup-home" "-e" "CARGO_TARGET_DIR=/opt/rustwide/target" "-e" "CARGO_INCREMENTAL=0" "-e" "RUST_BACKTRACE=full" "-e" "RUSTFLAGS=--cap-lints=warn" "-e" "RUSTDOCFLAGS=--cap-lints=warn" "-w" "/opt/rustwide/workdir" "--user" "0:0" "0940b3406be42b9cecdd7f4d6e4a41af928a090f2ba8ef311aab1b0bca5142d8" "/opt/rustwide/cargo-home/bin/cargo" "+1.100.0-beta.1" "test" "--frozen" "--release", kill_on_drop: false }`
[INFO] [stderr]     Finished `release` profile [optimized] target(s) in 0.02s
[INFO] [stderr]      Running unittests memory_size.rs (/opt/rustwide/target/release/build/memory_size/ae00daef68e4eb34/out/memory_size-ae00daef68e4eb34)
[INFO] [stdout] 
[INFO] [stdout] running 24 tests
[INFO] [stdout] test tests::add_panic - should panic ... FAILED
[INFO] [stdout] test tests::add_assign_layouts ... ok
[INFO] [stdout] test tests::clamp_checks ... ok
[INFO] [stdout] test tests::add_assign_panic - should panic ... FAILED
[INFO] [stdout] test tests::from_bits_ceil ... ok
[INFO] [stdout] test tests::add_layouts ... ok
[INFO] [stdout] test tests::equality_checks ... ok
[INFO] [stdout] test tests::subtract_assign_layouts ... ok
[INFO] [stdout] test tests::new ... ok
[INFO] [stdout] test tests::from_bits ... ok
[INFO] [stdout] test tests::debug_format ... ok
[INFO] [stdout] test tests::from_bytes ... ok
[INFO] [stdout] test tests::subtract_layouts ... ok
[INFO] [stdout] test tests::min_checks ... ok
[INFO] [stdout] test tests::subtract_panic - should panic ... FAILED
[INFO] [stdout] test tests::comparison_checks ... ok
[INFO] [stdout] test tests::iterator_sum_layouts ... ok
[INFO] [stdout] test tests::clamp_panic - should panic ... ok
[INFO] [stdout] test tests::subtract_assign_panic - should panic ... ok
[INFO] [stdout] test tests::test_align_up ... ok
[INFO] [stdout] test tests::test_default ... ok
[INFO] [stdout] test tests::test_round_up_byte ... ok
[INFO] [stdout] test tests::display_format ... ok
[INFO] [stdout] test tests::max_checks ... ok
[INFO] [stdout] 
[INFO] [stdout] failures:
[INFO] [stdout] 
[INFO] [stdout] ---- tests::add_panic stdout ----
[INFO] [stdout] note: test did not panic as expected at tests.rs:62:4
[INFO] [stdout] ---- tests::add_assign_panic stdout ----
[INFO] [stdout] note: test did not panic as expected at tests.rs:211:4
[INFO] [stdout] ---- tests::subtract_panic stdout ----
[INFO] [stdout] note: test did not panic as expected at tests.rs:84:4
[INFO] [stdout] 
[INFO] [stdout] failures:
[INFO] [stdout]     tests::add_assign_panic
[INFO] [stdout]     tests::add_panic
[INFO] [stdout]     tests::subtract_panic
[INFO] [stdout] 
[INFO] [stdout] test result: FAILED. 21 passed; 3 failed; 0 ignored; 0 measured; 0 filtered out; finished in 0.02s
[INFO] [stdout] 
[INFO] [stderr] error: test failed, to rerun pass `--lib`
[INFO] running `Command { std: "docker" "inspect" "0940b3406be42b9cecdd7f4d6e4a41af928a090f2ba8ef311aab1b0bca5142d8", kill_on_drop: false }`
[INFO] running `Command { std: "docker" "rm" "-f" "0940b3406be42b9cecdd7f4d6e4a41af928a090f2ba8ef311aab1b0bca5142d8", kill_on_drop: false }`
[INFO] [stdout] 0940b3406be42b9cecdd7f4d6e4a41af928a090f2ba8ef311aab1b0bca5142d8
