[INFO] fetching crate memfd-secret 1.0.1...
[INFO] testing memfd-secret-1.0.1 against 1.99.0-beta.8+cargoflags=--release for beta-release-1.100-2
[INFO] extracting crate memfd-secret 1.0.1 into /workspace/builds/worker-2-tc1/source
[INFO] removed /workspace/builds/worker-2-tc1/source/rust-toolchain.toml
[INFO] started tweaking crates.io crate memfd-secret 1.0.1
[INFO] removed 0 missing tests
[INFO] finished tweaking crates.io crate memfd-secret 1.0.1
[INFO] tweaked toml for crates.io crate memfd-secret 1.0.1 written to /workspace/builds/worker-2-tc1/source/Cargo.toml
[INFO] validating manifest of crates.io crate memfd-secret 1.0.1 on toolchain 1.99.0-beta.8
[INFO] running `Command { std: CARGO_HOME="/workspace/cargo-home" RUSTUP_HOME="/workspace/rustup-home" "/workspace/cargo-home/bin/cargo" "+1.99.0-beta.8" "metadata" "--manifest-path" "Cargo.toml" "--no-deps", kill_on_drop: false }`
[INFO] crate crates.io crate memfd-secret 1.0.1 already has a lockfile, it will not be regenerated
[INFO] running `Command { std: CARGO_HOME="/workspace/cargo-home" RUSTUP_HOME="/workspace/rustup-home" "/workspace/cargo-home/bin/cargo" "+1.99.0-beta.8" "fetch" "--manifest-path" "Cargo.toml", kill_on_drop: false }`
[INFO] [stderr]     Updating crates.io index
[INFO] [stderr]  Downloading crates ...
[INFO] [stderr]   Downloaded hegeltest-macros v0.5.3
[INFO] [stderr]   Downloaded hegeltest v0.5.3
[INFO] running `Command { std: "docker" "create" "-v" "/var/lib/crater-agent-workspace/builds/worker-2-tc1/source:/opt/rustwide/workdir:ro,Z" "-v" "/var/lib/crater-agent-workspace/builds/worker-2-tc1/target:/opt/rustwide/target:rw,Z" "-v" "/var/lib/crater-agent-workspace/cargo-home:/opt/rustwide/cargo-home:ro,Z" "-v" "/var/lib/crater-agent-workspace/rustup-home:/opt/rustwide/rustup-home:ro,Z" "-m" "1610612736" "--network" "none" "ghcr.io/rust-lang/crates-build-env/linux@sha256:77db811e55d90add9212f6832c23229e3de5f1c1f9905e8cb07319ea15df73ac" "sleep" "infinity", kill_on_drop: false }`
[INFO] [stdout] f7f3a55e44fd3d09cda3c27321c891b10b776016e3d9fa4bcfcb9bffc9eb601d
[INFO] running `Command { std: "docker" "start" "f7f3a55e44fd3d09cda3c27321c891b10b776016e3d9fa4bcfcb9bffc9eb601d", kill_on_drop: false }`
[INFO] running `Command { std: "docker" "inspect" "f7f3a55e44fd3d09cda3c27321c891b10b776016e3d9fa4bcfcb9bffc9eb601d", kill_on_drop: false }`
[INFO] running `Command { std: "docker" "exec" "-e" "SOURCE_DIR=/opt/rustwide/workdir" "-e" "CARGO_HOME=/opt/rustwide/cargo-home" "-e" "RUSTUP_HOME=/opt/rustwide/rustup-home" "-e" "CARGO_TARGET_DIR=/opt/rustwide/target" "-w" "/opt/rustwide/workdir" "--user" "0:0" "f7f3a55e44fd3d09cda3c27321c891b10b776016e3d9fa4bcfcb9bffc9eb601d" "/opt/rustwide/cargo-home/bin/cargo" "+1.99.0-beta.8" "metadata" "--no-deps" "--format-version=1", kill_on_drop: false }`
[INFO] running `Command { std: "docker" "inspect" "f7f3a55e44fd3d09cda3c27321c891b10b776016e3d9fa4bcfcb9bffc9eb601d", kill_on_drop: false }`
[INFO] running `Command { std: "docker" "exec" "-e" "SOURCE_DIR=/opt/rustwide/workdir" "-e" "CARGO_HOME=/opt/rustwide/cargo-home" "-e" "RUSTUP_HOME=/opt/rustwide/rustup-home" "-e" "CARGO_TARGET_DIR=/opt/rustwide/target" "-e" "CARGO_INCREMENTAL=0" "-e" "RUST_BACKTRACE=full" "-e" "RUSTFLAGS=--cap-lints=warn" "-e" "RUSTDOCFLAGS=--cap-lints=warn" "-w" "/opt/rustwide/workdir" "--user" "0:0" "f7f3a55e44fd3d09cda3c27321c891b10b776016e3d9fa4bcfcb9bffc9eb601d" "/opt/rustwide/cargo-home/bin/cargo" "+1.99.0-beta.8" "build" "--frozen" "--message-format=json" "--release", kill_on_drop: false }`
[INFO] [stderr]    Compiling memfd-secret v1.0.1 (/opt/rustwide/workdir)
[INFO] [stderr]     Finished `release` profile [optimized] target(s) in 0.34s
[INFO] running `Command { std: "docker" "inspect" "f7f3a55e44fd3d09cda3c27321c891b10b776016e3d9fa4bcfcb9bffc9eb601d", kill_on_drop: false }`
[INFO] running `Command { std: "docker" "exec" "-e" "SOURCE_DIR=/opt/rustwide/workdir" "-e" "CARGO_HOME=/opt/rustwide/cargo-home" "-e" "RUSTUP_HOME=/opt/rustwide/rustup-home" "-e" "CARGO_TARGET_DIR=/opt/rustwide/target" "-e" "CARGO_INCREMENTAL=0" "-e" "RUST_BACKTRACE=full" "-e" "RUSTFLAGS=--cap-lints=warn" "-e" "RUSTDOCFLAGS=--cap-lints=warn" "-w" "/opt/rustwide/workdir" "--user" "0:0" "f7f3a55e44fd3d09cda3c27321c891b10b776016e3d9fa4bcfcb9bffc9eb601d" "/opt/rustwide/cargo-home/bin/cargo" "+1.99.0-beta.8" "test" "--frozen" "--no-run" "--message-format=json" "--release", kill_on_drop: false }`
[INFO] [stderr]    Compiling zerocopy v0.8.53
[INFO] [stderr]    Compiling syn v2.0.118
[INFO] [stderr]    Compiling zerocopy-derive v0.8.53
[INFO] [stderr]    Compiling serde_derive v1.0.228
[INFO] [stderr]    Compiling zeroize_derive v1.5.0
[INFO] [stderr]    Compiling hegeltest-macros v0.5.3
[INFO] [stderr]    Compiling clap_derive v4.6.1
[INFO] [stderr]    Compiling zeroize v1.9.0
[INFO] [stderr]    Compiling clap v4.6.1
[INFO] [stderr]    Compiling serde v1.0.228
[INFO] [stderr]    Compiling half v2.7.1
[INFO] [stderr]    Compiling ciborium-ll v0.2.2
[INFO] [stderr]    Compiling ciborium v0.2.2
[INFO] [stderr]    Compiling hegeltest v0.5.3
[INFO] [stderr]    Compiling memfd-secret v1.0.1 (/opt/rustwide/workdir)
[INFO] [stderr]     Finished `release` profile [optimized] target(s) in 30.01s
[INFO] running `Command { std: "docker" "inspect" "f7f3a55e44fd3d09cda3c27321c891b10b776016e3d9fa4bcfcb9bffc9eb601d", kill_on_drop: false }`
[INFO] running `Command { std: "docker" "exec" "-e" "SOURCE_DIR=/opt/rustwide/workdir" "-e" "CARGO_HOME=/opt/rustwide/cargo-home" "-e" "RUSTUP_HOME=/opt/rustwide/rustup-home" "-e" "CARGO_TARGET_DIR=/opt/rustwide/target" "-e" "CARGO_INCREMENTAL=0" "-e" "RUST_BACKTRACE=full" "-e" "RUSTFLAGS=--cap-lints=warn" "-e" "RUSTDOCFLAGS=--cap-lints=warn" "-w" "/opt/rustwide/workdir" "--user" "0:0" "f7f3a55e44fd3d09cda3c27321c891b10b776016e3d9fa4bcfcb9bffc9eb601d" "/opt/rustwide/cargo-home/bin/cargo" "+1.99.0-beta.8" "test" "--frozen" "--release", kill_on_drop: false }`
[INFO] [stderr]     Finished `release` profile [optimized] target(s) in 0.11s
[INFO] [stderr]      Running unittests src/lib.rs (/opt/rustwide/target/release/deps/memfd_secret-6680c5c9b4ea7fe3)
[INFO] [stdout] 
[INFO] [stdout] running 8 tests
[INFO] [stdout] test memfd_secret::tests::out_of_bounds_file_size ... ok
[INFO] [stdout] test memfd_secret::tests::with_flag_cloexec ... ok
[INFO] [stdout] test memfd_secret::tests::clone ... ok
[INFO] [stdout] test memfd_secret::tests::memfd_secret_error ... ok
[INFO] [stdout] test memfd_secret::tests::write_retrieve ... ok
[INFO] [stdout] test memfd_secret::tests::deref ... ok
[INFO] [stdout] test memfd_secret::tests::deref_mut ... ok
[INFO] [stderr] downloading uv 0.11.2 x86_64-unknown-linux-gnu
[INFO] [stderr] curl: (6) Could not resolve host: releases.astral.sh
[INFO] [stderr] failed to download https://releases.astral.sh/github/uv/releases/download/0.11.2/uv-x86_64-unknown-linux-gnu.tar.gz
[INFO] [stderr] trying alternative download URL
[INFO] [stderr] curl: (6) Could not resolve host: github.com
[INFO] [stderr] failed to download https://github.com/astral-sh/uv/releases/download/0.11.2/uv-x86_64-unknown-linux-gnu.tar.gz
[INFO] [stderr] this may be a standard network error, but it may also indicate
[INFO] [stderr] that uv's release process is not working. When in doubt
[INFO] [stderr] please feel free to open an issue!
[INFO] [stderr] error: test failed, to rerun pass `--lib`
[INFO] [stdout] test memfd_secret::property_tests::write_retrieve ... FAILED
[INFO] [stdout] 
[INFO] [stdout] failures:
[INFO] [stdout] 
[INFO] [stdout] ---- memfd_secret::property_tests::write_retrieve stdout ----
[INFO] [stdout] 
[INFO] [stdout] thread 'memfd_secret::property_tests::write_retrieve' (442) panicked at /opt/rustwide/cargo-home/registry/src/index.crates.io-1949cf8c6b5b557f/hegeltest-0.5.3/src/uv.rs:59:5:
[INFO] [stdout] uv installer failed. Install uv manually: https://docs.astral.sh/uv/getting-started/installation/
[INFO] [stdout] stack backtrace:
[INFO] [stdout]    0:     0x5bc52f0893d1 - <<std[70759c8f55707aa4]::sys::backtrace::BacktraceLock>::print::DisplayBacktrace as core[df12db4294e9bfd3]::fmt::Display>::fmt
[INFO] [stdout]    1:     0x5bc52f09ffba - core[df12db4294e9bfd3]::fmt::write
[INFO] [stdout]    2:     0x5bc52f08e1fc - <alloc[2182bb758b4b3781]::vec::Vec<u8> as core[df12db4294e9bfd3]::io::write::Write>::write_fmt
[INFO] [stdout]    3:     0x5bc52f063846 - std[70759c8f55707aa4]::panicking::default_hook::{closure#0}
[INFO] [stdout]    4:     0x5bc52f081089 - std[70759c8f55707aa4]::panicking::default_hook
[INFO] [stdout]    5:     0x5bc52efed880 - test[9d35eded1c95d3be]::test_main_inner::<test[9d35eded1c95d3be]::test_main_static::{closure#0}>::{closure#0}
[INFO] [stdout]    6:     0x5bc52f081242 - std[70759c8f55707aa4]::panicking::panic_with_hook
[INFO] [stdout]    7:     0x5bc52f063924 - std[70759c8f55707aa4]::panicking::panic_handler::{closure#0}
[INFO] [stdout]    8:     0x5bc52f05be39 - std[70759c8f55707aa4]::sys::backtrace::__rust_end_short_backtrace::<std[70759c8f55707aa4]::panicking::panic_handler::{closure#0}, !>
[INFO] [stdout]    9:     0x5bc52f0645fd - __rustc[8fa7c3cbc660c2b3]::rust_begin_unwind
[INFO] [stdout]   10:     0x5bc52f0a071c - core[df12db4294e9bfd3]::panicking::panic_fmt
[INFO] [stdout]   11:     0x5bc52f04d243 - hegel[724a9fdd0d60595b]::uv::find_uv
[INFO] [stdout]   12:     0x5bc52f029dae - <hegel[724a9fdd0d60595b]::runner::ServerTestRunner as hegel[724a9fdd0d60595b]::backend::TestRunner>::run
[INFO] [stdout]   13:     0x5bc52efe0243 - <hegel[724a9fdd0d60595b]::runner::Hegel<memfd_secret[74c7b53c42c46305]::memfd_secret::property_tests::write_retrieve::{closure#0}>>::run
[INFO] [stdout]   14:     0x5bc52efde6fd - <memfd_secret[74c7b53c42c46305]::memfd_secret::property_tests::write_retrieve::{closure#0} as core[df12db4294e9bfd3]::ops::function::FnOnce<()>>::call_once
[INFO] [stdout]   15:     0x5bc52efe0b6b - test[9d35eded1c95d3be]::__rust_begin_short_backtrace::<core[df12db4294e9bfd3]::result::Result<(), alloc[2182bb758b4b3781]::string::String>, fn() -> core[df12db4294e9bfd3]::result::Result<(), alloc[2182bb758b4b3781]::string::String>>
[INFO] [stdout]   16:     0x5bc52efee1d5 - test[9d35eded1c95d3be]::run_test::{closure#0}
[INFO] [stdout]   17:     0x5bc52efe7a94 - std[70759c8f55707aa4]::sys::backtrace::__rust_begin_short_backtrace::<test[9d35eded1c95d3be]::run_test::{closure#1}, ()>
[INFO] [stdout]   18:     0x5bc52eff1332 - <std[70759c8f55707aa4]::thread::lifecycle::spawn_unchecked<test[9d35eded1c95d3be]::run_test::{closure#1}, ()>::{closure#1} as core[df12db4294e9bfd3]::ops::function::FnOnce<()>>::call_once::{shim:vtable#0}
[INFO] [stdout]   19:     0x5bc52f088939 - <std[70759c8f55707aa4]::sys::thread::unix::Thread>::new::thread_start
[INFO] [stdout]   20:     0x7cd39abfddfa - <unknown>
[INFO] [stdout]   21:     0x7cd39ac913d4 - clone
[INFO] [stdout]   22:                0x0 - <unknown>
[INFO] [stdout] 
[INFO] [stdout] 
[INFO] [stdout] failures:
[INFO] [stdout]     memfd_secret::property_tests::write_retrieve
[INFO] [stdout] 
[INFO] [stdout] test result: FAILED. 7 passed; 1 failed; 0 ignored; 0 measured; 0 filtered out; finished in 0.35s
[INFO] [stdout] 
[INFO] running `Command { std: "docker" "inspect" "f7f3a55e44fd3d09cda3c27321c891b10b776016e3d9fa4bcfcb9bffc9eb601d", kill_on_drop: false }`
[INFO] running `Command { std: "docker" "rm" "-f" "f7f3a55e44fd3d09cda3c27321c891b10b776016e3d9fa4bcfcb9bffc9eb601d", kill_on_drop: false }`
[INFO] [stdout] f7f3a55e44fd3d09cda3c27321c891b10b776016e3d9fa4bcfcb9bffc9eb601d
