[INFO] fetching crate mem_prefetch 0.1.1...
[INFO] testing mem_prefetch-0.1.1 against 1.100.0-beta.1+cargoflags=--release for beta-release-1.100-2
[INFO] extracting crate mem_prefetch 0.1.1 into /workspace/builds/worker-0-tc2/source
[INFO] started tweaking crates.io crate mem_prefetch 0.1.1
[INFO] finished tweaking crates.io crate mem_prefetch 0.1.1
[INFO] tweaked toml for crates.io crate mem_prefetch 0.1.1 written to /workspace/builds/worker-0-tc2/source/Cargo.toml
[INFO] validating manifest of crates.io crate mem_prefetch 0.1.1 on toolchain 1.100.0-beta.1
[INFO] running `Command { std: CARGO_HOME="/workspace/cargo-home" RUSTUP_HOME="/workspace/rustup-home" "/workspace/cargo-home/bin/cargo" "+1.100.0-beta.1" "metadata" "--manifest-path" "Cargo.toml" "--no-deps", kill_on_drop: false }`
[INFO] crate crates.io crate mem_prefetch 0.1.1 already has a lockfile, it will not be regenerated
[INFO] running `Command { std: CARGO_HOME="/workspace/cargo-home" RUSTUP_HOME="/workspace/rustup-home" "/workspace/cargo-home/bin/cargo" "+1.100.0-beta.1" "fetch" "--manifest-path" "Cargo.toml", kill_on_drop: false }`
[INFO] [stderr] warning: `package.homepage` is redundant with `package.repository`
[INFO] [stderr]   --> Cargo.toml:23:12
[INFO] [stderr]    |
[INFO] [stderr] 23 | homepage = "https://github.com/vdrn/mem_prefetch"
[INFO] [stderr]    |            ^^^^^^^^^^^^^^^^^^^^^^^^^^^^^^^^^^^^^^
[INFO] [stderr] ...
[INFO] [stderr] 28 | repository = "https://github.com/vdrn/mem_prefetch"
[INFO] [stderr]    |              --------------------------------------
[INFO] [stderr]    |
[INFO] [stderr]    = note: `cargo::redundant_homepage` is set to `warn` by default
[INFO] [stderr] help: consider removing `package.homepage`
[INFO] [stderr] warning: `mem_prefetch` (manifest) generated 1 warning
[INFO] running `Command { std: "docker" "create" "-v" "/var/lib/crater-agent-workspace/builds/worker-0-tc2/source:/opt/rustwide/workdir:ro,Z" "-v" "/var/lib/crater-agent-workspace/builds/worker-0-tc2/target:/opt/rustwide/target:rw,Z" "-v" "/var/lib/crater-agent-workspace/cargo-home:/opt/rustwide/cargo-home:ro,Z" "-v" "/var/lib/crater-agent-workspace/rustup-home:/opt/rustwide/rustup-home:ro,Z" "-m" "1610612736" "--network" "none" "ghcr.io/rust-lang/crates-build-env/linux@sha256:77db811e55d90add9212f6832c23229e3de5f1c1f9905e8cb07319ea15df73ac" "sleep" "infinity", kill_on_drop: false }`
[INFO] [stdout] 8103d256375f05241d2d079a88b1d53cd90e28b9d478eaa0f804458fda55909b
[INFO] running `Command { std: "docker" "start" "8103d256375f05241d2d079a88b1d53cd90e28b9d478eaa0f804458fda55909b", kill_on_drop: false }`
[INFO] running `Command { std: "docker" "inspect" "8103d256375f05241d2d079a88b1d53cd90e28b9d478eaa0f804458fda55909b", kill_on_drop: false }`
[INFO] running `Command { std: "docker" "exec" "-e" "SOURCE_DIR=/opt/rustwide/workdir" "-e" "CARGO_HOME=/opt/rustwide/cargo-home" "-e" "RUSTUP_HOME=/opt/rustwide/rustup-home" "-e" "CARGO_TARGET_DIR=/opt/rustwide/target" "-w" "/opt/rustwide/workdir" "--user" "0:0" "8103d256375f05241d2d079a88b1d53cd90e28b9d478eaa0f804458fda55909b" "/opt/rustwide/cargo-home/bin/cargo" "+1.100.0-beta.1" "metadata" "--no-deps" "--format-version=1", kill_on_drop: false }`
[INFO] running `Command { std: "docker" "inspect" "8103d256375f05241d2d079a88b1d53cd90e28b9d478eaa0f804458fda55909b", kill_on_drop: false }`
[INFO] running `Command { std: "docker" "exec" "-e" "SOURCE_DIR=/opt/rustwide/workdir" "-e" "CARGO_HOME=/opt/rustwide/cargo-home" "-e" "RUSTUP_HOME=/opt/rustwide/rustup-home" "-e" "CARGO_TARGET_DIR=/opt/rustwide/target" "-e" "CARGO_INCREMENTAL=0" "-e" "RUST_BACKTRACE=full" "-e" "RUSTFLAGS=--cap-lints=warn" "-e" "RUSTDOCFLAGS=--cap-lints=warn" "-w" "/opt/rustwide/workdir" "--user" "0:0" "8103d256375f05241d2d079a88b1d53cd90e28b9d478eaa0f804458fda55909b" "/opt/rustwide/cargo-home/bin/cargo" "+1.100.0-beta.1" "build" "--frozen" "--message-format=json" "--release", kill_on_drop: false }`
[INFO] [stderr] warning: `package.homepage` is redundant with `package.repository`
[INFO] [stderr]   --> Cargo.toml:23:12
[INFO] [stderr]    |
[INFO] [stderr] 23 | homepage = "https://github.com/vdrn/mem_prefetch"
[INFO] [stderr]    |            ^^^^^^^^^^^^^^^^^^^^^^^^^^^^^^^^^^^^^^
[INFO] [stderr] ...
[INFO] [stderr] 28 | repository = "https://github.com/vdrn/mem_prefetch"
[INFO] [stderr]    |              --------------------------------------
[INFO] [stderr]    |
[INFO] [stderr]    = note: `cargo::redundant_homepage` is set to `warn` by default
[INFO] [stderr] help: consider removing `package.homepage`
[INFO] [stderr] warning: `mem_prefetch` (manifest) generated 1 warning
[INFO] [stderr]    Compiling mem_prefetch v0.1.1 (/opt/rustwide/workdir)
[INFO] [stderr]     Finished `release` profile [optimized] target(s) in 0.20s
[INFO] running `Command { std: "docker" "inspect" "8103d256375f05241d2d079a88b1d53cd90e28b9d478eaa0f804458fda55909b", kill_on_drop: false }`
[INFO] running `Command { std: "docker" "exec" "-e" "SOURCE_DIR=/opt/rustwide/workdir" "-e" "CARGO_HOME=/opt/rustwide/cargo-home" "-e" "RUSTUP_HOME=/opt/rustwide/rustup-home" "-e" "CARGO_TARGET_DIR=/opt/rustwide/target" "-e" "CARGO_INCREMENTAL=0" "-e" "RUST_BACKTRACE=full" "-e" "RUSTFLAGS=--cap-lints=warn" "-e" "RUSTDOCFLAGS=--cap-lints=warn" "-w" "/opt/rustwide/workdir" "--user" "0:0" "8103d256375f05241d2d079a88b1d53cd90e28b9d478eaa0f804458fda55909b" "/opt/rustwide/cargo-home/bin/cargo" "+1.100.0-beta.1" "test" "--frozen" "--no-run" "--message-format=json" "--release", kill_on_drop: false }`
[INFO] [stderr] warning: `package.homepage` is redundant with `package.repository`
[INFO] [stderr]   --> Cargo.toml:23:12
[INFO] [stderr]    |
[INFO] [stderr] 23 | homepage = "https://github.com/vdrn/mem_prefetch"
[INFO] [stderr]    |            ^^^^^^^^^^^^^^^^^^^^^^^^^^^^^^^^^^^^^^
[INFO] [stderr] ...
[INFO] [stderr] 28 | repository = "https://github.com/vdrn/mem_prefetch"
[INFO] [stderr]    |              --------------------------------------
[INFO] [stderr]    |
[INFO] [stderr]    = note: `cargo::redundant_homepage` is set to `warn` by default
[INFO] [stderr] help: consider removing `package.homepage`
[INFO] [stderr] warning: `mem_prefetch` (manifest) generated 1 warning
[INFO] [stderr]    Compiling mem_prefetch v0.1.1 (/opt/rustwide/workdir)
[INFO] [stderr]     Finished `release` profile [optimized] target(s) in 0.29s
[INFO] running `Command { std: "docker" "inspect" "8103d256375f05241d2d079a88b1d53cd90e28b9d478eaa0f804458fda55909b", kill_on_drop: false }`
[INFO] running `Command { std: "docker" "exec" "-e" "SOURCE_DIR=/opt/rustwide/workdir" "-e" "CARGO_HOME=/opt/rustwide/cargo-home" "-e" "RUSTUP_HOME=/opt/rustwide/rustup-home" "-e" "CARGO_TARGET_DIR=/opt/rustwide/target" "-e" "CARGO_INCREMENTAL=0" "-e" "RUST_BACKTRACE=full" "-e" "RUSTFLAGS=--cap-lints=warn" "-e" "RUSTDOCFLAGS=--cap-lints=warn" "-w" "/opt/rustwide/workdir" "--user" "0:0" "8103d256375f05241d2d079a88b1d53cd90e28b9d478eaa0f804458fda55909b" "/opt/rustwide/cargo-home/bin/cargo" "+1.100.0-beta.1" "test" "--frozen" "--release", kill_on_drop: false }`
[INFO] [stderr] warning: `package.homepage` is redundant with `package.repository`
[INFO] [stderr]   --> Cargo.toml:23:12
[INFO] [stderr]    |
[INFO] [stderr] 23 | homepage = "https://github.com/vdrn/mem_prefetch"
[INFO] [stderr]    |            ^^^^^^^^^^^^^^^^^^^^^^^^^^^^^^^^^^^^^^
[INFO] [stderr] ...
[INFO] [stderr] 28 | repository = "https://github.com/vdrn/mem_prefetch"
[INFO] [stderr]    |              --------------------------------------
[INFO] [stderr]    |
[INFO] [stderr]    = note: `cargo::redundant_homepage` is set to `warn` by default
[INFO] [stderr] help: consider removing `package.homepage`
[INFO] [stderr] warning: `mem_prefetch` (manifest) generated 1 warning
[INFO] [stderr]     Finished `release` profile [optimized] target(s) in 0.03s
[INFO] [stderr]      Running unittests src/lib.rs (/opt/rustwide/target/release/build/mem_prefetch/ae669c988fb2886f/out/mem_prefetch-ae669c988fb2886f)
[INFO] [stdout] 
[INFO] [stdout] running 0 tests
[INFO] [stdout] 
[INFO] [stdout] test result: ok. 0 passed; 0 failed; 0 ignored; 0 measured; 0 filtered out; finished in 0.00s
[INFO] [stdout] 
[INFO] [stderr]    Doc-tests mem_prefetch
[INFO] [stdout] 
[INFO] [stdout] running 1 test
[INFO] [stdout] test src/../readme.md - (line 14) ... FAILED
[INFO] [stdout] 
[INFO] [stdout] failures:
[INFO] [stdout] 
[INFO] [stdout] ---- src/../readme.md - (line 14) stdout ----
[INFO] [stdout] error[E0425]: cannot find value `reference` in this scope
[INFO] [stdout]   --> src/../readme.md:16:42
[INFO] [stdout]    |
[INFO] [stdout] 16 | mem_prefetch::prefetch_read_data::<_, 3>(reference);  // most local
[INFO] [stdout]    |                                          ^^^^^^^^^ not found in this scope
[INFO] [stdout] 
[INFO] [stdout] error[E0425]: cannot find value `reference` in this scope
[INFO] [stdout]   --> src/../readme.md:17:43
[INFO] [stdout]    |
[INFO] [stdout] 17 | mem_prefetch::prefetch_write_data::<_, 3>(reference); // most local 
[INFO] [stdout]    |                                           ^^^^^^^^^ not found in this scope
[INFO] [stdout] 
[INFO] [stdout] error[E0425]: cannot find value `reference` in this scope
[INFO] [stdout]   --> src/../readme.md:19:42
[INFO] [stdout]    |
[INFO] [stdout] 19 | mem_prefetch::prefetch_read_data::<_, 2>(reference);
[INFO] [stderr] error: doctest failed, to rerun pass `--doc`
[INFO] [stdout]    |                                          ^^^^^^^^^ not found in this scope
[INFO] [stdout] 
[INFO] [stdout] error[E0425]: cannot find value `reference` in this scope
[INFO] [stdout]   --> src/../readme.md:20:43
[INFO] [stdout]    |
[INFO] [stdout] 20 | mem_prefetch::prefetch_write_data::<_, 2>(reference);
[INFO] [stdout]    |                                           ^^^^^^^^^ not found in this scope
[INFO] [stdout] 
[INFO] [stdout] error[E0425]: cannot find value `reference` in this scope
[INFO] [stdout]   --> src/../readme.md:22:42
[INFO] [stdout]    |
[INFO] [stdout] 22 | mem_prefetch::prefetch_read_data::<_, 1>(reference);
[INFO] [stdout]    |                                          ^^^^^^^^^ not found in this scope
[INFO] [stdout] 
[INFO] [stdout] error[E0425]: cannot find value `reference` in this scope
[INFO] [stdout]   --> src/../readme.md:23:43
[INFO] [stdout]    |
[INFO] [stdout] 23 | mem_prefetch::prefetch_write_data::<_, 1>(reference);
[INFO] [stdout]    |                                           ^^^^^^^^^ not found in this scope
[INFO] [stdout] 
[INFO] [stdout] error[E0425]: cannot find value `reference` in this scope
[INFO] [stdout]   --> src/../readme.md:25:42
[INFO] [stdout]    |
[INFO] [stdout] 25 | mem_prefetch::prefetch_read_data::<_, 0>(reference);  // least local
[INFO] [stdout]    |                                          ^^^^^^^^^ not found in this scope
[INFO] [stdout] 
[INFO] [stdout] error[E0425]: cannot find value `reference` in this scope
[INFO] [stdout]   --> src/../readme.md:26:43
[INFO] [stdout]    |
[INFO] [stdout] 26 | mem_prefetch::prefetch_write_data::<_, 0>(reference); // least local
[INFO] [stdout]    |                                           ^^^^^^^^^ not found in this scope
[INFO] [stdout] 
[INFO] [stdout] error[E0425]: cannot find value `ptr` in this scope
[INFO] [stdout]   --> src/../readme.md:31:50
[INFO] [stdout]    |
[INFO] [stdout] 31 |     mem_prefetch::prefetch_read_data_raw::<_, 0>(ptr);
[INFO] [stdout]    |                                                  ^^^ not found in this scope
[INFO] [stdout] 
[INFO] [stdout] error[E0425]: cannot find value `ptr` in this scope
[INFO] [stdout]   --> src/../readme.md:32:51
[INFO] [stdout]    |
[INFO] [stdout] 32 |     mem_prefetch::prefetch_write_data_raw::<_, 0>(ptr);
[INFO] [stdout]    |                                                   ^^^ not found in this scope
[INFO] [stdout] 
[INFO] [stdout] error: aborting due to 10 previous errors
[INFO] [stdout] 
[INFO] [stdout] For more information about this error, try `rustc --explain E0425`.
[INFO] [stdout] Couldn't compile the test.
[INFO] [stdout] 
[INFO] [stdout] failures:
[INFO] [stdout]     src/../readme.md - (line 14)
[INFO] [stdout] 
[INFO] [stdout] test result: FAILED. 0 passed; 1 failed; 0 ignored; 0 measured; 0 filtered out; finished in 0.15s
[INFO] [stdout] 
[INFO] [stdout] all doctests ran in 0.25s; merged doctests compilation took 0.10s
[INFO] running `Command { std: "docker" "inspect" "8103d256375f05241d2d079a88b1d53cd90e28b9d478eaa0f804458fda55909b", kill_on_drop: false }`
[INFO] running `Command { std: "docker" "rm" "-f" "8103d256375f05241d2d079a88b1d53cd90e28b9d478eaa0f804458fda55909b", kill_on_drop: false }`
[INFO] [stdout] 8103d256375f05241d2d079a88b1d53cd90e28b9d478eaa0f804458fda55909b
