[INFO] fetching crate melin-ec-md-gateway 0.19.0...
[INFO] testing melin-ec-md-gateway-0.19.0 against 1.100.0-beta.1+cargoflags=--release for beta-release-1.100-2
[INFO] extracting crate melin-ec-md-gateway 0.19.0 into /workspace/builds/worker-6-tc2/source
[INFO] started tweaking crates.io crate melin-ec-md-gateway 0.19.0
[INFO] finished tweaking crates.io crate melin-ec-md-gateway 0.19.0
[INFO] tweaked toml for crates.io crate melin-ec-md-gateway 0.19.0 written to /workspace/builds/worker-6-tc2/source/Cargo.toml
[INFO] validating manifest of crates.io crate melin-ec-md-gateway 0.19.0 on toolchain 1.100.0-beta.1
[INFO] running `Command { std: CARGO_HOME="/workspace/cargo-home" RUSTUP_HOME="/workspace/rustup-home" "/workspace/cargo-home/bin/cargo" "+1.100.0-beta.1" "metadata" "--manifest-path" "Cargo.toml" "--no-deps", kill_on_drop: false }`
[INFO] crate crates.io crate melin-ec-md-gateway 0.19.0 already has a lockfile, it will not be regenerated
[INFO] running `Command { std: CARGO_HOME="/workspace/cargo-home" RUSTUP_HOME="/workspace/rustup-home" "/workspace/cargo-home/bin/cargo" "+1.100.0-beta.1" "fetch" "--manifest-path" "Cargo.toml", kill_on_drop: false }`
[INFO] [stderr] warning: `package.homepage` is redundant with `package.repository`
[INFO] [stderr]   --> Cargo.toml:51:12
[INFO] [stderr]    |
[INFO] [stderr] 51 | homepage = "https://github.com/melin-engine/exchange-core"
[INFO] [stderr]    |            ^^^^^^^^^^^^^^^^^^^^^^^^^^^^^^^^^^^^^^^^^^^^^^^
[INFO] [stderr] ...
[INFO] [stderr] 55 | repository = "https://github.com/melin-engine/exchange-core"
[INFO] [stderr]    |              -----------------------------------------------
[INFO] [stderr]    |
[INFO] [stderr]    = note: `cargo::redundant_homepage` is set to `warn` by default
[INFO] [stderr] help: consider removing `package.homepage`
[INFO] [stderr] warning: `melin-ec-md-gateway` (manifest) generated 1 warning
[INFO] running `Command { std: "docker" "create" "-v" "/var/lib/crater-agent-workspace/builds/worker-6-tc2/source:/opt/rustwide/workdir:ro,Z" "-v" "/var/lib/crater-agent-workspace/builds/worker-6-tc2/target:/opt/rustwide/target:rw,Z" "-v" "/var/lib/crater-agent-workspace/cargo-home:/opt/rustwide/cargo-home:ro,Z" "-v" "/var/lib/crater-agent-workspace/rustup-home:/opt/rustwide/rustup-home:ro,Z" "-m" "1610612736" "--network" "none" "ghcr.io/rust-lang/crates-build-env/linux@sha256:77db811e55d90add9212f6832c23229e3de5f1c1f9905e8cb07319ea15df73ac" "sleep" "infinity", kill_on_drop: false }`
[INFO] [stdout] 133c6decfd5e22492b614218b389222c9c661c120fc2e93d4cfed413138cc0c9
[INFO] running `Command { std: "docker" "start" "133c6decfd5e22492b614218b389222c9c661c120fc2e93d4cfed413138cc0c9", kill_on_drop: false }`
[INFO] running `Command { std: "docker" "inspect" "133c6decfd5e22492b614218b389222c9c661c120fc2e93d4cfed413138cc0c9", kill_on_drop: false }`
[INFO] running `Command { std: "docker" "exec" "-e" "SOURCE_DIR=/opt/rustwide/workdir" "-e" "CARGO_HOME=/opt/rustwide/cargo-home" "-e" "RUSTUP_HOME=/opt/rustwide/rustup-home" "-e" "CARGO_TARGET_DIR=/opt/rustwide/target" "-w" "/opt/rustwide/workdir" "--user" "0:0" "133c6decfd5e22492b614218b389222c9c661c120fc2e93d4cfed413138cc0c9" "/opt/rustwide/cargo-home/bin/cargo" "+1.100.0-beta.1" "metadata" "--no-deps" "--format-version=1", kill_on_drop: false }`
[INFO] running `Command { std: "docker" "inspect" "133c6decfd5e22492b614218b389222c9c661c120fc2e93d4cfed413138cc0c9", kill_on_drop: false }`
[INFO] running `Command { std: "docker" "exec" "-e" "SOURCE_DIR=/opt/rustwide/workdir" "-e" "CARGO_HOME=/opt/rustwide/cargo-home" "-e" "RUSTUP_HOME=/opt/rustwide/rustup-home" "-e" "CARGO_TARGET_DIR=/opt/rustwide/target" "-e" "CARGO_INCREMENTAL=0" "-e" "RUST_BACKTRACE=full" "-e" "RUSTFLAGS=--cap-lints=warn" "-e" "RUSTDOCFLAGS=--cap-lints=warn" "-w" "/opt/rustwide/workdir" "--user" "0:0" "133c6decfd5e22492b614218b389222c9c661c120fc2e93d4cfed413138cc0c9" "/opt/rustwide/cargo-home/bin/cargo" "+1.100.0-beta.1" "build" "--frozen" "--message-format=json" "--release", kill_on_drop: false }`
[INFO] [stderr] warning: `package.homepage` is redundant with `package.repository`
[INFO] [stderr]   --> Cargo.toml:51:12
[INFO] [stderr]    |
[INFO] [stderr] 51 | homepage = "https://github.com/melin-engine/exchange-core"
[INFO] [stderr]    |            ^^^^^^^^^^^^^^^^^^^^^^^^^^^^^^^^^^^^^^^^^^^^^^^
[INFO] [stderr] ...
[INFO] [stderr] 55 | repository = "https://github.com/melin-engine/exchange-core"
[INFO] [stderr]    |              -----------------------------------------------
[INFO] [stderr]    |
[INFO] [stderr]    = note: `cargo::redundant_homepage` is set to `warn` by default
[INFO] [stderr] help: consider removing `package.homepage`
[INFO] [stderr] warning: `melin-ec-md-gateway` (manifest) generated 1 warning
[INFO] [stderr]    Compiling version_check v0.9.5
[INFO] [stderr]    Compiling typenum v1.20.1
[INFO] [stderr]    Compiling semver v1.0.28
[INFO] [stderr]    Compiling libc v0.2.189
[INFO] [stderr]    Compiling cpufeatures v0.2.17
[INFO] [stderr]    Compiling curve25519-dalek-derive v0.1.1
[INFO] [stderr]    Compiling signature v2.2.0
[INFO] [stderr]    Compiling zerocopy v0.8.59
[INFO] [stderr]    Compiling subtle v2.6.1
[INFO] [stderr]    Compiling zeroize v1.9.0
[INFO] [stderr]    Compiling base64 v0.22.1
[INFO] [stderr]    Compiling tracing v0.1.44
[INFO] [stderr]    Compiling regex-syntax v0.8.11
[INFO] [stderr]    Compiling melin-wire-protocol v0.19.0
[INFO] [stderr]    Compiling rand_core v0.6.4
[INFO] [stderr]    Compiling syn v3.0.6
[INFO] [stderr]    Compiling lazy_static v1.5.0
[INFO] [stderr]    Compiling io-uring v0.7.15
[INFO] [stderr]    Compiling ed25519 v2.2.3
[INFO] [stderr]    Compiling winnow v1.0.4
[INFO] [stderr]    Compiling melin-ec-types v0.19.0
[INFO] [stderr]    Compiling serde v1.0.229
[INFO] [stderr]    Compiling sharded-slab v0.1.7
[INFO] [stderr]    Compiling toml_datetime v1.1.1+spec-1.1.0
[INFO] [stderr]    Compiling serde_spanned v1.1.1
[INFO] [stderr]    Compiling generic-array v0.14.7
[INFO] [stderr]    Compiling rustc_version v0.4.1
[INFO] [stderr]    Compiling astenn v0.1.0
[INFO] [stderr]    Compiling toml_writer v1.1.2+spec-1.1.0
[INFO] [stderr]    Compiling bitflags v2.13.2
[INFO] [stderr]    Compiling rustc-hash v2.1.3
[INFO] [stderr]    Compiling melin-ec-gateway-core v0.19.0
[INFO] [stderr]    Compiling toml_parser v1.1.3+spec-1.1.0
[INFO] [stderr]    Compiling curve25519-dalek v4.1.3
[INFO] [stderr]    Compiling toml v1.1.6+spec-1.1.0
[INFO] [stderr]    Compiling melin-app v0.19.0
[INFO] [stderr]    Compiling crypto-common v0.1.7
[INFO] [stderr]    Compiling block-buffer v0.10.4
[INFO] [stderr]    Compiling digest v0.10.7
[INFO] [stderr]    Compiling sha2 v0.10.9
[INFO] [stderr]    Compiling regex-automata v0.4.18
[INFO] [stderr]    Compiling ed25519-dalek v2.2.0
[INFO] [stderr]    Compiling serde_derive v1.0.229
[INFO] [stderr]    Compiling melin-client v0.19.0
[INFO] [stderr]    Compiling matchers v0.2.0
[INFO] [stderr]    Compiling tracing-subscriber v0.3.23
[INFO] [stderr]    Compiling melin-ec-protocol v0.19.0
[INFO] [stderr]    Compiling melin-ec-market-data v0.19.0
[INFO] [stderr]    Compiling melin-ec-md-gateway v0.19.0 (/opt/rustwide/workdir)
[INFO] [stderr]     Finished `release` profile [optimized] target(s) in 45.00s
[INFO] running `Command { std: "docker" "inspect" "133c6decfd5e22492b614218b389222c9c661c120fc2e93d4cfed413138cc0c9", kill_on_drop: false }`
[INFO] running `Command { std: "docker" "exec" "-e" "SOURCE_DIR=/opt/rustwide/workdir" "-e" "CARGO_HOME=/opt/rustwide/cargo-home" "-e" "RUSTUP_HOME=/opt/rustwide/rustup-home" "-e" "CARGO_TARGET_DIR=/opt/rustwide/target" "-e" "CARGO_INCREMENTAL=0" "-e" "RUST_BACKTRACE=full" "-e" "RUSTFLAGS=--cap-lints=warn" "-e" "RUSTDOCFLAGS=--cap-lints=warn" "-w" "/opt/rustwide/workdir" "--user" "0:0" "133c6decfd5e22492b614218b389222c9c661c120fc2e93d4cfed413138cc0c9" "/opt/rustwide/cargo-home/bin/cargo" "+1.100.0-beta.1" "test" "--frozen" "--no-run" "--message-format=json" "--release", kill_on_drop: false }`
[INFO] [stderr] warning: `package.homepage` is redundant with `package.repository`
[INFO] [stderr]   --> Cargo.toml:51:12
[INFO] [stderr]    |
[INFO] [stderr] 51 | homepage = "https://github.com/melin-engine/exchange-core"
[INFO] [stderr]    |            ^^^^^^^^^^^^^^^^^^^^^^^^^^^^^^^^^^^^^^^^^^^^^^^
[INFO] [stderr] ...
[INFO] [stderr] 55 | repository = "https://github.com/melin-engine/exchange-core"
[INFO] [stderr]    |              -----------------------------------------------
[INFO] [stderr]    |
[INFO] [stderr]    = note: `cargo::redundant_homepage` is set to `warn` by default
[INFO] [stderr] help: consider removing `package.homepage`
[INFO] [stderr] warning: `melin-ec-md-gateway` (manifest) generated 1 warning
[INFO] [stderr]    Compiling melin-ec-md-gateway v0.19.0 (/opt/rustwide/workdir)
[INFO] [stderr]     Finished `release` profile [optimized] target(s) in 2.75s
[INFO] running `Command { std: "docker" "inspect" "133c6decfd5e22492b614218b389222c9c661c120fc2e93d4cfed413138cc0c9", kill_on_drop: false }`
[INFO] running `Command { std: "docker" "exec" "-e" "SOURCE_DIR=/opt/rustwide/workdir" "-e" "CARGO_HOME=/opt/rustwide/cargo-home" "-e" "RUSTUP_HOME=/opt/rustwide/rustup-home" "-e" "CARGO_TARGET_DIR=/opt/rustwide/target" "-e" "CARGO_INCREMENTAL=0" "-e" "RUST_BACKTRACE=full" "-e" "RUSTFLAGS=--cap-lints=warn" "-e" "RUSTDOCFLAGS=--cap-lints=warn" "-w" "/opt/rustwide/workdir" "--user" "0:0" "133c6decfd5e22492b614218b389222c9c661c120fc2e93d4cfed413138cc0c9" "/opt/rustwide/cargo-home/bin/cargo" "+1.100.0-beta.1" "test" "--frozen" "--release", kill_on_drop: false }`
[INFO] [stderr] warning: `package.homepage` is redundant with `package.repository`
[INFO] [stderr]   --> Cargo.toml:51:12
[INFO] [stderr]    |
[INFO] [stderr] 51 | homepage = "https://github.com/melin-engine/exchange-core"
[INFO] [stderr]    |            ^^^^^^^^^^^^^^^^^^^^^^^^^^^^^^^^^^^^^^^^^^^^^^^
[INFO] [stderr] ...
[INFO] [stderr] 55 | repository = "https://github.com/melin-engine/exchange-core"
[INFO] [stderr]    |              -----------------------------------------------
[INFO] [stderr]    |
[INFO] [stderr]    = note: `cargo::redundant_homepage` is set to `warn` by default
[INFO] [stderr] help: consider removing `package.homepage`
[INFO] [stderr] warning: `melin-ec-md-gateway` (manifest) generated 1 warning
[INFO] [stderr]     Finished `release` profile [optimized] target(s) in 0.10s
[INFO] [stderr]      Running unittests src/main.rs (/opt/rustwide/target/release/build/melin-ec-md-gateway/143b1a8677a94929/out/melin_ec_md_gateway-143b1a8677a94929)
[INFO] [stdout] 
[INFO] [stdout] running 15 tests
[INFO] [stdout] test translate::tests::incremental_refresh ... ok
[INFO] [stdout] test translate::tests::reject_message ... ok
[INFO] [stdout] test translate::tests::snapshot_empty_book ... ok
[INFO] [stdout] test translate::tests::ticks_to_decimal_three_places ... ok
[INFO] [stdout] test translate::tests::ticks_to_decimal_two_places ... ok
[INFO] [stdout] test translate::tests::ticks_to_decimal_integer ... ok
[INFO] [stdout] test translate::tests::security_list_response ... ok
[INFO] [stdout] test translate::tests::snapshot_with_levels ... ok
[INFO] [stdout] test translate::tests::snapshot_with_decimals ... ok
[INFO] [stdout] test event_loop::tests::market_data_request_returns_snapshot ... FAILED
[INFO] [stdout] test event_loop::tests::logon_and_logout_flow ... FAILED
[INFO] [stdout] test event_loop::tests::wrong_target_comp_id_gets_logout ... FAILED
[INFO] [stdout] test event_loop::tests::market_data_request_rejects_empty_symbols ... FAILED
[INFO] [stdout] test event_loop::tests::market_data_request_rejects_when_not_ready ... FAILED
[INFO] [stdout] test event_loop::tests::security_list_request_response ... FAILED
[INFO] [stdout] 
[INFO] [stdout] failures:
[INFO] [stdout] 
[INFO] [stdout] ---- event_loop::tests::market_data_request_returns_snapshot stdout ----
[INFO] [stdout] 
[INFO] [stdout] thread 'test-md-gw' (1026) panicked at src/event_loop.rs:1121:70:
[INFO] [stdout] called `Result::unwrap()` on an `Err` value: Os { code: 1, kind: PermissionDenied, message: "Operation not permitted" }
[INFO] [stdout] stack backtrace:
[INFO] [stdout]    0:     0x5b25206b2c81 - <<std[617be2ca0a6fd877]::sys::backtrace::BacktraceLock>::print::DisplayBacktrace as core[a373ad73a504971]::fmt::Display>::fmt
[INFO] [stdout]    1:     0x5b25206c7a7a - core[a373ad73a504971]::fmt::write
[INFO] [stdout]    2:     0x5b25206b71dc - <alloc[2e1b2a31b91974c5]::vec::Vec<u8> as core[a373ad73a504971]::io::write::Write>::write_fmt
[INFO] [stdout]    3:     0x5b252068e1e6 - std[617be2ca0a6fd877]::panicking::default_hook::{closure#0}
[INFO] [stdout]    4:     0x5b25206aa969 - std[617be2ca0a6fd877]::panicking::default_hook
[INFO] [stdout]    5:     0x5b252063d8a0 - test[aada8e7e76ba119b]::test_main_inner::{closure#0}
[INFO] [stdout]    6:     0x5b25206aab22 - std[617be2ca0a6fd877]::panicking::panic_with_hook
[INFO] [stdout]    7:     0x5b252068e292 - std[617be2ca0a6fd877]::panicking::panic_handler::{closure#0}
[INFO] [stdout]    8:     0x5b2520686ef9 - std[617be2ca0a6fd877]::sys::backtrace::__rust_end_short_backtrace::<std[617be2ca0a6fd877]::panicking::panic_handler::{closure#0}, !>
[INFO] [stdout]    9:     0x5b252068f08d - __rustc[ea4f61d10b84890b]::rust_begin_unwind
[INFO] [stdout]   10:     0x5b25206c81dc - core[a373ad73a504971]::panicking::panic_fmt
[INFO] [stdout]   11:     0x5b25206c7fb2 - core[a373ad73a504971]::result::unwrap_failed
[INFO] [stdout]   12:     0x5b252062c82d - std[617be2ca0a6fd877]::sys::backtrace::__rust_begin_short_backtrace::<melin_ec_md_gateway[55e43652ddc0121e]::event_loop::tests::spawn_gateway_with_state::{closure#0}, ()>
[INFO] [stdout]   13:     0x5b2520630491 - <std[617be2ca0a6fd877]::thread::lifecycle::spawn_unchecked<melin_ec_md_gateway[55e43652ddc0121e]::event_loop::tests::spawn_gateway_with_state::{closure#0}, ()>::{closure#1} as core[a373ad73a504971]::ops::function::FnOnce<()>>::call_once::{shim:vtable#0}
[INFO] [stdout]   14:     0x5b25206b1d3f - <std[617be2ca0a6fd877]::sys::thread::unix::Thread>::new::thread_start
[INFO] [stdout]   15:     0x7a895b5c0dfa - <unknown>
[INFO] [stdout]   16:     0x7a895b6543d4 - clone
[INFO] [stdout]   17:                0x0 - <unknown>
[INFO] [stdout] 
[INFO] [stdout] thread 'event_loop::tests::market_data_request_returns_snapshot' (1014) panicked at src/event_loop.rs:1303:79:
[INFO] [stdout] called `Result::unwrap()` on an `Err` value: Os { code: 111, kind: ConnectionRefused, message: "Connection refused" }
[INFO] [stdout] stack backtrace:
[INFO] [stdout]    0:     0x5b25206b2c81 - <<std[617be2ca0a6fd877]::sys::backtrace::BacktraceLock>::print::DisplayBacktrace as core[a373ad73a504971]::fmt::Display>::fmt
[INFO] [stdout]    1:     0x5b25206c7a7a - core[a373ad73a504971]::fmt::write
[INFO] [stdout]    2:     0x5b25206b71dc - <alloc[2e1b2a31b91974c5]::vec::Vec<u8> as core[a373ad73a504971]::io::write::Write>::write_fmt
[INFO] [stdout]    3:     0x5b252068e1e6 - std[617be2ca0a6fd877]::panicking::default_hook::{closure#0}
[INFO] [stdout]    4:     0x5b25206aa969 - std[617be2ca0a6fd877]::panicking::default_hook
[INFO] [stdout]    5:     0x5b252063d8a0 - test[aada8e7e76ba119b]::test_main_inner::{closure#0}
[INFO] [stdout]    6:     0x5b25206aab22 - std[617be2ca0a6fd877]::panicking::panic_with_hook
[INFO] [stdout]    7:     0x5b252068e292 - std[617be2ca0a6fd877]::panicking::panic_handler::{closure#0}
[INFO] [stdout]    8:     0x5b2520686ef9 - std[617be2ca0a6fd877]::sys::backtrace::__rust_end_short_backtrace::<std[617be2ca0a6fd877]::panicking::panic_handler::{closure#0}, !>
[INFO] [stdout]    9:     0x5b252068f08d - __rustc[ea4f61d10b84890b]::rust_begin_unwind
[INFO] [stdout]   10:     0x5b25206c81dc - core[a373ad73a504971]::panicking::panic_fmt
[INFO] [stdout]   11:     0x5b25206c7fb2 - core[a373ad73a504971]::result::unwrap_failed
[INFO] [stdout]   12:     0x5b2520625abc - <melin_ec_md_gateway[55e43652ddc0121e]::event_loop::tests::market_data_request_returns_snapshot::{closure#0} as core[a373ad73a504971]::ops::function::FnOnce<()>>::call_once
[INFO] [stdout]   13:     0x5b2520630ceb - test[aada8e7e76ba119b]::__rust_begin_short_backtrace::<core[a373ad73a504971]::result::Result<(), alloc[2e1b2a31b91974c5]::string::String>, fn() -> core[a373ad73a504971]::result::Result<(), alloc[2e1b2a31b91974c5]::string::String>>
[INFO] [stdout]   14:     0x5b252063dec5 - test[aada8e7e76ba119b]::run_test::{closure#0}
[INFO] [stdout]   15:     0x5b25206377b4 - std[617be2ca0a6fd877]::sys::backtrace::__rust_begin_short_backtrace::<test[aada8e7e76ba119b]::run_test::{closure#1}, ()>
[INFO] [stdout]   16:     0x5b2520640f52 - <std[617be2ca0a6fd877]::thread::lifecycle::spawn_unchecked<test[aada8e7e76ba119b]::run_test::{closure#1}, ()>::{closure#1} as core[a373ad73a504971]::ops::function::FnOnce<()>>::call_once::{shim:vtable#0}
[INFO] [stdout]   17:     0x5b25206b1d3f - <std[617be2ca0a6fd877]::sys::thread::unix::Thread>::new::thread_start
[INFO] [stdout]   18:     0x7a895b5c0dfa - <unknown>
[INFO] [stdout]   19:     0x7a895b6543d4 - clone
[INFO] [stdout]   20:                0x0 - <unknown>
[INFO] [stdout] 
[INFO] [stdout] ---- event_loop::tests::logon_and_logout_flow stdout ----
[INFO] [stdout] 
[INFO] [stdout] thread 'test-md-gw' (1027) panicked at src/event_loop.rs:1121:70:
[INFO] [stdout] called `Result::unwrap()` on an `Err` value: Os { code: 1, kind: PermissionDenied, message: "Operation not permitted" }
[INFO] [stdout] stack backtrace:
[INFO] [stdout]    0:     0x5b25206b2c81 - <<std[617be2ca0a6fd877]::sys::backtrace::BacktraceLock>::print::DisplayBacktrace as core[a373ad73a504971]::fmt::Display>::fmt
[INFO] [stdout]    1:     0x5b25206c7a7a - core[a373ad73a504971]::fmt::write
[INFO] [stdout]    2:     0x5b25206b71dc - <alloc[2e1b2a31b91974c5]::vec::Vec<u8> as core[a373ad73a504971]::io::write::Write>::write_fmt
[INFO] [stdout]    3:     0x5b252068e1e6 - std[617be2ca0a6fd877]::panicking::default_hook::{closure#0}
[INFO] [stdout]    4:     0x5b25206aa969 - std[617be2ca0a6fd877]::panicking::default_hook
[INFO] [stdout]    5:     0x5b252063d8a0 - test[aada8e7e76ba119b]::test_main_inner::{closure#0}
[INFO] [stdout]    6:     0x5b25206aab22 - std[617be2ca0a6fd877]::panicking::panic_with_hook
[INFO] [stdout]    7:     0x5b252068e292 - std[617be2ca0a6fd877]::panicking::panic_handler::{closure#0}
[INFO] [stdout]    8:     0x5b2520686ef9 - std[617be2ca0a6fd877]::sys::backtrace::__rust_end_short_backtrace::<std[617be2ca0a6fd877]::panicking::panic_handler::{closure#0}, !>
[INFO] [stdout]    9:     0x5b252068f08d - __rustc[ea4f61d10b84890b]::rust_begin_unwind
[INFO] [stdout]   10:     0x5b25206c81dc - core[a373ad73a504971]::panicking::panic_fmt
[INFO] [stdout]   11:     0x5b25206c7fb2 - core[a373ad73a504971]::result::unwrap_failed
[INFO] [stdout]   12:     0x5b252062c82d - std[617be2ca0a6fd877]::sys::backtrace::__rust_begin_short_backtrace::<melin_ec_md_gateway[55e43652ddc0121e]::event_loop::tests::spawn_gateway_with_state::{closure#0}, ()>
[INFO] [stdout]   13:     0x5b2520630491 - <std[617be2ca0a6fd877]::thread::lifecycle::spawn_unchecked<melin_ec_md_gateway[55e43652ddc0121e]::event_loop::tests::spawn_gateway_with_state::{closure#0}, ()>::{closure#1} as core[a373ad73a504971]::ops::function::FnOnce<()>>::call_once::{shim:vtable#0}
[INFO] [stdout]   14:     0x5b25206b1d3f - <std[617be2ca0a6fd877]::sys::thread::unix::Thread>::new::thread_start
[INFO] [stdout]   15:     0x7a895b5c0dfa - <unknown>
[INFO] [stdout]   16:     0x7a895b6543d4 - clone
[INFO] [stdout]   17:                0x0 - <unknown>
[INFO] [stdout] 
[INFO] [stdout] thread 'event_loop::tests::logon_and_logout_flow' (1011) panicked at src/event_loop.rs:1164:79:
[INFO] [stdout] called `Result::unwrap()` on an `Err` value: Os { code: 111, kind: ConnectionRefused, message: "Connection refused" }
[INFO] [stdout] stack backtrace:
[INFO] [stdout]    0:     0x5b25206b2c81 - <<std[617be2ca0a6fd877]::sys::backtrace::BacktraceLock>::print::DisplayBacktrace as core[a373ad73a504971]::fmt::Display>::fmt
[INFO] [stdout]    1:     0x5b25206c7a7a - core[a373ad73a504971]::fmt::write
[INFO] [stdout]    2:     0x5b25206b71dc - <alloc[2e1b2a31b91974c5]::vec::Vec<u8> as core[a373ad73a504971]::io::write::Write>::write_fmt
[INFO] [stdout]    3:     0x5b252068e1e6 - std[617be2ca0a6fd877]::panicking::default_hook::{closure#0}
[INFO] [stdout]    4:     0x5b25206aa969 - std[617be2ca0a6fd877]::panicking::default_hook
[INFO] [stdout]    5:     0x5b252063d8a0 - test[aada8e7e76ba119b]::test_main_inner::{closure#0}
[INFO] [stdout]    6:     0x5b25206aab22 - std[617be2ca0a6fd877]::panicking::panic_with_hook
[INFO] [stdout]    7:     0x5b252068e292 - std[617be2ca0a6fd877]::panicking::panic_handler::{closure#0}
[INFO] [stdout]    8:     0x5b2520686ef9 - std[617be2ca0a6fd877]::sys::backtrace::__rust_end_short_backtrace::<std[617be2ca0a6fd877]::panicking::panic_handler::{closure#0}, !>
[INFO] [stdout]    9:     0x5b252068f08d - __rustc[ea4f61d10b84890b]::rust_begin_unwind
[INFO] [stdout]   10:     0x5b25206c81dc - core[a373ad73a504971]::panicking::panic_fmt
[INFO] [stdout]   11:     0x5b25206c7fb2 - core[a373ad73a504971]::result::unwrap_failed
[INFO] [stdout]   12:     0x5b2520623bef - <melin_ec_md_gateway[55e43652ddc0121e]::event_loop::tests::logon_and_logout_flow::{closure#0} as core[a373ad73a504971]::ops::function::FnOnce<()>>::call_once
[INFO] [stdout]   13:     0x5b2520630ceb - test[aada8e7e76ba119b]::__rust_begin_short_backtrace::<core[a373ad73a504971]::result::Result<(), alloc[2e1b2a31b91974c5]::string::String>, fn() -> core[a373ad73a504971]::result::Result<(), alloc[2e1b2a31b91974c5]::string::String>>
[INFO] [stdout]   14:     0x5b252063dec5 - test[aada8e7e76ba119b]::run_test::{closure#0}
[INFO] [stdout]   15:     0x5b25206377b4 - std[617be2ca0a6fd877]::sys::backtrace::__rust_begin_short_backtrace::<test[aada8e7e76ba119b]::run_test::{closure#1}, ()>
[INFO] [stdout]   16:     0x5b2520640f52 - <std[617be2ca0a6fd877]::thread::lifecycle::spawn_unchecked<test[aada8e7e76ba119b]::run_test::{closure#1}, ()>::{closure#1} as core[a373ad73a504971]::ops::function::FnOnce<()>>::call_once::{shim:vtable#0}
[INFO] [stdout]   17:     0x5b25206b1d3f - <std[617be2ca0a6fd877]::sys::thread::unix::Thread>::new::thread_start
[INFO] [stdout]   18:     0x7a895b5c0dfa - <unknown>
[INFO] [stdout]   19:     0x7a895b6543d4 - clone
[INFO] [stdout]   20:                0x0 - <unknown>
[INFO] [stdout] 
[INFO] [stdout] ---- event_loop::tests::wrong_target_comp_id_gets_logout stdout ----
[INFO] [stdout] 
[INFO] [stdout] thread 'test-md-gw' (1028) panicked at src/event_loop.rs:1121:70:
[INFO] [stdout] called `Result::unwrap()` on an `Err` value: Os { code: 1, kind: PermissionDenied, message: "Operation not permitted" }
[INFO] [stdout] stack backtrace:
[INFO] [stdout]    0:     0x5b25206b2c81 - <<std[617be2ca0a6fd877]::sys::backtrace::BacktraceLock>::print::DisplayBacktrace as core[a373ad73a504971]::fmt::Display>::fmt
[INFO] [stdout]    1:     0x5b25206c7a7a - core[a373ad73a504971]::fmt::write
[INFO] [stdout]    2:     0x5b25206b71dc - <alloc[2e1b2a31b91974c5]::vec::Vec<u8> as core[a373ad73a504971]::io::write::Write>::write_fmt
[INFO] [stdout]    3:     0x5b252068e1e6 - std[617be2ca0a6fd877]::panicking::default_hook::{closure#0}
[INFO] [stdout]    4:     0x5b25206aa969 - std[617be2ca0a6fd877]::panicking::default_hook
[INFO] [stdout]    5:     0x5b252063d8a0 - test[aada8e7e76ba119b]::test_main_inner::{closure#0}
[INFO] [stdout]    6:     0x5b25206aab22 - std[617be2ca0a6fd877]::panicking::panic_with_hook
[INFO] [stdout]    7:     0x5b252068e292 - std[617be2ca0a6fd877]::panicking::panic_handler::{closure#0}
[INFO] [stdout]    8:     0x5b2520686ef9 - std[617be2ca0a6fd877]::sys::backtrace::__rust_end_short_backtrace::<std[617be2ca0a6fd877]::panicking::panic_handler::{closure#0}, !>
[INFO] [stdout]    9:     0x5b252068f08d - __rustc[ea4f61d10b84890b]::rust_begin_unwind
[INFO] [stdout]   10:     0x5b25206c81dc - core[a373ad73a504971]::panicking::panic_fmt
[INFO] [stdout]   11:     0x5b25206c7fb2 - core[a373ad73a504971]::result::unwrap_failed
[INFO] [stdout]   12:     0x5b252062c82d - std[617be2ca0a6fd877]::sys::backtrace::__rust_begin_short_backtrace::<melin_ec_md_gateway[55e43652ddc0121e]::event_loop::tests::spawn_gateway_with_state::{closure#0}, ()>
[INFO] [stdout]   13:     0x5b2520630491 - <std[617be2ca0a6fd877]::thread::lifecycle::spawn_unchecked<melin_ec_md_gateway[55e43652ddc0121e]::event_loop::tests::spawn_gateway_with_state::{closure#0}, ()>::{closure#1} as core[a373ad73a504971]::ops::function::FnOnce<()>>::call_once::{shim:vtable#0}
[INFO] [stdout]   14:     0x5b25206b1d3f - <std[617be2ca0a6fd877]::sys::thread::unix::Thread>::new::thread_start
[INFO] [stdout]   15:     0x7a895b5c0dfa - <unknown>
[INFO] [stdout]   16:     0x7a895b6543d4 - clone
[INFO] [stdout]   17:                0x0 - <unknown>
[INFO] [stdout] 
[INFO] [stdout] thread 'event_loop::tests::wrong_target_comp_id_gets_logout' (1016) panicked at src/event_loop.rs:1201:79:
[INFO] [stdout] called `Result::unwrap()` on an `Err` value: Os { code: 111, kind: ConnectionRefused, message: "Connection refused" }
[INFO] [stdout] stack backtrace:
[INFO] [stdout]    0:     0x5b25206b2c81 - <<std[617be2ca0a6fd877]::sys::backtrace::BacktraceLock>::print::DisplayBacktrace as core[a373ad73a504971]::fmt::Display>::fmt
[INFO] [stdout]    1:     0x5b25206c7a7a - core[a373ad73a504971]::fmt::write
[INFO] [stdout]    2:     0x5b25206b71dc - <alloc[2e1b2a31b91974c5]::vec::Vec<u8> as core[a373ad73a504971]::io::write::Write>::write_fmt
[INFO] [stdout]    3:     0x5b252068e1e6 - std[617be2ca0a6fd877]::panicking::default_hook::{closure#0}
[INFO] [stdout]    4:     0x5b25206aa969 - std[617be2ca0a6fd877]::panicking::default_hook
[INFO] [stdout]    5:     0x5b252063d8a0 - test[aada8e7e76ba119b]::test_main_inner::{closure#0}
[INFO] [stdout]    6:     0x5b25206aab22 - std[617be2ca0a6fd877]::panicking::panic_with_hook
[INFO] [stdout]    7:     0x5b252068e292 - std[617be2ca0a6fd877]::panicking::panic_handler::{closure#0}
[INFO] [stdout]    8:     0x5b2520686ef9 - std[617be2ca0a6fd877]::sys::backtrace::__rust_end_short_backtrace::<std[617be2ca0a6fd877]::panicking::panic_handler::{closure#0}, !>
[INFO] [stdout]    9:     0x5b252068f08d - __rustc[ea4f61d10b84890b]::rust_begin_unwind
[INFO] [stdout]   10:     0x5b25206c81dc - core[a373ad73a504971]::panicking::panic_fmt
[INFO] [stdout]   11:     0x5b25206c7fb2 - core[a373ad73a504971]::result::unwrap_failed
[INFO] [stdout]   12:     0x5b2520624d37 - <melin_ec_md_gateway[55e43652ddc0121e]::event_loop::tests::wrong_target_comp_id_gets_logout::{closure#0} as core[a373ad73a504971]::ops::function::FnOnce<()>>::call_once
[INFO] [stdout]   13:     0x5b2520630ceb - test[aada8e7e76ba119b]::__rust_begin_short_backtrace::<core[a373ad73a504971]::result::Result<(), alloc[2e1b2a31b91974c5]::string::String>, fn() -> core[a373ad73a504971]::result::Result<(), alloc[2e1b2a31b91974c5]::string::String>>
[INFO] [stdout]   14:     0x5b252063dec5 - test[aada8e7e76ba119b]::run_test::{closure#0}
[INFO] [stdout]   15:     0x5b25206377b4 - std[617be2ca0a6fd877]::sys::backtrace::__rust_begin_short_backtrace::<test[aada8e7e76ba119b]::run_test::{closure#1}, ()>
[INFO] [stdout]   16:     0x5b2520640f52 - <std[617be2ca0a6fd877]::thread::lifecycle::spawn_unchecked<test[aada8e7e76ba119b]::run_test::{closure#1}, ()>::{closure#1} as core[a373ad73a504971]::ops::function::FnOnce<()>>::call_once::{shim:vtable#0}
[INFO] [stdout]   17:     0x5b25206b1d3f - <std[617be2ca0a6fd877]::sys::thread::unix::Thread>::new::thread_start
[INFO] [stdout]   18:     0x7a895b5c0dfa - <unknown>
[INFO] [stdout]   19:     0x7a895b6543d4 - clone
[INFO] [stdout]   20:                0x0 - <unknown>
[INFO] [stdout] 
[INFO] [stdout] ---- event_loop::tests::market_data_request_rejects_empty_symbols stdout ----
[INFO] [stdout] 
[INFO] [stdout] thread 'test-md-gw' (1029) panicked at src/event_loop.rs:1121:70:
[INFO] [stdout] called `Result::unwrap()` on an `Err` value: Os { code: 1, kind: PermissionDenied, message: "Operation not permitted" }
[INFO] [stdout] stack backtrace:
[INFO] [stdout]    0:     0x5b25206b2c81 - <<std[617be2ca0a6fd877]::sys::backtrace::BacktraceLock>::print::DisplayBacktrace as core[a373ad73a504971]::fmt::Display>::fmt
[INFO] [stdout]    1:     0x5b25206c7a7a - core[a373ad73a504971]::fmt::write
[INFO] [stdout]    2:     0x5b25206b71dc - <alloc[2e1b2a31b91974c5]::vec::Vec<u8> as core[a373ad73a504971]::io::write::Write>::write_fmt
[INFO] [stdout]    3:     0x5b252068e1e6 - std[617be2ca0a6fd877]::panicking::default_hook::{closure#0}
[INFO] [stdout]    4:     0x5b25206aa969 - std[617be2ca0a6fd877]::panicking::default_hook
[INFO] [stdout]    5:     0x5b252063d8a0 - test[aada8e7e76ba119b]::test_main_inner::{closure#0}
[INFO] [stdout]    6:     0x5b25206aab22 - std[617be2ca0a6fd877]::panicking::panic_with_hook
[INFO] [stdout]    7:     0x5b252068e292 - std[617be2ca0a6fd877]::panicking::panic_handler::{closure#0}
[INFO] [stdout]    8:     0x5b2520686ef9 - std[617be2ca0a6fd877]::sys::backtrace::__rust_end_short_backtrace::<std[617be2ca0a6fd877]::panicking::panic_handler::{closure#0}, !>
[INFO] [stdout]    9:     0x5b252068f08d - __rustc[ea4f61d10b84890b]::rust_begin_unwind
[INFO] [stdout]   10:     0x5b25206c81dc - core[a373ad73a504971]::panicking::panic_fmt
[INFO] [stdout]   11:     0x5b25206c7fb2 - core[a373ad73a504971]::result::unwrap_failed
[INFO] [stdout]   12:     0x5b252062c82d - std[617be2ca0a6fd877]::sys::backtrace::__rust_begin_short_backtrace::<melin_ec_md_gateway[55e43652ddc0121e]::event_loop::tests::spawn_gateway_with_state::{closure#0}, ()>
[INFO] [stdout]   13:     0x5b2520630491 - <std[617be2ca0a6fd877]::thread::lifecycle::spawn_unchecked<melin_ec_md_gateway[55e43652ddc0121e]::event_loop::tests::spawn_gateway_with_state::{closure#0}, ()>::{closure#1} as core[a373ad73a504971]::ops::function::FnOnce<()>>::call_once::{shim:vtable#0}
[INFO] [stdout]   14:     0x5b25206b1d3f - <std[617be2ca0a6fd877]::sys::thread::unix::Thread>::new::thread_start
[INFO] [stdout]   15:     0x7a895b5c0dfa - <unknown>
[INFO] [stdout]   16:     0x7a895b6543d4 - clone
[INFO] [stdout]   17:                0x0 - <unknown>
[INFO] [stdout] 
[INFO] [stdout] thread 'event_loop::tests::market_data_request_rejects_empty_symbols' (1012) panicked at src/event_loop.rs:1406:79:
[INFO] [stdout] called `Result::unwrap()` on an `Err` value: Os { code: 111, kind: ConnectionRefused, message: "Connection refused" }
[INFO] [stdout] stack backtrace:
[INFO] [stdout]    0:     0x5b25206b2c81 - <<std[617be2ca0a6fd877]::sys::backtrace::BacktraceLock>::print::DisplayBacktrace as core[a373ad73a504971]::fmt::Display>::fmt
[INFO] [stdout]    1:     0x5b25206c7a7a - core[a373ad73a504971]::fmt::write
[INFO] [stdout]    2:     0x5b25206b71dc - <alloc[2e1b2a31b91974c5]::vec::Vec<u8> as core[a373ad73a504971]::io::write::Write>::write_fmt
[INFO] [stdout]    3:     0x5b252068e1e6 - std[617be2ca0a6fd877]::panicking::default_hook::{closure#0}
[INFO] [stdout]    4:     0x5b25206aa969 - std[617be2ca0a6fd877]::panicking::default_hook
[INFO] [stdout]    5:     0x5b252063d8a0 - test[aada8e7e76ba119b]::test_main_inner::{closure#0}
[INFO] [stdout]    6:     0x5b25206aab22 - std[617be2ca0a6fd877]::panicking::panic_with_hook
[INFO] [stdout]    7:     0x5b252068e292 - std[617be2ca0a6fd877]::panicking::panic_handler::{closure#0}
[INFO] [stdout]    8:     0x5b2520686ef9 - std[617be2ca0a6fd877]::sys::backtrace::__rust_end_short_backtrace::<std[617be2ca0a6fd877]::panicking::panic_handler::{closure#0}, !>
[INFO] [stdout]    9:     0x5b252068f08d - __rustc[ea4f61d10b84890b]::rust_begin_unwind
[INFO] [stdout]   10:     0x5b25206c81dc - core[a373ad73a504971]::panicking::panic_fmt
[INFO] [stdout]   11:     0x5b25206c7fb2 - core[a373ad73a504971]::result::unwrap_failed
[INFO] [stdout]   12:     0x5b2520626485 - <melin_ec_md_gateway[55e43652ddc0121e]::event_loop::tests::market_data_request_rejects_empty_symbols::{closure#0} as core[a373ad73a504971]::ops::function::FnOnce<()>>::call_once
[INFO] [stdout]   13:     0x5b2520630ceb - test[aada8e7e76ba119b]::__rust_begin_short_backtrace::<core[a373ad73a504971]::result::Result<(), alloc[2e1b2a31b91974c5]::string::String>, fn() -> core[a373ad73a504971]::result::Result<(), alloc[2e1b2a31b91974c5]::string::String>>
[INFO] [stdout]   14:     0x5b252063dec5 - test[aada8e7e76ba119b]::run_test::{closure#0}
[INFO] [stdout]   15:     0x5b25206377b4 - std[617be2ca0a6fd877]::sys::backtrace::__rust_begin_short_backtrace::<test[aada8e7e76ba119b]::run_test::{closure#1}, ()>
[INFO] [stdout]   16:     0x5b2520640f52 - <std[617be2ca0a6fd877]::thread::lifecycle::spawn_unchecked<test[aada8e7e76ba119b]::run_test::{closure#1}, ()>::{closure#1} as core[a373ad73a504971]::ops::function::FnOnce<()>>::call_once::{shim:vtable#0}
[INFO] [stdout]   17:     0x5b25206b1d3f - <std[617be2ca0a6fd877]::sys::thread::unix::Thread>::new::thread_start
[INFO] [stdout]   18:     0x7a895b5c0dfa - <unknown>
[INFO] [stdout]   19:     0x7a895b6543d4 - clone
[INFO] [stdout]   20:                0x0 - <unknown>
[INFO] [stdout] 
[INFO] [stdout] ---- event_loop::tests::market_data_request_rejects_when_not_ready stdout ----
[INFO] [stdout] 
[INFO] [stdout] thread 'test-md-gw' (1030) panicked at src/event_loop.rs:1121:70:
[INFO] [stdout] called `Result::unwrap()` on an `Err` value: Os { code: 1, kind: PermissionDenied, message: "Operation not permitted" }
[INFO] [stdout] stack backtrace:
[INFO] [stdout]    0:     0x5b25206b2c81 - <<std[617be2ca0a6fd877]::sys::backtrace::BacktraceLock>::print::DisplayBacktrace as core[a373ad73a504971]::fmt::Display>::fmt
[INFO] [stdout]    1:     0x5b25206c7a7a - core[a373ad73a504971]::fmt::write
[INFO] [stdout]    2:     0x5b25206b71dc - <alloc[2e1b2a31b91974c5]::vec::Vec<u8> as core[a373ad73a504971]::io::write::Write>::write_fmt
[INFO] [stdout]    3:     0x5b252068e1e6 - std[617be2ca0a6fd877]::panicking::default_hook::{closure#0}
[INFO] [stdout]    4:     0x5b25206aa969 - std[617be2ca0a6fd877]::panicking::default_hook
[INFO] [stdout]    5:     0x5b252063d8a0 - test[aada8e7e76ba119b]::test_main_inner::{closure#0}
[INFO] [stdout]    6:     0x5b25206aab22 - std[617be2ca0a6fd877]::panicking::panic_with_hook
[INFO] [stdout]    7:     0x5b252068e292 - std[617be2ca0a6fd877]::panicking::panic_handler::{closure#0}
[INFO] [stdout]    8:     0x5b2520686ef9 - std[617be2ca0a6fd877]::sys::backtrace::__rust_end_short_backtrace::<std[617be2ca0a6fd877]::panicking::panic_handler::{closure#0}, !>
[INFO] [stdout]    9:     0x5b252068f08d - __rustc[ea4f61d10b84890b]::rust_begin_unwind
[INFO] [stdout]   10:     0x5b25206c81dc - core[a373ad73a504971]::panicking::panic_fmt
[INFO] [stdout]   11:     0x5b25206c7fb2 - core[a373ad73a504971]::result::unwrap_failed
[INFO] [stdout]   12:     0x5b252062c82d - std[617be2ca0a6fd877]::sys::backtrace::__rust_begin_short_backtrace::<melin_ec_md_gateway[55e43652ddc0121e]::event_loop::tests::spawn_gateway_with_state::{closure#0}, ()>
[INFO] [stdout]   13:     0x5b2520630491 - <std[617be2ca0a6fd877]::thread::lifecycle::spawn_unchecked<melin_ec_md_gateway[55e43652ddc0121e]::event_loop::tests::spawn_gateway_with_state::{closure#0}, ()>::{closure#1} as core[a373ad73a504971]::ops::function::FnOnce<()>>::call_once::{shim:vtable#0}
[INFO] [stdout]   14:     0x5b25206b1d3f - <std[617be2ca0a6fd877]::sys::thread::unix::Thread>::new::thread_start
[INFO] [stdout]   15:     0x7a895b5c0dfa - <unknown>
[INFO] [stdout]   16:     0x7a895b6543d4 - clone
[INFO] [stdout]   17:                0x0 - <unknown>
[INFO] [stdout] 
[INFO] [stdout] thread 'event_loop::tests::market_data_request_rejects_when_not_ready' (1013) panicked at src/event_loop.rs:1363:79:
[INFO] [stdout] called `Result::unwrap()` on an `Err` value: Os { code: 111, kind: ConnectionRefused, message: "Connection refused" }
[INFO] [stdout] stack backtrace:
[INFO] [stdout]    0:     0x5b25206b2c81 - <<std[617be2ca0a6fd877]::sys::backtrace::BacktraceLock>::print::DisplayBacktrace as core[a373ad73a504971]::fmt::Display>::fmt
[INFO] [stdout]    1:     0x5b25206c7a7a - core[a373ad73a504971]::fmt::write
[INFO] [stdout]    2:     0x5b25206b71dc - <alloc[2e1b2a31b91974c5]::vec::Vec<u8> as core[a373ad73a504971]::io::write::Write>::write_fmt
[INFO] [stdout]    3:     0x5b252068e1e6 - std[617be2ca0a6fd877]::panicking::default_hook::{closure#0}
[INFO] [stdout]    4:     0x5b25206aa969 - std[617be2ca0a6fd877]::panicking::default_hook
[INFO] [stdout]    5:     0x5b252063d8a0 - test[aada8e7e76ba119b]::test_main_inner::{closure#0}
[INFO] [stdout]    6:     0x5b25206aab22 - std[617be2ca0a6fd877]::panicking::panic_with_hook
[INFO] [stdout]    7:     0x5b252068e292 - std[617be2ca0a6fd877]::panicking::panic_handler::{closure#0}
[INFO] [stdout]    8:     0x5b2520686ef9 - std[617be2ca0a6fd877]::sys::backtrace::__rust_end_short_backtrace::<std[617be2ca0a6fd877]::panicking::panic_handler::{closure#0}, !>
[INFO] [stdout]    9:     0x5b252068f08d - __rustc[ea4f61d10b84890b]::rust_begin_unwind
[INFO] [stdout]   10:     0x5b25206c81dc - core[a373ad73a504971]::panicking::panic_fmt
[INFO] [stdout]   11:     0x5b25206c7fb2 - core[a373ad73a504971]::result::unwrap_failed
[INFO] [stdout]   12:     0x5b2520626c1a - <melin_ec_md_gateway[55e43652ddc0121e]::event_loop::tests::market_data_request_rejects_when_not_ready::{closure#0} as core[a373ad73a504971]::ops::function::FnOnce<()>>::call_once
[INFO] [stdout]   13:     0x5b2520630ceb - test[aada8e7e76ba119b]::__rust_begin_short_backtrace::<core[a373ad73a504971]::result::Result<(), alloc[2e1b2a31b91974c5]::string::String>, fn() -> core[a373ad73a504971]::result::Result<(), alloc[2e1b2a31b91974c5]::string::String>>
[INFO] [stdout]   14:     0x5b252063dec5 - test[aada8e7e76ba119b]::run_test::{closure#0}
[INFO] [stdout]   15:     0x5b25206377b4 - std[617be2ca0a6fd877]::sys::backtrace::__rust_begin_short_backtrace::<test[aada8e7e76ba119b]::run_test::{closure#1}, ()>
[INFO] [stdout]   16:     0x5b2520640f52 - <std[617be2ca0a6fd877]::thread::lifecycle::spawn_unchecked<test[aada8e7e76ba119b]::run_test::{closure#1}, ()>::{closure#1} as core[a373ad73a504971]::ops::function::FnOnce<()>>::call_once::{shim:vtable#0}
[INFO] [stdout]   17:     0x5b25206b1d3f - <std[617be2ca0a6fd877]::sys::thread::unix::Thread>::new::thread_start
[INFO] [stdout]   18:     0x7a895b5c0dfa - <unknown>
[INFO] [stdout]   19:     0x7a895b6543d4 - clone
[INFO] [stdout]   20:                0x0 - <unknown>
[INFO] [stdout] 
[INFO] [stdout] ---- event_loop::tests::security_list_request_response stdout ----
[INFO] [stdout] 
[INFO] [stdout] thread 'test-md-gw' (1031) panicked at src/event_loop.rs:1121:70:
[INFO] [stdout] called `Result::unwrap()` on an `Err` value: Os { code: 1, kind: PermissionDenied, message: "Operation not permitted" }
[INFO] [stdout] stack backtrace:
[INFO] [stdout]    0:     0x5b25206b2c81 - <<std[617be2ca0a6fd877]::sys::backtrace::BacktraceLock>::print::DisplayBacktrace as core[a373ad73a504971]::fmt::Display>::fmt
[INFO] [stdout]    1:     0x5b25206c7a7a - core[a373ad73a504971]::fmt::write
[INFO] [stdout]    2:     0x5b25206b71dc - <alloc[2e1b2a31b91974c5]::vec::Vec<u8> as core[a373ad73a504971]::io::write::Write>::write_fmt
[INFO] [stdout]    3:     0x5b252068e1e6 - std[617be2ca0a6fd877]::panicking::default_hook::{closure#0}
[INFO] [stdout]    4:     0x5b25206aa969 - std[617be2ca0a6fd877]::panicking::default_hook
[INFO] [stdout]    5:     0x5b252063d8a0 - test[aada8e7e76ba119b]::test_main_inner::{closure#0}
[INFO] [stdout]    6:     0x5b25206aab22 - std[617be2ca0a6fd877]::panicking::panic_with_hook
[INFO] [stdout]    7:     0x5b252068e292 - std[617be2ca0a6fd877]::panicking::panic_handler::{closure#0}
[INFO] [stdout]    8:     0x5b2520686ef9 - std[617be2ca0a6fd877]::sys::backtrace::__rust_end_short_backtrace::<std[617be2ca0a6fd877]::panicking::panic_handler::{closure#0}, !>
[INFO] [stdout]    9:     0x5b252068f08d - __rustc[ea4f61d10b84890b]::rust_begin_unwind
[INFO] [stdout]   10:     0x5b25206c81dc - core[a373ad73a504971]::panicking::panic_fmt
[INFO] [stdout]   11:     0x5b25206c7fb2 - core[a373ad73a504971]::result::unwrap_failed
[INFO] [stdout]   12:     0x5b252062c82d - std[617be2ca0a6fd877]::sys::backtrace::__rust_begin_short_backtrace::<melin_ec_md_gateway[55e43652ddc0121e]::event_loop::tests::spawn_gateway_with_state::{closure#0}, ()>
[INFO] [stdout]   13:     0x5b2520630491 - <std[617be2ca0a6fd877]::thread::lifecycle::spawn_unchecked<melin_ec_md_gateway[55e43652ddc0121e]::event_loop::tests::spawn_gateway_with_state::{closure#0}, ()>::{closure#1} as core[a373ad73a504971]::ops::function::FnOnce<()>>::call_once::{shim:vtable#0}
[INFO] [stdout]   14:     0x5b25206b1d3f - <std[617be2ca0a6fd877]::sys::thread::unix::Thread>::new::thread_start
[INFO] [stdout]   15:     0x7a895b5c0dfa - <unknown>
[INFO] [stdout]   16:     0x7a895b6543d4 - clone
[INFO] [stdout]   17:                0x0 - <unknown>
[INFO] [stdout] 
[INFO] [stdout] thread 'event_loop::tests::security_list_request_response' (1015) panicked at src/event_loop.rs:1462:79:
[INFO] [stdout] called `Result::unwrap()` on an `Err` value: Os { code: 111, kind: ConnectionRefused, message: "Connection refused" }
[INFO] [stdout] stack backtrace:
[INFO] [stdout]    0:     0x5b25206b2c81 - <<std[617be2ca0a6fd877]::sys::backtrace::BacktraceLock>::print::DisplayBacktrace as core[a373ad73a504971]::fmt::Display>::fmt
[INFO] [stdout]    1:     0x5b25206c7a7a - core[a373ad73a504971]::fmt::write
[INFO] [stdout]    2:     0x5b25206b71dc - <alloc[2e1b2a31b91974c5]::vec::Vec<u8> as core[a373ad73a504971]::io::write::Write>::write_fmt
[INFO] [stdout]    3:     0x5b252068e1e6 - std[617be2ca0a6fd877]::panicking::default_hook::{closure#0}
[INFO] [stdout]    4:     0x5b25206aa969 - std[617be2ca0a6fd877]::panicking::default_hook
[INFO] [stdout]    5:     0x5b252063d8a0 - test[aada8e7e76ba119b]::test_main_inner::{closure#0}
[INFO] [stdout]    6:     0x5b25206aab22 - std[617be2ca0a6fd877]::panicking::panic_with_hook
[INFO] [stdout]    7:     0x5b252068e292 - std[617be2ca0a6fd877]::panicking::panic_handler::{closure#0}
[INFO] [stdout]    8:     0x5b2520686ef9 - std[617be2ca0a6fd877]::sys::backtrace::__rust_end_short_backtrace::<std[617be2ca0a6fd877]::panicking::panic_handler::{closure#0}, !>
[INFO] [stdout]    9:     0x5b252068f08d - __rustc[ea4f61d10b84890b]::rust_begin_unwind
[INFO] [stdout]   10:     0x5b25206c81dc - core[a373ad73a504971]::panicking::panic_fmt
[INFO] [stdout]   11:     0x5b25206c7fb2 - core[a373ad73a504971]::result::unwrap_failed
[INFO] [stdout]   12:     0x5b25206247bd - <melin_ec_md_gateway[55e43652ddc0121e]::event_loop::tests::security_list_request_response::{closure#0} as core[a373ad73a504971]::ops::function::FnOnce<()>>::call_once
[INFO] [stdout]   13:     0x5b2520630ceb - test[aada8e7e76ba119b]::__rust_begin_short_backtrace::<core[a373ad73a504971]::result::Result<(), alloc[2e1b2a31b91974c5]::string::String>, fn() -> core[a373ad73a504971]::result::Result<(), alloc[2e1b2a31b91974c5]::string::String>>
[INFO] [stdout]   14:     0x5b252063dec5 - test[aada8e7e76ba119b]::run_test::{closure#0}
[INFO] [stdout]   15:     0x5b25206377b4 - std[617be2ca0a6fd877]::sys::backtrace::__rust_begin_short_backtrace::<test[aada8e7e76ba119b]::run_test::{closure#1}, ()>
[INFO] [stdout]   16:     0x5b2520640f52 - <std[617be2ca0a6fd877]::thread::lifecycle::spawn_unchecked<test[aada8e7e76ba119b]::run_test::{closure#1}, ()>::{closure#1} as core[a373ad73a504971]::ops::function::FnOnce<()>>::call_once::{shim:vtable#0}
[INFO] [stdout]   17:     0x5b25206b1d3f - <std[617be2ca0a6fd877]::sys::thread::unix::Thread>::new::thread_start
[INFO] [stdout]   18:     0x7a895b5c0dfa - <unknown>
[INFO] [stdout]   19:     0x7a895b6543d4 - clone
[INFO] [stdout]   20:                0x0 - <unknown>
[INFO] [stdout] 
[INFO] [stdout] 
[INFO] [stdout] failures:
[INFO] [stdout]     event_loop::tests::logon_and_logout_flow
[INFO] [stdout]     event_loop::tests::market_data_request_rejects_empty_symbols
[INFO] [stdout]     event_loop::tests::market_data_request_rejects_when_not_ready
[INFO] [stdout]     event_loop::tests::market_data_request_returns_snapshot
[INFO] [stdout]     event_loop::tests::security_list_request_response
[INFO] [stdout]     event_loop::tests::wrong_target_comp_id_gets_logout
[INFO] [stdout] 
[INFO] [stdout] test result: FAILED. 9 passed; 6 failed; 0 ignored; 0 measured; 0 filtered out; finished in 0.07s
[INFO] [stdout] 
[INFO] [stderr] error: test failed, to rerun pass `--bin melin-ec-md-gateway`
[INFO] running `Command { std: "docker" "inspect" "133c6decfd5e22492b614218b389222c9c661c120fc2e93d4cfed413138cc0c9", kill_on_drop: false }`
[INFO] running `Command { std: "docker" "rm" "-f" "133c6decfd5e22492b614218b389222c9c661c120fc2e93d4cfed413138cc0c9", kill_on_drop: false }`
[INFO] [stdout] 133c6decfd5e22492b614218b389222c9c661c120fc2e93d4cfed413138cc0c9
