[INFO] fetching crate mediaway-test-media 0.2.1...
[INFO] testing mediaway-test-media-0.2.1 against 1.100.0-beta.1+cargoflags=--release for beta-release-1.100-2
[INFO] extracting crate mediaway-test-media 0.2.1 into /workspace/builds/worker-6-tc2/source
[INFO] started tweaking crates.io crate mediaway-test-media 0.2.1
[INFO] finished tweaking crates.io crate mediaway-test-media 0.2.1
[INFO] tweaked toml for crates.io crate mediaway-test-media 0.2.1 written to /workspace/builds/worker-6-tc2/source/Cargo.toml
[INFO] validating manifest of crates.io crate mediaway-test-media 0.2.1 on toolchain 1.100.0-beta.1
[INFO] running `Command { std: CARGO_HOME="/workspace/cargo-home" RUSTUP_HOME="/workspace/rustup-home" "/workspace/cargo-home/bin/cargo" "+1.100.0-beta.1" "metadata" "--manifest-path" "Cargo.toml" "--no-deps", kill_on_drop: false }`
[INFO] crate crates.io crate mediaway-test-media 0.2.1 already has a lockfile, it will not be regenerated
[INFO] running `Command { std: CARGO_HOME="/workspace/cargo-home" RUSTUP_HOME="/workspace/rustup-home" "/workspace/cargo-home/bin/cargo" "+1.100.0-beta.1" "fetch" "--manifest-path" "Cargo.toml", kill_on_drop: false }`
[INFO] running `Command { std: "docker" "create" "-v" "/var/lib/crater-agent-workspace/builds/worker-6-tc2/source:/opt/rustwide/workdir:ro,Z" "-v" "/var/lib/crater-agent-workspace/builds/worker-6-tc2/target:/opt/rustwide/target:rw,Z" "-v" "/var/lib/crater-agent-workspace/cargo-home:/opt/rustwide/cargo-home:ro,Z" "-v" "/var/lib/crater-agent-workspace/rustup-home:/opt/rustwide/rustup-home:ro,Z" "-m" "1610612736" "--network" "none" "ghcr.io/rust-lang/crates-build-env/linux@sha256:77db811e55d90add9212f6832c23229e3de5f1c1f9905e8cb07319ea15df73ac" "sleep" "infinity", kill_on_drop: false }`
[INFO] [stdout] 52de5252cd0decde1533dec27dd2885a3337998bc753d7b1a4897624e0fa70dd
[INFO] running `Command { std: "docker" "start" "52de5252cd0decde1533dec27dd2885a3337998bc753d7b1a4897624e0fa70dd", kill_on_drop: false }`
[INFO] running `Command { std: "docker" "inspect" "52de5252cd0decde1533dec27dd2885a3337998bc753d7b1a4897624e0fa70dd", kill_on_drop: false }`
[INFO] running `Command { std: "docker" "exec" "-e" "SOURCE_DIR=/opt/rustwide/workdir" "-e" "CARGO_HOME=/opt/rustwide/cargo-home" "-e" "RUSTUP_HOME=/opt/rustwide/rustup-home" "-e" "CARGO_TARGET_DIR=/opt/rustwide/target" "-w" "/opt/rustwide/workdir" "--user" "0:0" "52de5252cd0decde1533dec27dd2885a3337998bc753d7b1a4897624e0fa70dd" "/opt/rustwide/cargo-home/bin/cargo" "+1.100.0-beta.1" "metadata" "--no-deps" "--format-version=1", kill_on_drop: false }`
[INFO] running `Command { std: "docker" "inspect" "52de5252cd0decde1533dec27dd2885a3337998bc753d7b1a4897624e0fa70dd", kill_on_drop: false }`
[INFO] running `Command { std: "docker" "exec" "-e" "SOURCE_DIR=/opt/rustwide/workdir" "-e" "CARGO_HOME=/opt/rustwide/cargo-home" "-e" "RUSTUP_HOME=/opt/rustwide/rustup-home" "-e" "CARGO_TARGET_DIR=/opt/rustwide/target" "-e" "CARGO_INCREMENTAL=0" "-e" "RUST_BACKTRACE=full" "-e" "RUSTFLAGS=--cap-lints=warn" "-e" "RUSTDOCFLAGS=--cap-lints=warn" "-w" "/opt/rustwide/workdir" "--user" "0:0" "52de5252cd0decde1533dec27dd2885a3337998bc753d7b1a4897624e0fa70dd" "/opt/rustwide/cargo-home/bin/cargo" "+1.100.0-beta.1" "build" "--frozen" "--message-format=json" "--release", kill_on_drop: false }`
[INFO] [stderr]    Compiling arrayref v0.3.9
[INFO] [stderr]    Compiling cpufeatures v0.3.0
[INFO] [stderr]    Compiling cc v1.4.3
[INFO] [stderr]    Compiling arrayvec v0.7.8
[INFO] [stderr]    Compiling constant_time_eq v0.4.2
[INFO] [stderr]    Compiling syn v3.0.3
[INFO] [stderr]    Compiling blake3 v1.8.6
[INFO] [stderr]    Compiling thiserror-impl v2.0.20
[INFO] [stderr]    Compiling thiserror v2.0.20
[INFO] [stderr]    Compiling mediaway-test-media v0.2.1 (/opt/rustwide/workdir)
[INFO] [stderr]     Finished `release` profile [optimized] target(s) in 8.41s
[INFO] running `Command { std: "docker" "inspect" "52de5252cd0decde1533dec27dd2885a3337998bc753d7b1a4897624e0fa70dd", kill_on_drop: false }`
[INFO] running `Command { std: "docker" "exec" "-e" "SOURCE_DIR=/opt/rustwide/workdir" "-e" "CARGO_HOME=/opt/rustwide/cargo-home" "-e" "RUSTUP_HOME=/opt/rustwide/rustup-home" "-e" "CARGO_TARGET_DIR=/opt/rustwide/target" "-e" "CARGO_INCREMENTAL=0" "-e" "RUST_BACKTRACE=full" "-e" "RUSTFLAGS=--cap-lints=warn" "-e" "RUSTDOCFLAGS=--cap-lints=warn" "-w" "/opt/rustwide/workdir" "--user" "0:0" "52de5252cd0decde1533dec27dd2885a3337998bc753d7b1a4897624e0fa70dd" "/opt/rustwide/cargo-home/bin/cargo" "+1.100.0-beta.1" "test" "--frozen" "--no-run" "--message-format=json" "--release", kill_on_drop: false }`
[INFO] [stderr]    Compiling mediaway-test-media v0.2.1 (/opt/rustwide/workdir)
[INFO] [stderr]     Finished `release` profile [optimized] target(s) in 1.57s
[INFO] running `Command { std: "docker" "inspect" "52de5252cd0decde1533dec27dd2885a3337998bc753d7b1a4897624e0fa70dd", kill_on_drop: false }`
[INFO] running `Command { std: "docker" "exec" "-e" "SOURCE_DIR=/opt/rustwide/workdir" "-e" "CARGO_HOME=/opt/rustwide/cargo-home" "-e" "RUSTUP_HOME=/opt/rustwide/rustup-home" "-e" "CARGO_TARGET_DIR=/opt/rustwide/target" "-e" "CARGO_INCREMENTAL=0" "-e" "RUST_BACKTRACE=full" "-e" "RUSTFLAGS=--cap-lints=warn" "-e" "RUSTDOCFLAGS=--cap-lints=warn" "-w" "/opt/rustwide/workdir" "--user" "0:0" "52de5252cd0decde1533dec27dd2885a3337998bc753d7b1a4897624e0fa70dd" "/opt/rustwide/cargo-home/bin/cargo" "+1.100.0-beta.1" "test" "--frozen" "--release", kill_on_drop: false }`
[INFO] [stderr]     Finished `release` profile [optimized] target(s) in 0.07s
[INFO] [stderr]      Running unittests src/lib.rs (/opt/rustwide/target/release/build/mediaway-test-media/4c8c303ed5372225/out/mediaway_test_media-4c8c303ed5372225)
[INFO] [stdout] 
[INFO] [stdout] running 9 tests
[INFO] [stdout] test tests::ensure_stages_generation_outside_the_returned_path ... FAILED
[INFO] [stdout] test tests::solid_nv12_digest_constant_matches_bytes ... ok
[INFO] [stdout] test tests::solid_nv12_is_cached_and_hash_checked ... FAILED
[INFO] [stdout] test tests::solid_red_digest_constant_matches_bytes ... ok
[INFO] [stdout] test tests::ensure_fails_when_generator_drifts ... FAILED
[INFO] [stdout] test tests::pcm_silence_digest_constant_matches_bytes ... ok
[INFO] [stdout] test tests::solid_red_is_cached_and_hash_checked ... FAILED
[INFO] [stdout] test tests::ensure_is_safe_for_concurrent_callers_of_one_fixture ... FAILED
[INFO] [stdout] test tests::pcm_silence_is_cached_and_hash_checked ... FAILED
[INFO] [stdout] 
[INFO] [stdout] failures:
[INFO] [stdout] 
[INFO] [stdout] ---- tests::ensure_stages_generation_outside_the_returned_path stdout ----
[INFO] [stdout] Error: WorkspaceRootNotFound
[INFO] [stdout] 
[INFO] [stdout] ---- tests::solid_nv12_is_cached_and_hash_checked stdout ----
[INFO] [stdout] Error: WorkspaceRootNotFound
[INFO] [stdout] 
[INFO] [stdout] ---- tests::ensure_fails_when_generator_drifts stdout ----
[INFO] [stdout] 
[INFO] [stdout] thread 'tests::ensure_fails_when_generator_drifts' (321) panicked at src/lib_tests.rs:35:5:
[INFO] [stdout] assertion failed: matches!(err, Err(TestMediaError::HashMismatch { .. }))
[INFO] [stdout] stack backtrace:
[INFO] [stdout]    0:     0x59634478fcf1 - <<std[617be2ca0a6fd877]::sys::backtrace::BacktraceLock>::print::DisplayBacktrace as core[a373ad73a504971]::fmt::Display>::fmt
[INFO] [stdout]    1:     0x5963447a451a - core[a373ad73a504971]::fmt::write
[INFO] [stdout]    2:     0x59634479422c - <alloc[2e1b2a31b91974c5]::vec::Vec<u8> as core[a373ad73a504971]::io::write::Write>::write_fmt
[INFO] [stdout]    3:     0x59634476a586 - std[617be2ca0a6fd877]::panicking::default_hook::{closure#0}
[INFO] [stdout]    4:     0x596344787769 - std[617be2ca0a6fd877]::panicking::default_hook
[INFO] [stdout]    5:     0x596344722620 - test[aada8e7e76ba119b]::test_main_inner::{closure#0}
[INFO] [stdout]    6:     0x596344787a92 - std[617be2ca0a6fd877]::panicking::panic_with_hook
[INFO] [stdout]    7:     0x59634476a664 - std[617be2ca0a6fd877]::panicking::panic_handler::{closure#0}
[INFO] [stdout]    8:     0x596344762f99 - std[617be2ca0a6fd877]::sys::backtrace::__rust_end_short_backtrace::<std[617be2ca0a6fd877]::panicking::panic_handler::{closure#0}, !>
[INFO] [stdout]    9:     0x59634476b32d - __rustc[ea4f61d10b84890b]::rust_begin_unwind
[INFO] [stdout]   10:     0x5963447a4c4c - core[a373ad73a504971]::panicking::panic_fmt
[INFO] [stdout]   11:     0x5963447a4c12 - core[a373ad73a504971]::panicking::panic
[INFO] [stdout]   12:     0x5963447002fe - <mediaway_test_media[b1cfd10f8bc1f32d]::tests::ensure_fails_when_generator_drifts::{closure#0} as core[a373ad73a504971]::ops::function::FnOnce<()>>::call_once
[INFO] [stdout]   13:     0x596344715a6b - test[aada8e7e76ba119b]::__rust_begin_short_backtrace::<core[a373ad73a504971]::result::Result<(), alloc[2e1b2a31b91974c5]::string::String>, fn() -> core[a373ad73a504971]::result::Result<(), alloc[2e1b2a31b91974c5]::string::String>>
[INFO] [stdout]   14:     0x596344722c45 - test[aada8e7e76ba119b]::run_test::{closure#0}
[INFO] [stdout]   15:     0x59634471c534 - std[617be2ca0a6fd877]::sys::backtrace::__rust_begin_short_backtrace::<test[aada8e7e76ba119b]::run_test::{closure#1}, ()>
[INFO] [stdout]   16:     0x596344725cd2 - <std[617be2ca0a6fd877]::thread::lifecycle::spawn_unchecked<test[aada8e7e76ba119b]::run_test::{closure#1}, ()>::{closure#1} as core[a373ad73a504971]::ops::function::FnOnce<()>>::call_once::{shim:vtable#0}
[INFO] [stdout]   17:     0x59634478efff - <std[617be2ca0a6fd877]::sys::thread::unix::Thread>::new::thread_start
[INFO] [stdout]   18:     0x79fae80bedfa - <unknown>
[INFO] [stdout]   19:     0x79fae81523d4 - clone
[INFO] [stdout]   20:                0x0 - <unknown>
[INFO] [stdout] 
[INFO] [stdout] ---- tests::solid_red_is_cached_and_hash_checked stdout ----
[INFO] [stdout] Error: WorkspaceRootNotFound
[INFO] [stdout] 
[INFO] [stdout] ---- tests::ensure_is_safe_for_concurrent_callers_of_one_fixture stdout ----
[INFO] [stdout] Error: WorkspaceRootNotFound
[INFO] [stdout] 
[INFO] [stdout] ---- tests::pcm_silence_is_cached_and_hash_checked stdout ----
[INFO] [stdout] Error: WorkspaceRootNotFound
[INFO] [stdout] 
[INFO] [stdout] 
[INFO] [stdout] failures:
[INFO] [stdout]     tests::ensure_fails_when_generator_drifts
[INFO] [stdout]     tests::ensure_is_safe_for_concurrent_callers_of_one_fixture
[INFO] [stdout]     tests::ensure_stages_generation_outside_the_returned_path
[INFO] [stdout]     tests::pcm_silence_is_cached_and_hash_checked
[INFO] [stdout]     tests::solid_nv12_is_cached_and_hash_checked
[INFO] [stdout]     tests::solid_red_is_cached_and_hash_checked
[INFO] [stdout] 
[INFO] [stdout] test result: FAILED. 3 passed; 6 failed; 0 ignored; 0 measured; 0 filtered out; finished in 0.01s
[INFO] [stdout] 
[INFO] [stderr] error: test failed, to rerun pass `--lib`
[INFO] running `Command { std: "docker" "inspect" "52de5252cd0decde1533dec27dd2885a3337998bc753d7b1a4897624e0fa70dd", kill_on_drop: false }`
[INFO] running `Command { std: "docker" "rm" "-f" "52de5252cd0decde1533dec27dd2885a3337998bc753d7b1a4897624e0fa70dd", kill_on_drop: false }`
[INFO] [stdout] 52de5252cd0decde1533dec27dd2885a3337998bc753d7b1a4897624e0fa70dd
