[INFO] fetching crate mediaway-avprobe 0.2.1...
[INFO] testing mediaway-avprobe-0.2.1 against 1.100.0-beta.1+cargoflags=--release for beta-release-1.100-2
[INFO] extracting crate mediaway-avprobe 0.2.1 into /workspace/builds/worker-6-tc2/source
[INFO] started tweaking crates.io crate mediaway-avprobe 0.2.1
[INFO] removed 0 missing tests
[INFO] finished tweaking crates.io crate mediaway-avprobe 0.2.1
[INFO] tweaked toml for crates.io crate mediaway-avprobe 0.2.1 written to /workspace/builds/worker-6-tc2/source/Cargo.toml
[INFO] validating manifest of crates.io crate mediaway-avprobe 0.2.1 on toolchain 1.100.0-beta.1
[INFO] running `Command { std: CARGO_HOME="/workspace/cargo-home" RUSTUP_HOME="/workspace/rustup-home" "/workspace/cargo-home/bin/cargo" "+1.100.0-beta.1" "metadata" "--manifest-path" "Cargo.toml" "--no-deps", kill_on_drop: false }`
[INFO] crate crates.io crate mediaway-avprobe 0.2.1 already has a lockfile, it will not be regenerated
[INFO] running `Command { std: CARGO_HOME="/workspace/cargo-home" RUSTUP_HOME="/workspace/rustup-home" "/workspace/cargo-home/bin/cargo" "+1.100.0-beta.1" "fetch" "--manifest-path" "Cargo.toml", kill_on_drop: false }`
[INFO] running `Command { std: "docker" "create" "-v" "/var/lib/crater-agent-workspace/builds/worker-6-tc2/source:/opt/rustwide/workdir:ro,Z" "-v" "/var/lib/crater-agent-workspace/builds/worker-6-tc2/target:/opt/rustwide/target:rw,Z" "-v" "/var/lib/crater-agent-workspace/cargo-home:/opt/rustwide/cargo-home:ro,Z" "-v" "/var/lib/crater-agent-workspace/rustup-home:/opt/rustwide/rustup-home:ro,Z" "-m" "1610612736" "--network" "none" "ghcr.io/rust-lang/crates-build-env/linux@sha256:77db811e55d90add9212f6832c23229e3de5f1c1f9905e8cb07319ea15df73ac" "sleep" "infinity", kill_on_drop: false }`
[INFO] [stdout] 03a95bd0f7dee636a6b89011d48252efb731ea34e51706451ad90a865cba7a7a
[INFO] running `Command { std: "docker" "start" "03a95bd0f7dee636a6b89011d48252efb731ea34e51706451ad90a865cba7a7a", kill_on_drop: false }`
[INFO] running `Command { std: "docker" "inspect" "03a95bd0f7dee636a6b89011d48252efb731ea34e51706451ad90a865cba7a7a", kill_on_drop: false }`
[INFO] running `Command { std: "docker" "exec" "-e" "SOURCE_DIR=/opt/rustwide/workdir" "-e" "CARGO_HOME=/opt/rustwide/cargo-home" "-e" "RUSTUP_HOME=/opt/rustwide/rustup-home" "-e" "CARGO_TARGET_DIR=/opt/rustwide/target" "-w" "/opt/rustwide/workdir" "--user" "0:0" "03a95bd0f7dee636a6b89011d48252efb731ea34e51706451ad90a865cba7a7a" "/opt/rustwide/cargo-home/bin/cargo" "+1.100.0-beta.1" "metadata" "--no-deps" "--format-version=1", kill_on_drop: false }`
[INFO] running `Command { std: "docker" "inspect" "03a95bd0f7dee636a6b89011d48252efb731ea34e51706451ad90a865cba7a7a", kill_on_drop: false }`
[INFO] running `Command { std: "docker" "exec" "-e" "SOURCE_DIR=/opt/rustwide/workdir" "-e" "CARGO_HOME=/opt/rustwide/cargo-home" "-e" "RUSTUP_HOME=/opt/rustwide/rustup-home" "-e" "CARGO_TARGET_DIR=/opt/rustwide/target" "-e" "CARGO_INCREMENTAL=0" "-e" "RUST_BACKTRACE=full" "-e" "RUSTFLAGS=--cap-lints=warn" "-e" "RUSTDOCFLAGS=--cap-lints=warn" "-w" "/opt/rustwide/workdir" "--user" "0:0" "03a95bd0f7dee636a6b89011d48252efb731ea34e51706451ad90a865cba7a7a" "/opt/rustwide/cargo-home/bin/cargo" "+1.100.0-beta.1" "build" "--frozen" "--message-format=json" "--release", kill_on_drop: false }`
[INFO] [stderr]    Compiling memchr v2.8.3
[INFO] [stderr]    Compiling hybrid-array v0.4.14
[INFO] [stderr]    Compiling mediaway-common v0.2.1
[INFO] [stderr]    Compiling thiserror-impl v2.0.20
[INFO] [stderr]    Compiling inout v0.2.2
[INFO] [stderr]    Compiling crypto-common v0.2.2
[INFO] [stderr]    Compiling thiserror v2.0.20
[INFO] [stderr]    Compiling mpeg-ts-core v0.1.1
[INFO] [stderr]    Compiling riff-wave-core v0.1.1
[INFO] [stderr]    Compiling mpeg-audio v0.1.1
[INFO] [stderr]    Compiling ogg-core v0.1.1
[INFO] [stderr]    Compiling flv-core v0.1.1
[INFO] [stderr]    Compiling adts-core v0.1.1
[INFO] [stderr]    Compiling ebml-webm v0.2.1
[INFO] [stderr]    Compiling cipher v0.5.2
[INFO] [stderr]    Compiling aes v0.9.2
[INFO] [stderr]    Compiling iso-cenc v0.1.1
[INFO] [stderr]    Compiling iso-bmff v0.1.2
[INFO] [stderr]    Compiling mediaway-container v0.2.1
[INFO] [stderr]    Compiling mediaway-avprobe v0.2.1 (/opt/rustwide/workdir)
[INFO] [stderr]     Finished `release` profile [optimized] target(s) in 7.97s
[INFO] running `Command { std: "docker" "inspect" "03a95bd0f7dee636a6b89011d48252efb731ea34e51706451ad90a865cba7a7a", kill_on_drop: false }`
[INFO] running `Command { std: "docker" "exec" "-e" "SOURCE_DIR=/opt/rustwide/workdir" "-e" "CARGO_HOME=/opt/rustwide/cargo-home" "-e" "RUSTUP_HOME=/opt/rustwide/rustup-home" "-e" "CARGO_TARGET_DIR=/opt/rustwide/target" "-e" "CARGO_INCREMENTAL=0" "-e" "RUST_BACKTRACE=full" "-e" "RUSTFLAGS=--cap-lints=warn" "-e" "RUSTDOCFLAGS=--cap-lints=warn" "-w" "/opt/rustwide/workdir" "--user" "0:0" "03a95bd0f7dee636a6b89011d48252efb731ea34e51706451ad90a865cba7a7a" "/opt/rustwide/cargo-home/bin/cargo" "+1.100.0-beta.1" "test" "--frozen" "--no-run" "--message-format=json" "--release", kill_on_drop: false }`
[INFO] [stderr]    Compiling cc v1.4.3
[INFO] [stderr]    Compiling blake3 v1.8.6
[INFO] [stderr]    Compiling mediaway-test-media v0.2.1
[INFO] [stderr]    Compiling mediaway-avprobe v0.2.1 (/opt/rustwide/workdir)
[INFO] [stderr]     Finished `release` profile [optimized] target(s) in 3.63s
[INFO] running `Command { std: "docker" "inspect" "03a95bd0f7dee636a6b89011d48252efb731ea34e51706451ad90a865cba7a7a", kill_on_drop: false }`
[INFO] running `Command { std: "docker" "exec" "-e" "SOURCE_DIR=/opt/rustwide/workdir" "-e" "CARGO_HOME=/opt/rustwide/cargo-home" "-e" "RUSTUP_HOME=/opt/rustwide/rustup-home" "-e" "CARGO_TARGET_DIR=/opt/rustwide/target" "-e" "CARGO_INCREMENTAL=0" "-e" "RUST_BACKTRACE=full" "-e" "RUSTFLAGS=--cap-lints=warn" "-e" "RUSTDOCFLAGS=--cap-lints=warn" "-w" "/opt/rustwide/workdir" "--user" "0:0" "03a95bd0f7dee636a6b89011d48252efb731ea34e51706451ad90a865cba7a7a" "/opt/rustwide/cargo-home/bin/cargo" "+1.100.0-beta.1" "test" "--frozen" "--release", kill_on_drop: false }`
[INFO] [stderr]     Finished `release` profile [optimized] target(s) in 0.03s
[INFO] [stderr]      Running unittests src/main.rs (/opt/rustwide/target/release/build/mediaway-avprobe/344e62ff7f9854ae/out/mediaway_avprobe-344e62ff7f9854ae)
[INFO] [stdout] 
[INFO] [stdout] running 16 tests
[INFO] [stdout] test args::tests::accepts_i_flag_for_input ... ok
[INFO] [stdout] test args::tests::missing_input_is_a_usage_error_with_exit_code_two ... ok
[INFO] [stdout] test args::tests::parses_bare_input_and_defaults_to_showing_both_sections ... ok
[INFO] [stdout] test args::tests::parses_of_json ... ok
[INFO] [stdout] test args::tests::extra_positional_argument_is_a_usage_error ... ok
[INFO] [stdout] test args::tests::unknown_flag_is_a_usage_error ... ok
[INFO] [stdout] test args::tests::show_format_only_does_not_imply_show_streams ... ok
[INFO] [stdout] test args::tests::unsupported_of_value_is_a_usage_error ... ok
[INFO] [stdout] test args::tests::of_without_value_is_a_usage_error ... ok
[INFO] [stdout] test report::tests::json_render_omits_requested_off_sections ... ok
[INFO] [stdout] test report::tests::json_render_uses_null_for_missing_optional_fields ... ok
[INFO] [stdout] test report::tests::json_render_is_valid_looking_and_contains_fields ... ok
[INFO] [stdout] test report::tests::text_render_includes_both_sections_when_requested ... ok
[INFO] [stdout] test report::tests::text_render_omits_format_section_when_not_requested ... ok
[INFO] [stdout] test report::tests::text_render_omits_streams_section_when_not_requested ... ok
[INFO] [stdout] test report::tests::text_render_shows_n_a_for_missing_geometry ... ok
[INFO] [stdout] 
[INFO] [stdout] test result: ok. 16 passed; 0 failed; 0 ignored; 0 measured; 0 filtered out; finished in 0.00s
[INFO] [stdout] 
[INFO] [stderr]      Running tests/probe_mp4.rs (/opt/rustwide/target/release/build/mediaway-avprobe/6508a232d4d79205/out/probe_mp4-6508a232d4d79205)
[INFO] [stdout] 
[INFO] [stdout] running 4 tests
[INFO] [stdout] test probes_generated_fixture_as_json ... FAILED
[INFO] [stdout] test probes_generated_fixture_as_text ... FAILED
[INFO] [stdout] test unknown_flag_is_a_usage_error_exit_two ... ok
[INFO] [stdout] test missing_file_exits_nonzero_without_panicking ... ok
[INFO] [stdout] 
[INFO] [stdout] failures:
[INFO] [stdout] 
[INFO] [stdout] ---- probes_generated_fixture_as_json stdout ----
[INFO] [stdout] 
[INFO] [stdout] thread 'probes_generated_fixture_as_json' (556) panicked at tests/probe_mp4.rs:77:6:
[INFO] [stdout] ensure fixture: WorkspaceRootNotFound
[INFO] [stdout] stack backtrace:
[INFO] [stdout]    0:     0x5e634db9a761 - <<std[617be2ca0a6fd877]::sys::backtrace::BacktraceLock>::print::DisplayBacktrace as core[a373ad73a504971]::fmt::Display>::fmt
[INFO] [stdout]    1:     0x5e634dbaed0a - core[a373ad73a504971]::fmt::write
[INFO] [stdout]    2:     0x5e634db9e97c - <alloc[2e1b2a31b91974c5]::vec::Vec<u8> as core[a373ad73a504971]::io::write::Write>::write_fmt
[INFO] [stdout]    3:     0x5e634db754f6 - std[617be2ca0a6fd877]::panicking::default_hook::{closure#0}
[INFO] [stdout]    4:     0x5e634db92679 - std[617be2ca0a6fd877]::panicking::default_hook
[INFO] [stdout]    5:     0x5e634db08e60 - test[aada8e7e76ba119b]::test_main_inner::{closure#0}
[INFO] [stdout]    6:     0x5e634db92832 - std[617be2ca0a6fd877]::panicking::panic_with_hook
[INFO] [stdout]    7:     0x5e634db755a2 - std[617be2ca0a6fd877]::panicking::panic_handler::{closure#0}
[INFO] [stdout]    8:     0x5e634db6dfa9 - std[617be2ca0a6fd877]::sys::backtrace::__rust_end_short_backtrace::<std[617be2ca0a6fd877]::panicking::panic_handler::{closure#0}, !>
[INFO] [stdout]    9:     0x5e634db7629d - __rustc[ea4f61d10b84890b]::rust_begin_unwind
[INFO] [stdout]   10:     0x5e634dbaf43c - core[a373ad73a504971]::panicking::panic_fmt
[INFO] [stdout]   11:     0x5e634dbaf212 - core[a373ad73a504971]::result::unwrap_failed
[INFO] [stdout]   12:     0x5e634dafbb31 - <probe_mp4[f81ea43e43dc42b8]::probes_generated_fixture_as_json::{closure#0} as core[a373ad73a504971]::ops::function::FnOnce<()>>::call_once
[INFO] [stdout]   13:     0x5e634dafc2ab - test[aada8e7e76ba119b]::__rust_begin_short_backtrace::<core[a373ad73a504971]::result::Result<(), alloc[2e1b2a31b91974c5]::string::String>, fn() -> core[a373ad73a504971]::result::Result<(), alloc[2e1b2a31b91974c5]::string::String>>
[INFO] [stdout]   14:     0x5e634db09485 - test[aada8e7e76ba119b]::run_test::{closure#0}
[INFO] [stdout]   15:     0x5e634db02d74 - std[617be2ca0a6fd877]::sys::backtrace::__rust_begin_short_backtrace::<test[aada8e7e76ba119b]::run_test::{closure#1}, ()>
[INFO] [stdout]   16:     0x5e634db0c512 - <std[617be2ca0a6fd877]::thread::lifecycle::spawn_unchecked<test[aada8e7e76ba119b]::run_test::{closure#1}, ()>::{closure#1} as core[a373ad73a504971]::ops::function::FnOnce<()>>::call_once::{shim:vtable#0}
[INFO] [stdout]   17:     0x5e634db99a7f - <std[617be2ca0a6fd877]::sys::thread::unix::Thread>::new::thread_start
[INFO] [stdout]   18:     0x74f89b306dfa - <unknown>
[INFO] [stdout]   19:     0x74f89b39a3d4 - clone
[INFO] [stdout]   20:                0x0 - <unknown>
[INFO] [stdout] 
[INFO] [stdout] ---- probes_generated_fixture_as_text stdout ----
[INFO] [stdout] 
[INFO] [stdout] thread 'probes_generated_fixture_as_text' (557) panicked at tests/probe_mp4.rs:77:6:
[INFO] [stdout] ensure fixture: WorkspaceRootNotFound
[INFO] [stdout] stack backtrace:
[INFO] [stdout]    0:     0x5e634db9a761 - <<std[617be2ca0a6fd877]::sys::backtrace::BacktraceLock>::print::DisplayBacktrace as core[a373ad73a504971]::fmt::Display>::fmt
[INFO] [stdout]    1:     0x5e634dbaed0a - core[a373ad73a504971]::fmt::write
[INFO] [stdout]    2:     0x5e634db9e97c - <alloc[2e1b2a31b91974c5]::vec::Vec<u8> as core[a373ad73a504971]::io::write::Write>::write_fmt
[INFO] [stdout]    3:     0x5e634db754f6 - std[617be2ca0a6fd877]::panicking::default_hook::{closure#0}
[INFO] [stdout]    4:     0x5e634db92679 - std[617be2ca0a6fd877]::panicking::default_hook
[INFO] [stdout]    5:     0x5e634db08e60 - test[aada8e7e76ba119b]::test_main_inner::{closure#0}
[INFO] [stdout]    6:     0x5e634db92832 - std[617be2ca0a6fd877]::panicking::panic_with_hook
[INFO] [stdout]    7:     0x5e634db755a2 - std[617be2ca0a6fd877]::panicking::panic_handler::{closure#0}
[INFO] [stdout]    8:     0x5e634db6dfa9 - std[617be2ca0a6fd877]::sys::backtrace::__rust_end_short_backtrace::<std[617be2ca0a6fd877]::panicking::panic_handler::{closure#0}, !>
[INFO] [stdout]    9:     0x5e634db7629d - __rustc[ea4f61d10b84890b]::rust_begin_unwind
[INFO] [stdout]   10:     0x5e634dbaf43c - core[a373ad73a504971]::panicking::panic_fmt
[INFO] [stdout]   11:     0x5e634dbaf212 - core[a373ad73a504971]::result::unwrap_failed
[INFO] [stdout]   12:     0x5e634dafbe82 - <probe_mp4[f81ea43e43dc42b8]::probes_generated_fixture_as_text::{closure#0} as core[a373ad73a504971]::ops::function::FnOnce<()>>::call_once
[INFO] [stdout]   13:     0x5e634dafc2ab - test[aada8e7e76ba119b]::__rust_begin_short_backtrace::<core[a373ad73a504971]::result::Result<(), alloc[2e1b2a31b91974c5]::string::String>, fn() -> core[a373ad73a504971]::result::Result<(), alloc[2e1b2a31b91974c5]::string::String>>
[INFO] [stdout]   14:     0x5e634db09485 - test[aada8e7e76ba119b]::run_test::{closure#0}
[INFO] [stdout]   15:     0x5e634db02d74 - std[617be2ca0a6fd877]::sys::backtrace::__rust_begin_short_backtrace::<test[aada8e7e76ba119b]::run_test::{closure#1}, ()>
[INFO] [stdout]   16:     0x5e634db0c512 - <std[617be2ca0a6fd877]::thread::lifecycle::spawn_unchecked<test[aada8e7e76ba119b]::run_test::{closure#1}, ()>::{closure#1} as core[a373ad73a504971]::ops::function::FnOnce<()>>::call_once::{shim:vtable#0}
[INFO] [stdout]   17:     0x5e634db99a7f - <std[617be2ca0a6fd877]::sys::thread::unix::Thread>::new::thread_start
[INFO] [stdout]   18:     0x74f89b306dfa - <unknown>
[INFO] [stdout]   19:     0x74f89b39a3d4 - clone
[INFO] [stdout]   20:                0x0 - <unknown>
[INFO] [stdout] 
[INFO] [stdout] 
[INFO] [stdout] failures:
[INFO] [stdout]     probes_generated_fixture_as_json
[INFO] [stdout]     probes_generated_fixture_as_text
[INFO] [stdout] 
[INFO] [stdout] test result: FAILED. 2 passed; 2 failed; 0 ignored; 0 measured; 0 filtered out; finished in 0.00s
[INFO] [stdout] 
[INFO] [stderr] error: test failed, to rerun pass `--test probe_mp4`
[INFO] running `Command { std: "docker" "inspect" "03a95bd0f7dee636a6b89011d48252efb731ea34e51706451ad90a865cba7a7a", kill_on_drop: false }`
[INFO] running `Command { std: "docker" "rm" "-f" "03a95bd0f7dee636a6b89011d48252efb731ea34e51706451ad90a865cba7a7a", kill_on_drop: false }`
[INFO] [stdout] 03a95bd0f7dee636a6b89011d48252efb731ea34e51706451ad90a865cba7a7a
