[INFO] fetching crate mediainfo-rust 0.1.0...
[INFO] testing mediainfo-rust-0.1.0 against 1.100.0-beta.1+cargoflags=--release for beta-release-1.100-2
[INFO] extracting crate mediainfo-rust 0.1.0 into /workspace/builds/worker-7-tc2/source
[INFO] started tweaking crates.io crate mediainfo-rust 0.1.0
[INFO] removed 0 missing examples
[INFO] removed 0 missing tests
[INFO] finished tweaking crates.io crate mediainfo-rust 0.1.0
[INFO] tweaked toml for crates.io crate mediainfo-rust 0.1.0 written to /workspace/builds/worker-7-tc2/source/Cargo.toml
[INFO] validating manifest of crates.io crate mediainfo-rust 0.1.0 on toolchain 1.100.0-beta.1
[INFO] running `Command { std: CARGO_HOME="/workspace/cargo-home" RUSTUP_HOME="/workspace/rustup-home" "/workspace/cargo-home/bin/cargo" "+1.100.0-beta.1" "metadata" "--manifest-path" "Cargo.toml" "--no-deps", kill_on_drop: false }`
[INFO] crate crates.io crate mediainfo-rust 0.1.0 already has a lockfile, it will not be regenerated
[INFO] running `Command { std: CARGO_HOME="/workspace/cargo-home" RUSTUP_HOME="/workspace/rustup-home" "/workspace/cargo-home/bin/cargo" "+1.100.0-beta.1" "fetch" "--manifest-path" "Cargo.toml", kill_on_drop: false }`
[INFO] running `Command { std: "docker" "create" "-v" "/var/lib/crater-agent-workspace/builds/worker-7-tc2/source:/opt/rustwide/workdir:ro,Z" "-v" "/var/lib/crater-agent-workspace/builds/worker-7-tc2/target:/opt/rustwide/target:rw,Z" "-v" "/var/lib/crater-agent-workspace/cargo-home:/opt/rustwide/cargo-home:ro,Z" "-v" "/var/lib/crater-agent-workspace/rustup-home:/opt/rustwide/rustup-home:ro,Z" "-m" "1610612736" "--network" "none" "ghcr.io/rust-lang/crates-build-env/linux@sha256:77db811e55d90add9212f6832c23229e3de5f1c1f9905e8cb07319ea15df73ac" "sleep" "infinity", kill_on_drop: false }`
[INFO] [stdout] 1dc2ce294c1d2b64b111d3094e30c6f397a2bdd33648230142767bccdc2793fa
[INFO] running `Command { std: "docker" "start" "1dc2ce294c1d2b64b111d3094e30c6f397a2bdd33648230142767bccdc2793fa", kill_on_drop: false }`
[INFO] running `Command { std: "docker" "inspect" "1dc2ce294c1d2b64b111d3094e30c6f397a2bdd33648230142767bccdc2793fa", kill_on_drop: false }`
[INFO] running `Command { std: "docker" "exec" "-e" "SOURCE_DIR=/opt/rustwide/workdir" "-e" "CARGO_HOME=/opt/rustwide/cargo-home" "-e" "RUSTUP_HOME=/opt/rustwide/rustup-home" "-e" "CARGO_TARGET_DIR=/opt/rustwide/target" "-w" "/opt/rustwide/workdir" "--user" "0:0" "1dc2ce294c1d2b64b111d3094e30c6f397a2bdd33648230142767bccdc2793fa" "/opt/rustwide/cargo-home/bin/cargo" "+1.100.0-beta.1" "metadata" "--no-deps" "--format-version=1", kill_on_drop: false }`
[INFO] running `Command { std: "docker" "inspect" "1dc2ce294c1d2b64b111d3094e30c6f397a2bdd33648230142767bccdc2793fa", kill_on_drop: false }`
[INFO] running `Command { std: "docker" "exec" "-e" "SOURCE_DIR=/opt/rustwide/workdir" "-e" "CARGO_HOME=/opt/rustwide/cargo-home" "-e" "RUSTUP_HOME=/opt/rustwide/rustup-home" "-e" "CARGO_TARGET_DIR=/opt/rustwide/target" "-e" "CARGO_INCREMENTAL=0" "-e" "RUST_BACKTRACE=full" "-e" "RUSTFLAGS=--cap-lints=warn" "-e" "RUSTDOCFLAGS=--cap-lints=warn" "-w" "/opt/rustwide/workdir" "--user" "0:0" "1dc2ce294c1d2b64b111d3094e30c6f397a2bdd33648230142767bccdc2793fa" "/opt/rustwide/cargo-home/bin/cargo" "+1.100.0-beta.1" "build" "--frozen" "--message-format=json" "--release", kill_on_drop: false }`
[INFO] [stderr]    Compiling mediainfo-rust v0.1.0 (/opt/rustwide/workdir)
[INFO] [stderr]     Finished `release` profile [optimized] target(s) in 23.50s
[INFO] running `Command { std: "docker" "inspect" "1dc2ce294c1d2b64b111d3094e30c6f397a2bdd33648230142767bccdc2793fa", kill_on_drop: false }`
[INFO] running `Command { std: "docker" "exec" "-e" "SOURCE_DIR=/opt/rustwide/workdir" "-e" "CARGO_HOME=/opt/rustwide/cargo-home" "-e" "RUSTUP_HOME=/opt/rustwide/rustup-home" "-e" "CARGO_TARGET_DIR=/opt/rustwide/target" "-e" "CARGO_INCREMENTAL=0" "-e" "RUST_BACKTRACE=full" "-e" "RUSTFLAGS=--cap-lints=warn" "-e" "RUSTDOCFLAGS=--cap-lints=warn" "-w" "/opt/rustwide/workdir" "--user" "0:0" "1dc2ce294c1d2b64b111d3094e30c6f397a2bdd33648230142767bccdc2793fa" "/opt/rustwide/cargo-home/bin/cargo" "+1.100.0-beta.1" "test" "--frozen" "--no-run" "--message-format=json" "--release", kill_on_drop: false }`
[INFO] [stderr]    Compiling mediainfo-rust v0.1.0 (/opt/rustwide/workdir)
[INFO] [stderr]     Finished `release` profile [optimized] target(s) in 1m 21s
[INFO] running `Command { std: "docker" "inspect" "1dc2ce294c1d2b64b111d3094e30c6f397a2bdd33648230142767bccdc2793fa", kill_on_drop: false }`
[INFO] running `Command { std: "docker" "exec" "-e" "SOURCE_DIR=/opt/rustwide/workdir" "-e" "CARGO_HOME=/opt/rustwide/cargo-home" "-e" "RUSTUP_HOME=/opt/rustwide/rustup-home" "-e" "CARGO_TARGET_DIR=/opt/rustwide/target" "-e" "CARGO_INCREMENTAL=0" "-e" "RUST_BACKTRACE=full" "-e" "RUSTFLAGS=--cap-lints=warn" "-e" "RUSTDOCFLAGS=--cap-lints=warn" "-w" "/opt/rustwide/workdir" "--user" "0:0" "1dc2ce294c1d2b64b111d3094e30c6f397a2bdd33648230142767bccdc2793fa" "/opt/rustwide/cargo-home/bin/cargo" "+1.100.0-beta.1" "test" "--frozen" "--release", kill_on_drop: false }`
[INFO] [stderr]     Finished `release` profile [optimized] target(s) in 0.04s
[INFO] [stderr]      Running unittests src/lib.rs (/opt/rustwide/target/release/build/mediainfo-rust/fa9db56bf2626417/out/mediainfo-fa9db56bf2626417)
[INFO] [stdout] 
[INFO] [stdout] running 200 tests
[INFO] [stdout] test finish::tests::positions ... ok
[INFO] [stdout] test io::bits::tests::bits_and_golomb ... ok
[INFO] [stdout] test io::bits::tests::rbsp ... ok
[INFO] [stdout] test model::tests::schema_positions_match_reference ... ok
[INFO] [stdout] test model::tests::set_get_and_dynamic_fields ... ok
[INFO] [stdout] test finish::format::tests::bitrates_and_rates ... ok
[INFO] [stdout] test finish::language::tests::codes ... ok
[INFO] [stdout] test finish::tests::derives_strings ... ok
[INFO] [stdout] test finish::tests::dates ... ok
[INFO] [stdout] test io::tests::reads_are_bounded ... ok
[INFO] [stdout] test finish::format::tests::sizes ... ok
[INFO] [stdout] test finish::format::tests::durations ... ok
[INFO] [stdout] test output::template::tests::expands_fields ... ok
[INFO] [stdout] test io::tests::text_decoding ... ok
[INFO] [stdout] test parsers::asf::tests::parses_header_objects ... ok
[INFO] [stdout] test parsers::au::tests::header ... ok
[INFO] [stdout] test parsers::audio::aac::tests::adts_probe_and_parse ... ok
[INFO] [stdout] test parsers::asf::tests::truncated_input ... ok
[INFO] [stdout] test parsers::au::tests::malformed ... ok
[INFO] [stdout] test parsers::au::tests::pcm16_unknown_size_uses_file_end ... ok
[INFO] [stdout] test parsers::aiff::tests::extended_precision ... ok
[INFO] [stdout] test parsers::audio::aac::tests::adts_header ... ok
[INFO] [stdout] test parsers::audio::aac::tests::asc_explicit_no_sbr ... ok
[INFO] [stdout] test parsers::au::tests::alaw_stream ... ok
[INFO] [stdout] test output::tests::names_and_values ... ok
[INFO] [stdout] test parsers::audio::aac::tests::asc_hierarchical ... ok
[INFO] [stdout] test parsers::audio::aac::tests::asc_lc_mono ... ok
[INFO] [stdout] test parsers::aiff::tests::aifc_little_endian_and_float ... ok
[INFO] [stdout] test parsers::audio::alac::tests::cookie ... ok
[INFO] [stdout] test parsers::aiff::tests::truncated_and_malformed ... ok
[INFO] [stdout] test parsers::asf::tests::data_packet_payloads ... ok
[INFO] [stdout] test parsers::asf::tests::filetime ... ok
[INFO] [stdout] test parsers::audio::ac3::tests::eac3_header ... ok
[INFO] [stdout] test parsers::audio::ac3::tests::layouts ... ok
[INFO] [stdout] test parsers::audio::ac3::tests::probe_and_parse ... ok
[INFO] [stdout] test parsers::audio::amr::tests::scan ... ok
[INFO] [stdout] test parsers::audio::amr::tests::nb_file ... ok
[INFO] [stdout] test parsers::audio::ape::tests::ape_tags ... ok
[INFO] [stdout] test parsers::audio::dts::tests::packings ... ok
[INFO] [stdout] test parsers::audio::ape::tests::file ... ok
[INFO] [stdout] test parsers::audio::dts::tests::probe_and_parse ... ok
[INFO] [stdout] test parsers::audio::ape::tests::header_new_and_old ... ok
[INFO] [stdout] test parsers::audio::ac3::tests::apply_accumulates_dialnorm ... ok
[INFO] [stdout] test parsers::audio::amr::tests::wb_vbr_file ... ok
[INFO] [stdout] test parsers::aiff::tests::plain_aiff ... ok
[INFO] [stdout] test parsers::audio::aac::tests::asc_explicit_sbr_ps ... ok
[INFO] [stdout] test parsers::audio::flac::tests::native_file ... ok
[INFO] [stdout] test parsers::audio::aac::tests::asc_pce ... ok
[INFO] [stdout] test parsers::audio::aac::tests::latm_mux_config ... ok
[INFO] [stdout] test parsers::audio::dts::tests::apply_core_fields ... ok
[INFO] [stdout] test parsers::audio::ac3::tests::ac3_header ... ok
[INFO] [stdout] test parsers::audio::dts::tests::hd_header_and_components ... ok
[INFO] [stdout] test parsers::audio::mlp::tests::mlp_sync ... ok
[INFO] [stdout] test parsers::audio::flac::tests::picture ... ok
[INFO] [stdout] test parsers::audio::mlp::tests::probe_and_parse ... ok
[INFO] [stdout] test parsers::audio::flac::tests::streaminfo_forms ... ok
[INFO] [stdout] test parsers::audio::mlp::tests::layouts ... ok
[INFO] [stdout] test parsers::audio::mpeg_audio::tests::genre_names ... ok
[INFO] [stdout] test parsers::audio::mlp::tests::truehd_sync ... ok
[INFO] [stdout] test parsers::audio::mpeg_audio::tests::ancillary_encoder ... ok
[INFO] [stdout] test parsers::audio::mpeg_audio::tests::id3v1_and_ape ... ok
[INFO] [stdout] test parsers::audio::mpeg_audio::tests::id3v2_v22_and_v24 ... ok
[INFO] [stdout] test parsers::audio::mpeg_audio::tests::id3v2_tags ... ok
[INFO] [stdout] test parsers::audio::opus::tests::opus_head ... ok
[INFO] [stdout] test parsers::audio::mpeg_audio::tests::probe_and_parse_cbr ... ok
[INFO] [stdout] test parsers::audio::opus::tests::opus_tags ... ok
[INFO] [stdout] test parsers::audio::vorbis::tests::setup_floor ... ok
[INFO] [stdout] test parsers::audio::pcm::tests::matroska_ids ... ok
[INFO] [stdout] test parsers::audio::speex::tests::speex ... ok
[INFO] [stdout] test parsers::audio::pcm::tests::settings ... ok
[INFO] [stdout] test parsers::audio::tta::tests::file ... ok
[INFO] [stdout] test parsers::audio::tests::masks ... ok
[INFO] [stdout] test parsers::audio::tta::tests::tta_header ... ok
[INFO] [stdout] test parsers::audio::vorbis::tests::ident ... ok
[INFO] [stdout] test parsers::audio::vorbis::tests::xiph_private ... ok
[INFO] [stdout] test parsers::audio::vorbis::tests::vendor_split ... ok
[INFO] [stdout] test parsers::audio::wavpack::tests::file_with_tag ... ok
[INFO] [stdout] test parsers::audio::mpeg_audio::tests::header_fields ... ok
[INFO] [stdout] test parsers::audio::mpeg_audio::tests::xing_and_lame ... ok
[INFO] [stdout] test parsers::audio::vorbis::tests::comments_to_general ... ok
[INFO] [stdout] test parsers::audio::dts::tests::core_header ... ok
[INFO] [stdout] test parsers::caf::tests::asc_extraction ... ok
[INFO] [stdout] test parsers::audio::wavpack::tests::header ... ok
[INFO] [stdout] test parsers::caf::tests::malformed ... ok
[INFO] [stdout] test parsers::audio::wma::tests::extensible_pcm_and_float ... ok
[INFO] [stdout] test parsers::image::bmp::tests::info_header ... ok
[INFO] [stdout] test parsers::image::bmp::tests::probe_and_parse ... ok
[INFO] [stdout] test parsers::image::gif::tests::header_and_scan ... ok
[INFO] [stdout] test parsers::flv::tests::amf_parsing ... ok
[INFO] [stdout] test parsers::audio::wma::tests::pcm16 ... ok
[INFO] [stdout] test parsers::caf::tests::desc_parsing ... ok
[INFO] [stdout] test parsers::flv::tests::parses_tags ... ok
[INFO] [stdout] test parsers::audio::wma::tests::wma_and_others ... ok
[INFO] [stdout] test parsers::image::jp2::tests::boxes ... ok
[INFO] [stdout] test parsers::image::jp2::tests::probe_and_parse ... ok
[INFO] [stdout] test parsers::caf::tests::packet_table_duration ... ok
[INFO] [stdout] test parsers::image::jpeg::tests::baseline_420 ... ok
[INFO] [stdout] test parsers::image::jpeg::tests::malformed_inputs ... ok
[INFO] [stdout] test parsers::image::png::tests::ihdr_variants ... ok
[INFO] [stdout] test parsers::flv::tests::aac_config_and_channels ... ok
[INFO] [stdout] test parsers::image::png::tests::probe_and_parse ... ok
[INFO] [stdout] test parsers::image::tiff::tests::malformed ... ok
[INFO] [stdout] test parsers::image::bmp::tests::core_header ... ok
[INFO] [stdout] test parsers::image::tiff::tests::ifd_both_orders ... ok
[INFO] [stdout] test parsers::image::gif::tests::probe_and_parse ... ok
[INFO] [stdout] test parsers::caf::tests::lpcm_file ... ok
[INFO] [stdout] test parsers::ivf::tests::vp9_file ... ok
[INFO] [stdout] test parsers::mpeg_ps::tests::pack_headers ... ok
[INFO] [stdout] test parsers::flv::tests::timestamp_helpers ... ok
[INFO] [stdout] test parsers::image::tiff::tests::probe_and_parse ... ok
[INFO] [stdout] test parsers::dv::tests::pal_file ... ok
[INFO] [stdout] test parsers::image::webp::tests::malformed ... ok
[INFO] [stdout] test parsers::image::webp::tests::lossy_lossless_extended ... ok
[INFO] [stdout] test parsers::mpeg_ps::tests::private_stream_sub_ids ... ok
[INFO] [stdout] test parsers::ivf::tests::vp8_file ... ok
[INFO] [stdout] test parsers::image::jp2::tests::codestream_siz_and_cod ... ok
[INFO] [stdout] test parsers::image::jpeg::tests::progressive_gray_and_adobe_rgb ... ok
[INFO] [stdout] test parsers::image::jpeg::tests::probe_and_parse ... ok
[INFO] [stdout] test parsers::mpeg_ps::tests::pes_mpeg1_forms ... ok
[INFO] [stdout] test parsers::image::jpeg::tests::subsampling_variants ... ok
[INFO] [stdout] test parsers::image::webp::tests::probe_and_parse ... ok
[INFO] [stdout] test parsers::mpeg_ps::tests::probe_and_ids ... ok
[INFO] [stdout] test parsers::mpeg_ps::tests::pes_mpeg2_with_pts_dts ... ok
[INFO] [stdout] test parsers::ogg::tests::malformed ... ok
[INFO] [stdout] test parsers::mpeg_ps::tests::scan_small_stream ... ok
[INFO] [stdout] test parsers::mpeg_ps::tests::video_format_detection ... ok
[INFO] [stdout] test parsers::mpeg_ts::tests::parses_tables_and_streams ... ok
[INFO] [stdout] test parsers::mpeg_ts::tests::descriptors_and_formats ... ok
[INFO] [stdout] test parsers::mxf::tests::ber_and_probe ... ok
[INFO] [stdout] test parsers::ogg::tests::packet_reassembly_across_pages ... ok
[INFO] [stdout] test parsers::mpeg_ts::tests::malformed_input_is_rejected ... ok
[INFO] [stdout] test parsers::mpeg_ts::tests::packet_size_detection_and_probe ... ok
[INFO] [stdout] test parsers::mxf::tests::truncated_and_garbage ... ok
[INFO] [stdout] test parsers::nut::tests::parses_file ... ok
[INFO] [stdout] test parsers::dv::tests::ntsc_with_audio ... ok
[INFO] [stdout] test parsers::ogg::tests::vorbis_file ... ok
[INFO] [stdout] test parsers::riff::tests::malformed_inputs_do_not_panic ... ok
[INFO] [stdout] test parsers::riff::tests::probe_scores ... ok
[INFO] [stdout] test parsers::ogg::tests::page_header ... ok
[INFO] [stdout] test parsers::riff::tests::rf64_uses_ds64_sizes ... ok
[INFO] [stdout] test parsers::riff::tests::standard_index_sums ... ok
[INFO] [stdout] test parsers::ogg::tests::theora_and_vorbis_durations ... ok
[INFO] [stdout] test parsers::riff::tests::wave_format_parsing ... ok
[INFO] [stdout] test parsers::mxf::tests::header_metadata_and_streams ... ok
[INFO] [stdout] test parsers::mxf::tests::helpers ... ok
[INFO] [stdout] test parsers::riff::tests::wave_pcm ... ok
[INFO] [stdout] test parsers::rm::tests::parses_headers ... ok
[INFO] [stdout] test parsers::nut::tests::stream_headers_are_parsed ... ok
[INFO] [stdout] test parsers::rm::tests::ra5_header_and_truncation ... ok
[INFO] [stdout] test parsers::nut::tests::varints_and_headers ... ok
[INFO] [stdout] test parsers::text::ass::tests::scripts ... ok
[INFO] [stdout] test parsers::text::ass::tests::probe_and_parse ... ok
[INFO] [stdout] test parsers::ogg::tests::ogm_video_header ... ok
[INFO] [stdout] test parsers::ogg::tests::opus_and_flac_clocks ... ok
[INFO] [stdout] test parsers::riff::tests::avi_streams_and_interleave ... ok
[INFO] [stdout] test parsers::text::srt::tests::probe_and_parse ... ok
[INFO] [stdout] test parsers::text::srt::tests::times ... ok
[INFO] [stdout] test parsers::text::srt::tests::scanning ... ok
[INFO] [stdout] test parsers::riff::tests::avi_without_index_scans_movi ... ok
[INFO] [stdout] test parsers::text::srt::tests::decoding ... ok
[INFO] [stdout] test parsers::video::avc::tests::encoder_string ... ok
[INFO] [stdout] test parsers::video::avc::tests::names ... ok
[INFO] [stdout] test parsers::text::vobsub::tests::probe_and_parse ... ok
[INFO] [stdout] test parsers::text::vtt::tests::probe_and_parse ... ok
[INFO] [stdout] test parsers::text::vtt::tests::times_and_scan ... ok
[INFO] [stdout] test parsers::video::av1::tests::metadata ... ok
[INFO] [stdout] test parsers::text::vobsub::tests::index ... ok
[INFO] [stdout] test parsers::video::av1::tests::sequence_header ... ok
[INFO] [stdout] test parsers::video::dnxhd::tests::header ... ok
[INFO] [stdout] test parsers::video::avc::tests::annexb ... ok
[INFO] [stdout] test parsers::video::av1::tests::obus_and_av1c ... ok
[INFO] [stdout] test parsers::video::av1::tests::stream ... ok
[INFO] [stdout] test parsers::video::fourcc::tests::table ... ok
[INFO] [stdout] test parsers::video::hevc::tests::sps_main ... ok
[INFO] [stdout] test parsers::video::dnxhd::tests::stream ... ok
[INFO] [stdout] test parsers::video::dv::tests::frame_packs ... ok
[INFO] [stdout] test parsers::video::fourcc::tests::bitmapinfoheader ... ok
[INFO] [stdout] test parsers::video::h263::tests::baseline_qcif ... ok
[INFO] [stdout] test parsers::video::h263::tests::plusptype_custom ... ok
[INFO] [stdout] test parsers::video::hevc::tests::names ... ok
[INFO] [stdout] test parsers::video::hevc::tests::sei_and_hvcc ... ok
[INFO] [stdout] test parsers::video::mpeg4v::tests::headers ... ok
[INFO] [stdout] test parsers::video::mjpeg::tests::frame_fills_video_stream ... ok
[INFO] [stdout] test parsers::video::hevc::tests::nal_iteration ... ok
[INFO] [stdout] test parsers::video::hevc::tests::sps_main10_422 ... ok
[INFO] [stdout] test parsers::video::theora::tests::xiph_lacing ... ok
[INFO] [stdout] test parsers::video::vc1::tests::advanced_profile ... ok
[INFO] [stdout] test parsers::video::mpegv::tests::names ... ok
[INFO] [stdout] test parsers::video::vc1::tests::struct_c ... ok
[INFO] [stdout] test parsers::video::prores::tests::header ... ok
[INFO] [stdout] test parsers::video::theora::tests::ident_header ... ok
[INFO] [stdout] test parsers::video::mpegv::tests::mpeg2_headers ... ok
[INFO] [stdout] test parsers::video::vp8::tests::key_frame ... ok
[INFO] [stdout] test parsers::video::vp9::tests::frames ... ok
[INFO] [stdout] test parsers::video::vp9::tests::vpcc ... ok
[INFO] [stdout] test parsers::video::mpeg4v::tests::elementary ... ok
[INFO] [stdout] test parsers::video::mpegv::tests::mpeg1_headers_and_probe ... ok
[INFO] [stdout] test parsers::video::mpeg4v::tests::names ... ok
[INFO] [stdout] test parsers::video::mpeg4v::tests::vol_options_and_frame_rate ... ok
[INFO] [stdout] test parsers::video::rawvideo::tests::never_claims_but_parses ... ok
[INFO] [stdout] 
[INFO] [stdout] test result: ok. 200 passed; 0 failed; 0 ignored; 0 measured; 0 filtered out; finished in 0.03s
[INFO] [stdout] 
[INFO] [stderr]      Running unittests src/main.rs (/opt/rustwide/target/release/build/mediainfo-rust/2ba90763ae246ecd/out/mediainfo-2ba90763ae246ecd)
[INFO] [stdout] 
[INFO] [stdout] running 0 tests
[INFO] [stderr]      Running tests/cli.rs (/opt/rustwide/target/release/build/mediainfo-rust/30e6071af94d28e7/out/cli-30e6071af94d28e7)
[INFO] [stdout] 
[INFO] [stdout] test result: ok. 0 passed; 0 failed; 0 ignored; 0 measured; 0 filtered out; finished in 0.00s
[INFO] [stdout] 
[INFO] [stdout] 
[INFO] [stdout] running 8 tests
[INFO] [stdout] test api_get_and_count ... FAILED
[INFO] [stdout] test xml_and_json_outputs ... FAILED
[INFO] [stdout] test full_report_lists_hidden_fields ... FAILED
[INFO] [stdout] test text_report_matches_reference_layout ... FAILED
[INFO] [stdout] test template_and_raw_language ... FAILED
[INFO] [stdout] test unknown_and_empty_files_do_not_panic ... FAILED
[INFO] [stdout] test missing_file_and_unknown_option ... ok
[INFO] [stdout] test version_and_help ... ok
[INFO] [stdout] 
[INFO] [stdout] failures:
[INFO] [stdout] 
[INFO] [stdout] ---- api_get_and_count stdout ----
[INFO] [stdout] 
[INFO] [stdout] thread 'api_get_and_count' (727) panicked at tests/cli.rs:96:5:
[INFO] [stdout] assertion failed: mi.open(fixture("h264_aac_srt.mkv"))
[INFO] [stdout] stack backtrace:
[INFO] [stdout]    0:     0x61a3559ec486 - <<std[617be2ca0a6fd877]::sys::backtrace::BacktraceLock>::print::DisplayBacktrace as core[a373ad73a504971]::fmt::Display>::fmt
[INFO] [stdout]    1:     0x61a3558b851a - core[a373ad73a504971]::fmt::write
[INFO] [stdout]    2:     0x61a3559f198c - <alloc[2e1b2a31b91974c5]::vec::Vec<u8> as core[a373ad73a504971]::io::write::Write>::write_fmt
[INFO] [stdout]    3:     0x61a3559c9932 - std[617be2ca0a6fd877]::panicking::default_hook::{closure#0}
[INFO] [stdout]    4:     0x61a3559e5141 - std[617be2ca0a6fd877]::panicking::default_hook
[INFO] [stdout]    5:     0x61a3559e5322 - std[617be2ca0a6fd877]::panicking::panic_with_hook
[INFO] [stdout]    6:     0x61a3559c9a14 - std[617be2ca0a6fd877]::panicking::panic_handler::{closure#0}
[INFO] [stdout]    7:     0x61a3559c27d9 - std[617be2ca0a6fd877]::sys::backtrace::__rust_end_short_backtrace::<std[617be2ca0a6fd877]::panicking::panic_handler::{closure#0}, !>
[INFO] [stdout]    8:     0x61a3559ca5fd - __rustc[ea4f61d10b84890b]::rust_begin_unwind
[INFO] [stdout]    9:     0x61a3558b8c0c - core[a373ad73a504971]::panicking::panic_fmt
[INFO] [stdout]   10:     0x61a3558b8bd2 - core[a373ad73a504971]::panicking::panic
[INFO] [stdout]   11:     0x61a3558b266b - <cli[601f0582db58f441]::api_get_and_count::{closure#0} as core[a373ad73a504971]::ops::function::FnOnce<()>>::call_once
[INFO] [stdout]   12:     0x61a3559f2f0b - test[aada8e7e76ba119b]::__rust_begin_short_backtrace::<core[a373ad73a504971]::result::Result<(), alloc[2e1b2a31b91974c5]::string::String>, fn() -> core[a373ad73a504971]::result::Result<(), alloc[2e1b2a31b91974c5]::string::String>>
[INFO] [stdout]   13:     0x61a355a00db4 - test[aada8e7e76ba119b]::run_test::{closure#0}
[INFO] [stdout]   14:     0x61a3559fa4e4 - std[617be2ca0a6fd877]::sys::backtrace::__rust_begin_short_backtrace::<test[aada8e7e76ba119b]::run_test::{closure#1}, ()>
[INFO] [stdout]   15:     0x61a355a04b72 - <std[617be2ca0a6fd877]::thread::lifecycle::spawn_unchecked<test[aada8e7e76ba119b]::run_test::{closure#1}, ()>::{closure#1} as core[a373ad73a504971]::ops::function::FnOnce<()>>::call_once::{shim:vtable#0}
[INFO] [stdout]   16:     0x61a3559ebd04 - <std[617be2ca0a6fd877]::sys::thread::unix::Thread>::new::thread_start
[INFO] [stdout]   17:     0x7b8e14b42dfa - <unknown>
[INFO] [stdout]   18:     0x7b8e14bd63d4 - clone
[INFO] [stdout]   19:                0x0 - <unknown>
[INFO] [stdout] 
[INFO] [stdout] ---- xml_and_json_outputs stdout ----
[INFO] [stdout] 
[INFO] [stdout] thread 'xml_and_json_outputs' (736) panicked at tests/cli.rs:42:5:
[INFO] [stdout] assertion `left == right` failed
[INFO] [stdout]   left: 1
[INFO] [stdout]  right: 0
[INFO] [stdout] stack backtrace:
[INFO] [stdout]    0:     0x61a3559ec486 - <<std[617be2ca0a6fd877]::sys::backtrace::BacktraceLock>::print::DisplayBacktrace as core[a373ad73a504971]::fmt::Display>::fmt
[INFO] [stdout]    1:     0x61a3558b851a - core[a373ad73a504971]::fmt::write
[INFO] [stdout]    2:     0x61a3559f198c - <alloc[2e1b2a31b91974c5]::vec::Vec<u8> as core[a373ad73a504971]::io::write::Write>::write_fmt
[INFO] [stdout]    3:     0x61a3559c9932 - std[617be2ca0a6fd877]::panicking::default_hook::{closure#0}
[INFO] [stdout]    4:     0x61a3559e5141 - std[617be2ca0a6fd877]::panicking::default_hook
[INFO] [stdout]    5:     0x61a3559e5322 - std[617be2ca0a6fd877]::panicking::panic_with_hook
[INFO] [stdout]    6:     0x61a3559c99e2 - std[617be2ca0a6fd877]::panicking::panic_handler::{closure#0}
[INFO] [stdout]    7:     0x61a3559c27d9 - std[617be2ca0a6fd877]::sys::backtrace::__rust_end_short_backtrace::<std[617be2ca0a6fd877]::panicking::panic_handler::{closure#0}, !>
[INFO] [stdout]    8:     0x61a3559ca5fd - __rustc[ea4f61d10b84890b]::rust_begin_unwind
[INFO] [stdout]    9:     0x61a3558b8c0c - core[a373ad73a504971]::panicking::panic_fmt
[INFO] [stdout]   10:     0x61a3558b8b23 - core[a373ad73a504971]::panicking::assert_failed_inner
[INFO] [stdout]   11:     0x61a3559c23c7 - core[a373ad73a504971]::panicking::assert_failed::<i32, i32>
[INFO] [stdout]   12:     0x61a3558b2f3b - <cli[601f0582db58f441]::xml_and_json_outputs::{closure#0} as core[a373ad73a504971]::ops::function::FnOnce<()>>::call_once
[INFO] [stdout]   13:     0x61a3559f2f0b - test[aada8e7e76ba119b]::__rust_begin_short_backtrace::<core[a373ad73a504971]::result::Result<(), alloc[2e1b2a31b91974c5]::string::String>, fn() -> core[a373ad73a504971]::result::Result<(), alloc[2e1b2a31b91974c5]::string::String>>
[INFO] [stdout]   14:     0x61a355a00db4 - test[aada8e7e76ba119b]::run_test::{closure#0}
[INFO] [stdout]   15:     0x61a3559fa4e4 - std[617be2ca0a6fd877]::sys::backtrace::__rust_begin_short_backtrace::<test[aada8e7e76ba119b]::run_test::{closure#1}, ()>
[INFO] [stdout]   16:     0x61a355a04b72 - <std[617be2ca0a6fd877]::thread::lifecycle::spawn_unchecked<test[aada8e7e76ba119b]::run_test::{closure#1}, ()>::{closure#1} as core[a373ad73a504971]::ops::function::FnOnce<()>>::call_once::{shim:vtable#0}
[INFO] [stdout]   17:     0x61a3559ebd04 - <std[617be2ca0a6fd877]::sys::thread::unix::Thread>::new::thread_start
[INFO] [stdout]   18:     0x7b8e14b42dfa - <unknown>
[INFO] [stdout]   19:     0x7b8e14bd63d4 - clone
[INFO] [stdout]   20:                0x0 - <unknown>
[INFO] [stdout] 
[INFO] [stdout] ---- full_report_lists_hidden_fields stdout ----
[INFO] [stdout] 
[INFO] [stdout] thread 'full_report_lists_hidden_fields' (728) panicked at tests/cli.rs:69:5:
[INFO] [stdout] assertion failed: out.contains("Count                                    : ")
[INFO] [stdout] stack backtrace:
[INFO] [stdout]    0:     0x61a3559ec486 - <<std[617be2ca0a6fd877]::sys::backtrace::BacktraceLock>::print::DisplayBacktrace as core[a373ad73a504971]::fmt::Display>::fmt
[INFO] [stdout]    1:     0x61a3558b851a - core[a373ad73a504971]::fmt::write
[INFO] [stdout]    2:     0x61a3559f198c - <alloc[2e1b2a31b91974c5]::vec::Vec<u8> as core[a373ad73a504971]::io::write::Write>::write_fmt
[INFO] [stdout]    3:     0x61a3559c9932 - std[617be2ca0a6fd877]::panicking::default_hook::{closure#0}
[INFO] [stdout]    4:     0x61a3559e5141 - std[617be2ca0a6fd877]::panicking::default_hook
[INFO] [stdout]    5:     0x61a3559e5322 - std[617be2ca0a6fd877]::panicking::panic_with_hook
[INFO] [stdout]    6:     0x61a3559c9a14 - std[617be2ca0a6fd877]::panicking::panic_handler::{closure#0}
[INFO] [stdout]    7:     0x61a3559c27d9 - std[617be2ca0a6fd877]::sys::backtrace::__rust_end_short_backtrace::<std[617be2ca0a6fd877]::panicking::panic_handler::{closure#0}, !>
[INFO] [stdout]    8:     0x61a3559ca5fd - __rustc[ea4f61d10b84890b]::rust_begin_unwind
[INFO] [stdout]    9:     0x61a3558b8c0c - core[a373ad73a504971]::panicking::panic_fmt
[INFO] [stdout]   10:     0x61a3558b8bd2 - core[a373ad73a504971]::panicking::panic
[INFO] [stdout]   11:     0x61a3558b3455 - <cli[601f0582db58f441]::full_report_lists_hidden_fields::{closure#0} as core[a373ad73a504971]::ops::function::FnOnce<()>>::call_once
[INFO] [stdout]   12:     0x61a3559f2f0b - test[aada8e7e76ba119b]::__rust_begin_short_backtrace::<core[a373ad73a504971]::result::Result<(), alloc[2e1b2a31b91974c5]::string::String>, fn() -> core[a373ad73a504971]::result::Result<(), alloc[2e1b2a31b91974c5]::string::String>>
[INFO] [stdout]   13:     0x61a355a00db4 - test[aada8e7e76ba119b]::run_test::{closure#0}
[INFO] [stdout]   14:     0x61a3559fa4e4 - std[617be2ca0a6fd877]::sys::backtrace::__rust_begin_short_backtrace::<test[aada8e7e76ba119b]::run_test::{closure#1}, ()>
[INFO] [stdout]   15:     0x61a355a04b72 - <std[617be2ca0a6fd877]::thread::lifecycle::spawn_unchecked<test[aada8e7e76ba119b]::run_test::{closure#1}, ()>::{closure#1} as core[a373ad73a504971]::ops::function::FnOnce<()>>::call_once::{shim:vtable#0}
[INFO] [stdout]   16:     0x61a3559ebd04 - <std[617be2ca0a6fd877]::sys::thread::unix::Thread>::new::thread_start
[INFO] [stdout]   17:     0x7b8e14b42dfa - <unknown>
[INFO] [stdout]   18:     0x7b8e14bd63d4 - clone
[INFO] [stdout]   19:                0x0 - <unknown>
[INFO] [stdout] 
[INFO] [stdout] ---- text_report_matches_reference_layout stdout ----
[INFO] [stdout] 
[INFO] [stdout] thread 'text_report_matches_reference_layout' (731) panicked at tests/cli.rs:30:5:
[INFO] [stdout] assertion `left == right` failed
[INFO] [stdout]   left: 1
[INFO] [stdout]  right: 0
[INFO] [stdout] stack backtrace:
[INFO] [stdout]    0:     0x61a3559ec486 - <<std[617be2ca0a6fd877]::sys::backtrace::BacktraceLock>::print::DisplayBacktrace as core[a373ad73a504971]::fmt::Display>::fmt
[INFO] [stdout]    1:     0x61a3558b851a - core[a373ad73a504971]::fmt::write
[INFO] [stdout]    2:     0x61a3559f198c - <alloc[2e1b2a31b91974c5]::vec::Vec<u8> as core[a373ad73a504971]::io::write::Write>::write_fmt
[INFO] [stdout]    3:     0x61a3559c9932 - std[617be2ca0a6fd877]::panicking::default_hook::{closure#0}
[INFO] [stdout]    4:     0x61a3559e5141 - std[617be2ca0a6fd877]::panicking::default_hook
[INFO] [stdout]    5:     0x61a3559e5322 - std[617be2ca0a6fd877]::panicking::panic_with_hook
[INFO] [stdout]    6:     0x61a3559c99e2 - std[617be2ca0a6fd877]::panicking::panic_handler::{closure#0}
[INFO] [stdout]    7:     0x61a3559c27d9 - std[617be2ca0a6fd877]::sys::backtrace::__rust_end_short_backtrace::<std[617be2ca0a6fd877]::panicking::panic_handler::{closure#0}, !>
[INFO] [stdout]    8:     0x61a3559ca5fd - __rustc[ea4f61d10b84890b]::rust_begin_unwind
[INFO] [stdout]    9:     0x61a3558b8c0c - core[a373ad73a504971]::panicking::panic_fmt
[INFO] [stdout]   10:     0x61a3558b8b23 - core[a373ad73a504971]::panicking::assert_failed_inner
[INFO] [stdout]   11:     0x61a3559c23c7 - core[a373ad73a504971]::panicking::assert_failed::<i32, i32>
[INFO] [stdout]   12:     0x61a3558b37f9 - <cli[601f0582db58f441]::text_report_matches_reference_layout::{closure#0} as core[a373ad73a504971]::ops::function::FnOnce<()>>::call_once
[INFO] [stdout]   13:     0x61a3559f2f0b - test[aada8e7e76ba119b]::__rust_begin_short_backtrace::<core[a373ad73a504971]::result::Result<(), alloc[2e1b2a31b91974c5]::string::String>, fn() -> core[a373ad73a504971]::result::Result<(), alloc[2e1b2a31b91974c5]::string::String>>
[INFO] [stdout]   14:     0x61a355a00db4 - test[aada8e7e76ba119b]::run_test::{closure#0}
[INFO] [stdout]   15:     0x61a3559fa4e4 - std[617be2ca0a6fd877]::sys::backtrace::__rust_begin_short_backtrace::<test[aada8e7e76ba119b]::run_test::{closure#1}, ()>
[INFO] [stdout]   16:     0x61a355a04b72 - <std[617be2ca0a6fd877]::thread::lifecycle::spawn_unchecked<test[aada8e7e76ba119b]::run_test::{closure#1}, ()>::{closure#1} as core[a373ad73a504971]::ops::function::FnOnce<()>>::call_once::{shim:vtable#0}
[INFO] [stdout]   17:     0x61a3559ebd04 - <std[617be2ca0a6fd877]::sys::thread::unix::Thread>::new::thread_start
[INFO] [stdout]   18:     0x7b8e14b42dfa - <unknown>
[INFO] [stdout]   19:     0x7b8e14bd63d4 - clone
[INFO] [stdout]   20:                0x0 - <unknown>
[INFO] [stdout] 
[INFO] [stdout] ---- template_and_raw_language stdout ----
[INFO] [stdout] 
[INFO] [stdout] thread 'template_and_raw_language' (730) panicked at tests/cli.rs:60:5:
[INFO] [stdout] assertion `left == right` failed
[INFO] [stdout]   left: 1
[INFO] [stdout]  right: 0
[INFO] [stdout] stack backtrace:
[INFO] [stdout]    0:     0x61a3559ec486 - <<std[617be2ca0a6fd877]::sys::backtrace::BacktraceLock>::print::DisplayBacktrace as core[a373ad73a504971]::fmt::Display>::fmt
[INFO] [stdout]    1:     0x61a3558b851a - core[a373ad73a504971]::fmt::write
[INFO] [stdout]    2:     0x61a3559f198c - <alloc[2e1b2a31b91974c5]::vec::Vec<u8> as core[a373ad73a504971]::io::write::Write>::write_fmt
[INFO] [stdout]    3:     0x61a3559c9932 - std[617be2ca0a6fd877]::panicking::default_hook::{closure#0}
[INFO] [stdout]    4:     0x61a3559e5141 - std[617be2ca0a6fd877]::panicking::default_hook
[INFO] [stdout]    5:     0x61a3559e5322 - std[617be2ca0a6fd877]::panicking::panic_with_hook
[INFO] [stdout]    6:     0x61a3559c99e2 - std[617be2ca0a6fd877]::panicking::panic_handler::{closure#0}
[INFO] [stdout]    7:     0x61a3559c27d9 - std[617be2ca0a6fd877]::sys::backtrace::__rust_end_short_backtrace::<std[617be2ca0a6fd877]::panicking::panic_handler::{closure#0}, !>
[INFO] [stdout]    8:     0x61a3559ca5fd - __rustc[ea4f61d10b84890b]::rust_begin_unwind
[INFO] [stdout]    9:     0x61a3558b8c0c - core[a373ad73a504971]::panicking::panic_fmt
[INFO] [stdout]   10:     0x61a3558b8b23 - core[a373ad73a504971]::panicking::assert_failed_inner
[INFO] [stdout]   11:     0x61a3559c23c7 - core[a373ad73a504971]::panicking::assert_failed::<i32, i32>
[INFO] [stdout]   12:     0x61a3558b3291 - <cli[601f0582db58f441]::template_and_raw_language::{closure#0} as core[a373ad73a504971]::ops::function::FnOnce<()>>::call_once
[INFO] [stdout]   13:     0x61a3559f2f0b - test[aada8e7e76ba119b]::__rust_begin_short_backtrace::<core[a373ad73a504971]::result::Result<(), alloc[2e1b2a31b91974c5]::string::String>, fn() -> core[a373ad73a504971]::result::Result<(), alloc[2e1b2a31b91974c5]::string::String>>
[INFO] [stdout]   14:     0x61a355a00db4 - test[aada8e7e76ba119b]::run_test::{closure#0}
[INFO] [stdout]   15:     0x61a3559fa4e4 - std[617be2ca0a6fd877]::sys::backtrace::__rust_begin_short_backtrace::<test[aada8e7e76ba119b]::run_test::{closure#1}, ()>
[INFO] [stdout]   16:     0x61a355a04b72 - <std[617be2ca0a6fd877]::thread::lifecycle::spawn_unchecked<test[aada8e7e76ba119b]::run_test::{closure#1}, ()>::{closure#1} as core[a373ad73a504971]::ops::function::FnOnce<()>>::call_once::{shim:vtable#0}
[INFO] [stdout]   17:     0x61a3559ebd04 - <std[617be2ca0a6fd877]::sys::thread::unix::Thread>::new::thread_start
[INFO] [stdout]   18:     0x7b8e14b42dfa - <unknown>
[INFO] [stdout]   19:     0x7b8e14bd63d4 - clone
[INFO] [stdout]   20:                0x0 - <unknown>
[INFO] [stdout] 
[INFO] [stdout] ---- unknown_and_empty_files_do_not_panic stdout ----
[INFO] [stdout] 
[INFO] [stdout] thread 'unknown_and_empty_files_do_not_panic' (732) panicked at tests/cli.rs:86:9:
[INFO] [stdout] assertion `left == right` failed: empty.bin
[INFO] [stdout]   left: 1
[INFO] [stdout]  right: 0
[INFO] [stdout] stack backtrace:
[INFO] [stdout]    0:     0x61a3559ec486 - <<std[617be2ca0a6fd877]::sys::backtrace::BacktraceLock>::print::DisplayBacktrace as core[a373ad73a504971]::fmt::Display>::fmt
[INFO] [stdout]    1:     0x61a3558b851a - core[a373ad73a504971]::fmt::write
[INFO] [stdout]    2:     0x61a3559f198c - <alloc[2e1b2a31b91974c5]::vec::Vec<u8> as core[a373ad73a504971]::io::write::Write>::write_fmt
[INFO] [stdout]    3:     0x61a3559c9932 - std[617be2ca0a6fd877]::panicking::default_hook::{closure#0}
[INFO] [stdout]    4:     0x61a3559e5141 - std[617be2ca0a6fd877]::panicking::default_hook
[INFO] [stdout]    5:     0x61a3559e5322 - std[617be2ca0a6fd877]::panicking::panic_with_hook
[INFO] [stdout]    6:     0x61a3559c99e2 - std[617be2ca0a6fd877]::panicking::panic_handler::{closure#0}
[INFO] [stdout]    7:     0x61a3559c27d9 - std[617be2ca0a6fd877]::sys::backtrace::__rust_end_short_backtrace::<std[617be2ca0a6fd877]::panicking::panic_handler::{closure#0}, !>
[INFO] [stdout]    8:     0x61a3559ca5fd - __rustc[ea4f61d10b84890b]::rust_begin_unwind
[INFO] [stdout]    9:     0x61a3558b8c0c - core[a373ad73a504971]::panicking::panic_fmt
[INFO] [stdout]   10:     0x61a3558b8b83 - core[a373ad73a504971]::panicking::assert_failed_inner
[INFO] [stdout]   11:     0x61a3559c23c7 - core[a373ad73a504971]::panicking::assert_failed::<i32, i32>
[INFO] [stdout]   12:     0x61a3558b3bc5 - <cli[601f0582db58f441]::unknown_and_empty_files_do_not_panic::{closure#0} as core[a373ad73a504971]::ops::function::FnOnce<()>>::call_once
[INFO] [stdout]   13:     0x61a3559f2f0b - test[aada8e7e76ba119b]::__rust_begin_short_backtrace::<core[a373ad73a504971]::result::Result<(), alloc[2e1b2a31b91974c5]::string::String>, fn() -> core[a373ad73a504971]::result::Result<(), alloc[2e1b2a31b91974c5]::string::String>>
[INFO] [stdout]   14:     0x61a355a00db4 - test[aada8e7e76ba119b]::run_test::{closure#0}
[INFO] [stdout]   15:     0x61a3559fa4e4 - std[617be2ca0a6fd877]::sys::backtrace::__rust_begin_short_backtrace::<test[aada8e7e76ba119b]::run_test::{closure#1}, ()>
[INFO] [stdout]   16:     0x61a355a04b72 - <std[617be2ca0a6fd877]::thread::lifecycle::spawn_unchecked<test[aada8e7e76ba119b]::run_test::{closure#1}, ()>::{closure#1} as core[a373ad73a504971]::ops::function::FnOnce<()>>::call_once::{shim:vtable#0}
[INFO] [stdout]   17:     0x61a3559ebd04 - <std[617be2ca0a6fd877]::sys::thread::unix::Thread>::new::thread_start
[INFO] [stdout]   18:     0x7b8e14b42dfa - <unknown>
[INFO] [stdout]   19:     0x7b8e14bd63d4 - clone
[INFO] [stdout]   20:                0x0 - <unknown>
[INFO] [stdout] 
[INFO] [stdout] 
[INFO] [stdout] failures:
[INFO] [stdout]     api_get_and_count
[INFO] [stdout]     full_report_lists_hidden_fields
[INFO] [stdout]     template_and_raw_language
[INFO] [stdout]     text_report_matches_reference_layout
[INFO] [stdout]     unknown_and_empty_files_do_not_panic
[INFO] [stdout]     xml_and_json_outputs
[INFO] [stdout] 
[INFO] [stdout] test result: FAILED. 2 passed; 6 failed; 0 ignored; 0 measured; 0 filtered out; finished in 0.01s
[INFO] [stdout] 
[INFO] [stderr] error: test failed, to rerun pass `--test cli`
[INFO] running `Command { std: "docker" "inspect" "1dc2ce294c1d2b64b111d3094e30c6f397a2bdd33648230142767bccdc2793fa", kill_on_drop: false }`
[INFO] running `Command { std: "docker" "rm" "-f" "1dc2ce294c1d2b64b111d3094e30c6f397a2bdd33648230142767bccdc2793fa", kill_on_drop: false }`
[INFO] [stdout] 1dc2ce294c1d2b64b111d3094e30c6f397a2bdd33648230142767bccdc2793fa
