[INFO] fetching crate media_info 0.7.3...
[INFO] testing media_info-0.7.3 against 1.100.0-beta.1+cargoflags=--release for beta-release-1.100-2
[INFO] extracting crate media_info 0.7.3 into /workspace/builds/worker-6-tc2/source
[INFO] started tweaking crates.io crate media_info 0.7.3
[INFO] finished tweaking crates.io crate media_info 0.7.3
[INFO] tweaked toml for crates.io crate media_info 0.7.3 written to /workspace/builds/worker-6-tc2/source/Cargo.toml
[INFO] validating manifest of crates.io crate media_info 0.7.3 on toolchain 1.100.0-beta.1
[INFO] running `Command { std: CARGO_HOME="/workspace/cargo-home" RUSTUP_HOME="/workspace/rustup-home" "/workspace/cargo-home/bin/cargo" "+1.100.0-beta.1" "metadata" "--manifest-path" "Cargo.toml" "--no-deps", kill_on_drop: false }`
[INFO] crate crates.io crate media_info 0.7.3 already has a lockfile, it will not be regenerated
[INFO] running `Command { std: CARGO_HOME="/workspace/cargo-home" RUSTUP_HOME="/workspace/rustup-home" "/workspace/cargo-home/bin/cargo" "+1.100.0-beta.1" "fetch" "--manifest-path" "Cargo.toml", kill_on_drop: false }`
[INFO] [stderr] warning: `package.homepage` is redundant with `package.repository`
[INFO] [stderr]   --> Cargo.toml:55:12
[INFO] [stderr]    |
[INFO] [stderr] 55 | homepage = "https://github.com/andrewgremlich/media_organizer"
[INFO] [stderr]    |            ^^^^^^^^^^^^^^^^^^^^^^^^^^^^^^^^^^^^^^^^^^^^^^^^^^^
[INFO] [stderr] ...
[INFO] [stderr] 60 | repository = "https://github.com/andrewgremlich/media_organizer"
[INFO] [stderr]    |              ---------------------------------------------------
[INFO] [stderr]    |
[INFO] [stderr]    = note: `cargo::redundant_homepage` is set to `warn` by default
[INFO] [stderr] help: consider removing `package.homepage`
[INFO] [stderr] warning: `media_info` (manifest) generated 1 warning
[INFO] running `Command { std: "docker" "create" "-v" "/var/lib/crater-agent-workspace/builds/worker-6-tc2/source:/opt/rustwide/workdir:ro,Z" "-v" "/var/lib/crater-agent-workspace/builds/worker-6-tc2/target:/opt/rustwide/target:rw,Z" "-v" "/var/lib/crater-agent-workspace/cargo-home:/opt/rustwide/cargo-home:ro,Z" "-v" "/var/lib/crater-agent-workspace/rustup-home:/opt/rustwide/rustup-home:ro,Z" "-m" "1610612736" "--network" "none" "ghcr.io/rust-lang/crates-build-env/linux@sha256:77db811e55d90add9212f6832c23229e3de5f1c1f9905e8cb07319ea15df73ac" "sleep" "infinity", kill_on_drop: false }`
[INFO] [stdout] b3ab52abc0f5fffadd075341f8f5926d189ec2761e0d36744987b931e19489d9
[INFO] running `Command { std: "docker" "start" "b3ab52abc0f5fffadd075341f8f5926d189ec2761e0d36744987b931e19489d9", kill_on_drop: false }`
[INFO] running `Command { std: "docker" "inspect" "b3ab52abc0f5fffadd075341f8f5926d189ec2761e0d36744987b931e19489d9", kill_on_drop: false }`
[INFO] running `Command { std: "docker" "exec" "-e" "SOURCE_DIR=/opt/rustwide/workdir" "-e" "CARGO_HOME=/opt/rustwide/cargo-home" "-e" "RUSTUP_HOME=/opt/rustwide/rustup-home" "-e" "CARGO_TARGET_DIR=/opt/rustwide/target" "-w" "/opt/rustwide/workdir" "--user" "0:0" "b3ab52abc0f5fffadd075341f8f5926d189ec2761e0d36744987b931e19489d9" "/opt/rustwide/cargo-home/bin/cargo" "+1.100.0-beta.1" "metadata" "--no-deps" "--format-version=1", kill_on_drop: false }`
[INFO] running `Command { std: "docker" "inspect" "b3ab52abc0f5fffadd075341f8f5926d189ec2761e0d36744987b931e19489d9", kill_on_drop: false }`
[INFO] running `Command { std: "docker" "exec" "-e" "SOURCE_DIR=/opt/rustwide/workdir" "-e" "CARGO_HOME=/opt/rustwide/cargo-home" "-e" "RUSTUP_HOME=/opt/rustwide/rustup-home" "-e" "CARGO_TARGET_DIR=/opt/rustwide/target" "-e" "CARGO_INCREMENTAL=0" "-e" "RUST_BACKTRACE=full" "-e" "RUSTFLAGS=--cap-lints=warn" "-e" "RUSTDOCFLAGS=--cap-lints=warn" "-w" "/opt/rustwide/workdir" "--user" "0:0" "b3ab52abc0f5fffadd075341f8f5926d189ec2761e0d36744987b931e19489d9" "/opt/rustwide/cargo-home/bin/cargo" "+1.100.0-beta.1" "build" "--frozen" "--message-format=json" "--release", kill_on_drop: false }`
[INFO] [stderr] warning: `package.homepage` is redundant with `package.repository`
[INFO] [stderr]   --> Cargo.toml:55:12
[INFO] [stderr]    |
[INFO] [stderr] 55 | homepage = "https://github.com/andrewgremlich/media_organizer"
[INFO] [stderr]    |            ^^^^^^^^^^^^^^^^^^^^^^^^^^^^^^^^^^^^^^^^^^^^^^^^^^^
[INFO] [stderr] ...
[INFO] [stderr] 60 | repository = "https://github.com/andrewgremlich/media_organizer"
[INFO] [stderr]    |              ---------------------------------------------------
[INFO] [stderr]    |
[INFO] [stderr]    = note: `cargo::redundant_homepage` is set to `warn` by default
[INFO] [stderr] help: consider removing `package.homepage`
[INFO] [stderr] warning: `media_info` (manifest) generated 1 warning
[INFO] [stderr]    Compiling memchr v2.8.0
[INFO] [stderr]    Compiling libc v0.2.183
[INFO] [stderr]    Compiling simd-adler32 v0.3.8
[INFO] [stderr]    Compiling hashbrown v0.16.1
[INFO] [stderr]    Compiling encoding_index_tests v0.1.4
[INFO] [stderr]    Compiling bindgen v0.72.1
[INFO] [stderr]    Compiling syn v2.0.117
[INFO] [stderr]    Compiling clang-sys v1.8.1
[INFO] [stderr]    Compiling rustc-hash v2.1.1
[INFO] [stderr]    Compiling syn v1.0.109
[INFO] [stderr]    Compiling cc v1.2.56
[INFO] [stderr]    Compiling block-padding v0.3.3
[INFO] [stderr]    Compiling digest v0.10.7
[INFO] [stderr]    Compiling num_cpus v1.17.0
[INFO] [stderr]    Compiling zlib-rs v0.6.3
[INFO] [stderr]    Compiling log v0.4.29
[INFO] [stderr]    Compiling serde v1.0.228
[INFO] [stderr]    Compiling inout v0.1.4
[INFO] [stderr]    Compiling miniz_oxide v0.8.9
[INFO] [stderr]    Compiling cipher v0.4.4
[INFO] [stderr]    Compiling bumpalo v3.20.2
[INFO] [stderr]    Compiling zstd-safe v7.2.4
[INFO] [stderr]    Compiling tinyvec_macros v0.1.1
[INFO] [stderr]    Compiling tinyvec v1.10.0
[INFO] [stderr]    Compiling indexmap v1.9.3
[INFO] [stderr]    Compiling zopfli v0.8.3
[INFO] [stderr]    Compiling sha2 v0.10.9
[INFO] [stderr]    Compiling adler32 v1.2.0
[INFO] [stderr]    Compiling getrandom v0.4.2
[INFO] [stderr]    Compiling rle-decode-fast v1.0.3
[INFO] [stderr]    Compiling regex-automata v0.4.14
[INFO] [stderr]    Compiling aes v0.8.4
[INFO] [stderr]    Compiling deranged v0.5.8
[INFO] [stderr]    Compiling core2 v0.4.0
[INFO] [stderr]    Compiling unicode-normalization v0.1.25
[INFO] [stderr]    Compiling hmac v0.12.1
[INFO] [stderr]    Compiling encoding-index-japanese v1.20141219.5
[INFO] [stderr]    Compiling encoding-index-singlebyte v1.20141219.5
[INFO] [stderr]    Compiling tuple v0.5.2
[INFO] [stderr]    Compiling encoding-index-simpchinese v1.20141219.5
[INFO] [stderr]    Compiling indexmap v2.13.0
[INFO] [stderr]    Compiling libflate_lz77 v2.2.0
[INFO] [stderr]    Compiling encoding-index-korean v1.20141219.5
[INFO] [stderr]    Compiling encoding-index-tradchinese v1.20141219.5
[INFO] [stderr]    Compiling zstd-sys v2.0.16+zstd.1.5.7
[INFO] [stderr]    Compiling web-time v1.1.0
[INFO] [stderr]    Compiling unicode-bidi v0.3.18
[INFO] [stderr]    Compiling unicode-properties v0.1.4
[INFO] [stderr]    Compiling time-core v0.1.8
[INFO] [stderr]    Compiling xml v1.2.1
[INFO] [stderr]    Compiling libbz2-rs-sys v0.2.2
[INFO] [stderr]    Compiling ffmpeg-next v8.0.0
[INFO] [stderr]    Compiling dary_heap v0.3.8
[INFO] [stderr]    Compiling num-conv v0.2.0
[INFO] [stderr]    Compiling chrono v0.4.44
[INFO] [stderr]    Compiling libflate v2.2.1
[INFO] [stderr]    Compiling stringprep v0.1.5
[INFO] [stderr]    Compiling flate2 v1.1.9
[INFO] [stderr]    Compiling time v0.3.47
[INFO] [stderr]    Compiling xml-rs v1.0.0
[INFO] [stderr]    Compiling bzip2 v0.6.1
[INFO] [stderr]    Compiling encoding v0.2.33
[INFO] [stderr]    Compiling zip v3.0.0
[INFO] [stderr]    Compiling itertools v0.13.0
[INFO] [stderr]    Compiling faccess v0.2.4
[INFO] [stderr]    Compiling pbkdf2 v0.12.2
[INFO] [stderr]    Compiling lzma-rust2 v0.16.2
[INFO] [stderr]    Compiling cbc v0.1.2
[INFO] [stderr]    Compiling regex v1.12.3
[INFO] [stderr]    Compiling deflate v1.0.0
[INFO] [stderr]    Compiling sha1 v0.10.6
[INFO] [stderr]    Compiling weezl v0.1.12
[INFO] [stderr]    Compiling deflate64 v0.1.11
[INFO] [stderr]    Compiling datasize_derive v0.2.15
[INFO] [stderr]    Compiling byteorder v1.5.0
[INFO] [stderr]    Compiling mutate_once v0.1.2
[INFO] [stderr]    Compiling ppmd-rust v1.4.0
[INFO] [stderr]    Compiling constant_time_eq v0.4.2
[INFO] [stderr]    Compiling typed-path v0.12.3
[INFO] [stderr]    Compiling md5 v0.7.0
[INFO] [stderr]    Compiling jpeg-decoder v0.3.2
[INFO] [stderr]    Compiling id3 v1.16.4
[INFO] [stderr]    Compiling datasize v0.2.15
[INFO] [stderr]    Compiling istring v0.3.4
[INFO] [stderr]    Compiling kamadak-exif v0.6.1
[INFO] [stderr]    Compiling fs_metadata v0.5.1
[INFO] [stderr]    Compiling quick-xml v0.39.2
[INFO] [stderr]    Compiling thiserror-impl v2.0.18
[INFO] [stderr]    Compiling zeroize_derive v1.4.3
[INFO] [stderr]    Compiling fax_derive v0.2.0
[INFO] [stderr]    Compiling async-trait v0.1.89
[INFO] [stderr]    Compiling thiserror-impl v1.0.69
[INFO] [stderr]    Compiling snafu-derive v0.8.9
[INFO] [stderr]    Compiling fax v0.2.6
[INFO] [stderr]    Compiling zeroize v1.8.2
[INFO] [stderr]    Compiling pdf_derive v0.3.0
[INFO] [stderr]    Compiling globalcache v0.3.2
[INFO] [stderr]    Compiling thiserror v2.0.18
[INFO] [stderr]    Compiling epub v2.1.5
[INFO] [stderr]    Compiling thiserror v1.0.69
[INFO] [stderr]    Compiling mobi v0.8.0
[INFO] [stderr]    Compiling snafu v0.8.9
[INFO] [stderr]    Compiling pdf v0.10.0
[INFO] [stderr]    Compiling ffmpeg-sys-next v8.0.1
[INFO] [stderr]    Compiling zstd v0.13.3
[INFO] [stderr]    Compiling zip v8.2.0
[INFO] [stderr]    Compiling media_info v0.7.3 (/opt/rustwide/workdir)
[INFO] [stderr] warning: unused dependency `quick-xml`
[INFO] [stderr]   --> Cargo.toml:28:15
[INFO] [stderr]    |
[INFO] [stderr] 28 | [dependencies.quick-xml]
[INFO] [stderr]    |               ^^^^^^^^^^
[INFO] [stderr]    |
[INFO] [stderr]    = note: `cargo::unused_dependencies` is set to `warn` by default
[INFO] [stderr] help: consider removing the dependency on `quick-xml`
[INFO] [stderr] warning: `media_info` (manifest) generated 1 warning
[INFO] [stderr]     Finished `release` profile [optimized] target(s) in 1m 46s
[INFO] running `Command { std: "docker" "inspect" "b3ab52abc0f5fffadd075341f8f5926d189ec2761e0d36744987b931e19489d9", kill_on_drop: false }`
[INFO] running `Command { std: "docker" "exec" "-e" "SOURCE_DIR=/opt/rustwide/workdir" "-e" "CARGO_HOME=/opt/rustwide/cargo-home" "-e" "RUSTUP_HOME=/opt/rustwide/rustup-home" "-e" "CARGO_TARGET_DIR=/opt/rustwide/target" "-e" "CARGO_INCREMENTAL=0" "-e" "RUST_BACKTRACE=full" "-e" "RUSTFLAGS=--cap-lints=warn" "-e" "RUSTDOCFLAGS=--cap-lints=warn" "-w" "/opt/rustwide/workdir" "--user" "0:0" "b3ab52abc0f5fffadd075341f8f5926d189ec2761e0d36744987b931e19489d9" "/opt/rustwide/cargo-home/bin/cargo" "+1.100.0-beta.1" "test" "--frozen" "--no-run" "--message-format=json" "--release", kill_on_drop: false }`
[INFO] [stderr] warning: `package.homepage` is redundant with `package.repository`
[INFO] [stderr]   --> Cargo.toml:55:12
[INFO] [stderr]    |
[INFO] [stderr] 55 | homepage = "https://github.com/andrewgremlich/media_organizer"
[INFO] [stderr]    |            ^^^^^^^^^^^^^^^^^^^^^^^^^^^^^^^^^^^^^^^^^^^^^^^^^^^
[INFO] [stderr] ...
[INFO] [stderr] 60 | repository = "https://github.com/andrewgremlich/media_organizer"
[INFO] [stderr]    |              ---------------------------------------------------
[INFO] [stderr]    |
[INFO] [stderr]    = note: `cargo::redundant_homepage` is set to `warn` by default
[INFO] [stderr] help: consider removing `package.homepage`
[INFO] [stderr] warning: `media_info` (manifest) generated 1 warning
[INFO] [stderr]    Compiling media_info v0.7.3 (/opt/rustwide/workdir)
[INFO] [stderr] warning: unused dependency `quick-xml`
[INFO] [stderr]   --> Cargo.toml:28:15
[INFO] [stderr]    |
[INFO] [stderr] 28 | [dependencies.quick-xml]
[INFO] [stderr]    |               ^^^^^^^^^^
[INFO] [stderr]    |
[INFO] [stderr]    = note: `cargo::unused_dependencies` is set to `warn` by default
[INFO] [stderr] help: consider removing the dependency on `quick-xml`
[INFO] [stderr] warning: `media_info` (manifest) generated 1 warning
[INFO] [stderr]     Finished `release` profile [optimized] target(s) in 12.73s
[INFO] running `Command { std: "docker" "inspect" "b3ab52abc0f5fffadd075341f8f5926d189ec2761e0d36744987b931e19489d9", kill_on_drop: false }`
[INFO] running `Command { std: "docker" "exec" "-e" "SOURCE_DIR=/opt/rustwide/workdir" "-e" "CARGO_HOME=/opt/rustwide/cargo-home" "-e" "RUSTUP_HOME=/opt/rustwide/rustup-home" "-e" "CARGO_TARGET_DIR=/opt/rustwide/target" "-e" "CARGO_INCREMENTAL=0" "-e" "RUST_BACKTRACE=full" "-e" "RUSTFLAGS=--cap-lints=warn" "-e" "RUSTDOCFLAGS=--cap-lints=warn" "-w" "/opt/rustwide/workdir" "--user" "0:0" "b3ab52abc0f5fffadd075341f8f5926d189ec2761e0d36744987b931e19489d9" "/opt/rustwide/cargo-home/bin/cargo" "+1.100.0-beta.1" "test" "--frozen" "--release", kill_on_drop: false }`
[INFO] [stderr] warning: `package.homepage` is redundant with `package.repository`
[INFO] [stderr]   --> Cargo.toml:55:12
[INFO] [stderr]    |
[INFO] [stderr] 55 | homepage = "https://github.com/andrewgremlich/media_organizer"
[INFO] [stderr]    |            ^^^^^^^^^^^^^^^^^^^^^^^^^^^^^^^^^^^^^^^^^^^^^^^^^^^
[INFO] [stderr] ...
[INFO] [stderr] 60 | repository = "https://github.com/andrewgremlich/media_organizer"
[INFO] [stderr]    |              ---------------------------------------------------
[INFO] [stderr]    |
[INFO] [stderr]    = note: `cargo::redundant_homepage` is set to `warn` by default
[INFO] [stderr] help: consider removing `package.homepage`
[INFO] [stderr] warning: `media_info` (manifest) generated 1 warning
[INFO] [stderr] warning: unused dependency `quick-xml`
[INFO] [stderr]   --> Cargo.toml:28:15
[INFO] [stderr]    |
[INFO] [stderr] 28 | [dependencies.quick-xml]
[INFO] [stderr]    |               ^^^^^^^^^^
[INFO] [stderr]    |
[INFO] [stderr]    = note: `cargo::unused_dependencies` is set to `warn` by default
[INFO] [stderr] help: consider removing the dependency on `quick-xml`
[INFO] [stderr] warning: `media_info` (manifest) generated 1 warning
[INFO] [stderr]     Finished `release` profile [optimized] target(s) in 0.29s
[INFO] [stderr]      Running unittests src/lib.rs (/opt/rustwide/target/release/build/media_info/1975af010f3f0904/out/media_info-1975af010f3f0904)
[INFO] [stdout] 
[INFO] [stdout] running 21 tests
[INFO] [stdout] test doc_info::tests::file_with_no_extension_returns_error ... ok
[INFO] [stdout] test doc_info::tests::nonexistent_file_returns_error ... ok
[INFO] [stdout] test doc_info::tests::unsupported_extension_returns_error ... ok
[INFO] [stdout] test photo_info::tests::photo_dimensions_nonexistent_file ... ok
[INFO] [stdout] test doc_info::tests::can_read_epub_creation_date ... FAILED
[INFO] [stdout] test doc_info::tests::can_read_txt_creation_date ... FAILED
[INFO] [stdout] test photo_info::tests::can_read_photo_dimensions ... FAILED
[INFO] [stdout] test doc_info::tests::can_read_docx_creation_date ... FAILED
[INFO] [stdout] test doc_info::tests::uppercase_extension_is_handled ... FAILED
[INFO] [stdout] test video_info::struct_video_info::tests::can_read_video_info ... FAILED
[INFO] [stdout] test doc_info::tests::can_read_odt_creation_date ... FAILED
[INFO] [stdout] test doc_info::tests::can_read_md_creation_date ... FAILED
[INFO] [stdout] test doc_info::tests::can_read_pdf_creation_date ... FAILED
[INFO] [stdout] test doc_info::tests::can_read_rtf_creation_date ... FAILED
[INFO] [stdout] test video_info::video_date_read::can_read_video_dimensions ... FAILED
[INFO] [stdout] test photo_info::tests::can_read_photo_creation_date ... FAILED
[INFO] [stdout] test video_info::video_date_read::can_read_video_creation_date ... FAILED
[INFO] [stdout] test audio_info::tests::can_read_audio_creation_date ... FAILED
[INFO] [stdout] test video_info::video_date_read::video_dimensions_nonexistent_file ... ok
[INFO] [stdout] test doc_info::tests::date_format_is_yyyy_mm_dd ... FAILED
[INFO] [stdout] test photo_info::struct_photo_info::tests::can_create_photo_info ... FAILED
[INFO] [stdout] 
[INFO] [stdout] failures:
[INFO] [stdout] 
[INFO] [stdout] ---- doc_info::tests::can_read_epub_creation_date stdout ----
[INFO] [stdout] 
[INFO] [stdout] thread 'doc_info::tests::can_read_epub_creation_date' (2313) panicked at src/doc_info/mod.rs:61:9:
[INFO] [stdout] Expected Ok, got Err("File does not exist: \"../test-media/TESTDOCUMENT.epub\"")
[INFO] [stdout] stack backtrace:
[INFO] [stdout]    0:     0x628a5e0d9a51 - <<std[617be2ca0a6fd877]::sys::backtrace::BacktraceLock>::print::DisplayBacktrace as core[a373ad73a504971]::fmt::Display>::fmt
[INFO] [stdout]    1:     0x628a5e0f10aa - core[a373ad73a504971]::fmt::write
[INFO] [stdout]    2:     0x628a5e0ddfdc - <alloc[2e1b2a31b91974c5]::vec::Vec<u8> as core[a373ad73a504971]::io::write::Write>::write_fmt
[INFO] [stdout]    3:     0x628a5e0b4f66 - std[617be2ca0a6fd877]::panicking::default_hook::{closure#0}
[INFO] [stdout]    4:     0x628a5e0d1859 - std[617be2ca0a6fd877]::panicking::default_hook
[INFO] [stdout]    5:     0x628a5e0038b0 - test[aada8e7e76ba119b]::test_main_inner::{closure#0}
[INFO] [stdout]    6:     0x628a5e0d1a12 - std[617be2ca0a6fd877]::panicking::panic_with_hook
[INFO] [stdout]    7:     0x628a5e0b5012 - std[617be2ca0a6fd877]::panicking::panic_handler::{closure#0}
[INFO] [stdout]    8:     0x628a5e0adb69 - std[617be2ca0a6fd877]::sys::backtrace::__rust_end_short_backtrace::<std[617be2ca0a6fd877]::panicking::panic_handler::{closure#0}, !>
[INFO] [stdout]    9:     0x628a5e0b5c1d - __rustc[ea4f61d10b84890b]::rust_begin_unwind
[INFO] [stdout]   10:     0x628a5e0f180c - core[a373ad73a504971]::panicking::panic_fmt
[INFO] [stdout]   11:     0x628a5df5eb60 - <media_info[884e68f67af76557]::doc_info::tests::can_read_epub_creation_date::{closure#0} as core[a373ad73a504971]::ops::function::FnOnce<()>>::call_once
[INFO] [stdout]   12:     0x628a5dff6cfb - test[aada8e7e76ba119b]::__rust_begin_short_backtrace::<core[a373ad73a504971]::result::Result<(), alloc[2e1b2a31b91974c5]::string::String>, fn() -> core[a373ad73a504971]::result::Result<(), alloc[2e1b2a31b91974c5]::string::String>>
[INFO] [stdout]   13:     0x628a5e003ed5 - test[aada8e7e76ba119b]::run_test::{closure#0}
[INFO] [stdout]   14:     0x628a5dffd7c4 - std[617be2ca0a6fd877]::sys::backtrace::__rust_begin_short_backtrace::<test[aada8e7e76ba119b]::run_test::{closure#1}, ()>
[INFO] [stdout]   15:     0x628a5e006f62 - <std[617be2ca0a6fd877]::thread::lifecycle::spawn_unchecked<test[aada8e7e76ba119b]::run_test::{closure#1}, ()>::{closure#1} as core[a373ad73a504971]::ops::function::FnOnce<()>>::call_once::{shim:vtable#0}
[INFO] [stdout]   16:     0x628a5e0d8c3f - <std[617be2ca0a6fd877]::sys::thread::unix::Thread>::new::thread_start
[INFO] [stdout]   17:     0x7c834c660dfa - <unknown>
[INFO] [stdout]   18:     0x7c834c6f43d4 - clone
[INFO] [stdout]   19:                0x0 - <unknown>
[INFO] [stdout] 
[INFO] [stdout] ---- doc_info::tests::can_read_txt_creation_date stdout ----
[INFO] [stdout] 
[INFO] [stdout] thread 'doc_info::tests::can_read_txt_creation_date' (2318) panicked at src/doc_info/mod.rs:74:9:
[INFO] [stdout] Expected Ok, got Err("File does not exist: \"../test-media/TESTDOCUMENT.txt\"")
[INFO] [stdout] stack backtrace:
[INFO] [stdout]    0:     0x628a5e0d9a51 - <<std[617be2ca0a6fd877]::sys::backtrace::BacktraceLock>::print::DisplayBacktrace as core[a373ad73a504971]::fmt::Display>::fmt
[INFO] [stdout]    1:     0x628a5e0f10aa - core[a373ad73a504971]::fmt::write
[INFO] [stdout]    2:     0x628a5e0ddfdc - <alloc[2e1b2a31b91974c5]::vec::Vec<u8> as core[a373ad73a504971]::io::write::Write>::write_fmt
[INFO] [stdout]    3:     0x628a5e0b4f66 - std[617be2ca0a6fd877]::panicking::default_hook::{closure#0}
[INFO] [stdout]    4:     0x628a5e0d1859 - std[617be2ca0a6fd877]::panicking::default_hook
[INFO] [stdout]    5:     0x628a5e0038b0 - test[aada8e7e76ba119b]::test_main_inner::{closure#0}
[INFO] [stdout]    6:     0x628a5e0d1a12 - std[617be2ca0a6fd877]::panicking::panic_with_hook
[INFO] [stdout]    7:     0x628a5e0b5012 - std[617be2ca0a6fd877]::panicking::panic_handler::{closure#0}
[INFO] [stdout]    8:     0x628a5e0adb69 - std[617be2ca0a6fd877]::sys::backtrace::__rust_end_short_backtrace::<std[617be2ca0a6fd877]::panicking::panic_handler::{closure#0}, !>
[INFO] [stdout]    9:     0x628a5e0b5c1d - __rustc[ea4f61d10b84890b]::rust_begin_unwind
[INFO] [stdout]   10:     0x628a5e0f180c - core[a373ad73a504971]::panicking::panic_fmt
[INFO] [stdout]   11:     0x628a5df5e8e0 - <media_info[884e68f67af76557]::doc_info::tests::can_read_txt_creation_date::{closure#0} as core[a373ad73a504971]::ops::function::FnOnce<()>>::call_once
[INFO] [stdout]   12:     0x628a5dff6cfb - test[aada8e7e76ba119b]::__rust_begin_short_backtrace::<core[a373ad73a504971]::result::Result<(), alloc[2e1b2a31b91974c5]::string::String>, fn() -> core[a373ad73a504971]::result::Result<(), alloc[2e1b2a31b91974c5]::string::String>>
[INFO] [stdout]   13:     0x628a5e003ed5 - test[aada8e7e76ba119b]::run_test::{closure#0}
[INFO] [stdout]   14:     0x628a5dffd7c4 - std[617be2ca0a6fd877]::sys::backtrace::__rust_begin_short_backtrace::<test[aada8e7e76ba119b]::run_test::{closure#1}, ()>
[INFO] [stdout]   15:     0x628a5e006f62 - <std[617be2ca0a6fd877]::thread::lifecycle::spawn_unchecked<test[aada8e7e76ba119b]::run_test::{closure#1}, ()>::{closure#1} as core[a373ad73a504971]::ops::function::FnOnce<()>>::call_once::{shim:vtable#0}
[INFO] [stdout]   16:     0x628a5e0d8c3f - <std[617be2ca0a6fd877]::sys::thread::unix::Thread>::new::thread_start
[INFO] [stdout]   17:     0x7c834c660dfa - <unknown>
[INFO] [stdout]   18:     0x7c834c6f43d4 - clone
[INFO] [stdout]   19:                0x0 - <unknown>
[INFO] [stdout] 
[INFO] [stdout] ---- photo_info::tests::can_read_photo_dimensions stdout ----
[INFO] [stdout] 
[INFO] [stdout] thread 'photo_info::tests::can_read_photo_dimensions' (2326) panicked at src/photo_info/mod.rs:100:59:
[INFO] [stdout] called `Result::unwrap()` on an `Err` value: "File does not exist: \"../test-media/400a861d-014a-4dfb-9143-1a914212fd4d.jpg\""
[INFO] [stdout] stack backtrace:
[INFO] [stdout]    0:     0x628a5e0d9a51 - <<std[617be2ca0a6fd877]::sys::backtrace::BacktraceLock>::print::DisplayBacktrace as core[a373ad73a504971]::fmt::Display>::fmt
[INFO] [stdout]    1:     0x628a5e0f10aa - core[a373ad73a504971]::fmt::write
[INFO] [stdout]    2:     0x628a5e0ddfdc - <alloc[2e1b2a31b91974c5]::vec::Vec<u8> as core[a373ad73a504971]::io::write::Write>::write_fmt
[INFO] [stdout]    3:     0x628a5e0b4f66 - std[617be2ca0a6fd877]::panicking::default_hook::{closure#0}
[INFO] [stdout]    4:     0x628a5e0d1859 - std[617be2ca0a6fd877]::panicking::default_hook
[INFO] [stdout]    5:     0x628a5e0038b0 - test[aada8e7e76ba119b]::test_main_inner::{closure#0}
[INFO] [stdout]    6:     0x628a5e0d1a12 - std[617be2ca0a6fd877]::panicking::panic_with_hook
[INFO] [stdout]    7:     0x628a5e0b5012 - std[617be2ca0a6fd877]::panicking::panic_handler::{closure#0}
[INFO] [stdout]    8:     0x628a5e0adb69 - std[617be2ca0a6fd877]::sys::backtrace::__rust_end_short_backtrace::<std[617be2ca0a6fd877]::panicking::panic_handler::{closure#0}, !>
[INFO] [stdout]    9:     0x628a5e0b5c1d - __rustc[ea4f61d10b84890b]::rust_begin_unwind
[INFO] [stdout]   10:     0x628a5e0f180c - core[a373ad73a504971]::panicking::panic_fmt
[INFO] [stdout]   11:     0x628a5e0f15e2 - core[a373ad73a504971]::result::unwrap_failed
[INFO] [stdout]   12:     0x628a5df5dc1e - <media_info[884e68f67af76557]::photo_info::tests::can_read_photo_dimensions::{closure#0} as core[a373ad73a504971]::ops::function::FnOnce<()>>::call_once
[INFO] [stdout]   13:     0x628a5dff6cfb - test[aada8e7e76ba119b]::__rust_begin_short_backtrace::<core[a373ad73a504971]::result::Result<(), alloc[2e1b2a31b91974c5]::string::String>, fn() -> core[a373ad73a504971]::result::Result<(), alloc[2e1b2a31b91974c5]::string::String>>
[INFO] [stdout]   14:     0x628a5e003ed5 - test[aada8e7e76ba119b]::run_test::{closure#0}
[INFO] [stdout]   15:     0x628a5dffd7c4 - std[617be2ca0a6fd877]::sys::backtrace::__rust_begin_short_backtrace::<test[aada8e7e76ba119b]::run_test::{closure#1}, ()>
[INFO] [stdout]   16:     0x628a5e006f62 - <std[617be2ca0a6fd877]::thread::lifecycle::spawn_unchecked<test[aada8e7e76ba119b]::run_test::{closure#1}, ()>::{closure#1} as core[a373ad73a504971]::ops::function::FnOnce<()>>::call_once::{shim:vtable#0}
[INFO] [stdout]   17:     0x628a5e0d8c3f - <std[617be2ca0a6fd877]::sys::thread::unix::Thread>::new::thread_start
[INFO] [stdout]   18:     0x7c834c660dfa - <unknown>
[INFO] [stdout]   19:     0x7c834c6f43d4 - clone
[INFO] [stdout]   20:                0x0 - <unknown>
[INFO] [stdout] 
[INFO] [stdout] ---- doc_info::tests::can_read_docx_creation_date stdout ----
[INFO] [stdout] 
[INFO] [stdout] thread 'doc_info::tests::can_read_docx_creation_date' (2312) panicked at src/doc_info/mod.rs:35:9:
[INFO] [stdout] Expected Ok, got Err("File does not exist: \"../test-media/TESTDOCUMENT.docx\"")
[INFO] [stdout] stack backtrace:
[INFO] [stdout]    0:     0x628a5e0d9a51 - <<std[617be2ca0a6fd877]::sys::backtrace::BacktraceLock>::print::DisplayBacktrace as core[a373ad73a504971]::fmt::Display>::fmt
[INFO] [stdout]    1:     0x628a5e0f10aa - core[a373ad73a504971]::fmt::write
[INFO] [stdout]    2:     0x628a5e0ddfdc - <alloc[2e1b2a31b91974c5]::vec::Vec<u8> as core[a373ad73a504971]::io::write::Write>::write_fmt
[INFO] [stdout]    3:     0x628a5e0b4f66 - std[617be2ca0a6fd877]::panicking::default_hook::{closure#0}
[INFO] [stdout]    4:     0x628a5e0d1859 - std[617be2ca0a6fd877]::panicking::default_hook
[INFO] [stdout]    5:     0x628a5e0038b0 - test[aada8e7e76ba119b]::test_main_inner::{closure#0}
[INFO] [stdout]    6:     0x628a5e0d1a12 - std[617be2ca0a6fd877]::panicking::panic_with_hook
[INFO] [stdout]    7:     0x628a5e0b5012 - std[617be2ca0a6fd877]::panicking::panic_handler::{closure#0}
[INFO] [stdout]    8:     0x628a5e0adb69 - std[617be2ca0a6fd877]::sys::backtrace::__rust_end_short_backtrace::<std[617be2ca0a6fd877]::panicking::panic_handler::{closure#0}, !>
[INFO] [stdout]    9:     0x628a5e0b5c1d - __rustc[ea4f61d10b84890b]::rust_begin_unwind
[INFO] [stdout]   10:     0x628a5e0f180c - core[a373ad73a504971]::panicking::panic_fmt
[INFO] [stdout]   11:     0x628a5df5ea20 - <media_info[884e68f67af76557]::doc_info::tests::can_read_docx_creation_date::{closure#0} as core[a373ad73a504971]::ops::function::FnOnce<()>>::call_once
[INFO] [stdout]   12:     0x628a5dff6cfb - test[aada8e7e76ba119b]::__rust_begin_short_backtrace::<core[a373ad73a504971]::result::Result<(), alloc[2e1b2a31b91974c5]::string::String>, fn() -> core[a373ad73a504971]::result::Result<(), alloc[2e1b2a31b91974c5]::string::String>>
[INFO] [stdout]   13:     0x628a5e003ed5 - test[aada8e7e76ba119b]::run_test::{closure#0}
[INFO] [stdout]   14:     0x628a5dffd7c4 - std[617be2ca0a6fd877]::sys::backtrace::__rust_begin_short_backtrace::<test[aada8e7e76ba119b]::run_test::{closure#1}, ()>
[INFO] [stdout]   15:     0x628a5e006f62 - <std[617be2ca0a6fd877]::thread::lifecycle::spawn_unchecked<test[aada8e7e76ba119b]::run_test::{closure#1}, ()>::{closure#1} as core[a373ad73a504971]::ops::function::FnOnce<()>>::call_once::{shim:vtable#0}
[INFO] [stdout]   16:     0x628a5e0d8c3f - <std[617be2ca0a6fd877]::sys::thread::unix::Thread>::new::thread_start
[INFO] [stdout]   17:     0x7c834c660dfa - <unknown>
[INFO] [stdout]   18:     0x7c834c6f43d4 - clone
[INFO] [stdout]   19:                0x0 - <unknown>
[INFO] [stdout] 
[INFO] [stdout] ---- doc_info::tests::uppercase_extension_is_handled stdout ----
[INFO] [stdout] 
[INFO] [stdout] thread 'doc_info::tests::uppercase_extension_is_handled' (2323) panicked at src/doc_info/mod.rs:154:9:
[INFO] [stdout] assertion failed: result.is_ok()
[INFO] [stdout] stack backtrace:
[INFO] [stdout]    0:     0x628a5e0d9a51 - <<std[617be2ca0a6fd877]::sys::backtrace::BacktraceLock>::print::DisplayBacktrace as core[a373ad73a504971]::fmt::Display>::fmt
[INFO] [stdout]    1:     0x628a5e0f10aa - core[a373ad73a504971]::fmt::write
[INFO] [stdout]    2:     0x628a5e0ddfdc - <alloc[2e1b2a31b91974c5]::vec::Vec<u8> as core[a373ad73a504971]::io::write::Write>::write_fmt
[INFO] [stdout]    3:     0x628a5e0b4f66 - std[617be2ca0a6fd877]::panicking::default_hook::{closure#0}
[INFO] [stdout]    4:     0x628a5e0d1859 - std[617be2ca0a6fd877]::panicking::default_hook
[INFO] [stdout]    5:     0x628a5e0038b0 - test[aada8e7e76ba119b]::test_main_inner::{closure#0}
[INFO] [stdout]    6:     0x628a5e0d1a12 - std[617be2ca0a6fd877]::panicking::panic_with_hook
[INFO] [stdout]    7:     0x628a5e0b5044 - std[617be2ca0a6fd877]::panicking::panic_handler::{closure#0}
[INFO] [stdout]    8:     0x628a5e0adb69 - std[617be2ca0a6fd877]::sys::backtrace::__rust_end_short_backtrace::<std[617be2ca0a6fd877]::panicking::panic_handler::{closure#0}, !>
[INFO] [stdout]    9:     0x628a5e0b5c1d - __rustc[ea4f61d10b84890b]::rust_begin_unwind
[INFO] [stdout]   10:     0x628a5e0f180c - core[a373ad73a504971]::panicking::panic_fmt
[INFO] [stdout]   11:     0x628a5e0f17d2 - core[a373ad73a504971]::panicking::panic
[INFO] [stdout]   12:     0x628a5df5ec96 - <media_info[884e68f67af76557]::doc_info::tests::uppercase_extension_is_handled::{closure#0} as core[a373ad73a504971]::ops::function::FnOnce<()>>::call_once
[INFO] [stdout]   13:     0x628a5dff6cfb - test[aada8e7e76ba119b]::__rust_begin_short_backtrace::<core[a373ad73a504971]::result::Result<(), alloc[2e1b2a31b91974c5]::string::String>, fn() -> core[a373ad73a504971]::result::Result<(), alloc[2e1b2a31b91974c5]::string::String>>
[INFO] [stdout]   14:     0x628a5e003ed5 - test[aada8e7e76ba119b]::run_test::{closure#0}
[INFO] [stdout]   15:     0x628a5dffd7c4 - std[617be2ca0a6fd877]::sys::backtrace::__rust_begin_short_backtrace::<test[aada8e7e76ba119b]::run_test::{closure#1}, ()>
[INFO] [stdout]   16:     0x628a5e006f62 - <std[617be2ca0a6fd877]::thread::lifecycle::spawn_unchecked<test[aada8e7e76ba119b]::run_test::{closure#1}, ()>::{closure#1} as core[a373ad73a504971]::ops::function::FnOnce<()>>::call_once::{shim:vtable#0}
[INFO] [stdout]   17:     0x628a5e0d8c3f - <std[617be2ca0a6fd877]::sys::thread::unix::Thread>::new::thread_start
[INFO] [stdout]   18:     0x7c834c660dfa - <unknown>
[INFO] [stdout]   19:     0x7c834c6f43d4 - clone
[INFO] [stdout]   20:                0x0 - <unknown>
[INFO] [stdout] 
[INFO] [stdout] ---- video_info::struct_video_info::tests::can_read_video_info stdout ----
[INFO] [stdout] 
[INFO] [stdout] thread 'video_info::struct_video_info::tests::can_read_video_info' (2328) panicked at src/video_info/struct_video_info.rs:129:47:
[INFO] [stdout] called `Result::unwrap()` on an `Err` value: "File does not exist: \"../test-media/corgi_race.mp4\""
[INFO] [stdout] stack backtrace:
[INFO] [stdout]    0:     0x628a5e0d9a51 - <<std[617be2ca0a6fd877]::sys::backtrace::BacktraceLock>::print::DisplayBacktrace as core[a373ad73a504971]::fmt::Display>::fmt
[INFO] [stdout]    1:     0x628a5e0f10aa - core[a373ad73a504971]::fmt::write
[INFO] [stdout]    2:     0x628a5e0ddfdc - <alloc[2e1b2a31b91974c5]::vec::Vec<u8> as core[a373ad73a504971]::io::write::Write>::write_fmt
[INFO] [stdout]    3:     0x628a5e0b4f66 - std[617be2ca0a6fd877]::panicking::default_hook::{closure#0}
[INFO] [stdout]    4:     0x628a5e0d1859 - std[617be2ca0a6fd877]::panicking::default_hook
[INFO] [stdout]    5:     0x628a5e0038b0 - test[aada8e7e76ba119b]::test_main_inner::{closure#0}
[INFO] [stdout]    6:     0x628a5e0d1a12 - std[617be2ca0a6fd877]::panicking::panic_with_hook
[INFO] [stdout]    7:     0x628a5e0b5012 - std[617be2ca0a6fd877]::panicking::panic_handler::{closure#0}
[INFO] [stdout]    8:     0x628a5e0adb69 - std[617be2ca0a6fd877]::sys::backtrace::__rust_end_short_backtrace::<std[617be2ca0a6fd877]::panicking::panic_handler::{closure#0}, !>
[INFO] [stdout]    9:     0x628a5e0b5c1d - __rustc[ea4f61d10b84890b]::rust_begin_unwind
[INFO] [stdout]   10:     0x628a5e0f180c - core[a373ad73a504971]::panicking::panic_fmt
[INFO] [stdout]   11:     0x628a5e0f15e2 - core[a373ad73a504971]::result::unwrap_failed
[INFO] [stdout]   12:     0x628a5df5f901 - <media_info[884e68f67af76557]::video_info::struct_video_info::tests::can_read_video_info::{closure#0} as core[a373ad73a504971]::ops::function::FnOnce<()>>::call_once
[INFO] [stdout]   13:     0x628a5dff6cfb - test[aada8e7e76ba119b]::__rust_begin_short_backtrace::<core[a373ad73a504971]::result::Result<(), alloc[2e1b2a31b91974c5]::string::String>, fn() -> core[a373ad73a504971]::result::Result<(), alloc[2e1b2a31b91974c5]::string::String>>
[INFO] [stdout]   14:     0x628a5e003ed5 - test[aada8e7e76ba119b]::run_test::{closure#0}
[INFO] [stdout]   15:     0x628a5dffd7c4 - std[617be2ca0a6fd877]::sys::backtrace::__rust_begin_short_backtrace::<test[aada8e7e76ba119b]::run_test::{closure#1}, ()>
[INFO] [stdout]   16:     0x628a5e006f62 - <std[617be2ca0a6fd877]::thread::lifecycle::spawn_unchecked<test[aada8e7e76ba119b]::run_test::{closure#1}, ()>::{closure#1} as core[a373ad73a504971]::ops::function::FnOnce<()>>::call_once::{shim:vtable#0}
[INFO] [stdout]   17:     0x628a5e0d8c3f - <std[617be2ca0a6fd877]::sys::thread::unix::Thread>::new::thread_start
[INFO] [stdout]   18:     0x7c834c660dfa - <unknown>
[INFO] [stdout]   19:     0x7c834c6f43d4 - clone
[INFO] [stdout]   20:                0x0 - <unknown>
[INFO] [stdout] 
[INFO] [stdout] ---- doc_info::tests::can_read_odt_creation_date stdout ----
[INFO] [stdout] 
[INFO] [stdout] thread 'doc_info::tests::can_read_odt_creation_date' (2315) panicked at src/doc_info/mod.rs:100:9:
[INFO] [stdout] Expected Ok, got Err("File does not exist: \"../test-media/TESTDOCUMENT.odt\"")
[INFO] [stdout] stack backtrace:
[INFO] [stdout]    0:     0x628a5e0d9a51 - <<std[617be2ca0a6fd877]::sys::backtrace::BacktraceLock>::print::DisplayBacktrace as core[a373ad73a504971]::fmt::Display>::fmt
[INFO] [stdout]    1:     0x628a5e0f10aa - core[a373ad73a504971]::fmt::write
[INFO] [stdout]    2:     0x628a5e0ddfdc - <alloc[2e1b2a31b91974c5]::vec::Vec<u8> as core[a373ad73a504971]::io::write::Write>::write_fmt
[INFO] [stdout]    3:     0x628a5e0b4f66 - std[617be2ca0a6fd877]::panicking::default_hook::{closure#0}
[INFO] [stdout]    4:     0x628a5e0d1859 - std[617be2ca0a6fd877]::panicking::default_hook
[INFO] [stdout]    5:     0x628a5e0038b0 - test[aada8e7e76ba119b]::test_main_inner::{closure#0}
[INFO] [stdout]    6:     0x628a5e0d1a12 - std[617be2ca0a6fd877]::panicking::panic_with_hook
[INFO] [stdout]    7:     0x628a5e0b5012 - std[617be2ca0a6fd877]::panicking::panic_handler::{closure#0}
[INFO] [stdout]    8:     0x628a5e0adb69 - std[617be2ca0a6fd877]::sys::backtrace::__rust_end_short_backtrace::<std[617be2ca0a6fd877]::panicking::panic_handler::{closure#0}, !>
[INFO] [stdout]    9:     0x628a5e0b5c1d - __rustc[ea4f61d10b84890b]::rust_begin_unwind
[INFO] [stdout]   10:     0x628a5e0f180c - core[a373ad73a504971]::panicking::panic_fmt
[INFO] [stdout]   11:     0x628a5df5e520 - <media_info[884e68f67af76557]::doc_info::tests::can_read_odt_creation_date::{closure#0} as core[a373ad73a504971]::ops::function::FnOnce<()>>::call_once
[INFO] [stdout]   12:     0x628a5dff6cfb - test[aada8e7e76ba119b]::__rust_begin_short_backtrace::<core[a373ad73a504971]::result::Result<(), alloc[2e1b2a31b91974c5]::string::String>, fn() -> core[a373ad73a504971]::result::Result<(), alloc[2e1b2a31b91974c5]::string::String>>
[INFO] [stdout]   13:     0x628a5e003ed5 - test[aada8e7e76ba119b]::run_test::{closure#0}
[INFO] [stdout]   14:     0x628a5dffd7c4 - std[617be2ca0a6fd877]::sys::backtrace::__rust_begin_short_backtrace::<test[aada8e7e76ba119b]::run_test::{closure#1}, ()>
[INFO] [stdout]   15:     0x628a5e006f62 - <std[617be2ca0a6fd877]::thread::lifecycle::spawn_unchecked<test[aada8e7e76ba119b]::run_test::{closure#1}, ()>::{closure#1} as core[a373ad73a504971]::ops::function::FnOnce<()>>::call_once::{shim:vtable#0}
[INFO] [stdout]   16:     0x628a5e0d8c3f - <std[617be2ca0a6fd877]::sys::thread::unix::Thread>::new::thread_start
[INFO] [stdout]   17:     0x7c834c660dfa - <unknown>
[INFO] [stdout]   18:     0x7c834c6f43d4 - clone
[INFO] [stdout]   19:                0x0 - <unknown>
[INFO] [stdout] 
[INFO] [stdout] ---- doc_info::tests::can_read_md_creation_date stdout ----
[INFO] [stdout] 
[INFO] [stdout] thread 'doc_info::tests::can_read_md_creation_date' (2314) panicked at src/doc_info/mod.rs:87:9:
[INFO] [stdout] Expected Ok, got Err("File does not exist: \"../test-media/TESTDOCUMENT.md\"")
[INFO] [stdout] stack backtrace:
[INFO] [stdout]    0:     0x628a5e0d9a51 - <<std[617be2ca0a6fd877]::sys::backtrace::BacktraceLock>::print::DisplayBacktrace as core[a373ad73a504971]::fmt::Display>::fmt
[INFO] [stdout]    1:     0x628a5e0f10aa - core[a373ad73a504971]::fmt::write
[INFO] [stdout]    2:     0x628a5e0ddfdc - <alloc[2e1b2a31b91974c5]::vec::Vec<u8> as core[a373ad73a504971]::io::write::Write>::write_fmt
[INFO] [stdout]    3:     0x628a5e0b4f66 - std[617be2ca0a6fd877]::panicking::default_hook::{closure#0}
[INFO] [stdout]    4:     0x628a5e0d1859 - std[617be2ca0a6fd877]::panicking::default_hook
[INFO] [stdout]    5:     0x628a5e0038b0 - test[aada8e7e76ba119b]::test_main_inner::{closure#0}
[INFO] [stdout]    6:     0x628a5e0d1a12 - std[617be2ca0a6fd877]::panicking::panic_with_hook
[INFO] [stdout]    7:     0x628a5e0b5012 - std[617be2ca0a6fd877]::panicking::panic_handler::{closure#0}
[INFO] [stdout]    8:     0x628a5e0adb69 - std[617be2ca0a6fd877]::sys::backtrace::__rust_end_short_backtrace::<std[617be2ca0a6fd877]::panicking::panic_handler::{closure#0}, !>
[INFO] [stdout]    9:     0x628a5e0b5c1d - __rustc[ea4f61d10b84890b]::rust_begin_unwind
[INFO] [stdout]   10:     0x628a5e0f180c - core[a373ad73a504971]::panicking::panic_fmt
[INFO] [stdout]   11:     0x628a5df5e180 - <media_info[884e68f67af76557]::doc_info::tests::can_read_md_creation_date::{closure#0} as core[a373ad73a504971]::ops::function::FnOnce<()>>::call_once
[INFO] [stdout]   12:     0x628a5dff6cfb - test[aada8e7e76ba119b]::__rust_begin_short_backtrace::<core[a373ad73a504971]::result::Result<(), alloc[2e1b2a31b91974c5]::string::String>, fn() -> core[a373ad73a504971]::result::Result<(), alloc[2e1b2a31b91974c5]::string::String>>
[INFO] [stdout]   13:     0x628a5e003ed5 - test[aada8e7e76ba119b]::run_test::{closure#0}
[INFO] [stdout]   14:     0x628a5dffd7c4 - std[617be2ca0a6fd877]::sys::backtrace::__rust_begin_short_backtrace::<test[aada8e7e76ba119b]::run_test::{closure#1}, ()>
[INFO] [stdout]   15:     0x628a5e006f62 - <std[617be2ca0a6fd877]::thread::lifecycle::spawn_unchecked<test[aada8e7e76ba119b]::run_test::{closure#1}, ()>::{closure#1} as core[a373ad73a504971]::ops::function::FnOnce<()>>::call_once::{shim:vtable#0}
[INFO] [stdout]   16:     0x628a5e0d8c3f - <std[617be2ca0a6fd877]::sys::thread::unix::Thread>::new::thread_start
[INFO] [stdout]   17:     0x7c834c660dfa - <unknown>
[INFO] [stdout]   18:     0x7c834c6f43d4 - clone
[INFO] [stdout]   19:                0x0 - <unknown>
[INFO] [stdout] 
[INFO] [stdout] ---- doc_info::tests::can_read_pdf_creation_date stdout ----
[INFO] [stdout] 
[INFO] [stdout] thread 'doc_info::tests::can_read_pdf_creation_date' (2316) panicked at src/doc_info/mod.rs:48:9:
[INFO] [stdout] Expected Ok, got Err("File does not exist: \"../test-media/TESTDOCUMENT.pdf\"")
[INFO] [stdout] stack backtrace:
[INFO] [stdout]    0:     0x628a5e0d9a51 - <<std[617be2ca0a6fd877]::sys::backtrace::BacktraceLock>::print::DisplayBacktrace as core[a373ad73a504971]::fmt::Display>::fmt
[INFO] [stdout]    1:     0x628a5e0f10aa - core[a373ad73a504971]::fmt::write
[INFO] [stdout]    2:     0x628a5e0ddfdc - <alloc[2e1b2a31b91974c5]::vec::Vec<u8> as core[a373ad73a504971]::io::write::Write>::write_fmt
[INFO] [stdout]    3:     0x628a5e0b4f66 - std[617be2ca0a6fd877]::panicking::default_hook::{closure#0}
[INFO] [stdout]    4:     0x628a5e0d1859 - std[617be2ca0a6fd877]::panicking::default_hook
[INFO] [stdout]    5:     0x628a5e0038b0 - test[aada8e7e76ba119b]::test_main_inner::{closure#0}
[INFO] [stdout]    6:     0x628a5e0d1a12 - std[617be2ca0a6fd877]::panicking::panic_with_hook
[INFO] [stdout]    7:     0x628a5e0b5012 - std[617be2ca0a6fd877]::panicking::panic_handler::{closure#0}
[INFO] [stdout]    8:     0x628a5e0adb69 - std[617be2ca0a6fd877]::sys::backtrace::__rust_end_short_backtrace::<std[617be2ca0a6fd877]::panicking::panic_handler::{closure#0}, !>
[INFO] [stdout]    9:     0x628a5e0b5c1d - __rustc[ea4f61d10b84890b]::rust_begin_unwind
[INFO] [stdout]   10:     0x628a5e0f180c - core[a373ad73a504971]::panicking::panic_fmt
[INFO] [stdout]   11:     0x628a5df5e660 - <media_info[884e68f67af76557]::doc_info::tests::can_read_pdf_creation_date::{closure#0} as core[a373ad73a504971]::ops::function::FnOnce<()>>::call_once
[INFO] [stdout]   12:     0x628a5dff6cfb - test[aada8e7e76ba119b]::__rust_begin_short_backtrace::<core[a373ad73a504971]::result::Result<(), alloc[2e1b2a31b91974c5]::string::String>, fn() -> core[a373ad73a504971]::result::Result<(), alloc[2e1b2a31b91974c5]::string::String>>
[INFO] [stdout]   13:     0x628a5e003ed5 - test[aada8e7e76ba119b]::run_test::{closure#0}
[INFO] [stdout]   14:     0x628a5dffd7c4 - std[617be2ca0a6fd877]::sys::backtrace::__rust_begin_short_backtrace::<test[aada8e7e76ba119b]::run_test::{closure#1}, ()>
[INFO] [stdout]   15:     0x628a5e006f62 - <std[617be2ca0a6fd877]::thread::lifecycle::spawn_unchecked<test[aada8e7e76ba119b]::run_test::{closure#1}, ()>::{closure#1} as core[a373ad73a504971]::ops::function::FnOnce<()>>::call_once::{shim:vtable#0}
[INFO] [stdout]   16:     0x628a5e0d8c3f - <std[617be2ca0a6fd877]::sys::thread::unix::Thread>::new::thread_start
[INFO] [stdout]   17:     0x7c834c660dfa - <unknown>
[INFO] [stdout]   18:     0x7c834c6f43d4 - clone
[INFO] [stdout]   19:                0x0 - <unknown>
[INFO] [stdout] 
[INFO] [stdout] ---- doc_info::tests::can_read_rtf_creation_date stdout ----
[INFO] [stdout] 
[INFO] [stdout] thread 'doc_info::tests::can_read_rtf_creation_date' (2317) panicked at src/doc_info/mod.rs:113:9:
[INFO] [stdout] Expected Ok, got Err("File does not exist: \"../test-media/TESTDOCUMENT.rtf\"")
[INFO] [stdout] stack backtrace:
[INFO] [stdout]    0:     0x628a5e0d9a51 - <<std[617be2ca0a6fd877]::sys::backtrace::BacktraceLock>::print::DisplayBacktrace as core[a373ad73a504971]::fmt::Display>::fmt
[INFO] [stdout]    1:     0x628a5e0f10aa - core[a373ad73a504971]::fmt::write
[INFO] [stdout]    2:     0x628a5e0ddfdc - <alloc[2e1b2a31b91974c5]::vec::Vec<u8> as core[a373ad73a504971]::io::write::Write>::write_fmt
[INFO] [stdout]    3:     0x628a5e0b4f66 - std[617be2ca0a6fd877]::panicking::default_hook::{closure#0}
[INFO] [stdout]    4:     0x628a5e0d1859 - std[617be2ca0a6fd877]::panicking::default_hook
[INFO] [stdout]    5:     0x628a5e0038b0 - test[aada8e7e76ba119b]::test_main_inner::{closure#0}
[INFO] [stdout]    6:     0x628a5e0d1a12 - std[617be2ca0a6fd877]::panicking::panic_with_hook
[INFO] [stdout]    7:     0x628a5e0b5012 - std[617be2ca0a6fd877]::panicking::panic_handler::{closure#0}
[INFO] [stdout]    8:     0x628a5e0adb69 - std[617be2ca0a6fd877]::sys::backtrace::__rust_end_short_backtrace::<std[617be2ca0a6fd877]::panicking::panic_handler::{closure#0}, !>
[INFO] [stdout]    9:     0x628a5e0b5c1d - __rustc[ea4f61d10b84890b]::rust_begin_unwind
[INFO] [stdout]   10:     0x628a5e0f180c - core[a373ad73a504971]::panicking::panic_fmt
[INFO] [stdout]   11:     0x628a5df5e7a0 - <media_info[884e68f67af76557]::doc_info::tests::can_read_rtf_creation_date::{closure#0} as core[a373ad73a504971]::ops::function::FnOnce<()>>::call_once
[INFO] [stdout]   12:     0x628a5dff6cfb - test[aada8e7e76ba119b]::__rust_begin_short_backtrace::<core[a373ad73a504971]::result::Result<(), alloc[2e1b2a31b91974c5]::string::String>, fn() -> core[a373ad73a504971]::result::Result<(), alloc[2e1b2a31b91974c5]::string::String>>
[INFO] [stdout]   13:     0x628a5e003ed5 - test[aada8e7e76ba119b]::run_test::{closure#0}
[INFO] [stdout]   14:     0x628a5dffd7c4 - std[617be2ca0a6fd877]::sys::backtrace::__rust_begin_short_backtrace::<test[aada8e7e76ba119b]::run_test::{closure#1}, ()>
[INFO] [stdout]   15:     0x628a5e006f62 - <std[617be2ca0a6fd877]::thread::lifecycle::spawn_unchecked<test[aada8e7e76ba119b]::run_test::{closure#1}, ()>::{closure#1} as core[a373ad73a504971]::ops::function::FnOnce<()>>::call_once::{shim:vtable#0}
[INFO] [stdout]   16:     0x628a5e0d8c3f - <std[617be2ca0a6fd877]::sys::thread::unix::Thread>::new::thread_start
[INFO] [stdout]   17:     0x7c834c660dfa - <unknown>
[INFO] [stdout]   18:     0x7c834c6f43d4 - clone
[INFO] [stdout]   19:                0x0 - <unknown>
[INFO] [stdout] 
[INFO] [stdout] ---- video_info::video_date_read::can_read_video_dimensions stdout ----
[INFO] [stdout] 
[INFO] [stdout] thread 'video_info::video_date_read::can_read_video_dimensions' (2330) panicked at src/video_info/mod.rs:113:59:
[INFO] [stdout] called `Result::unwrap()` on an `Err` value: "File does not exist: \"../test-media/corgi_race.mp4\""
[INFO] [stdout] stack backtrace:
[INFO] [stdout]    0:     0x628a5e0d9a51 - <<std[617be2ca0a6fd877]::sys::backtrace::BacktraceLock>::print::DisplayBacktrace as core[a373ad73a504971]::fmt::Display>::fmt
[INFO] [stdout]    1:     0x628a5e0f10aa - core[a373ad73a504971]::fmt::write
[INFO] [stdout]    2:     0x628a5e0ddfdc - <alloc[2e1b2a31b91974c5]::vec::Vec<u8> as core[a373ad73a504971]::io::write::Write>::write_fmt
[INFO] [stdout]    3:     0x628a5e0b4f66 - std[617be2ca0a6fd877]::panicking::default_hook::{closure#0}
[INFO] [stdout]    4:     0x628a5e0d1859 - std[617be2ca0a6fd877]::panicking::default_hook
[INFO] [stdout]    5:     0x628a5e0038b0 - test[aada8e7e76ba119b]::test_main_inner::{closure#0}
[INFO] [stdout]    6:     0x628a5e0d1a12 - std[617be2ca0a6fd877]::panicking::panic_with_hook
[INFO] [stdout]    7:     0x628a5e0b5012 - std[617be2ca0a6fd877]::panicking::panic_handler::{closure#0}
[INFO] [stdout]    8:     0x628a5e0adb69 - std[617be2ca0a6fd877]::sys::backtrace::__rust_end_short_backtrace::<std[617be2ca0a6fd877]::panicking::panic_handler::{closure#0}, !>
[INFO] [stdout]    9:     0x628a5e0b5c1d - __rustc[ea4f61d10b84890b]::rust_begin_unwind
[INFO] [stdout]   10:     0x628a5e0f180c - core[a373ad73a504971]::panicking::panic_fmt
[INFO] [stdout]   11:     0x628a5e0f15e2 - core[a373ad73a504971]::result::unwrap_failed
[INFO] [stdout]   12:     0x628a5df5de8d - <media_info[884e68f67af76557]::video_info::video_date_read::can_read_video_dimensions::{closure#0} as core[a373ad73a504971]::ops::function::FnOnce<()>>::call_once
[INFO] [stdout]   13:     0x628a5dff6cfb - test[aada8e7e76ba119b]::__rust_begin_short_backtrace::<core[a373ad73a504971]::result::Result<(), alloc[2e1b2a31b91974c5]::string::String>, fn() -> core[a373ad73a504971]::result::Result<(), alloc[2e1b2a31b91974c5]::string::String>>
[INFO] [stdout]   14:     0x628a5e003ed5 - test[aada8e7e76ba119b]::run_test::{closure#0}
[INFO] [stdout]   15:     0x628a5dffd7c4 - std[617be2ca0a6fd877]::sys::backtrace::__rust_begin_short_backtrace::<test[aada8e7e76ba119b]::run_test::{closure#1}, ()>
[INFO] [stdout]   16:     0x628a5e006f62 - <std[617be2ca0a6fd877]::thread::lifecycle::spawn_unchecked<test[aada8e7e76ba119b]::run_test::{closure#1}, ()>::{closure#1} as core[a373ad73a504971]::ops::function::FnOnce<()>>::call_once::{shim:vtable#0}
[INFO] [stdout]   17:     0x628a5e0d8c3f - <std[617be2ca0a6fd877]::sys::thread::unix::Thread>::new::thread_start
[INFO] [stdout]   18:     0x7c834c660dfa - <unknown>
[INFO] [stdout]   19:     0x7c834c6f43d4 - clone
[INFO] [stdout]   20:                0x0 - <unknown>
[INFO] [stdout] 
[INFO] [stdout] ---- photo_info::tests::can_read_photo_creation_date stdout ----
[INFO] [stdout] 
[INFO] [stdout] thread 'photo_info::tests::can_read_photo_creation_date' (2325) panicked at src/photo_info/mod.rs:94:34:
[INFO] [stdout] called `Result::unwrap()` on an `Err` value: "File does not exist: \"../test-media/400a861d-014a-4dfb-9143-1a914212fd4d.jpg\""
[INFO] [stdout] stack backtrace:
[INFO] [stdout]    0:     0x628a5e0d9a51 - <<std[617be2ca0a6fd877]::sys::backtrace::BacktraceLock>::print::DisplayBacktrace as core[a373ad73a504971]::fmt::Display>::fmt
[INFO] [stdout]    1:     0x628a5e0f10aa - core[a373ad73a504971]::fmt::write
[INFO] [stdout]    2:     0x628a5e0ddfdc - <alloc[2e1b2a31b91974c5]::vec::Vec<u8> as core[a373ad73a504971]::io::write::Write>::write_fmt
[INFO] [stdout]    3:     0x628a5e0b4f66 - std[617be2ca0a6fd877]::panicking::default_hook::{closure#0}
[INFO] [stdout]    4:     0x628a5e0d1859 - std[617be2ca0a6fd877]::panicking::default_hook
[INFO] [stdout]    5:     0x628a5e0038b0 - test[aada8e7e76ba119b]::test_main_inner::{closure#0}
[INFO] [stdout]    6:     0x628a5e0d1a12 - std[617be2ca0a6fd877]::panicking::panic_with_hook
[INFO] [stdout]    7:     0x628a5e0b5012 - std[617be2ca0a6fd877]::panicking::panic_handler::{closure#0}
[INFO] [stdout]    8:     0x628a5e0adb69 - std[617be2ca0a6fd877]::sys::backtrace::__rust_end_short_backtrace::<std[617be2ca0a6fd877]::panicking::panic_handler::{closure#0}, !>
[INFO] [stdout]    9:     0x628a5e0b5c1d - __rustc[ea4f61d10b84890b]::rust_begin_unwind
[INFO] [stdout]   10:     0x628a5e0f180c - core[a373ad73a504971]::panicking::panic_fmt
[INFO] [stdout]   11:     0x628a5e0f15e2 - core[a373ad73a504971]::result::unwrap_failed
[INFO] [stdout]   12:     0x628a5df5dd33 - <media_info[884e68f67af76557]::photo_info::tests::can_read_photo_creation_date::{closure#0} as core[a373ad73a504971]::ops::function::FnOnce<()>>::call_once
[INFO] [stdout]   13:     0x628a5dff6cfb - test[aada8e7e76ba119b]::__rust_begin_short_backtrace::<core[a373ad73a504971]::result::Result<(), alloc[2e1b2a31b91974c5]::string::String>, fn() -> core[a373ad73a504971]::result::Result<(), alloc[2e1b2a31b91974c5]::string::String>>
[INFO] [stdout]   14:     0x628a5e003ed5 - test[aada8e7e76ba119b]::run_test::{closure#0}
[INFO] [stdout]   15:     0x628a5dffd7c4 - std[617be2ca0a6fd877]::sys::backtrace::__rust_begin_short_backtrace::<test[aada8e7e76ba119b]::run_test::{closure#1}, ()>
[INFO] [stdout]   16:     0x628a5e006f62 - <std[617be2ca0a6fd877]::thread::lifecycle::spawn_unchecked<test[aada8e7e76ba119b]::run_test::{closure#1}, ()>::{closure#1} as core[a373ad73a504971]::ops::function::FnOnce<()>>::call_once::{shim:vtable#0}
[INFO] [stdout]   17:     0x628a5e0d8c3f - <std[617be2ca0a6fd877]::sys::thread::unix::Thread>::new::thread_start
[INFO] [stdout]   18:     0x7c834c660dfa - <unknown>
[INFO] [stdout]   19:     0x7c834c6f43d4 - clone
[INFO] [stdout]   20:                0x0 - <unknown>
[INFO] [stdout] 
[INFO] [stdout] ---- video_info::video_date_read::can_read_video_creation_date stdout ----
[INFO] [stdout] 
[INFO] [stdout] thread 'video_info::video_date_read::can_read_video_creation_date' (2329) panicked at src/video_info/mod.rs:107:34:
[INFO] [stdout] called `Result::unwrap()` on an `Err` value: "File does not exist: \"../test-media/corgi_race.mp4\""
[INFO] [stdout] stack backtrace:
[INFO] [stdout]    0:     0x628a5e0d9a51 - <<std[617be2ca0a6fd877]::sys::backtrace::BacktraceLock>::print::DisplayBacktrace as core[a373ad73a504971]::fmt::Display>::fmt
[INFO] [stdout]    1:     0x628a5e0f10aa - core[a373ad73a504971]::fmt::write
[INFO] [stdout]    2:     0x628a5e0ddfdc - <alloc[2e1b2a31b91974c5]::vec::Vec<u8> as core[a373ad73a504971]::io::write::Write>::write_fmt
[INFO] [stdout]    3:     0x628a5e0b4f66 - std[617be2ca0a6fd877]::panicking::default_hook::{closure#0}
[INFO] [stdout]    4:     0x628a5e0d1859 - std[617be2ca0a6fd877]::panicking::default_hook
[INFO] [stdout]    5:     0x628a5e0038b0 - test[aada8e7e76ba119b]::test_main_inner::{closure#0}
[INFO] [stdout]    6:     0x628a5e0d1a12 - std[617be2ca0a6fd877]::panicking::panic_with_hook
[INFO] [stdout]    7:     0x628a5e0b5012 - std[617be2ca0a6fd877]::panicking::panic_handler::{closure#0}
[INFO] [stdout]    8:     0x628a5e0adb69 - std[617be2ca0a6fd877]::sys::backtrace::__rust_end_short_backtrace::<std[617be2ca0a6fd877]::panicking::panic_handler::{closure#0}, !>
[INFO] [stdout]    9:     0x628a5e0b5c1d - __rustc[ea4f61d10b84890b]::rust_begin_unwind
[INFO] [stdout]   10:     0x628a5e0f180c - core[a373ad73a504971]::panicking::panic_fmt
[INFO] [stdout]   11:     0x628a5e0f15e2 - core[a373ad73a504971]::result::unwrap_failed
[INFO] [stdout]   12:     0x628a5df5dfa3 - <media_info[884e68f67af76557]::video_info::video_date_read::can_read_video_creation_date::{closure#0} as core[a373ad73a504971]::ops::function::FnOnce<()>>::call_once
[INFO] [stdout]   13:     0x628a5dff6cfb - test[aada8e7e76ba119b]::__rust_begin_short_backtrace::<core[a373ad73a504971]::result::Result<(), alloc[2e1b2a31b91974c5]::string::String>, fn() -> core[a373ad73a504971]::result::Result<(), alloc[2e1b2a31b91974c5]::string::String>>
[INFO] [stdout]   14:     0x628a5e003ed5 - test[aada8e7e76ba119b]::run_test::{closure#0}
[INFO] [stdout]   15:     0x628a5dffd7c4 - std[617be2ca0a6fd877]::sys::backtrace::__rust_begin_short_backtrace::<test[aada8e7e76ba119b]::run_test::{closure#1}, ()>
[INFO] [stdout]   16:     0x628a5e006f62 - <std[617be2ca0a6fd877]::thread::lifecycle::spawn_unchecked<test[aada8e7e76ba119b]::run_test::{closure#1}, ()>::{closure#1} as core[a373ad73a504971]::ops::function::FnOnce<()>>::call_once::{shim:vtable#0}
[INFO] [stdout]   17:     0x628a5e0d8c3f - <std[617be2ca0a6fd877]::sys::thread::unix::Thread>::new::thread_start
[INFO] [stdout]   18:     0x7c834c660dfa - <unknown>
[INFO] [stdout]   19:     0x7c834c6f43d4 - clone
[INFO] [stdout]   20:                0x0 - <unknown>
[INFO] [stdout] 
[INFO] [stdout] ---- audio_info::tests::can_read_audio_creation_date stdout ----
[INFO] [stdout] 
[INFO] [stdout] thread 'audio_info::tests::can_read_audio_creation_date' (2311) panicked at src/audio_info/mod.rs:74:34:
[INFO] [stdout] called `Result::unwrap()` on an `Err` value: "File does not exist: \"../test-media/Recording.m4a\""
[INFO] [stdout] stack backtrace:
[INFO] [stdout]    0:     0x628a5e0d9a51 - <<std[617be2ca0a6fd877]::sys::backtrace::BacktraceLock>::print::DisplayBacktrace as core[a373ad73a504971]::fmt::Display>::fmt
[INFO] [stdout]    1:     0x628a5e0f10aa - core[a373ad73a504971]::fmt::write
[INFO] [stdout]    2:     0x628a5e0ddfdc - <alloc[2e1b2a31b91974c5]::vec::Vec<u8> as core[a373ad73a504971]::io::write::Write>::write_fmt
[INFO] [stdout]    3:     0x628a5e0b4f66 - std[617be2ca0a6fd877]::panicking::default_hook::{closure#0}
[INFO] [stdout]    4:     0x628a5e0d1859 - std[617be2ca0a6fd877]::panicking::default_hook
[INFO] [stdout]    5:     0x628a5e0038b0 - test[aada8e7e76ba119b]::test_main_inner::{closure#0}
[INFO] [stdout]    6:     0x628a5e0d1a12 - std[617be2ca0a6fd877]::panicking::panic_with_hook
[INFO] [stdout]    7:     0x628a5e0b5012 - std[617be2ca0a6fd877]::panicking::panic_handler::{closure#0}
[INFO] [stdout]    8:     0x628a5e0adb69 - std[617be2ca0a6fd877]::sys::backtrace::__rust_end_short_backtrace::<std[617be2ca0a6fd877]::panicking::panic_handler::{closure#0}, !>
[INFO] [stdout]    9:     0x628a5e0b5c1d - __rustc[ea4f61d10b84890b]::rust_begin_unwind
[INFO] [stdout]   10:     0x628a5e0f180c - core[a373ad73a504971]::panicking::panic_fmt
[INFO] [stdout]   11:     0x628a5e0f15e2 - core[a373ad73a504971]::result::unwrap_failed
[INFO] [stdout]   12:     0x628a5df5db33 - <media_info[884e68f67af76557]::audio_info::tests::can_read_audio_creation_date::{closure#0} as core[a373ad73a504971]::ops::function::FnOnce<()>>::call_once
[INFO] [stdout]   13:     0x628a5dff6cfb - test[aada8e7e76ba119b]::__rust_begin_short_backtrace::<core[a373ad73a504971]::result::Result<(), alloc[2e1b2a31b91974c5]::string::String>, fn() -> core[a373ad73a504971]::result::Result<(), alloc[2e1b2a31b91974c5]::string::String>>
[INFO] [stdout]   14:     0x628a5e003ed5 - test[aada8e7e76ba119b]::run_test::{closure#0}
[INFO] [stdout]   15:     0x628a5dffd7c4 - std[617be2ca0a6fd877]::sys::backtrace::__rust_begin_short_backtrace::<test[aada8e7e76ba119b]::run_test::{closure#1}, ()>
[INFO] [stdout]   16:     0x628a5e006f62 - <std[617be2ca0a6fd877]::thread::lifecycle::spawn_unchecked<test[aada8e7e76ba119b]::run_test::{closure#1}, ()>::{closure#1} as core[a373ad73a504971]::ops::function::FnOnce<()>>::call_once::{shim:vtable#0}
[INFO] [stdout]   17:     0x628a5e0d8c3f - <std[617be2ca0a6fd877]::sys::thread::unix::Thread>::new::thread_start
[INFO] [stdout]   18:     0x7c834c660dfa - <unknown>
[INFO] [stdout]   19:     0x7c834c6f43d4 - clone
[INFO] [stdout]   20:                0x0 - <unknown>
[INFO] [stdout] 
[INFO] [stdout] ---- doc_info::tests::date_format_is_yyyy_mm_dd stdout ----
[INFO] [stdout] 
[INFO] [stdout] thread 'doc_info::tests::date_format_is_yyyy_mm_dd' (2319) panicked at src/doc_info/mod.rs:160:51:
[INFO] [stdout] called `Result::unwrap()` on an `Err` value: "File does not exist: \"../test-media/TESTDOCUMENT.pdf\""
[INFO] [stdout] stack backtrace:
[INFO] [stdout]    0:     0x628a5e0d9a51 - <<std[617be2ca0a6fd877]::sys::backtrace::BacktraceLock>::print::DisplayBacktrace as core[a373ad73a504971]::fmt::Display>::fmt
[INFO] [stdout]    1:     0x628a5e0f10aa - core[a373ad73a504971]::fmt::write
[INFO] [stdout]    2:     0x628a5e0ddfdc - <alloc[2e1b2a31b91974c5]::vec::Vec<u8> as core[a373ad73a504971]::io::write::Write>::write_fmt
[INFO] [stdout]    3:     0x628a5e0b4f66 - std[617be2ca0a6fd877]::panicking::default_hook::{closure#0}
[INFO] [stdout]    4:     0x628a5e0d1859 - std[617be2ca0a6fd877]::panicking::default_hook
[INFO] [stdout]    5:     0x628a5e0038b0 - test[aada8e7e76ba119b]::test_main_inner::{closure#0}
[INFO] [stdout]    6:     0x628a5e0d1a12 - std[617be2ca0a6fd877]::panicking::panic_with_hook
[INFO] [stdout]    7:     0x628a5e0b5012 - std[617be2ca0a6fd877]::panicking::panic_handler::{closure#0}
[INFO] [stdout]    8:     0x628a5e0adb69 - std[617be2ca0a6fd877]::sys::backtrace::__rust_end_short_backtrace::<std[617be2ca0a6fd877]::panicking::panic_handler::{closure#0}, !>
[INFO] [stdout]    9:     0x628a5e0b5c1d - __rustc[ea4f61d10b84890b]::rust_begin_unwind
[INFO] [stdout]   10:     0x628a5e0f180c - core[a373ad73a504971]::panicking::panic_fmt
[INFO] [stdout]   11:     0x628a5e0f15e2 - core[a373ad73a504971]::result::unwrap_failed
[INFO] [stdout]   12:     0x628a5df5e335 - <media_info[884e68f67af76557]::doc_info::tests::date_format_is_yyyy_mm_dd::{closure#0} as core[a373ad73a504971]::ops::function::FnOnce<()>>::call_once
[INFO] [stdout]   13:     0x628a5dff6cfb - test[aada8e7e76ba119b]::__rust_begin_short_backtrace::<core[a373ad73a504971]::result::Result<(), alloc[2e1b2a31b91974c5]::string::String>, fn() -> core[a373ad73a504971]::result::Result<(), alloc[2e1b2a31b91974c5]::string::String>>
[INFO] [stdout]   14:     0x628a5e003ed5 - test[aada8e7e76ba119b]::run_test::{closure#0}
[INFO] [stdout]   15:     0x628a5dffd7c4 - std[617be2ca0a6fd877]::sys::backtrace::__rust_begin_short_backtrace::<test[aada8e7e76ba119b]::run_test::{closure#1}, ()>
[INFO] [stdout]   16:     0x628a5e006f62 - <std[617be2ca0a6fd877]::thread::lifecycle::spawn_unchecked<test[aada8e7e76ba119b]::run_test::{closure#1}, ()>::{closure#1} as core[a373ad73a504971]::ops::function::FnOnce<()>>::call_once::{shim:vtable#0}
[INFO] [stdout]   17:     0x628a5e0d8c3f - <std[617be2ca0a6fd877]::sys::thread::unix::Thread>::new::thread_start
[INFO] [stdout]   18:     0x7c834c660dfa - <unknown>
[INFO] [stdout]   19:     0x7c834c6f43d4 - clone
[INFO] [stdout]   20:                0x0 - <unknown>
[INFO] [stdout] 
[INFO] [stdout] ---- photo_info::struct_photo_info::tests::can_create_photo_info stdout ----
[INFO] [stdout] 
[INFO] [stdout] thread 'photo_info::struct_photo_info::tests::can_create_photo_info' (2324) panicked at src/photo_info/struct_photo_info.rs:126:47:
[INFO] [stdout] called `Result::unwrap()` on an `Err` value: "File does not exist: \"../test-media/400a861d-014a-4dfb-9143-1a914212fd4d.jpg\""
[INFO] [stdout] stack backtrace:
[INFO] [stdout]    0:     0x628a5e0d9a51 - <<std[617be2ca0a6fd877]::sys::backtrace::BacktraceLock>::print::DisplayBacktrace as core[a373ad73a504971]::fmt::Display>::fmt
[INFO] [stdout]    1:     0x628a5e0f10aa - core[a373ad73a504971]::fmt::write
[INFO] [stdout]    2:     0x628a5e0ddfdc - <alloc[2e1b2a31b91974c5]::vec::Vec<u8> as core[a373ad73a504971]::io::write::Write>::write_fmt
[INFO] [stdout]    3:     0x628a5e0b4f66 - std[617be2ca0a6fd877]::panicking::default_hook::{closure#0}
[INFO] [stdout]    4:     0x628a5e0d1859 - std[617be2ca0a6fd877]::panicking::default_hook
[INFO] [stdout]    5:     0x628a5e0038b0 - test[aada8e7e76ba119b]::test_main_inner::{closure#0}
[INFO] [stdout]    6:     0x628a5e0d1a12 - std[617be2ca0a6fd877]::panicking::panic_with_hook
[INFO] [stdout]    7:     0x628a5e0b5012 - std[617be2ca0a6fd877]::panicking::panic_handler::{closure#0}
[INFO] [stdout]    8:     0x628a5e0adb69 - std[617be2ca0a6fd877]::sys::backtrace::__rust_end_short_backtrace::<std[617be2ca0a6fd877]::panicking::panic_handler::{closure#0}, !>
[INFO] [stdout]    9:     0x628a5e0b5c1d - __rustc[ea4f61d10b84890b]::rust_begin_unwind
[INFO] [stdout]   10:     0x628a5e0f180c - core[a373ad73a504971]::panicking::panic_fmt
[INFO] [stdout]   11:     0x628a5e0f15e2 - core[a373ad73a504971]::result::unwrap_failed
[INFO] [stdout]   12:     0x628a5df5f5ca - <media_info[884e68f67af76557]::photo_info::struct_photo_info::tests::can_create_photo_info::{closure#0} as core[a373ad73a504971]::ops::function::FnOnce<()>>::call_once
[INFO] [stdout]   13:     0x628a5dff6cfb - test[aada8e7e76ba119b]::__rust_begin_short_backtrace::<core[a373ad73a504971]::result::Result<(), alloc[2e1b2a31b91974c5]::string::String>, fn() -> core[a373ad73a504971]::result::Result<(), alloc[2e1b2a31b91974c5]::string::String>>
[INFO] [stdout]   14:     0x628a5e003ed5 - test[aada8e7e76ba119b]::run_test::{closure#0}
[INFO] [stdout]   15:     0x628a5dffd7c4 - std[617be2ca0a6fd877]::sys::backtrace::__rust_begin_short_backtrace::<test[aada8e7e76ba119b]::run_test::{closure#1}, ()>
[INFO] [stdout]   16:     0x628a5e006f62 - <std[617be2ca0a6fd877]::thread::lifecycle::spawn_unchecked<test[aada8e7e76ba119b]::run_test::{closure#1}, ()>::{closure#1} as core[a373ad73a504971]::ops::function::FnOnce<()>>::call_once::{shim:vtable#0}
[INFO] [stdout]   17:     0x628a5e0d8c3f - <std[617be2ca0a6fd877]::sys::thread::unix::Thread>::new::thread_start
[INFO] [stdout]   18:     0x7c834c660dfa - <unknown>
[INFO] [stdout]   19:     0x7c834c6f43d4 - clone
[INFO] [stdout]   20:                0x0 - <unknown>
[INFO] [stdout] 
[INFO] [stdout] 
[INFO] [stdout] failures:
[INFO] [stdout]     audio_info::tests::can_read_audio_creation_date
[INFO] [stdout]     doc_info::tests::can_read_docx_creation_date
[INFO] [stdout]     doc_info::tests::can_read_epub_creation_date
[INFO] [stdout]     doc_info::tests::can_read_md_creation_date
[INFO] [stdout]     doc_info::tests::can_read_odt_creation_date
[INFO] [stdout]     doc_info::tests::can_read_pdf_creation_date
[INFO] [stdout]     doc_info::tests::can_read_rtf_creation_date
[INFO] [stdout]     doc_info::tests::can_read_txt_creation_date
[INFO] [stdout]     doc_info::tests::date_format_is_yyyy_mm_dd
[INFO] [stdout]     doc_info::tests::uppercase_extension_is_handled
[INFO] [stdout]     photo_info::struct_photo_info::tests::can_create_photo_info
[INFO] [stdout]     photo_info::tests::can_read_photo_creation_date
[INFO] [stdout]     photo_info::tests::can_read_photo_dimensions
[INFO] [stdout]     video_info::struct_video_info::tests::can_read_video_info
[INFO] [stdout]     video_info::video_date_read::can_read_video_creation_date
[INFO] [stdout]     video_info::video_date_read::can_read_video_dimensions
[INFO] [stdout] 
[INFO] [stdout] test result: FAILED. 5 passed; 16 failed; 0 ignored; 0 measured; 0 filtered out; finished in 0.04s
[INFO] [stdout] 
[INFO] [stderr] error: test failed, to rerun pass `--lib`
[INFO] running `Command { std: "docker" "inspect" "b3ab52abc0f5fffadd075341f8f5926d189ec2761e0d36744987b931e19489d9", kill_on_drop: false }`
[INFO] running `Command { std: "docker" "rm" "-f" "b3ab52abc0f5fffadd075341f8f5926d189ec2761e0d36744987b931e19489d9", kill_on_drop: false }`
[INFO] [stdout] b3ab52abc0f5fffadd075341f8f5926d189ec2761e0d36744987b931e19489d9
