[INFO] fetching crate media-transcriber-mcp 0.7.4...
[INFO] testing media-transcriber-mcp-0.7.4 against 1.100.0-beta.1+cargoflags=--release for beta-release-1.100-2
[INFO] extracting crate media-transcriber-mcp 0.7.4 into /workspace/builds/worker-5-tc2/source
[INFO] started tweaking crates.io crate media-transcriber-mcp 0.7.4
[INFO] finished tweaking crates.io crate media-transcriber-mcp 0.7.4
[INFO] tweaked toml for crates.io crate media-transcriber-mcp 0.7.4 written to /workspace/builds/worker-5-tc2/source/Cargo.toml
[INFO] validating manifest of crates.io crate media-transcriber-mcp 0.7.4 on toolchain 1.100.0-beta.1
[INFO] running `Command { std: CARGO_HOME="/workspace/cargo-home" RUSTUP_HOME="/workspace/rustup-home" "/workspace/cargo-home/bin/cargo" "+1.100.0-beta.1" "metadata" "--manifest-path" "Cargo.toml" "--no-deps", kill_on_drop: false }`
[INFO] crate crates.io crate media-transcriber-mcp 0.7.4 already has a lockfile, it will not be regenerated
[INFO] running `Command { std: CARGO_HOME="/workspace/cargo-home" RUSTUP_HOME="/workspace/rustup-home" "/workspace/cargo-home/bin/cargo" "+1.100.0-beta.1" "fetch" "--manifest-path" "Cargo.toml", kill_on_drop: false }`
[INFO] [stderr] warning: `package.homepage` is redundant with `package.repository`
[INFO] [stderr]   --> Cargo.toml:53:12
[INFO] [stderr]    |
[INFO] [stderr] 53 | homepage = "https://github.com/raultov/media-transcriber-mcp"
[INFO] [stderr]    |            ^^^^^^^^^^^^^^^^^^^^^^^^^^^^^^^^^^^^^^^^^^^^^^^^^^
[INFO] [stderr] ...
[INFO] [stderr] 58 | repository = "https://github.com/raultov/media-transcriber-mcp"
[INFO] [stderr]    |              --------------------------------------------------
[INFO] [stderr]    |
[INFO] [stderr]    = note: `cargo::redundant_homepage` is set to `warn` by default
[INFO] [stderr] help: consider removing `package.homepage`
[INFO] [stderr] warning: `media-transcriber-mcp` (manifest) generated 1 warning
[INFO] running `Command { std: "docker" "create" "-v" "/var/lib/crater-agent-workspace/builds/worker-5-tc2/source:/opt/rustwide/workdir:ro,Z" "-v" "/var/lib/crater-agent-workspace/builds/worker-5-tc2/target:/opt/rustwide/target:rw,Z" "-v" "/var/lib/crater-agent-workspace/cargo-home:/opt/rustwide/cargo-home:ro,Z" "-v" "/var/lib/crater-agent-workspace/rustup-home:/opt/rustwide/rustup-home:ro,Z" "-m" "1610612736" "--network" "none" "ghcr.io/rust-lang/crates-build-env/linux@sha256:77db811e55d90add9212f6832c23229e3de5f1c1f9905e8cb07319ea15df73ac" "sleep" "infinity", kill_on_drop: false }`
[INFO] [stdout] ec02963a980a05cd9a16abb8d610ffa084ec2fb1e3ff866b7d7c8d8256e0cc6e
[INFO] running `Command { std: "docker" "start" "ec02963a980a05cd9a16abb8d610ffa084ec2fb1e3ff866b7d7c8d8256e0cc6e", kill_on_drop: false }`
[INFO] running `Command { std: "docker" "inspect" "ec02963a980a05cd9a16abb8d610ffa084ec2fb1e3ff866b7d7c8d8256e0cc6e", kill_on_drop: false }`
[INFO] running `Command { std: "docker" "exec" "-e" "SOURCE_DIR=/opt/rustwide/workdir" "-e" "CARGO_HOME=/opt/rustwide/cargo-home" "-e" "RUSTUP_HOME=/opt/rustwide/rustup-home" "-e" "CARGO_TARGET_DIR=/opt/rustwide/target" "-w" "/opt/rustwide/workdir" "--user" "0:0" "ec02963a980a05cd9a16abb8d610ffa084ec2fb1e3ff866b7d7c8d8256e0cc6e" "/opt/rustwide/cargo-home/bin/cargo" "+1.100.0-beta.1" "metadata" "--no-deps" "--format-version=1", kill_on_drop: false }`
[INFO] running `Command { std: "docker" "inspect" "ec02963a980a05cd9a16abb8d610ffa084ec2fb1e3ff866b7d7c8d8256e0cc6e", kill_on_drop: false }`
[INFO] running `Command { std: "docker" "exec" "-e" "SOURCE_DIR=/opt/rustwide/workdir" "-e" "CARGO_HOME=/opt/rustwide/cargo-home" "-e" "RUSTUP_HOME=/opt/rustwide/rustup-home" "-e" "CARGO_TARGET_DIR=/opt/rustwide/target" "-e" "CARGO_INCREMENTAL=0" "-e" "RUST_BACKTRACE=full" "-e" "RUSTFLAGS=--cap-lints=warn" "-e" "RUSTDOCFLAGS=--cap-lints=warn" "-w" "/opt/rustwide/workdir" "--user" "0:0" "ec02963a980a05cd9a16abb8d610ffa084ec2fb1e3ff866b7d7c8d8256e0cc6e" "/opt/rustwide/cargo-home/bin/cargo" "+1.100.0-beta.1" "build" "--frozen" "--message-format=json" "--release", kill_on_drop: false }`
[INFO] [stderr] warning: `package.homepage` is redundant with `package.repository`
[INFO] [stderr]   --> Cargo.toml:53:12
[INFO] [stderr]    |
[INFO] [stderr] 53 | homepage = "https://github.com/raultov/media-transcriber-mcp"
[INFO] [stderr]    |            ^^^^^^^^^^^^^^^^^^^^^^^^^^^^^^^^^^^^^^^^^^^^^^^^^^
[INFO] [stderr] ...
[INFO] [stderr] 58 | repository = "https://github.com/raultov/media-transcriber-mcp"
[INFO] [stderr]    |              --------------------------------------------------
[INFO] [stderr]    |
[INFO] [stderr]    = note: `cargo::redundant_homepage` is set to `warn` by default
[INFO] [stderr] help: consider removing `package.homepage`
[INFO] [stderr] warning: `media-transcriber-mcp` (manifest) generated 1 warning
[INFO] [stderr]    Compiling syn v2.0.117
[INFO] [stderr]    Compiling libc v0.2.183
[INFO] [stderr]    Compiling parking_lot_core v0.9.12
[INFO] [stderr]    Compiling serde_core v1.0.228
[INFO] [stderr]    Compiling http v1.4.0
[INFO] [stderr]    Compiling aws-lc-rs v1.16.2
[INFO] [stderr]    Compiling untrusted v0.7.1
[INFO] [stderr]    Compiling serde_json v1.0.149
[INFO] [stderr]    Compiling time-core v0.1.8
[INFO] [stderr]    Compiling num-conv v0.2.0
[INFO] [stderr]    Compiling parking_lot v0.12.5
[INFO] [stderr]    Compiling deranged v0.5.8
[INFO] [stderr]    Compiling time-macros v0.2.27
[INFO] [stderr]    Compiling rustls v0.23.37
[INFO] [stderr]    Compiling num_threads v0.1.7
[INFO] [stderr]    Compiling num-traits v0.2.19
[INFO] [stderr]    Compiling either v1.15.0
[INFO] [stderr]    Compiling regex-syntax v0.8.10
[INFO] [stderr]    Compiling jobserver v0.1.34
[INFO] [stderr]    Compiling http-body v1.0.1
[INFO] [stderr]    Compiling bitflags v2.11.0
[INFO] [stderr]    Compiling bindgen v0.69.5
[INFO] [stderr]    Compiling cc v1.2.57
[INFO] [stderr]    Compiling rustix v0.38.44
[INFO] [stderr]    Compiling time v0.3.47
[INFO] [stderr]    Compiling regex-automata v0.4.14
[INFO] [stderr]    Compiling cmake v0.1.57
[INFO] [stderr]    Compiling clang-sys v1.8.1
[INFO] [stderr]    Compiling http-body-util v0.1.3
[INFO] [stderr]    Compiling which v4.4.2
[INFO] [stderr]    Compiling aws-lc-sys v0.39.0
[INFO] [stderr]    Compiling ring v0.17.14
[INFO] [stderr]    Compiling itertools v0.12.1
[INFO] [stderr]    Compiling synstructure v0.13.2
[INFO] [stderr]    Compiling regex v1.12.3
[INFO] [stderr]    Compiling prettyplease v0.2.37
[INFO] [stderr]    Compiling cookie v0.18.1
[INFO] [stderr]    Compiling num-integer v0.1.46
[INFO] [stderr]    Compiling zerofrom-derive v0.1.6
[INFO] [stderr]    Compiling yoke-derive v0.8.1
[INFO] [stderr]    Compiling zerovec-derive v0.11.2
[INFO] [stderr]    Compiling tokio-macros v2.6.1
[INFO] [stderr]    Compiling displaydoc v0.2.5
[INFO] [stderr]    Compiling tracing-attributes v0.1.31
[INFO] [stderr]    Compiling zerofrom v0.1.6
[INFO] [stderr]    Compiling yoke v0.8.1
[INFO] [stderr]    Compiling serde_derive v1.0.228
[INFO] [stderr]    Compiling tokio v1.50.0
[INFO] [stderr]    Compiling futures-macro v0.3.32
[INFO] [stderr]    Compiling zerotrie v0.2.3
[INFO] [stderr]    Compiling zerovec v0.11.5
[INFO] [stderr]    Compiling thiserror-impl v2.0.18
[INFO] [stderr]    Compiling futures-util v0.3.32
[INFO] [stderr]    Compiling tracing v0.1.44
[INFO] [stderr]    Compiling tinystr v0.8.2
[INFO] [stderr]    Compiling icu_locale_core v2.1.1
[INFO] [stderr]    Compiling potential_utf v0.1.4
[INFO] [stderr]    Compiling icu_collections v2.1.1
[INFO] [stderr]    Compiling thiserror v2.0.18
[INFO] [stderr]    Compiling icu_provider v2.1.1
[INFO] [stderr]    Compiling icu_normalizer v2.1.1
[INFO] [stderr]    Compiling serde v1.0.228
[INFO] [stderr]    Compiling icu_properties v2.1.2
[INFO] [stderr]    Compiling serde_urlencoded v0.7.1
[INFO] [stderr]    Compiling fs-err v3.3.0
[INFO] [stderr]    Compiling zmij v1.0.21
[INFO] [stderr]    Compiling futures-executor v0.3.32
[INFO] [stderr]    Compiling num-bigint v0.4.6
[INFO] [stderr]    Compiling arc-swap v1.9.0
[INFO] [stderr]    Compiling idna_adapter v1.2.1
[INFO] [stderr]    Compiling idna v1.1.0
[INFO] [stderr]    Compiling tokio-util v0.7.18
[INFO] [stderr]    Compiling h2 v0.4.13
[INFO] [stderr]    Compiling tower v0.5.3
[INFO] [stderr]    Compiling url v2.5.8
[INFO] [stderr]    Compiling publicsuffix v2.3.0
[INFO] [stderr]    Compiling tower-http v0.6.8
[INFO] [stderr]    Compiling whisper-rs-sys v0.9.0
[INFO] [stderr]    Compiling cookie_store v0.22.1
[INFO] [stderr]    Compiling simple_asn1 v0.6.4
[INFO] [stderr]    Compiling tokio-stream v0.1.18
[INFO] [stderr]    Compiling futures v0.3.32
[INFO] [stderr]    Compiling rust-mcp-schema v0.9.6
[INFO] [stderr]    Compiling axum-core v0.5.6
[INFO] [stderr]    Compiling hyper v1.8.1
[INFO] [stderr]    Compiling async-trait v0.1.89
[INFO] [stderr]    Compiling serde_path_to_error v0.1.20
[INFO] [stderr]    Compiling pem v3.0.6
[INFO] [stderr]    Compiling rustls-pemfile v2.2.0
[INFO] [stderr]    Compiling matchit v0.8.4
[INFO] [stderr]    Compiling clap_derive v4.6.0
[INFO] [stderr]    Compiling clap_builder v4.6.0
[INFO] [stderr]    Compiling hyper-util v0.1.20
[INFO] [stderr]    Compiling rust-mcp-macros v0.8.1
[INFO] [stderr]    Compiling axum v0.8.8
[INFO] [stderr]    Compiling uuid v1.22.0
[INFO] [stderr]    Compiling clap v4.6.0
[INFO] [stderr]    Compiling hound v3.5.1
[INFO] [stderr]    Compiling whisper-rs v0.11.1
[INFO] [stderr]    Compiling rustls-webpki v0.103.10
[INFO] [stderr]    Compiling jsonwebtoken v10.3.0
[INFO] [stderr]    Compiling tokio-rustls v0.26.4
[INFO] [stderr]    Compiling hyper-rustls v0.27.7
[INFO] [stderr]    Compiling reqwest v0.12.28
[INFO] [stderr]    Compiling axum-server v0.7.3
[INFO] [stderr]    Compiling rust-mcp-transport v0.8.0
[INFO] [stderr]    Compiling rust-mcp-sdk v0.8.3
[INFO] [stderr]    Compiling media-transcriber-mcp v0.7.4 (/opt/rustwide/workdir)
[INFO] [stderr]     Finished `release` profile [optimized] target(s) in 8m 55s
[INFO] running `Command { std: "docker" "inspect" "ec02963a980a05cd9a16abb8d610ffa084ec2fb1e3ff866b7d7c8d8256e0cc6e", kill_on_drop: false }`
[INFO] running `Command { std: "docker" "exec" "-e" "SOURCE_DIR=/opt/rustwide/workdir" "-e" "CARGO_HOME=/opt/rustwide/cargo-home" "-e" "RUSTUP_HOME=/opt/rustwide/rustup-home" "-e" "CARGO_TARGET_DIR=/opt/rustwide/target" "-e" "CARGO_INCREMENTAL=0" "-e" "RUST_BACKTRACE=full" "-e" "RUSTFLAGS=--cap-lints=warn" "-e" "RUSTDOCFLAGS=--cap-lints=warn" "-w" "/opt/rustwide/workdir" "--user" "0:0" "ec02963a980a05cd9a16abb8d610ffa084ec2fb1e3ff866b7d7c8d8256e0cc6e" "/opt/rustwide/cargo-home/bin/cargo" "+1.100.0-beta.1" "test" "--frozen" "--no-run" "--message-format=json" "--release", kill_on_drop: false }`
[INFO] [stderr] warning: `package.homepage` is redundant with `package.repository`
[INFO] [stderr]   --> Cargo.toml:53:12
[INFO] [stderr]    |
[INFO] [stderr] 53 | homepage = "https://github.com/raultov/media-transcriber-mcp"
[INFO] [stderr]    |            ^^^^^^^^^^^^^^^^^^^^^^^^^^^^^^^^^^^^^^^^^^^^^^^^^^
[INFO] [stderr] ...
[INFO] [stderr] 58 | repository = "https://github.com/raultov/media-transcriber-mcp"
[INFO] [stderr]    |              --------------------------------------------------
[INFO] [stderr]    |
[INFO] [stderr]    = note: `cargo::redundant_homepage` is set to `warn` by default
[INFO] [stderr] help: consider removing `package.homepage`
[INFO] [stderr] warning: `media-transcriber-mcp` (manifest) generated 1 warning
[INFO] [stderr]    Compiling media-transcriber-mcp v0.7.4 (/opt/rustwide/workdir)
[INFO] [stderr]     Finished `release` profile [optimized] target(s) in 7.30s
[INFO] running `Command { std: "docker" "inspect" "ec02963a980a05cd9a16abb8d610ffa084ec2fb1e3ff866b7d7c8d8256e0cc6e", kill_on_drop: false }`
[INFO] running `Command { std: "docker" "exec" "-e" "SOURCE_DIR=/opt/rustwide/workdir" "-e" "CARGO_HOME=/opt/rustwide/cargo-home" "-e" "RUSTUP_HOME=/opt/rustwide/rustup-home" "-e" "CARGO_TARGET_DIR=/opt/rustwide/target" "-e" "CARGO_INCREMENTAL=0" "-e" "RUST_BACKTRACE=full" "-e" "RUSTFLAGS=--cap-lints=warn" "-e" "RUSTDOCFLAGS=--cap-lints=warn" "-w" "/opt/rustwide/workdir" "--user" "0:0" "ec02963a980a05cd9a16abb8d610ffa084ec2fb1e3ff866b7d7c8d8256e0cc6e" "/opt/rustwide/cargo-home/bin/cargo" "+1.100.0-beta.1" "test" "--frozen" "--release", kill_on_drop: false }`
[INFO] [stderr] warning: `package.homepage` is redundant with `package.repository`
[INFO] [stderr]   --> Cargo.toml:53:12
[INFO] [stderr]    |
[INFO] [stderr] 53 | homepage = "https://github.com/raultov/media-transcriber-mcp"
[INFO] [stderr]    |            ^^^^^^^^^^^^^^^^^^^^^^^^^^^^^^^^^^^^^^^^^^^^^^^^^^
[INFO] [stderr] ...
[INFO] [stderr] 58 | repository = "https://github.com/raultov/media-transcriber-mcp"
[INFO] [stderr]    |              --------------------------------------------------
[INFO] [stderr]    |
[INFO] [stderr]    = note: `cargo::redundant_homepage` is set to `warn` by default
[INFO] [stderr] help: consider removing `package.homepage`
[INFO] [stderr] warning: `media-transcriber-mcp` (manifest) generated 1 warning
[INFO] [stderr]     Finished `release` profile [optimized] target(s) in 0.51s
[INFO] [stderr]      Running unittests src/main.rs (/opt/rustwide/target/release/build/media-transcriber-mcp/9902f09e5fc64002/out/media_transcriber_mcp-9902f09e5fc64002)
[INFO] [stdout] 
[INFO] [stdout] running 41 tests
[INFO] [stdout] test audio::tests::test_format_srt_segment ... ok
[INFO] [stdout] test audio::utils::tests::test_clean_srt ... ok
[INFO] [stdout] test audio::tests::test_format_timestamp ... ok
[INFO] [stdout] test audio::utils::tests::test_convert_to_wav_invalid_file ... ok
[INFO] [stdout] test audio::utils::tests::test_convert_to_wav_valid_audio ... FAILED
[INFO] [stdout] test audio::utils::tests::test_convert_to_wav_with_chunking ... FAILED
[INFO] [stdout] test audio::whisper::tests::test_cache_discovery ... ok
[INFO] [stdout] test audio::whisper::tests::test_provided_path_exists ... ok
[INFO] [stdout] test audio::whisper::tests::test_provided_path_does_not_exist ... ok
[INFO] [stdout] test audio::tests::test_transcribe_audio_invalid_file ... ok
[INFO] [stdout] test sources::instagram::tests::test_is_instagram_url_rejects_non_instagram ... ok
[INFO] [stdout] test sources::reddit::tests::test_is_reddit_url ... ok
[INFO] [stdout] test sources::instagram::tests::test_is_instagram_url ... ok
[INFO] [stdout] test sources::tiktok::tests::test_is_tiktok_url ... ok
[INFO] [stdout] test screenshot::tests::test_extract_screenshot_invalid_file ... ok
[INFO] [stdout] test sources::twitter::tests::test_is_twitter_url ... ok
[INFO] [stdout] test screenshot::tests::test_sample_scenes_invalid_file ... ok
[INFO] [stdout] test screenshot::tests::test_sample_scenes_valid_video ... FAILED
[INFO] [stdout] test sources::youtube::tests::test_filter_srt_by_range_no_range ... ok
[INFO] [stdout] test sources::reddit::tests::test_is_reddit_url_rejects_non_reddit ... ok
[INFO] [stdout] test sources::youtube::tests::test_filter_srt_by_range_start_only ... ok
[INFO] [stdout] test sources::tiktok::tests::test_is_tiktok_url_rejects_non_tiktok ... ok
[INFO] [stdout] test sources::vimeo::tests::test_is_vimeo_url ... ok
[INFO] [stdout] test sources::vimeo::tests::test_is_vimeo_url_rejects_non_vimeo ... ok
[INFO] [stdout] test sources::youtube::tests::test_filter_srt_by_range_start_and_duration ... ok
[INFO] [stdout] test screenshot::tests::test_extract_screenshot_valid_video ... FAILED
[INFO] [stdout] test sources::youtube::tests::test_is_youtube_query ... ok
[INFO] [stdout] test sources::twitter::tests::test_is_twitter_url_rejects_non_twitter ... ok
[INFO] [stdout] test transcriber::tests::test_transcribe_tool_chunk_parameters ... ok
[INFO] [stdout] test transcriber::tests::test_handle_transcribe_invalid_args ... ok
[INFO] [stdout] test transcriber::tests::test_transcribe_tool_reddit_source ... ok
[INFO] [stdout] test transcriber::tests::test_transcribe_tool_default_values ... ok
[INFO] [stdout] test transcriber::tests::test_transcribe_tool_tiktok_source ... ok
[INFO] [stdout] test sources::youtube::tests::test_is_youtube_query_does_not_match_vimeo ... ok
[INFO] [stdout] test sources::ytdlp::tests::test_parse_timestamp_to_secs ... ok
[INFO] [stdout] test transcriber::tests::test_media_source_detection ... ok
[INFO] [stdout] test transcriber::tests::test_transcribe_tool_deserialization ... ok
[INFO] [stdout] test transcriber::tests::test_transcribe_tool_instagram_source ... ok
[INFO] [stdout] test transcriber::tests::test_transcribe_tool_twitter_source ... ok
[INFO] [stdout] test transcriber::tests::test_transcribe_tool_vimeo_source ... ok
[INFO] [stderr]   % Total    % Received % Xferd  Average Speed  Time    Time    Time   Current
[INFO] [stderr]                                  Dload  Upload  Total   Spent   Left   Speed
[INFO] [stderr] 
  0      0   0      0   0      0      0      0                              0curl: (6) Could not resolve host: huggingface.co
[INFO] [stdout] test transcriber::tests::test_handle_transcribe_non_existent_file ... ok
[INFO] [stdout] 
[INFO] [stdout] failures:
[INFO] [stdout] 
[INFO] [stdout] ---- audio::utils::tests::test_convert_to_wav_valid_audio stdout ----
[INFO] [stdout] 
[INFO] [stdout] thread 'audio::utils::tests::test_convert_to_wav_valid_audio' (3732) panicked at src/audio/utils.rs:105:14:
[INFO] [stdout] Failed to execute ffmpeg for test setup: Os { code: 2, kind: NotFound, message: "No such file or directory" }
[INFO] [stdout] stack backtrace:
[INFO] [stdout]    0:     0x58f8acff0761 - <<std[617be2ca0a6fd877]::sys::backtrace::BacktraceLock>::print::DisplayBacktrace as core[a373ad73a504971]::fmt::Display>::fmt
[INFO] [stdout]    1:     0x58f8ad00679a - core[a373ad73a504971]::fmt::write
[INFO] [stdout]    2:     0x58f8acff529c - <alloc[2e1b2a31b91974c5]::vec::Vec<u8> as core[a373ad73a504971]::io::write::Write>::write_fmt
[INFO] [stdout]    3:     0x58f8acfc9ab6 - std[617be2ca0a6fd877]::panicking::default_hook::{closure#0}
[INFO] [stdout]    4:     0x58f8acfe79c9 - std[617be2ca0a6fd877]::panicking::default_hook
[INFO] [stdout]    5:     0x58f8aceda1c0 - test[aada8e7e76ba119b]::test_main_inner::{closure#0}
[INFO] [stdout]    6:     0x58f8acfe7b82 - std[617be2ca0a6fd877]::panicking::panic_with_hook
[INFO] [stdout]    7:     0x58f8acfc9b62 - std[617be2ca0a6fd877]::panicking::panic_handler::{closure#0}
[INFO] [stdout]    8:     0x58f8acfc1e09 - std[617be2ca0a6fd877]::sys::backtrace::__rust_end_short_backtrace::<std[617be2ca0a6fd877]::panicking::panic_handler::{closure#0}, !>
[INFO] [stdout]    9:     0x58f8acfcaa9d - __rustc[ea4f61d10b84890b]::rust_begin_unwind
[INFO] [stdout]   10:     0x58f8ad006efc - core[a373ad73a504971]::panicking::panic_fmt
[INFO] [stdout]   11:     0x58f8ad006cd2 - core[a373ad73a504971]::result::unwrap_failed
[INFO] [stdout]   12:     0x58f8aceccd9a - <media_transcriber_mcp[8172e7a854339dba]::audio::utils::tests::test_convert_to_wav_valid_audio::{closure#0} as core[a373ad73a504971]::ops::function::FnOnce<()>>::call_once
[INFO] [stdout]   13:     0x58f8acecd60b - test[aada8e7e76ba119b]::__rust_begin_short_backtrace::<core[a373ad73a504971]::result::Result<(), alloc[2e1b2a31b91974c5]::string::String>, fn() -> core[a373ad73a504971]::result::Result<(), alloc[2e1b2a31b91974c5]::string::String>>
[INFO] [stdout]   14:     0x58f8aceda7e5 - test[aada8e7e76ba119b]::run_test::{closure#0}
[INFO] [stdout]   15:     0x58f8aced40d4 - std[617be2ca0a6fd877]::sys::backtrace::__rust_begin_short_backtrace::<test[aada8e7e76ba119b]::run_test::{closure#1}, ()>
[INFO] [stdout]   16:     0x58f8acedd872 - <std[617be2ca0a6fd877]::thread::lifecycle::spawn_unchecked<test[aada8e7e76ba119b]::run_test::{closure#1}, ()>::{closure#1} as core[a373ad73a504971]::ops::function::FnOnce<()>>::call_once::{shim:vtable#0}
[INFO] [stdout]   17:     0x58f8acfef76f - <std[617be2ca0a6fd877]::sys::thread::unix::Thread>::new::thread_start
[INFO] [stdout]   18:     0x719192514dfa - <unknown>
[INFO] [stdout]   19:     0x7191925a83d4 - clone
[INFO] [stdout]   20:                0x0 - <unknown>
[INFO] [stdout] 
[INFO] [stdout] ---- audio::utils::tests::test_convert_to_wav_with_chunking stdout ----
[INFO] [stdout] 
[INFO] [stdout] thread 'audio::utils::tests::test_convert_to_wav_with_chunking' (3733) panicked at src/audio/utils.rs:132:14:
[INFO] [stdout] Failed to execute ffmpeg for test setup: Os { code: 2, kind: NotFound, message: "No such file or directory" }
[INFO] [stdout] stack backtrace:
[INFO] [stdout]    0:     0x58f8acff0761 - <<std[617be2ca0a6fd877]::sys::backtrace::BacktraceLock>::print::DisplayBacktrace as core[a373ad73a504971]::fmt::Display>::fmt
[INFO] [stdout]    1:     0x58f8ad00679a - core[a373ad73a504971]::fmt::write
[INFO] [stdout]    2:     0x58f8acff529c - <alloc[2e1b2a31b91974c5]::vec::Vec<u8> as core[a373ad73a504971]::io::write::Write>::write_fmt
[INFO] [stdout]    3:     0x58f8acfc9ab6 - std[617be2ca0a6fd877]::panicking::default_hook::{closure#0}
[INFO] [stdout]    4:     0x58f8acfe79c9 - std[617be2ca0a6fd877]::panicking::default_hook
[INFO] [stdout]    5:     0x58f8aceda1c0 - test[aada8e7e76ba119b]::test_main_inner::{closure#0}
[INFO] [stdout]    6:     0x58f8acfe7b82 - std[617be2ca0a6fd877]::panicking::panic_with_hook
[INFO] [stdout]    7:     0x58f8acfc9b62 - std[617be2ca0a6fd877]::panicking::panic_handler::{closure#0}
[INFO] [stdout]    8:     0x58f8acfc1e09 - std[617be2ca0a6fd877]::sys::backtrace::__rust_end_short_backtrace::<std[617be2ca0a6fd877]::panicking::panic_handler::{closure#0}, !>
[INFO] [stdout]    9:     0x58f8acfcaa9d - __rustc[ea4f61d10b84890b]::rust_begin_unwind
[INFO] [stdout]   10:     0x58f8ad006efc - core[a373ad73a504971]::panicking::panic_fmt
[INFO] [stdout]   11:     0x58f8ad006cd2 - core[a373ad73a504971]::result::unwrap_failed
[INFO] [stdout]   12:     0x58f8acecd3a0 - <media_transcriber_mcp[8172e7a854339dba]::audio::utils::tests::test_convert_to_wav_with_chunking::{closure#0} as core[a373ad73a504971]::ops::function::FnOnce<()>>::call_once
[INFO] [stdout]   13:     0x58f8acecd60b - test[aada8e7e76ba119b]::__rust_begin_short_backtrace::<core[a373ad73a504971]::result::Result<(), alloc[2e1b2a31b91974c5]::string::String>, fn() -> core[a373ad73a504971]::result::Result<(), alloc[2e1b2a31b91974c5]::string::String>>
[INFO] [stdout]   14:     0x58f8aceda7e5 - test[aada8e7e76ba119b]::run_test::{closure#0}
[INFO] [stdout]   15:     0x58f8aced40d4 - std[617be2ca0a6fd877]::sys::backtrace::__rust_begin_short_backtrace::<test[aada8e7e76ba119b]::run_test::{closure#1}, ()>
[INFO] [stdout]   16:     0x58f8acedd872 - <std[617be2ca0a6fd877]::thread::lifecycle::spawn_unchecked<test[aada8e7e76ba119b]::run_test::{closure#1}, ()>::{closure#1} as core[a373ad73a504971]::ops::function::FnOnce<()>>::call_once::{shim:vtable#0}
[INFO] [stdout]   17:     0x58f8acfef76f - <std[617be2ca0a6fd877]::sys::thread::unix::Thread>::new::thread_start
[INFO] [stdout]   18:     0x719192514dfa - <unknown>
[INFO] [stdout]   19:     0x7191925a83d4 - clone
[INFO] [stdout]   20:                0x0 - <unknown>
[INFO] [stdout] 
[INFO] [stdout] ---- screenshot::tests::test_sample_scenes_valid_video stdout ----
[INFO] [stdout] 
[INFO] [stdout] thread 'screenshot::tests::test_sample_scenes_valid_video' (3744) panicked at src/screenshot/mod.rs:337:14:
[INFO] [stdout] Failed to start ffmpeg for test setup: Os { code: 2, kind: NotFound, message: "No such file or directory" }
[INFO] [stdout] stack backtrace:
[INFO] [stdout]    0:     0x58f8acff0761 - <<std[617be2ca0a6fd877]::sys::backtrace::BacktraceLock>::print::DisplayBacktrace as core[a373ad73a504971]::fmt::Display>::fmt
[INFO] [stdout]    1:     0x58f8ad00679a - core[a373ad73a504971]::fmt::write
[INFO] [stdout]    2:     0x58f8acff529c - <alloc[2e1b2a31b91974c5]::vec::Vec<u8> as core[a373ad73a504971]::io::write::Write>::write_fmt
[INFO] [stdout]    3:     0x58f8acfc9ab6 - std[617be2ca0a6fd877]::panicking::default_hook::{closure#0}
[INFO] [stdout]    4:     0x58f8acfe79c9 - std[617be2ca0a6fd877]::panicking::default_hook
[INFO] [stdout]    5:     0x58f8aceda1c0 - test[aada8e7e76ba119b]::test_main_inner::{closure#0}
[INFO] [stdout]    6:     0x58f8acfe7b82 - std[617be2ca0a6fd877]::panicking::panic_with_hook
[INFO] [stdout]    7:     0x58f8acfc9b62 - std[617be2ca0a6fd877]::panicking::panic_handler::{closure#0}
[INFO] [stdout]    8:     0x58f8acfc1e09 - std[617be2ca0a6fd877]::sys::backtrace::__rust_end_short_backtrace::<std[617be2ca0a6fd877]::panicking::panic_handler::{closure#0}, !>
[INFO] [stdout]    9:     0x58f8acfcaa9d - __rustc[ea4f61d10b84890b]::rust_begin_unwind
[INFO] [stdout]   10:     0x58f8ad006efc - core[a373ad73a504971]::panicking::panic_fmt
[INFO] [stdout]   11:     0x58f8ad006cd2 - core[a373ad73a504971]::result::unwrap_failed
[INFO] [stdout]   12:     0x58f8acec4d15 - <media_transcriber_mcp[8172e7a854339dba]::screenshot::tests::test_sample_scenes_valid_video::{closure#0} as core[a373ad73a504971]::ops::function::FnOnce<()>>::call_once
[INFO] [stdout]   13:     0x58f8acecd60b - test[aada8e7e76ba119b]::__rust_begin_short_backtrace::<core[a373ad73a504971]::result::Result<(), alloc[2e1b2a31b91974c5]::string::String>, fn() -> core[a373ad73a504971]::result::Result<(), alloc[2e1b2a31b91974c5]::string::String>>
[INFO] [stdout]   14:     0x58f8aceda7e5 - test[aada8e7e76ba119b]::run_test::{closure#0}
[INFO] [stdout]   15:     0x58f8aced40d4 - std[617be2ca0a6fd877]::sys::backtrace::__rust_begin_short_backtrace::<test[aada8e7e76ba119b]::run_test::{closure#1}, ()>
[INFO] [stdout]   16:     0x58f8acedd872 - <std[617be2ca0a6fd877]::thread::lifecycle::spawn_unchecked<test[aada8e7e76ba119b]::run_test::{closure#1}, ()>::{closure#1} as core[a373ad73a504971]::ops::function::FnOnce<()>>::call_once::{shim:vtable#0}
[INFO] [stdout]   17:     0x58f8acfef76f - <std[617be2ca0a6fd877]::sys::thread::unix::Thread>::new::thread_start
[INFO] [stdout]   18:     0x719192514dfa - <unknown>
[INFO] [stdout]   19:     0x7191925a83d4 - clone
[INFO] [stdout]   20:                0x0 - <unknown>
[INFO] [stdout] 
[INFO] [stdout] ---- screenshot::tests::test_extract_screenshot_valid_video stdout ----
[INFO] [stdout] 
[INFO] [stdout] thread 'screenshot::tests::test_extract_screenshot_valid_video' (3741) panicked at src/screenshot/mod.rs:308:14:
[INFO] [stdout] Failed to start ffmpeg for test setup: Os { code: 2, kind: NotFound, message: "No such file or directory" }
[INFO] [stdout] stack backtrace:
[INFO] [stdout]    0:     0x58f8acff0761 - <<std[617be2ca0a6fd877]::sys::backtrace::BacktraceLock>::print::DisplayBacktrace as core[a373ad73a504971]::fmt::Display>::fmt
[INFO] [stdout]    1:     0x58f8ad00679a - core[a373ad73a504971]::fmt::write
[INFO] [stdout]    2:     0x58f8acff529c - <alloc[2e1b2a31b91974c5]::vec::Vec<u8> as core[a373ad73a504971]::io::write::Write>::write_fmt
[INFO] [stdout]    3:     0x58f8acfc9ab6 - std[617be2ca0a6fd877]::panicking::default_hook::{closure#0}
[INFO] [stdout]    4:     0x58f8acfe79c9 - std[617be2ca0a6fd877]::panicking::default_hook
[INFO] [stdout]    5:     0x58f8aceda1c0 - test[aada8e7e76ba119b]::test_main_inner::{closure#0}
[INFO] [stdout]    6:     0x58f8acfe7b82 - std[617be2ca0a6fd877]::panicking::panic_with_hook
[INFO] [stdout]    7:     0x58f8acfc9b62 - std[617be2ca0a6fd877]::panicking::panic_handler::{closure#0}
[INFO] [stdout]    8:     0x58f8acfc1e09 - std[617be2ca0a6fd877]::sys::backtrace::__rust_end_short_backtrace::<std[617be2ca0a6fd877]::panicking::panic_handler::{closure#0}, !>
[INFO] [stdout]    9:     0x58f8acfcaa9d - __rustc[ea4f61d10b84890b]::rust_begin_unwind
[INFO] [stdout]   10:     0x58f8ad006efc - core[a373ad73a504971]::panicking::panic_fmt
[INFO] [stdout]   11:     0x58f8ad006cd2 - core[a373ad73a504971]::result::unwrap_failed
[INFO] [stdout]   12:     0x58f8acec51bc - <media_transcriber_mcp[8172e7a854339dba]::screenshot::tests::test_extract_screenshot_valid_video::{closure#0} as core[a373ad73a504971]::ops::function::FnOnce<()>>::call_once
[INFO] [stdout]   13:     0x58f8acecd60b - test[aada8e7e76ba119b]::__rust_begin_short_backtrace::<core[a373ad73a504971]::result::Result<(), alloc[2e1b2a31b91974c5]::string::String>, fn() -> core[a373ad73a504971]::result::Result<(), alloc[2e1b2a31b91974c5]::string::String>>
[INFO] [stdout]   14:     0x58f8aceda7e5 - test[aada8e7e76ba119b]::run_test::{closure#0}
[INFO] [stdout]   15:     0x58f8aced40d4 - std[617be2ca0a6fd877]::sys::backtrace::__rust_begin_short_backtrace::<test[aada8e7e76ba119b]::run_test::{closure#1}, ()>
[INFO] [stdout]   16:     0x58f8acedd872 - <std[617be2ca0a6fd877]::thread::lifecycle::spawn_unchecked<test[aada8e7e76ba119b]::run_test::{closure#1}, ()>::{closure#1} as core[a373ad73a504971]::ops::function::FnOnce<()>>::call_once::{shim:vtable#0}
[INFO] [stdout]   17:     0x58f8acfef76f - <std[617be2ca0a6fd877]::sys::thread::unix::Thread>::new::thread_start
[INFO] [stdout]   18:     0x719192514dfa - <unknown>
[INFO] [stdout]   19:     0x7191925a83d4 - clone
[INFO] [stdout]   20:                0x0 - <unknown>
[INFO] [stdout] 
[INFO] [stdout] 
[INFO] [stdout] failures:
[INFO] [stdout]     audio::utils::tests::test_convert_to_wav_valid_audio
[INFO] [stdout]     audio::utils::tests::test_convert_to_wav_with_chunking
[INFO] [stdout]     screenshot::tests::test_extract_screenshot_valid_video
[INFO] [stdout]     screenshot::tests::test_sample_scenes_valid_video
[INFO] [stdout] 
[INFO] [stdout] test result: FAILED. 37 passed; 4 failed; 0 ignored; 0 measured; 0 filtered out; finished in 0.10s
[INFO] [stdout] 
[INFO] [stderr] error: test failed, to rerun pass `--bin media-transcriber-mcp`
[INFO] running `Command { std: "docker" "inspect" "ec02963a980a05cd9a16abb8d610ffa084ec2fb1e3ff866b7d7c8d8256e0cc6e", kill_on_drop: false }`
[INFO] running `Command { std: "docker" "rm" "-f" "ec02963a980a05cd9a16abb8d610ffa084ec2fb1e3ff866b7d7c8d8256e0cc6e", kill_on_drop: false }`
[INFO] [stdout] ec02963a980a05cd9a16abb8d610ffa084ec2fb1e3ff866b7d7c8d8256e0cc6e
