[INFO] fetching crate media-mp4-atom 0.10.1...
[INFO] testing media-mp4-atom-0.10.1 against 1.99.0-beta.8+cargoflags=--release for beta-release-1.100-2
[INFO] extracting crate media-mp4-atom 0.10.1 into /workspace/builds/worker-7-tc1/source
[INFO] started tweaking crates.io crate media-mp4-atom 0.10.1
[INFO] removed 0 missing examples
[INFO] finished tweaking crates.io crate media-mp4-atom 0.10.1
[INFO] tweaked toml for crates.io crate media-mp4-atom 0.10.1 written to /workspace/builds/worker-7-tc1/source/Cargo.toml
[INFO] validating manifest of crates.io crate media-mp4-atom 0.10.1 on toolchain 1.99.0-beta.8
[INFO] running `Command { std: CARGO_HOME="/workspace/cargo-home" RUSTUP_HOME="/workspace/rustup-home" "/workspace/cargo-home/bin/cargo" "+1.99.0-beta.8" "metadata" "--manifest-path" "Cargo.toml" "--no-deps", kill_on_drop: false }`
[INFO] crate crates.io crate media-mp4-atom 0.10.1 already has a lockfile, it will not be regenerated
[INFO] running `Command { std: CARGO_HOME="/workspace/cargo-home" RUSTUP_HOME="/workspace/rustup-home" "/workspace/cargo-home/bin/cargo" "+1.99.0-beta.8" "fetch" "--manifest-path" "Cargo.toml", kill_on_drop: false }`
[INFO] [stderr]  Downloading crates ...
[INFO] [stderr]   Downloaded serde v1.0.210
[INFO] [stderr]   Downloaded bytes v1.7.2
[INFO] [stderr]   Downloaded serde_derive v1.0.210
[INFO] [stderr]   Downloaded syn v2.0.75
[INFO] [stderr]   Downloaded object v0.36.5
[INFO] [stderr]   Downloaded libc v0.2.159
[INFO] [stderr]   Downloaded tokio v1.40.0
[INFO] running `Command { std: "docker" "create" "-v" "/var/lib/crater-agent-workspace/builds/worker-7-tc1/source:/opt/rustwide/workdir:ro,Z" "-v" "/var/lib/crater-agent-workspace/builds/worker-7-tc1/target:/opt/rustwide/target:rw,Z" "-v" "/var/lib/crater-agent-workspace/cargo-home:/opt/rustwide/cargo-home:ro,Z" "-v" "/var/lib/crater-agent-workspace/rustup-home:/opt/rustwide/rustup-home:ro,Z" "-m" "1610612736" "--network" "none" "ghcr.io/rust-lang/crates-build-env/linux@sha256:77db811e55d90add9212f6832c23229e3de5f1c1f9905e8cb07319ea15df73ac" "sleep" "infinity", kill_on_drop: false }`
[INFO] [stdout] b46f650a91678ca4b95c7fdb84aa5797d3619291aca7e75e4d4a50a7f1b3fc9c
[INFO] running `Command { std: "docker" "start" "b46f650a91678ca4b95c7fdb84aa5797d3619291aca7e75e4d4a50a7f1b3fc9c", kill_on_drop: false }`
[INFO] running `Command { std: "docker" "inspect" "b46f650a91678ca4b95c7fdb84aa5797d3619291aca7e75e4d4a50a7f1b3fc9c", kill_on_drop: false }`
[INFO] running `Command { std: "docker" "exec" "-e" "SOURCE_DIR=/opt/rustwide/workdir" "-e" "CARGO_HOME=/opt/rustwide/cargo-home" "-e" "RUSTUP_HOME=/opt/rustwide/rustup-home" "-e" "CARGO_TARGET_DIR=/opt/rustwide/target" "-w" "/opt/rustwide/workdir" "--user" "0:0" "b46f650a91678ca4b95c7fdb84aa5797d3619291aca7e75e4d4a50a7f1b3fc9c" "/opt/rustwide/cargo-home/bin/cargo" "+1.99.0-beta.8" "metadata" "--no-deps" "--format-version=1", kill_on_drop: false }`
[INFO] running `Command { std: "docker" "inspect" "b46f650a91678ca4b95c7fdb84aa5797d3619291aca7e75e4d4a50a7f1b3fc9c", kill_on_drop: false }`
[INFO] running `Command { std: "docker" "exec" "-e" "SOURCE_DIR=/opt/rustwide/workdir" "-e" "CARGO_HOME=/opt/rustwide/cargo-home" "-e" "RUSTUP_HOME=/opt/rustwide/rustup-home" "-e" "CARGO_TARGET_DIR=/opt/rustwide/target" "-e" "CARGO_INCREMENTAL=0" "-e" "RUST_BACKTRACE=full" "-e" "RUSTFLAGS=--cap-lints=warn" "-e" "RUSTDOCFLAGS=--cap-lints=warn" "-w" "/opt/rustwide/workdir" "--user" "0:0" "b46f650a91678ca4b95c7fdb84aa5797d3619291aca7e75e4d4a50a7f1b3fc9c" "/opt/rustwide/cargo-home/bin/cargo" "+1.99.0-beta.8" "build" "--frozen" "--message-format=json" "--release", kill_on_drop: false }`
[INFO] [stderr]    Compiling proc-macro2 v1.0.86
[INFO] [stderr]    Compiling unicode-ident v1.0.12
[INFO] [stderr]    Compiling autocfg v1.3.0
[INFO] [stderr]    Compiling thiserror v1.0.63
[INFO] [stderr]    Compiling once_cell v1.19.0
[INFO] [stderr]    Compiling pin-project-lite v0.2.14
[INFO] [stderr]    Compiling num-traits v0.2.19
[INFO] [stderr]    Compiling tracing-core v0.1.32
[INFO] [stderr]    Compiling quote v1.0.36
[INFO] [stderr]    Compiling syn v2.0.75
[INFO] [stderr]    Compiling num-integer v0.1.46
[INFO] [stderr]    Compiling num-complex v0.4.6
[INFO] [stderr]    Compiling num-bigint v0.4.6
[INFO] [stderr]    Compiling num-iter v0.1.45
[INFO] [stderr]    Compiling num-rational v0.4.2
[INFO] [stderr]    Compiling num v0.4.3
[INFO] [stderr]    Compiling tracing-attributes v0.1.27
[INFO] [stderr]    Compiling thiserror-impl v1.0.63
[INFO] [stderr]    Compiling derive_more-impl v2.0.1
[INFO] [stderr]    Compiling tracing v0.1.40
[INFO] [stderr]    Compiling derive_more v2.0.1
[INFO] [stderr]    Compiling media-mp4-atom v0.10.1 (/opt/rustwide/workdir)
[INFO] [stderr]     Finished `release` profile [optimized] target(s) in 19.65s
[INFO] running `Command { std: "docker" "inspect" "b46f650a91678ca4b95c7fdb84aa5797d3619291aca7e75e4d4a50a7f1b3fc9c", kill_on_drop: false }`
[INFO] running `Command { std: "docker" "exec" "-e" "SOURCE_DIR=/opt/rustwide/workdir" "-e" "CARGO_HOME=/opt/rustwide/cargo-home" "-e" "RUSTUP_HOME=/opt/rustwide/rustup-home" "-e" "CARGO_TARGET_DIR=/opt/rustwide/target" "-e" "CARGO_INCREMENTAL=0" "-e" "RUST_BACKTRACE=full" "-e" "RUSTFLAGS=--cap-lints=warn" "-e" "RUSTDOCFLAGS=--cap-lints=warn" "-w" "/opt/rustwide/workdir" "--user" "0:0" "b46f650a91678ca4b95c7fdb84aa5797d3619291aca7e75e4d4a50a7f1b3fc9c" "/opt/rustwide/cargo-home/bin/cargo" "+1.99.0-beta.8" "test" "--frozen" "--no-run" "--message-format=json" "--release", kill_on_drop: false }`
[INFO] [stderr]    Compiling anyhow v1.0.86
[INFO] [stderr]    Compiling log v0.4.22
[INFO] [stderr]    Compiling smallvec v1.13.2
[INFO] [stderr]    Compiling tracing-core v0.1.32
[INFO] [stderr]    Compiling thread_local v1.1.8
[INFO] [stderr]    Compiling tracing v0.1.40
[INFO] [stderr]    Compiling tracing-log v0.2.0
[INFO] [stderr]    Compiling tracing-subscriber v0.3.18
[INFO] [stderr]    Compiling media-mp4-atom v0.10.1 (/opt/rustwide/workdir)
[INFO] [stderr]     Finished `release` profile [optimized] target(s) in 30.78s
[INFO] running `Command { std: "docker" "inspect" "b46f650a91678ca4b95c7fdb84aa5797d3619291aca7e75e4d4a50a7f1b3fc9c", kill_on_drop: false }`
[INFO] running `Command { std: "docker" "exec" "-e" "SOURCE_DIR=/opt/rustwide/workdir" "-e" "CARGO_HOME=/opt/rustwide/cargo-home" "-e" "RUSTUP_HOME=/opt/rustwide/rustup-home" "-e" "CARGO_TARGET_DIR=/opt/rustwide/target" "-e" "CARGO_INCREMENTAL=0" "-e" "RUST_BACKTRACE=full" "-e" "RUSTFLAGS=--cap-lints=warn" "-e" "RUSTDOCFLAGS=--cap-lints=warn" "-w" "/opt/rustwide/workdir" "--user" "0:0" "b46f650a91678ca4b95c7fdb84aa5797d3619291aca7e75e4d4a50a7f1b3fc9c" "/opt/rustwide/cargo-home/bin/cargo" "+1.99.0-beta.8" "test" "--frozen" "--release", kill_on_drop: false }`
[INFO] [stderr]     Finished `release` profile [optimized] target(s) in 0.10s
[INFO] [stderr]      Running unittests src/lib.rs (/opt/rustwide/target/release/deps/media_mp4_atom-8612e6b272d9c7e9)
[INFO] [stdout] 
[INFO] [stdout] running 195 tests
[INFO] [stdout] test meta::iinf::tests::test_iinf_libavif_decode_uri ... ok
[INFO] [stdout] test meta::iloc::tests::test_iloc_avif_encode ... ok
[INFO] [stdout] test meta::iinf::tests::test_iinf_avif_encode_mime ... ok
[INFO] [stdout] test meta::iloc::tests::test_iloc_libavif_decode ... ok
[INFO] [stdout] test meta::ilst::tests::test_ilst_empty ... ok
[INFO] [stdout] test emsg::tests::test_emsg_version0 ... ok
[INFO] [stdout] test meta::ilst::tool::tests::test_bad_type_indicator ... ok
[INFO] [stdout] test meta::iinf::tests::test_iinf_avif_encode_uri ... ok
[INFO] [stdout] test iso639::tests::test_language_codes ... ok
[INFO] [stdout] test ftyp::tests::test_ftyp ... ok
[INFO] [stdout] test meta::ilst::tests::test_ilst ... ok
[INFO] [stdout] test emsg::tests::test_emsg_version1 ... ok
[INFO] [stdout] test meta::properties::ispe::tests::test_ispe ... ok
[INFO] [stdout] test meta::ilst::tool::tests::test_ilst_tool_short_style ... ok
[INFO] [stdout] test meta::properties::rref::tests::test_rref ... ok
[INFO] [stdout] test meta::tests::test_meta_apple_quicktime ... ok
[INFO] [stdout] test meta::properties::clap::tests::test_clap ... ok
[INFO] [stdout] test meta::iinf::tests::test_iinf_avif_encode_uri_invalid ... ok
[INFO] [stdout] test meta::properties::imir::tests::test_imir ... ok
[INFO] [stdout] test meta::iinf::tests::test_iinf_libavif_decode_mime ... ok
[INFO] [stdout] test meta::properties::iscl::tests::test_iscl ... ok
[INFO] [stdout] test meta::ilst::tool::tests::test_bad_nested_atom ... ok
[INFO] [stdout] test meta::ilst::tool::tests::test_ilst_tool_long_style ... ok
[INFO] [stdout] test meta::properties::pixi::tests::test_pixi ... ok
[INFO] [stdout] test meta::tests::test_meta_apple_with_ilst ... ok
[INFO] [stdout] test meta::tests::test_meta_iso_vs_apple_roundtrip ... ok
[INFO] [stdout] test moof::traf::tfdt::tests::test_tfdt32 ... ok
[INFO] [stdout] test meta::tests::test_meta_mdir ... ok
[INFO] [stdout] test mfra::tfra::tests::test_tfra_v1_decode ... ok
[INFO] [stdout] test meta::tests::test_meta_empty ... ok
[INFO] [stdout] test mfra::tests::test_mfra_encode ... ok
[INFO] [stdout] test mfra::tfra::tests::test_tfra_v1_encode ... ok
[INFO] [stdout] test mfra::mfro::tests::test_mfro ... ok
[INFO] [stdout] test moov::trak::edts::elst::tests::test_elst32 ... ok
[INFO] [stdout] test moov::mvhd::tests::test_mvhd32 ... ok
[INFO] [stdout] test meta::properties::auxc::tests::test_auxc ... ok
[INFO] [stdout] test moov::mvhd::tests::test_mvhd64 ... ok
[INFO] [stdout] test mfra::tests::test_mfra_decode ... ok
[INFO] [stdout] test meta::properties::irot::tests::test_irot ... ok
[INFO] [stdout] test moov::test::test_meta ... ok
[INFO] [stdout] test moof::traf::tfdt::tests::test_tfdt64 ... ok
[INFO] [stdout] test moof::traf::tfhd::tests::test_tfhd ... ok
[INFO] [stdout] test moof::mfhd::tests::test_mfhd ... ok
[INFO] [stdout] test moov::mvex::trex::tests::test_trex ... ok
[INFO] [stdout] test moov::trak::edts::elst::tests::test_elst64 ... ok
[INFO] [stdout] test moov::trak::mdia::hdlr::tests::test_hdlr ... ok
[INFO] [stdout] test moov::trak::mdia::hdlr::tests::test_hdlr_empty ... ok
[INFO] [stdout] test moov::trak::mdia::hdlr::tests::test_hdlr_roundtrip_with_trailing_bytes ... ok
[INFO] [stdout] test moov::trak::mdia::hdlr::tests::test_hdlr_with_multiple_trailing_nulls ... ok
[INFO] [stdout] test moov::trak::mdia::hdlr::tests::test_hdlr_with_trailing_bytes ... ok
[INFO] [stdout] test moov::trak::mdia::mdhd::tests::test_mdhd32 ... ok
[INFO] [stdout] test moov::trak::mdia::mdhd::tests::test_mdhd64 ... ok
[INFO] [stdout] test moov::trak::mdia::minf::hmhd::tests::test_hmhd ... ok
[INFO] [stdout] test moov::trak::mdia::minf::nmhd::tests::test_nmhd ... ok
[INFO] [stdout] test moov::trak::mdia::minf::smhd::tests::test_smhd ... ok
[INFO] [stdout] test moof::traf::tfhd::tests::test_tfhd_with_flags ... ok
[INFO] [stdout] test moov::ainf::tests::test_ainf_decode ... ok
[INFO] [stdout] test moov::mvex::mehd::tests::test_mehd32 ... ok
[INFO] [stdout] test moov::mvex::mehd::tests::test_mehd64 ... ok
[INFO] [stdout] test moov::ainf::tests::test_ainf_encode ... ok
[INFO] [stdout] test moov::trak::mdia::minf::stbl::sbgp::tests::sbgp_encodes_from_type_correctly ... ok
[INFO] [stdout] test moov::trak::mdia::minf::stbl::co64::tests::test_co64 ... ok
[INFO] [stdout] test moov::trak::mdia::minf::stbl::saiz::tests::test_saiz_encode_cenc ... ok
[INFO] [stdout] test moov::trak::mdia::minf::stbl::cslg::tests::test_cslg_v0 ... ok
[INFO] [stdout] test moov::trak::mdia::minf::stbl::sbgp::tests::sbgp_decodes_from_bytes_correctly ... ok
[INFO] [stdout] test moov::trak::mdia::minf::stbl::cslg::tests::test_cslg_v1_decode ... ok
[INFO] [stdout] test moov::trak::mdia::minf::stbl::cslg::tests::test_cslg_v1_encode ... ok
[INFO] [stdout] test moov::trak::mdia::minf::stbl::cslg::tests::test_cslg_v1_encode_variant ... ok
[INFO] [stdout] test moov::trak::mdia::minf::stbl::ctts::tests::test_ctts ... ok
[INFO] [stdout] test moov::trak::mdia::minf::stbl::saiz::tests::test_saio_decode ... ok
[INFO] [stdout] test moov::trak::mdia::minf::stbl::saiz::tests::test_saio_decode_cenc ... ok
[INFO] [stdout] test moov::trak::mdia::minf::stbl::saiz::tests::test_saio_encode ... ok
[INFO] [stdout] test moov::trak::mdia::minf::stbl::saiz::tests::test_saio_encode_cenc ... ok
[INFO] [stdout] test moov::trak::mdia::minf::stbl::saiz::tests::test_saiz_decode ... ok
[INFO] [stdout] test moov::trak::mdia::minf::stbl::saiz::tests::test_saiz_decode_cenc ... ok
[INFO] [stdout] test moov::trak::mdia::minf::stbl::saiz::tests::test_saiz_encode ... ok
[INFO] [stdout] test moov::trak::mdia::minf::stbl::sgpd::tests::sgpd_encodes_from_type_correctly ... ok
[INFO] [stdout] test moov::trak::mdia::minf::stbl::sgpd::tests::sgpd_c041_decode ... ok
[INFO] [stdout] test moov::trak::mdia::minf::stbl::sgpd::tests::sgpd_decodes_from_bytes_correctly ... ok
[INFO] [stdout] test moov::trak::mdia::minf::stbl::stco::tests::test_stco ... ok
[INFO] [stdout] test moov::trak::mdia::minf::stbl::stsc::tests::test_stsc ... ok
[INFO] [stdout] test moov::trak::mdia::minf::stbl::stsd::ac3::tests::test_ac3_decode ... ok
[INFO] [stdout] test moov::trak::mdia::minf::stbl::stsd::ccst::tests::test_ccst_false_false_7 ... ok
[INFO] [stdout] test moov::trak::mdia::minf::stbl::stsd::amr::samr::tests::test_samr_decode ... ok
[INFO] [stdout] test moov::trak::mdia::minf::stbl::stsd::chnl::tests::test_chnl_decode_with_channel_count ... ok
[INFO] [stdout] test moov::trak::mdia::minf::stbl::stsd::ccst::tests::test_ccst_false_true_15 ... ok
[INFO] [stdout] test moov::trak::mdia::minf::stbl::stsd::ccst::tests::test_ccst_true_false_1 ... ok
[INFO] [stdout] test moov::trak::mdia::minf::stbl::stsd::chnl::tests::test_chnl_v1_defined_layout_with_omitted ... ok
[INFO] [stdout] test moov::trak::mdia::minf::stbl::stsd::chnl::tests::test_chnl_v1_explicit_positions ... ok
[INFO] [stdout] test moov::trak::mdia::minf::stbl::stsd::chnl::tests::test_chnl_v1_defined_layout_without_omitted ... ok
[INFO] [stdout] test moov::trak::mdia::minf::stbl::stsd::chnl::tests::test_chnl_explicit_speaker_positions ... ok
[INFO] [stdout] test moov::trak::mdia::minf::stbl::stsd::ccst::tests::test_ccst_true_true_0 ... ok
[INFO] [stdout] test moov::trak::mdia::minf::stbl::stsd::amr::samr::tests::test_samr_encode ... ok
[INFO] [stdout] test moov::trak::mdia::minf::stbl::stsd::chnl::tests::test_chnl_v0_explicit_positions ... ok
[INFO] [stdout] test moov::trak::mdia::minf::stbl::stsd::colr::tests::test_nclx_encode ... ok
[INFO] [stdout] test moov::trak::mdia::minf::stbl::stsd::eac3::tests::test_eac3_decode ... ok
[INFO] [stdout] test moov::trak::mdia::minf::stbl::stsd::eac3::tests::test_eac3_encode ... ok
[INFO] [stdout] test moov::trak::mdia::minf::stbl::stsd::eac3::tests::test_eac3_multiple_substreams ... ok
[INFO] [stdout] test moov::trak::mdia::minf::stbl::stsd::chnl::tests::test_chnl_v1_with_objects ... ok
[INFO] [stdout] test moov::trak::mdia::minf::stbl::stsd::eac3::tests::test_eac3_with_dependent_substreams ... ok
[INFO] [stdout] test moov::trak::mdia::minf::stbl::stsd::eac3::tests::test_eac3_with_reserved_bits ... ok
[INFO] [stdout] test moov::trak::mdia::minf::stbl::stsd::fiel::tests::test_fiel_decode ... ok
[INFO] [stdout] test moov::trak::mdia::minf::stbl::stsd::fiel::tests::test_fiel_encode ... ok
[INFO] [stdout] test moov::trak::mdia::minf::stbl::stsd::flac::tests::test_dfla2_decode ... ok
[INFO] [stdout] test moov::trak::mdia::minf::stbl::stsd::flac::tests::test_dfla2_encode ... ok
[INFO] [stdout] test moov::trak::mdia::minf::stbl::stsd::flac::tests::test_dfla_decode ... ok
[INFO] [stdout] test moov::trak::mdia::minf::stbl::stsd::flac::tests::test_dfla_encode ... ok
[INFO] [stdout] test moov::trak::mdia::minf::stbl::stsd::h264::avc1::tests::test_avc1 ... ok
[INFO] [stdout] test moov::trak::mdia::minf::stbl::stsd::colr::tests::test_nclx_decode ... ok
[INFO] [stdout] test moov::trak::mdia::minf::stbl::stsd::chnl::tests::test_chnl_unpositioned_audio ... ok
[INFO] [stdout] test moov::trak::mdia::minf::stbl::stsd::ac3::tests::test_ac3_encode ... ok
[INFO] [stdout] test moov::trak::mdia::minf::stbl::stsd::h264::avc1::tests::test_avc1_with_extras ... ok
[INFO] [stdout] test moov::trak::mdia::minf::stbl::stsd::chnl::tests::test_chnl_v0_defined_layout ... ok
[INFO] [stdout] test moov::trak::mdia::minf::stbl::stsd::h264::avcc::tests::avcc_decodes_correctly ... ok
[INFO] [stdout] test moov::trak::mdia::minf::stbl::stsd::h264::avcc::tests::ok_in_range_is_err_when_out_of_range ... ok
[INFO] [stdout] test moov::trak::mdia::minf::stbl::stsd::h264::avcc::tests::ok_in_range_is_ok_when_in_range ... ok
[INFO] [stdout] test moov::trak::mdia::minf::stbl::stsd::hevc::hvc1::tests::test_hvc1_with_ccst ... ok
[INFO] [stdout] test moov::trak::mdia::minf::stbl::stsd::hevc::hev1::tests::test_hev1 ... ok
[INFO] [stdout] test moov::trak::mdia::minf::stbl::stsd::pcm::tests::test_ipcm_encode ... ok
[INFO] [stdout] test moov::trak::mdia::minf::stbl::stsd::mp4a::tests::test_mp4a ... ok
[INFO] [stdout] test moov::trak::mdia::minf::stbl::stsd::pcm::tests::test_pcm_encode_decode ... ok
[INFO] [stdout] test moov::trak::mdia::minf::stbl::stsd::mp4a::tests::test_mp4a_with_taic ... ok
[INFO] [stdout] test moov::trak::mdia::minf::stbl::stsd::pcm::tests::test_ipcm_decode ... ok
[INFO] [stdout] test moov::trak::mdia::minf::stbl::stsd::pcm::tests::test_pcm_encode_decode_with_both_channel_and_object ... ok
[INFO] [stdout] test moov::trak::mdia::minf::stbl::stsd::hevc::hvcc::tests::test_hvcc_libheif_decode ... ok
[INFO] [stdout] test moov::trak::mdia::minf::stbl::stsd::hevc::hvcc::tests::test_hvcc_mpeg_decode ... ok
[INFO] [stdout] test moov::trak::mdia::minf::stbl::stsd::hevc::hvcc::tests::test_hvcc_mpeg_encode ... ok
[INFO] [stdout] test moov::trak::mdia::minf::stbl::stsd::hevc::lhvc::tests::test_lhvc_round_trip_2 ... ok
[INFO] [stdout] test moov::trak::mdia::minf::stbl::stsd::hevc::lhvc::tests::test_lhvc ... ok
[INFO] [stdout] test moov::trak::mdia::minf::stbl::stsd::tx3g::tests::test_mpeg_09_text_decode ... ok
[INFO] [stdout] test moov::trak::mdia::minf::stbl::stsd::hevc::lhvc::tests::test_lhvc_round_trip_1 ... ok
[INFO] [stdout] test moov::trak::mdia::minf::stbl::stsd::tx3g::tests::test_mpeg_09_text_encode ... ok
[INFO] [stdout] test moov::trak::mdia::minf::stbl::stsd::pcm::tests::test_pcm_encode_decode_with_chnl_explicit_positions ... ok
[INFO] [stdout] test moov::trak::mdia::minf::stbl::stsd::pcm::tests::test_pcm_v1_chnl ... ok
[INFO] [stdout] test moov::trak::mdia::minf::stbl::stsd::taic::tests::test_taic_encode ... ok
[INFO] [stdout] test moov::trak::mdia::minf::stbl::stsd::pcm::tests::test_pcm_encode_decode_with_both_channel_and_object_explicit_position ... ok
[INFO] [stdout] test moov::trak::mdia::minf::stbl::stsd::pcm::tests::test_pcmc_encode_decode ... ok
[INFO] [stdout] test moov::trak::mdia::minf::stbl::stsd::pcm::tests::test_pcm_encode_decode_with_chnl_explicit_speaker_position ... ok
[INFO] [stdout] test moov::trak::mdia::minf::stbl::stsd::tx3g::tests::test_tx3g ... ok
[INFO] [stdout] test moov::trak::mdia::minf::stbl::stsd::taic::tests::test_taic_decode ... ok
[INFO] [stdout] test moov::trak::mdia::minf::stbl::stsd::uncv::tests::test_uncc_decode ... ok
[INFO] [stdout] test moov::trak::mdia::minf::stbl::stsd::vp9::vpcc::tests::test_vpcc ... ok
[INFO] [stdout] test moov::trak::mdia::minf::stbl::stsd::hevc::hvcc::tests::test_hev1 ... ok
[INFO] [stdout] test moov::trak::mdia::minf::stbl::stsz::tests::test_stsz_same_size ... ok
[INFO] [stdout] test moov::trak::mdia::minf::stbl::stss::tests::test_stss ... ok
[INFO] [stdout] test moov::trak::mdia::minf::stbl::stts::tests::test_stts ... ok
[INFO] [stdout] test moov::trak::mdia::minf::stbl::subs::tests::subs_decodes_from_bytes_and_encodes_to_bytes_correctly_with_more_complex_example ... ok
[INFO] [stdout] test moov::trak::mdia::minf::stbl::subs::tests::subs_decodes_from_bytes_correctly ... ok
[INFO] [stdout] test moov::trak::mdia::minf::stbl::stsz::tests::test_stsz_many_sizes ... ok
[INFO] [stdout] test moov::trak::senc::tests::test_senc_v0 ... ok
[INFO] [stdout] test moov::trak::mdia::minf::sthd::tests::test_sthd ... ok
[INFO] [stdout] test moov::trak::tkhd::tests::test_tkhd32 ... ok
[INFO] [stdout] test moov::trak::tref::tests::test_tref_decode ... ok
[INFO] [stdout] test moov::trak::mdia::minf::vmhd::tests::test_vmhd ... ok
[INFO] [stdout] test moov::trak::senc::tests::test_senc_v2 ... ok
[INFO] [stdout] test moov::udta::tests::test_udta ... ok
[INFO] [stdout] test moov::udta::rtng::tests::test_rtng_decode ... ok
[INFO] [stdout] test moov::trak::tkhd::tests::test_tkhd64 ... ok
[INFO] [stdout] test moov::udta::rtng::tests::test_rtng_encode ... ok
[INFO] [stdout] test moov::udta::tests::test_udta_cprt ... ok
[INFO] [stdout] test moov::trak::tref::tests::test_tref_encode ... ok
[INFO] [stdout] test moov::trak::senc::tests::test_senc_v1 ... ok
[INFO] [stdout] test moov::trak::mdia::minf::stbl::stsd::hevc::hvcc::tests::test_hvcc_libheif_encode ... ok
[INFO] [stdout] test moov::trak::mdia::minf::stbl::stsd::wvtt::tests::test_round_trip_with_label ... ok
[INFO] [stdout] test prft::tests::test_prft_realtime_roundtrip ... ok
[INFO] [stdout] test moov::udta::tests::test_udta_empty ... ok
[INFO] [stdout] test moov::trak::mdia::minf::stbl::stsd::wvtt::tests::test_wvtt_decode ... ok
[INFO] [stdout] test moov::trak::mdia::minf::stbl::stsd::wvtt::tests::test_wvtt_encode ... ok
[INFO] [stdout] test moov::udta::tests::test_udta_kind ... ok
[INFO] [stdout] test prft::tests::test_prft_v0_round_trip ... ok
[INFO] [stdout] test prft::tests::test_prft_v1_encode ... ok
[INFO] [stdout] test prft::tests::test_prft_v1_decode ... ok
[INFO] [stdout] test moov::trak::mdia::minf::stbl::stsd::uncv::tests::test_cmpd_decode ... ok
[INFO] [stdout] test sidx::tests::test_sidx_v0_decode ... ok
[INFO] [stdout] test moov::trak::mdia::minf::stbl::stsd::uncv::tests::test_uncc_encode ... ok
[INFO] [stdout] test sidx::tests::test_sidx_v0_encode ... ok
[INFO] [stdout] test moov::trak::mdia::minf::stbl::stsd::uncv::tests::test_cmpd_encode ... ok
[INFO] [stdout] test test::h264::avc_encrypted_segment ... ok
[INFO] [stdout] test test::esds::esds ... ok
[INFO] [stdout] test test::flac::flac ... ok
[INFO] [stdout] test test::h264::avcc_ext ... ok
[INFO] [stdout] test test::h264::avcc_ext_2 ... ok
[INFO] [stdout] test test::av1::av1 ... ok
[INFO] [stdout] test test::hevc::hevc ... ok
[INFO] [stdout] test test::bbb::bbb ... ok
[INFO] [stdout] test test::image::avif ... ok
[INFO] [stdout] test test::libavif_anim::av1_anim ... ok
[INFO] [stdout] test test::image::heif ... ok
[INFO] [stdout] test moov::trak::mdia::minf::stbl::stsd::vp9::vp09::tests::test_vp09 ... ok
[INFO] [stdout] test test::vp9::vp9 ... ok
[INFO] [stdout] test test::uncompressed::uncompressed ... ok
[INFO] [stdout] test types::tests::check_compressor_encode_empty ... ok
[INFO] [stdout] test types::tests::check_compressor_encode_maximal ... ok
[INFO] [stdout] test types::tests::check_compressor_encode_too_long ... ok
[INFO] [stdout] test types::tests::check_compressor_encode_minimal ... ok
[INFO] [stdout] 
[INFO] [stdout] test result: ok. 195 passed; 0 failed; 0 ignored; 0 measured; 0 filtered out; finished in 0.04s
[INFO] [stdout] 
[INFO] [stderr]    Doc-tests media_mp4_atom
[INFO] [stdout] 
[INFO] [stdout] running 3 tests
[INFO] [stdout] test src/lib.rs - (line 67) ... FAILED
[INFO] [stdout] test src/lib.rs - (line 39) ... FAILED
[INFO] [stdout] test src/lib.rs - (line 97) ... FAILED
[INFO] [stdout] 
[INFO] [stdout] failures:
[INFO] [stdout] 
[INFO] [stdout] ---- src/lib.rs - (line 67) stdout ----
[INFO] [stdout] error[E0432]: unresolved import `mp4_atom`
[INFO] [stdout]   --> src/lib.rs:69:5
[INFO] [stdout]    |
[INFO] [stdout] 69 | use mp4_atom::{Any, ReadFrom, WriteTo, Ftyp};
[INFO] [stdout]    |     ^^^^^^^^ use of unresolved module or unlinked crate `mp4_atom`
[INFO] [stdout]    |
[INFO] [stdout]    = help: if you wanted to use a crate named `mp4_atom`, use `cargo add mp4_atom` to add it to your `Cargo.toml`
[INFO] [stdout] 
[INFO] [stdout] error: aborting due to 1 previous error
[INFO] [stdout] 
[INFO] [stdout] For more information about this error, try `rustc --explain E0432`.
[INFO] [stdout] Couldn't compile the test.
[INFO] [stdout] ---- src/lib.rs - (line 39) stdout ----
[INFO] [stdout] error[E0432]: unresolved import `mp4_atom`
[INFO] [stdout]   --> src/lib.rs:41:5
[INFO] [stdout]    |
[INFO] [stdout] 41 | use mp4_atom::{Any, Encode, Decode, Ftyp, Buf};
[INFO] [stdout]    |     ^^^^^^^^ use of unresolved module or unlinked crate `mp4_atom`
[INFO] [stdout]    |
[INFO] [stdout]    = help: if you wanted to use a crate named `mp4_atom`, use `cargo add mp4_atom` to add it to your `Cargo.toml`
[INFO] [stdout] 
[INFO] [stdout] error: aborting due to 1 previous error
[INFO] [stdout] 
[INFO] [stdout] For more information about this error, try `rustc --explain E0432`.
[INFO] [stdout] Couldn't compile the test.
[INFO] [stdout] ---- src/lib.rs - (line 97) stdout ----
[INFO] [stdout] error[E0432]: unresolved import `mp4_atom`
[INFO] [stdout]   --> src/lib.rs:99:5
[INFO] [stdout]    |
[INFO] [stdout] 99 | use mp4_atom::{Atom, Any, Header, ReadFrom, ReadAtom, WriteTo, Ftyp, Moov};
[INFO] [stdout]    |     ^^^^^^^^ use of unresolved module or unlinked crate `mp4_atom`
[INFO] [stdout]    |
[INFO] [stdout]    = help: if you wanted to use a crate named `mp4_atom`, use `cargo add mp4_atom` to add it to your `Cargo.toml`
[INFO] [stdout] 
[INFO] [stdout] error: aborting due to 1 previous error
[INFO] [stdout] 
[INFO] [stdout] For more information about this error, try `rustc --explain E0432`.
[INFO] [stdout] Couldn't compile the test.
[INFO] [stdout] 
[INFO] [stdout] failures:
[INFO] [stdout]     src/lib.rs - (line 39)
[INFO] [stdout]     src/lib.rs - (line 67)
[INFO] [stdout]     src/lib.rs - (line 97)
[INFO] [stdout] 
[INFO] [stdout] test result: FAILED. 0 passed; 3 failed; 0 ignored; 0 measured; 0 filtered out; finished in 0.15s
[INFO] [stdout] 
[INFO] [stderr] error: doctest failed, to rerun pass `--doc`
[INFO] running `Command { std: "docker" "inspect" "b46f650a91678ca4b95c7fdb84aa5797d3619291aca7e75e4d4a50a7f1b3fc9c", kill_on_drop: false }`
[INFO] running `Command { std: "docker" "rm" "-f" "b46f650a91678ca4b95c7fdb84aa5797d3619291aca7e75e4d4a50a7f1b3fc9c", kill_on_drop: false }`
[INFO] [stdout] b46f650a91678ca4b95c7fdb84aa5797d3619291aca7e75e4d4a50a7f1b3fc9c
