[INFO] fetching crate mecab-ko-core 0.7.2...
[INFO] testing mecab-ko-core-0.7.2 against 1.100.0-beta.1+cargoflags=--release for beta-release-1.100-2
[INFO] extracting crate mecab-ko-core 0.7.2 into /workspace/builds/worker-4-tc2/source
[INFO] started tweaking crates.io crate mecab-ko-core 0.7.2
[INFO] removed 0 missing examples
[INFO] removed 0 missing tests
[INFO] finished tweaking crates.io crate mecab-ko-core 0.7.2
[INFO] tweaked toml for crates.io crate mecab-ko-core 0.7.2 written to /workspace/builds/worker-4-tc2/source/Cargo.toml
[INFO] validating manifest of crates.io crate mecab-ko-core 0.7.2 on toolchain 1.100.0-beta.1
[INFO] running `Command { std: CARGO_HOME="/workspace/cargo-home" RUSTUP_HOME="/workspace/rustup-home" "/workspace/cargo-home/bin/cargo" "+1.100.0-beta.1" "metadata" "--manifest-path" "Cargo.toml" "--no-deps", kill_on_drop: false }`
[INFO] crate crates.io crate mecab-ko-core 0.7.2 already has a lockfile, it will not be regenerated
[INFO] running `Command { std: CARGO_HOME="/workspace/cargo-home" RUSTUP_HOME="/workspace/rustup-home" "/workspace/cargo-home/bin/cargo" "+1.100.0-beta.1" "fetch" "--manifest-path" "Cargo.toml", kill_on_drop: false }`
[INFO] [stderr] warning: `package.homepage` is redundant with `package.repository`
[INFO] [stderr]    --> Cargo.toml:169:12
[INFO] [stderr]     |
[INFO] [stderr] 169 | homepage = "https://github.com/hephaex/mecab-ko"
[INFO] [stderr]     |            ^^^^^^^^^^^^^^^^^^^^^^^^^^^^^^^^^^^^^
[INFO] [stderr] ...
[INFO] [stderr] 174 | repository = "https://github.com/hephaex/mecab-ko"
[INFO] [stderr]     |              -------------------------------------
[INFO] [stderr]     |
[INFO] [stderr]     = note: `cargo::redundant_homepage` is set to `warn` by default
[INFO] [stderr] help: consider removing `package.homepage`
[INFO] [stderr] warning: `mecab-ko-core` (manifest) generated 1 warning
[INFO] running `Command { std: "docker" "create" "-v" "/var/lib/crater-agent-workspace/builds/worker-4-tc2/source:/opt/rustwide/workdir:ro,Z" "-v" "/var/lib/crater-agent-workspace/builds/worker-4-tc2/target:/opt/rustwide/target:rw,Z" "-v" "/var/lib/crater-agent-workspace/cargo-home:/opt/rustwide/cargo-home:ro,Z" "-v" "/var/lib/crater-agent-workspace/rustup-home:/opt/rustwide/rustup-home:ro,Z" "-m" "1610612736" "--network" "none" "ghcr.io/rust-lang/crates-build-env/linux@sha256:77db811e55d90add9212f6832c23229e3de5f1c1f9905e8cb07319ea15df73ac" "sleep" "infinity", kill_on_drop: false }`
[INFO] [stdout] 1b51d7108aa058500bda5fbd364d4dc994653f93366545d251e4b94b7eed5e97
[INFO] running `Command { std: "docker" "start" "1b51d7108aa058500bda5fbd364d4dc994653f93366545d251e4b94b7eed5e97", kill_on_drop: false }`
[INFO] running `Command { std: "docker" "inspect" "1b51d7108aa058500bda5fbd364d4dc994653f93366545d251e4b94b7eed5e97", kill_on_drop: false }`
[INFO] running `Command { std: "docker" "exec" "-e" "SOURCE_DIR=/opt/rustwide/workdir" "-e" "CARGO_HOME=/opt/rustwide/cargo-home" "-e" "RUSTUP_HOME=/opt/rustwide/rustup-home" "-e" "CARGO_TARGET_DIR=/opt/rustwide/target" "-w" "/opt/rustwide/workdir" "--user" "0:0" "1b51d7108aa058500bda5fbd364d4dc994653f93366545d251e4b94b7eed5e97" "/opt/rustwide/cargo-home/bin/cargo" "+1.100.0-beta.1" "metadata" "--no-deps" "--format-version=1", kill_on_drop: false }`
[INFO] running `Command { std: "docker" "inspect" "1b51d7108aa058500bda5fbd364d4dc994653f93366545d251e4b94b7eed5e97", kill_on_drop: false }`
[INFO] running `Command { std: "docker" "exec" "-e" "SOURCE_DIR=/opt/rustwide/workdir" "-e" "CARGO_HOME=/opt/rustwide/cargo-home" "-e" "RUSTUP_HOME=/opt/rustwide/rustup-home" "-e" "CARGO_TARGET_DIR=/opt/rustwide/target" "-e" "CARGO_INCREMENTAL=0" "-e" "RUST_BACKTRACE=full" "-e" "RUSTFLAGS=--cap-lints=warn" "-e" "RUSTDOCFLAGS=--cap-lints=warn" "-w" "/opt/rustwide/workdir" "--user" "0:0" "1b51d7108aa058500bda5fbd364d4dc994653f93366545d251e4b94b7eed5e97" "/opt/rustwide/cargo-home/bin/cargo" "+1.100.0-beta.1" "build" "--frozen" "--message-format=json" "--release", kill_on_drop: false }`
[INFO] [stderr] warning: `package.homepage` is redundant with `package.repository`
[INFO] [stderr]    --> Cargo.toml:169:12
[INFO] [stderr]     |
[INFO] [stderr] 169 | homepage = "https://github.com/hephaex/mecab-ko"
[INFO] [stderr]     |            ^^^^^^^^^^^^^^^^^^^^^^^^^^^^^^^^^^^^^
[INFO] [stderr] ...
[INFO] [stderr] 174 | repository = "https://github.com/hephaex/mecab-ko"
[INFO] [stderr]     |              -------------------------------------
[INFO] [stderr]     |
[INFO] [stderr]     = note: `cargo::redundant_homepage` is set to `warn` by default
[INFO] [stderr] help: consider removing `package.homepage`
[INFO] [stderr] warning: `mecab-ko-core` (manifest) generated 1 warning
[INFO] [stderr]    Compiling libc v0.2.182
[INFO] [stderr]    Compiling zerocopy v0.8.39
[INFO] [stderr]    Compiling serde_derive v1.0.228
[INFO] [stderr]    Compiling once_cell v1.21.3
[INFO] [stderr]    Compiling fst v0.4.7
[INFO] [stderr]    Compiling crossbeam-channel v0.5.15
[INFO] [stderr]    Compiling mecab-ko-dict v0.7.2
[INFO] [stderr]    Compiling mecab-ko-hangul v0.7.2
[INFO] [stderr]    Compiling yada v0.5.1
[INFO] [stderr]    Compiling inotify-sys v0.1.5
[INFO] [stderr]    Compiling mio v0.8.11
[INFO] [stderr]    Compiling filetime v0.2.27
[INFO] [stderr]    Compiling parking_lot_core v0.9.12
[INFO] [stderr]    Compiling memmap2 v0.9.10
[INFO] [stderr]    Compiling jobserver v0.1.34
[INFO] [stderr]    Compiling inotify v0.9.6
[INFO] [stderr]    Compiling parking_lot v0.12.5
[INFO] [stderr]    Compiling cc v1.2.56
[INFO] [stderr]    Compiling notify v6.1.1
[INFO] [stderr]    Compiling serde v1.0.228
[INFO] [stderr]    Compiling zstd-sys v2.0.16+zstd.1.5.7
[INFO] [stderr]    Compiling ahash v0.8.12
[INFO] [stderr]    Compiling hashbrown v0.14.5
[INFO] [stderr]    Compiling string-interner v0.17.0
[INFO] [stderr]    Compiling zstd-safe v7.2.4
[INFO] [stderr]    Compiling zstd v0.13.3
[INFO] [stderr]    Compiling mecab-ko-core v0.7.2 (/opt/rustwide/workdir)
[INFO] [stderr]     Finished `release` profile [optimized] target(s) in 1m 49s
[INFO] running `Command { std: "docker" "inspect" "1b51d7108aa058500bda5fbd364d4dc994653f93366545d251e4b94b7eed5e97", kill_on_drop: false }`
[INFO] running `Command { std: "docker" "exec" "-e" "SOURCE_DIR=/opt/rustwide/workdir" "-e" "CARGO_HOME=/opt/rustwide/cargo-home" "-e" "RUSTUP_HOME=/opt/rustwide/rustup-home" "-e" "CARGO_TARGET_DIR=/opt/rustwide/target" "-e" "CARGO_INCREMENTAL=0" "-e" "RUST_BACKTRACE=full" "-e" "RUSTFLAGS=--cap-lints=warn" "-e" "RUSTDOCFLAGS=--cap-lints=warn" "-w" "/opt/rustwide/workdir" "--user" "0:0" "1b51d7108aa058500bda5fbd364d4dc994653f93366545d251e4b94b7eed5e97" "/opt/rustwide/cargo-home/bin/cargo" "+1.100.0-beta.1" "test" "--frozen" "--no-run" "--message-format=json" "--release", kill_on_drop: false }`
[INFO] [stderr] warning: `package.homepage` is redundant with `package.repository`
[INFO] [stderr]    --> Cargo.toml:169:12
[INFO] [stderr]     |
[INFO] [stderr] 169 | homepage = "https://github.com/hephaex/mecab-ko"
[INFO] [stderr]     |            ^^^^^^^^^^^^^^^^^^^^^^^^^^^^^^^^^^^^^
[INFO] [stderr] ...
[INFO] [stderr] 174 | repository = "https://github.com/hephaex/mecab-ko"
[INFO] [stderr]     |              -------------------------------------
[INFO] [stderr]     |
[INFO] [stderr]     = note: `cargo::redundant_homepage` is set to `warn` by default
[INFO] [stderr] help: consider removing `package.homepage`
[INFO] [stderr] warning: `mecab-ko-core` (manifest) generated 1 warning
[INFO] [stderr]    Compiling zerocopy v0.8.39
[INFO] [stderr]    Compiling syn v2.0.117
[INFO] [stderr]    Compiling clap_lex v1.0.0
[INFO] [stderr]    Compiling getrandom v0.4.1
[INFO] [stderr]    Compiling regex-syntax v0.8.9
[INFO] [stderr]    Compiling serde_json v1.0.149
[INFO] [stderr]    Compiling rayon v1.11.0
[INFO] [stderr]    Compiling errno v0.3.14
[INFO] [stderr]    Compiling rustix v1.1.4
[INFO] [stderr]    Compiling clap_builder v4.5.60
[INFO] [stderr]    Compiling signal-hook-registry v1.4.8
[INFO] [stderr]    Compiling is-terminal v0.4.17
[INFO] [stderr]    Compiling mio v1.1.1
[INFO] [stderr]    Compiling socket2 v0.6.2
[INFO] [stderr]    Compiling regex-automata v0.4.14
[INFO] [stderr]    Compiling clap v4.5.60
[INFO] [stderr]    Compiling tempfile v3.26.0
[INFO] [stderr]    Compiling zerocopy-derive v0.8.39
[INFO] [stderr]    Compiling serde_derive v1.0.228
[INFO] [stderr]    Compiling thiserror-impl v1.0.69
[INFO] [stderr]    Compiling tokio-macros v2.6.0
[INFO] [stderr]    Compiling regex v1.12.3
[INFO] [stderr]    Compiling tokio v1.49.0
[INFO] [stderr]    Compiling thiserror v1.0.69
[INFO] [stderr]    Compiling serde v1.0.228
[INFO] [stderr]    Compiling mecab-ko-dict v0.7.2
[INFO] [stderr]    Compiling tinytemplate v1.2.1
[INFO] [stderr]    Compiling half v2.7.1
[INFO] [stderr]    Compiling ahash v0.8.12
[INFO] [stderr]    Compiling hashbrown v0.14.5
[INFO] [stderr]    Compiling ciborium-ll v0.2.2
[INFO] [stderr]    Compiling ciborium v0.2.2
[INFO] [stderr]    Compiling string-interner v0.17.0
[INFO] [stderr]    Compiling criterion v0.5.1
[INFO] [stderr]    Compiling mecab-ko-core v0.7.2 (/opt/rustwide/workdir)
[INFO] [stderr]     Finished `release` profile [optimized] target(s) in 2m 29s
[INFO] running `Command { std: "docker" "inspect" "1b51d7108aa058500bda5fbd364d4dc994653f93366545d251e4b94b7eed5e97", kill_on_drop: false }`
[INFO] running `Command { std: "docker" "exec" "-e" "SOURCE_DIR=/opt/rustwide/workdir" "-e" "CARGO_HOME=/opt/rustwide/cargo-home" "-e" "RUSTUP_HOME=/opt/rustwide/rustup-home" "-e" "CARGO_TARGET_DIR=/opt/rustwide/target" "-e" "CARGO_INCREMENTAL=0" "-e" "RUST_BACKTRACE=full" "-e" "RUSTFLAGS=--cap-lints=warn" "-e" "RUSTDOCFLAGS=--cap-lints=warn" "-w" "/opt/rustwide/workdir" "--user" "0:0" "1b51d7108aa058500bda5fbd364d4dc994653f93366545d251e4b94b7eed5e97" "/opt/rustwide/cargo-home/bin/cargo" "+1.100.0-beta.1" "test" "--frozen" "--release", kill_on_drop: false }`
[INFO] [stderr] warning: `package.homepage` is redundant with `package.repository`
[INFO] [stderr]    --> Cargo.toml:169:12
[INFO] [stderr]     |
[INFO] [stderr] 169 | homepage = "https://github.com/hephaex/mecab-ko"
[INFO] [stderr]     |            ^^^^^^^^^^^^^^^^^^^^^^^^^^^^^^^^^^^^^
[INFO] [stderr] ...
[INFO] [stderr] 174 | repository = "https://github.com/hephaex/mecab-ko"
[INFO] [stderr]     |              -------------------------------------
[INFO] [stderr]     |
[INFO] [stderr]     = note: `cargo::redundant_homepage` is set to `warn` by default
[INFO] [stderr] help: consider removing `package.homepage`
[INFO] [stderr] warning: `mecab-ko-core` (manifest) generated 1 warning
[INFO] [stderr]     Finished `release` profile [optimized] target(s) in 0.18s
[INFO] [stderr]      Running unittests src/lib.rs (/opt/rustwide/target/release/build/mecab-ko-core/464c01569089d24d/out/mecab_ko_core-464c01569089d24d)
[INFO] [stdout] 
[INFO] [stdout] running 370 tests
[INFO] [stdout] test analysis_mode::tests::test_lemmatization_mode ... ok
[INFO] [stdout] test analysis_mode::tests::test_pos_filter_content_words ... ok
[INFO] [stdout] test analysis_mode::tests::test_pos_filter_empty_includes_all ... ok
[INFO] [stdout] test analysis_mode::tests::test_analyzer_config_process_tokens ... ok
[INFO] [stdout] test analysis_mode::tests::test_analyzer_config_min_length ... ok
[INFO] [stdout] test analysis_mode::tests::test_analyzer_config_with_filter ... ok
[INFO] [stdout] test analysis_mode::tests::test_pos_filter_exclude ... ok
[INFO] [stdout] test analysis_mode::tests::test_pos_filter_matches_nouns ... ok
[INFO] [stdout] test analysis_mode::tests::test_pos_filter_matches_predicates ... ok
[INFO] [stdout] test analysis_mode::tests::test_pos_filter_matches_verbs ... ok
[INFO] [stdout] test analysis_mode::tests::test_analysis_mode_uses_filter ... ok
[INFO] [stdout] test batch::tests::test_default_pool_size ... ok
[INFO] [stdout] test batch::tests::test_large_batch ... FAILED
[INFO] [stdout] test batch::tests::test_large_file_processor_creation ... FAILED
[INFO] [stdout] test batch::tests::test_batch_tokenizer_creation ... FAILED
[INFO] [stdout] test batch::tests::test_available_tokenizers ... FAILED
[INFO] [stdout] test batch::tests::test_large_file_processor_with_buffer_size ... FAILED
[INFO] [stdout] test batch::tests::test_large_file_processor_with_callback ... FAILED
[INFO] [stdout] test batch::tests::test_empty_batch ... FAILED
[INFO] [stdout] test batch::tests::test_large_file_progress_percent ... ok
[INFO] [stdout] test batch::tests::test_large_file_progress_percent_zero_total ... ok
[INFO] [stdout] test batch::tests::test_parallel_stream_processor_creation ... FAILED
[INFO] [stdout] test batch::tests::test_pool_size ... FAILED
[INFO] [stdout] test batch::tests::test_single_item_batch ... FAILED
[INFO] [stdout] test batch::tests::test_smart_chunking_empty_text ... ok
[INFO] [stdout] test batch::tests::test_smart_chunking_no_delimiter ... ok
[INFO] [stdout] test batch::tests::test_smart_chunking_respects_sentence_boundary ... ok
[INFO] [stdout] test batch::tests::test_smart_chunking_with_spaces ... ok
[INFO] [stdout] test batch::tests::test_split_into_chunks ... ok
[INFO] [stdout] test batch::tests::test_split_with_overlap ... ok
[INFO] [stdout] test batch::tests::test_split_with_overlap_empty_text ... ok
[INFO] [stdout] test batch::tests::test_tokenize_batch_owned ... FAILED
[INFO] [stdout] test batch::tests::test_split_with_overlap_large_overlap ... ok
[INFO] [stdout] test batch::tests::test_tokenize_batch ... FAILED
[INFO] [stdout] test analysis_mode::tests::test_analyzer_config_default ... ok
[INFO] [stdout] test cache::tests::test_cache_config_builder ... ok
[INFO] [stdout] test cache::tests::test_cache_get_or_insert ... ok
[INFO] [stdout] test batch::tests::test_tokenize_chunked ... FAILED
[INFO] [stdout] test cache::tests::test_cache_stats ... ok
[INFO] [stdout] test batch::tests::test_with_chunk_size ... FAILED
[INFO] [stdout] test cache::tests::test_cache_basic_operations ... ok
[INFO] [stdout] test cache::tests::test_cache_clear ... ok
[INFO] [stdout] test batch::tests::test_with_pool_size ... FAILED
[INFO] [stdout] test evaluate::tests::test_gold_sentence_parse ... ok
[INFO] [stdout] test evaluate::tests::test_gold_token_parse ... ok
[INFO] [stdout] test cache::tests::test_cache_config_default ... ok
[INFO] [stdout] test evaluate::tests::test_evaluation_result_format ... ok
[INFO] [stdout] test cache::tests::test_cache_lru_eviction ... ok
[INFO] [stdout] test cache::tests::test_cache_skip_long_text ... ok
[INFO] [stdout] test cache::tests::test_caching_tokenizer ... ok
[INFO] [stdout] test evaluate::tests::test_evaluate_tokens_perfect_match ... ok
[INFO] [stdout] test evaluate::tests::test_evaluate_tokens_mismatch ... ok
[INFO] [stdout] test kiwi_compat::tests::test_all_kiwi_tags_covered ... ok
[INFO] [stdout] test kiwi_compat::tests::test_all_mecab_tags_covered ... ok
[INFO] [stdout] test kiwi_compat::tests::test_from_kiwi_tag_web ... ok
[INFO] [stdout] test kiwi_compat::tests::test_kiwi_tag_as_str ... ok
[INFO] [stdout] test kiwi_compat::tests::test_kiwi_tag_from_str ... ok
[INFO] [stdout] test kiwi_compat::tests::test_roundtrip_conversion ... ok
[INFO] [stdout] test kiwi_compat::tests::test_to_kiwi_tag_nominals ... ok
[INFO] [stdout] test kiwi_compat::tests::test_lossy_conversion ... ok
[INFO] [stdout] test kiwi_compat::tests::test_to_kiwi_tag_particles ... ok
[INFO] [stdout] test kiwi_compat::tests::test_to_kiwi_tag_predicates ... ok
[INFO] [stdout] test kiwi_compat::tests::test_to_kiwi_tag_symbols ... ok
[INFO] [stdout] test lattice::tests::test_add_node ... ok
[INFO] [stdout] test lattice::tests::test_bos_eos ... ok
[INFO] [stdout] test lattice::tests::test_char_positions ... ok
[INFO] [stdout] test kiwi_compat::tests::test_from_kiwi_tag_nominals ... ok
[INFO] [stdout] test kiwi_compat::tests::test_from_kiwi_tag_symbols ... ok
[INFO] [stdout] test lattice::tests::test_lattice_with_spaces ... ok
[INFO] [stdout] test kiwi_compat::tests::test_kiwi_token_creation ... ok
[INFO] [stdout] test kiwi_compat::tests::test_kiwi_token_to_mecab ... ok
[INFO] [stdout] test lattice::tests::test_lattice_creation ... ok
[INFO] [stdout] test lattice::tests::test_space_before_detection ... ok
[INFO] [stdout] test lattice::tests::test_lattice_reset ... ok
[INFO] [stdout] test lattice::tests::test_nodes_at_position ... ok
[INFO] [stdout] test lattice::tests::test_substring ... ok
[INFO] [stdout] test lattice_viz::tests::test_format_selection ... ok
[INFO] [stdout] test lattice_viz::tests::test_to_dot ... ok
[INFO] [stdout] test lattice_viz::tests::test_to_html ... ok
[INFO] [stdout] test memory::tests::test_common_pos_tags_preloaded ... ok
[INFO] [stdout] test lattice_viz::tests::test_viz_options ... ok
[INFO] [stdout] test lattice_viz::tests::test_to_json ... ok
[INFO] [stdout] test memory::tests::test_feature_cache_max_size ... ok
[INFO] [stdout] test memory::tests::test_feature_cache ... ok
[INFO] [stdout] test memory::tests::test_pos_interner_stats ... ok
[INFO] [stdout] test memory::tests::test_pos_tag_interner ... ok
[INFO] [stdout] test nbest::tests::test_nbest_empty_lattice ... ok
[INFO] [stdout] test nbest::tests::test_nbest_korean_example ... ok
[INFO] [stdout] test nbest::tests::test_nbest_result_api ... ok
[INFO] [stdout] test nbest::tests::test_nbest_multiple_paths ... ok
[INFO] [stdout] test nbest::tests::test_nbest_with_max_candidates ... ok
[INFO] [stdout] test nori_compat::tests::test_compound_noun_patterns ... ok
[INFO] [stdout] test nori_compat::tests::test_char_offset ... ok
[INFO] [stdout] test nori_compat::tests::test_analyzer_basic_functionality ... FAILED
[INFO] [stdout] test nbest::tests::test_nbest_compatibility_pairs ... ok
[INFO] [stdout] test nbest::tests::test_nbest_single_path ... ok
[INFO] [stdout] test kiwi_compat::tests::test_kiwi_token_display ... ok
[INFO] [stdout] test lattice_viz::tests::test_to_text ... ok
[INFO] [stdout] test nori_compat::tests::test_decompound_mode_as_str ... ok
[INFO] [stdout] test memory::tests::test_memory_stats_format ... ok
[INFO] [stdout] test nori_compat::tests::test_decompound_enhanced_priority ... ok
[INFO] [stdout] test nori_compat::tests::test_decompound_min_syllable_constraint ... ok
[INFO] [stdout] test nori_compat::tests::test_decompound_token_mixed_jongseong ... ok
[INFO] [stdout] test nori_compat::tests::test_decompound_preserves_wordtype ... ok
[INFO] [stdout] test nori_compat::tests::test_decompound_token_basic ... ok
[INFO] [stdout] test nori_compat::tests::test_decompound_modes_with_compound ... FAILED
[INFO] [stdout] test nori_compat::tests::test_decompound_offset_accuracy ... ok
[INFO] [stdout] test nori_compat::tests::test_decompound_mode_from_str ... ok
[INFO] [stdout] test nori_compat::tests::test_decompound_token_non_hangul ... ok
[INFO] [stdout] test nori_compat::tests::test_mecab_to_nori_tag ... ok
[INFO] [stdout] test nori_compat::tests::test_dict_decompose_basic ... ok
[INFO] [stdout] test nori_compat::tests::test_decompound_token_short_word ... ok
[INFO] [stdout] test nori_compat::tests::test_enhanced_prefix_extraction ... ok
[INFO] [stdout] test nori_compat::tests::test_enhanced_suffix_extraction ... ok
[INFO] [stdout] test nori_compat::tests::test_multiple_prefix_entries ... ok
[INFO] [stdout] test nori_compat::tests::test_dict_decompose_대한민국 ... ok
[INFO] [stdout] test nori_compat::tests::test_mixed_mode_returns_both ... FAILED
[INFO] [stdout] test nori_compat::tests::test_multiple_suffix_entries ... ok
[INFO] [stdout] test nori_compat::tests::test_discard_mode_returns_only_parts ... FAILED
[INFO] [stdout] test nori_compat::tests::test_word_type_as_str ... ok
[INFO] [stdout] test nori_compat::tests::test_nori_analyzer_creation ... FAILED
[INFO] [stdout] test normalizer::tests::test_config ... ok
[INFO] [stdout] test normalizer::tests::test_get_variants ... ok
[INFO] [stdout] test nori_compat::tests::test_nori_analyzer_default ... FAILED
[INFO] [stdout] test nori_compat::tests::test_tokenizer_basic_functionality ... FAILED
[INFO] [stdout] test normalizer::tests::test_levenshtein_distance ... ok
[INFO] [stdout] test nori_compat::tests::test_nori_tokenizer_creation ... FAILED
[INFO] [stdout] test nori_compat::tests::test_pos_tag_nori_mapping ... ok
[INFO] [stdout] test normalizer::tests::test_jongseong_variants ... ok
[INFO] [stdout] test nori_compat::tests::test_nori_analyzer_stoptag_management ... FAILED
[INFO] [stdout] test normalizer::tests::test_is_variant ... ok
[INFO] [stdout] test nori_compat::tests::test_nori_to_mecab_tag ... ok
[INFO] [stdout] test normalizer::tests::test_it_terms ... ok
[INFO] [stdout] test normalizer::tests::test_normalize_builtin ... ok
[INFO] [stdout] test pool::tests::test_pool_clear ... ok
[INFO] [stdout] test pool::tests::test_pool_manager ... ok
[INFO] [stdout] test normalizer::tests::test_vowel_length_variants ... ok
[INFO] [stdout] test normalizer::tests::test_normalizer_creation ... ok
[INFO] [stdout] test pool::tests::test_node_vec_pool ... ok
[INFO] [stdout] test normalizer::tests::test_phonetic_similarity ... ok
[INFO] [stdout] test pool::tests::test_pool_manager_clear_all ... ok
[INFO] [stdout] test pool::tests::test_pool_max_size ... ok
[INFO] [stdout] test pos_tag::tests::test_as_str ... ok
[INFO] [stdout] test sejong::corrections::tests::test_correction_185_ha_xsv_not_changed_if_not_first ... ok
[INFO] [stdout] test sejong::corrections::tests::test_correction_185_ha_xsv_to_vv_at_start ... ok
[INFO] [stdout] test sejong::corrections::tests::test_correction_188_geurae_vv_normalized_to_geuro ... ok
[INFO] [stdout] test pos_tag::tests::test_all_tags_count ... ok
[INFO] [stdout] test pos_tag::tests::test_is_content_word ... ok
[INFO] [stdout] test sejong::corrections::tests::test_correction_193_etn_jamo_normalization ... ok
[INFO] [stdout] test pos_tag::tests::test_category ... ok
[INFO] [stdout] test sejong::corrections::tests::test_correction_194_tara_merge_to_tararso ... ok
[INFO] [stdout] test sejong::corrections::tests::test_correction_196_xpn_compound_split ... ok
[INFO] [stdout] test sejong::corrections::tests::test_correction_255_eo_yo_merge ... ok
[INFO] [stdout] test pool::tests::test_string_interner ... ok
[INFO] [stdout] test pool::tests::test_token_pool ... ok
[INFO] [stdout] test pos_tag::tests::test_from_str ... ok
[INFO] [stdout] test sejong::corrections::tests::test_protection_202_compound_noun_merge ... ok
[INFO] [stdout] test sejong::corrections::tests::test_protection_207_jinja_mag_to_nng ... ok
[INFO] [stdout] test sejong::corrections::tests::test_protection_223_xr_to_nng ... ok
[INFO] [stdout] test sejong::corrections::tests::test_protection_187_seoul_teukbyeolsi_split ... ok
[INFO] [stdout] test sejong::corrections::tests::test_protection_200_bamnak_split ... ok
[INFO] [stdout] test sejong::corrections::tests::test_protection_209_empty_pos_ascii_to_sl ... ok
[INFO] [stdout] test sejong::corrections::tests::test_protection_231_jumal_merge ... ok
[INFO] [stdout] test sejong::corrections::tests::test_protection_209_empty_pos_korean_to_nng ... ok
[INFO] [stdout] test sejong::corrections::tests::test_protection_232_galdeung_merge ... ok
[INFO] [stdout] test sejong::corrections::tests::test_protection_228_halmeonym_merge ... ok
[INFO] [stdout] test sejong::corrections::tests::test_protection_167_jeok_merge ... ok
[INFO] [stdout] test sejong::corrections::tests::test_protection_236_jinheng_merge ... ok
[INFO] [stdout] test sejong::corrections::tests::test_protection_234_sl_ga_vv_to_jks ... ok
[INFO] [stdout] test sejong::corrections::tests::test_protection_230_sigan_merge ... ok
[INFO] [stdout] test pos_tag::tests::test_nori_compat ... ok
[INFO] [stdout] test sejong::corrections::tests::test_protection_238_ha_a_to_ha_eo ... ok
[INFO] [stdout] test sejong::corrections::tests::test_protection_242_ireumyeon_maj_to_vv_ec ... ok
[INFO] [stdout] test sejong::corrections::tests::test_protection_247_ha_yeo_xsn_to_ec ... ok
[INFO] [stdout] test sejong::corrections::tests::test_protection_241_mugeop_irregular ... ok
[INFO] [stdout] test sejong::corrections::tests::test_protection_244_an_mag_removal ... ok
[INFO] [stdout] test sejong::corrections::tests::test_protection_239_jup_irregular_weo_nng ... ok
[INFO] [stdout] test sejong::corrections::tests::test_protection_168_ui_jkb_to_jkg ... ok
[INFO] [stdout] test sejong::corrections::tests::test_protection_248_foreign_word_nnp_to_nng ... ok
[INFO] [stdout] test sejong::corrections::tests::test_protection_251_geudongan_merge ... ok
[INFO] [stdout] test sejong::corrections::tests::test_protection_253_onomatopoeia_yaong_to_ic ... ok
[INFO] [stdout] test sejong::corrections::tests::test_protection_254_jamo_eo_yo_normalization ... ok
[INFO] [stdout] test sejong::corrections::tests::test_protection_265_ne_ic_to_ef_after_vv ... ok
[INFO] [stdout] test sejong::corrections::tests::test_protection_compound_196_xpn_maeson ... ok
[INFO] [stdout] test sejong::corrections::tests::test_protection_compound_irregular_228_halmeonim ... ok
[INFO] [stdout] test sejong::corrections::tests::test_protection_conjugation_174_direct_call ... ok
[INFO] [stdout] test sejong::corrections::tests::test_protection_256_jollri_vv_to_va ... ok
[INFO] [stdout] test sejong::corrections::tests::test_protection_empty_input_unchanged ... ok
[INFO] [stdout] test sejong::corrections::tests::test_protection_259_chae_vv_to_nnb ... ok
[INFO] [stdout] test sejong::corrections::tests::test_protection_86_nda_etm_ef_merge ... ok
[INFO] [stdout] test sejong::corrections::tests::test_protection_conjugation_217_va_eumyeon_ef_to_ec ... ok
[INFO] [stdout] test sejong::corrections::tests::test_protection_post_conjugation_88_nng_doe_xsv ... ok
[INFO] [stdout] test sejong::corrections::tests::test_protection_conjugation_174_xsv_to_xsa ... ok
[INFO] [stdout] test sejong::corrections::tests::test_protection_sentence_final_endings_164_nr_numeral_merge ... ok
[INFO] [stdout] test sejong::corrections::tests::test_protection_suffix_dep_167_jeok_xsn_merge ... ok
[INFO] [stdout] test sejong::corrections::tests::test_protection_verb_morpheme_24_verb_gi_splitting ... ok
[INFO] [stdout] test sejong::corrections::tests::test_protection_sentence_final_89_eoyo_ec_to_ef ... ok
[INFO] [stdout] test sejong::corrections::tests::test_protection_particle_21_vcp_insertion ... ok
[INFO] [stdout] test sejong::corrections::tests::test_protection_sentence_final_91_nda_ec_to_ef ... ok
[INFO] [stdout] test sejong::corrections::tests::test_protection_post_conjugation_86_nda_merge ... ok
[INFO] [stdout] test sejong::corrections::tests::test_protection_verb_splitting_24_gagi_nng_to_vv_etn ... ok
[INFO] [stdout] test sejong::corrections::tests::test_protection_87_aux_vv_to_vx_after_ec ... ok
[INFO] [stdout] test sejong::corrections::tests::test_protection_88_doe_vv_to_xsv_after_nng ... ok
[INFO] [stdout] test sejong::corrections::tests::test_protection_sentence_final_154_da_nng_to_ef ... ok
[INFO] [stdout] test sejong::corrections::tests::test_protection_xsv_and_ec_ef_91_neunda_ec_to_ef ... ok
[INFO] [stdout] test sejong::hangul::tests::test_has_jongseong_without_batchim ... ok
[INFO] [stdout] test sejong::corrections::tests::test_protection_xsv_morpheme_split_113_gonaseo_merge ... ok
[INFO] [stdout] test sejong::hangul::tests::test_normalize_jamo_converts_jongseong_to_compat ... ok
[INFO] [stdout] test sejong::hangul::tests::test_remove_jongseong_rieul_removes_rieul ... ok
[INFO] [stdout] test sejong::hangul::tests::test_remove_jongseong_rieul_returns_none_for_other_jongseong ... ok
[INFO] [stdout] test sejong::lexicon::tests::test_apply_lexicon_overrides_adverb_mag ... ok
[INFO] [stdout] test sejong::lexicon::tests::test_apply_lexicon_overrides_nnp_city ... ok
[INFO] [stdout] test sejong::ending_rules::tests::test_init_ending_rules_vv_ef_contains_key_endings ... ok
[INFO] [stdout] test sejong::hangul::tests::test_has_jongseong_with_batchim ... ok
[INFO] [stdout] test sejong::lexicon::tests::test_apply_lexicon_overrides_pronoun_np ... ok
[INFO] [stdout] test sejong::hangul::tests::test_normalize_jamo_passes_through_regular_syllables ... ok
[INFO] [stdout] test sejong::postprocess::tests::test_apply_token_merges_gada_nng_correction ... ok
[INFO] [stdout] test sejong::postprocess::tests::test_apply_token_merges_날씨_pattern ... ok
[INFO] [stdout] test sejong::postprocess::tests::test_apply_vv_seyo_splits_passthrough_no_match ... ok
[INFO] [stdout] test sejong::lexicon::tests::test_apply_lexicon_overrides_skips_ep_pos ... ok
[INFO] [stdout] test sejong::splitter::tests::test_is_compound_tag_without_plus ... ok
[INFO] [stdout] test sejong::postprocess::tests::test_apply_decomposition_corrections_va_eun_pattern ... ok
[INFO] [stdout] test sejong::postprocess::tests::test_apply_vv_seyo_splits_gaseyo ... ok
[INFO] [stdout] test sejong::splitter::tests::test_split_compound_tag_known_pattern ... ok
[INFO] [stdout] test sejong::splitter::tests::test_split_compound_tag_unknown_falls_back_to_simple_split ... ok
[INFO] [stdout] test sejong::splitter::tests::test_split_morpheme_haeyo_contraction ... ok
[INFO] [stdout] test sejong::splitter::tests::test_split_morpheme_simple_non_compound ... ok
[INFO] [stdout] test sejong::splitter::tests::test_split_morpheme_ep_ep_syeosseo ... ok
[INFO] [stdout] test sejong::splitter::tests::test_split_morpheme_imnida_vcp ... ok
[INFO] [stdout] test sejong::tests::test_adjective_ending_split ... ok
[INFO] [stdout] test sejong::tests::test_adnominal_ending_split ... ok
[INFO] [stdout] test sejong::ending_rules::tests::test_init_ending_rules_noun_particle_rules_present ... ok
[INFO] [stdout] test sejong::ending_rules::tests::test_init_ending_rules_returns_nonempty_list ... ok
[INFO] [stdout] test sejong::tests::test_contracted_hada_split ... ok
[INFO] [stdout] test sejong::tag_map::tests::test_tag_map_noun_particle_entries ... ok
[INFO] [stdout] test sejong::tests::test_contracted_past_split ... ok
[INFO] [stdout] test sejong::tag_map::tests::test_tag_map_three_way_splits ... ok
[INFO] [stdout] test sejong::tests::test_convert_token ... ok
[INFO] [stdout] test sejong::tag_map::tests::test_tag_map_verb_endings ... ok
[INFO] [stdout] test sejong::tests::test_causative_verb_split ... ok
[INFO] [stdout] test sejong::tests::test_connective_ending_split ... ok
[INFO] [stdout] test sejong::tests::test_convert_token_with_decomposition ... ok
[INFO] [stdout] test sejong::tests::test_decomposed_morpheme_struct ... ok
[INFO] [stdout] test sejong::tests::test_ep_ec_split_past_connective ... ok
[INFO] [stdout] test sejong::tests::test_ec_split_reason_connectives ... ok
[INFO] [stdout] test sejong::tests::test_convert_token_without_decomposition_flag ... ok
[INFO] [stdout] test sejong::tests::test_convert_tokens ... ok
[INFO] [stdout] test sejong::tests::test_ep_split_presumptive ... ok
[INFO] [stdout] test sejong::splitter::tests::test_is_compound_tag_with_plus ... ok
[INFO] [stdout] test sejong::tests::test_ep_split_past_tense ... ok
[INFO] [stdout] test sejong::tests::test_ep_etm_split_past_adnominal ... ok
[INFO] [stdout] test sejong::tests::test_ec_split_extended_connectives ... ok
[INFO] [stdout] test sejong::tests::test_honorific_split ... ok
[INFO] [stdout] test sejong::tests::test_informal_ending_split ... ok
[INFO] [stdout] test sejong::tests::test_is_compound_tag ... ok
[INFO] [stdout] test sejong::tests::test_etm_split_adnominal ... ok
[INFO] [stdout] test sejong::tests::test_etn_split_nominalization ... ok
[INFO] [stdout] test sejong::tests::test_formal_endings ... ok
[INFO] [stdout] test sejong::tests::test_non_compound_tag ... ok
[INFO] [stdout] test sejong::tests::test_format_sejong ... ok
[INFO] [stdout] test sejong::tests::test_extract_decomposition_from_features ... ok
[INFO] [stdout] test sejong::tests::test_extract_decomposition_no_decomp ... ok
[INFO] [stdout] test sejong::tests::test_parse_decomposition_simple ... ok
[INFO] [stdout] test sejong::tests::test_polite_past_ending_split ... ok
[INFO] [stdout] test sejong::tests::test_sejong_token_format ... ok
[INFO] [stdout] test sejong::tests::test_polite_ending_split ... ok
[INFO] [stdout] test sejong::tests::test_parse_decomposition_empty ... ok
[INFO] [stdout] test sejong::tests::test_parse_decomposition_irregular_verb ... ok
[INFO] [stdout] test sejong::tests::test_sejong_token_from_split ... ok
[INFO] [stdout] test sejong::tests::test_xsv_ec_split ... ok
[INFO] [stdout] test sejong::tests::test_xsv_ef_split ... ok
[INFO] [stdout] test sejong::tests::test_split_prefinal_ending_compound ... ok
[INFO] [stdout] test sejong::tests::test_parse_decomposition_three_parts ... ok
[INFO] [stdout] test sejong::tests::test_past_tense_ending_split ... ok
[INFO] [stdout] test sejong::tests::test_vx_ef_split ... ok
[INFO] [stdout] test streaming::sentence_reader_tests::test_buffer_limit_prevents_oom ... ok
[INFO] [stdout] test sejong::tests::test_vx_auxiliary ... ok
[INFO] [stdout] test streaming::sentence_reader_tests::test_closing_paren_before_whitespace ... ok
[INFO] [stdout] test streaming::sentence_reader_tests::test_decimal_not_boundary ... ok
[INFO] [stdout] test streaming::sentence_reader_tests::test_multiple_newlines ... ok
[INFO] [stdout] test streaming::sentence_reader_tests::test_no_trailing_newline ... ok
[INFO] [stdout] test streaming::sentence_reader_tests::test_no_trailing_newline_punctuation ... ok
[INFO] [stdout] test streaming::sentence_reader_tests::test_empty_input ... ok
[INFO] [stdout] test sejong::tests::test_simple_verb_ending_split ... ok
[INFO] [stdout] test streaming::sentence_reader_tests::test_exclamation ... ok
[INFO] [stdout] test streaming::sentence_reader_tests::test_sentence_reader_is_send ... ok
[INFO] [stdout] test sejong::tests::test_split_compound_tag ... ok
[INFO] [stdout] test streaming::sentence_reader_tests::test_multiple_sentences ... ok
[INFO] [stdout] test streaming::sentence_reader_tests::test_newline_boundary ... ok
[INFO] [stdout] test streaming::sentence_reader_tests::test_question_mark ... ok
[INFO] [stdout] test streaming::tests::test_decimal_number_not_split ... FAILED
[INFO] [stdout] test streaming::tests::test_custom_chunk_size ... FAILED
[INFO] [stdout] test streaming::tests::test_multibyte_delimiter_no_panic ... FAILED
[INFO] [stdout] test streaming::tests::test_multiple_chunks ... FAILED
[INFO] [stdout] test streaming::tests::test_chunked_token_iterator ... FAILED
[INFO] [stdout] test streaming::tests::test_process_chunk_with_delimiter ... FAILED
[INFO] [stdout] test streaming::tests::test_process_chunk_without_delimiter ... FAILED
[INFO] [stdout] test streaming::tests::test_progress_callback ... FAILED
[INFO] [stdout] test streaming::tests::test_progress_percent ... ok
[INFO] [stdout] test streaming::sentence_reader_tests::test_single_sentence ... ok
[INFO] [stdout] test streaming::tests::test_custom_delimiters ... FAILED
[INFO] [stdout] test streaming::tests::test_flush ... FAILED
[INFO] [stdout] test streaming::tests::test_buffer_limit_forces_flush ... FAILED
[INFO] [stdout] test streaming::tests::test_reset ... FAILED
[INFO] [stdout] test streaming::tests::test_token_stream_size_hint ... FAILED
[INFO] [stdout] test streaming::tests::test_token_stream_tokens_yielded ... FAILED
[INFO] [stdout] test streaming::tests::test_progress_streaming_tokenizer ... FAILED
[INFO] [stdout] test tests::test_basic_tokenize ... FAILED
[INFO] [stdout] test tokenizer::tests::test_lattice_stats ... ok
[INFO] [stdout] test tests::test_tokenizer_creation ... FAILED
[INFO] [stdout] test streaming::tests::test_token_stream_creation ... FAILED
[INFO] [stdout] test streaming::tests::test_token_stream_iteration ... FAILED
[INFO] [stdout] test streaming::tests::test_safe_split_point ... FAILED
[INFO] [stdout] test tokenizer::tests::test_multiple_tokenize_calls ... ok
[INFO] [stdout] test tokenizer::tests::test_pos ... ok
[INFO] [stdout] test streaming::tests::test_streaming_tokenizer_creation ... FAILED
[INFO] [stdout] test tokenizer::tests::test_token_creation ... ok
[INFO] [stdout] test tokenizer::tests::test_tokenize_complex ... ok
[INFO] [stdout] test tokenizer::tests::test_token_positions ... ok
[INFO] [stdout] test tokenizer::tests::test_tokenize_empty ... ok
[INFO] [stdout] test tokenizer::tests::test_nouns ... ok
[INFO] [stdout] test tokenizer::tests::test_token_from_node ... ok
[INFO] [stdout] test tokenizer::tests::test_wakati ... ok
[INFO] [stdout] test tokenizer::tests::test_with_user_dict ... ok
[INFO] [stdout] test tokenizer::tests::test_parse_features ... ok
[INFO] [stdout] test tokenizer::tests::test_parse_features_no_reading ... ok
[INFO] [stdout] test tokenizer::tests::test_tokenize_with_spaces ... ok
[INFO] [stdout] test unknown::tests::test_add_unknown_nodes ... ok
[INFO] [stdout] test unknown::tests::test_category_map_default ... ok
[INFO] [stdout] test tokenizer::tests::test_tokenize_to_lattice ... ok
[INFO] [stdout] test unknown::tests::test_category_def ... ok
[INFO] [stdout] test tokenizer::tests::test_tokenize_with_particle ... ok
[INFO] [stdout] test unknown::tests::test_find_group_end ... ok
[INFO] [stdout] test tokenizer::tests::test_tokenize_simple ... ok
[INFO] [stdout] test unknown::tests::test_generate_candidates_camel_case ... ok
[INFO] [stdout] test unknown::tests::test_cost_adjustment_by_length ... ok
[INFO] [stdout] test unknown::tests::test_generate_candidates_hangul ... ok
[INFO] [stdout] test unknown::tests::test_generate_candidates_with_dict_entry ... ok
[INFO] [stdout] test unknown::tests::test_generate_candidates_mixed ... ok
[INFO] [stdout] test unknown::tests::test_parse_unicode_range ... ok
[INFO] [stdout] test unknown::tests::test_pattern_detection_camel_case ... ok
[INFO] [stdout] test unknown::tests::test_generate_candidates_with_patterns ... ok
[INFO] [stdout] test unknown::tests::test_pattern_detection_emoji ... ok
[INFO] [stdout] test unknown::tests::test_is_emoji ... ok
[INFO] [stdout] test unknown::tests::test_pattern_detection_plain ... ok
[INFO] [stdout] test unknown::tests::test_pattern_detection_hangul_alpha_mix ... ok
[INFO] [stdout] test unknown::tests::test_pattern_detection_number_unit ... ok
[INFO] [stdout] test unknown::tests::test_pos_estimation_hangul_alpha_mix ... ok
[INFO] [stdout] test unknown::tests::test_unk_def_parsing ... ok
[INFO] [stdout] test unknown::tests::test_char_def_parsing ... ok
[INFO] [stdout] test unknown::tests::test_generate_candidates_alpha ... ok
[INFO] [stdout] test viterbi::tests::test_space_penalty_default ... ok
[INFO] [stdout] test viterbi::tests::test_space_penalty_from_dicrc ... ok
[INFO] [stdout] test viterbi::tests::test_space_penalty_korean_default ... ok
[INFO] [stdout] test viterbi::tests::test_viterbi_choose_best_path ... ok
[INFO] [stdout] test viterbi::tests::test_viterbi_empty_lattice ... ok
[INFO] [stdout] test viterbi::tests::test_viterbi_korean_example ... ok
[INFO] [stdout] test viterbi::tests::test_viterbi_no_path ... ok
[INFO] [stdout] test unknown::tests::test_unknown_dict_default ... ok
[INFO] [stdout] test viterbi::tests::test_nbest_single ... ok
[INFO] [stdout] test viterbi::tests::test_viterbi_result_helper ... ok
[INFO] [stdout] test unknown::tests::test_unknown_korean_word ... ok
[INFO] [stdout] test viterbi::tests::test_viterbi_simple_path ... ok
[INFO] [stdout] test viterbi::tests::test_viterbi_with_connection_cost ... ok
[INFO] [stdout] test viterbi::tests::test_viterbi_with_dense_matrix ... ok
[INFO] [stdout] test viterbi::tests::test_viterbi_with_space_penalty ... ok
[INFO] [stdout] test unknown::tests::test_pattern_detection_proper_noun ... ok
[INFO] [stdout] test unknown::tests::test_pos_estimation_proper_noun ... ok
[INFO] [stdout] test unknown::tests::test_cost_adjustment_by_pattern ... ok
[INFO] [stdout] test unknown::tests::test_generate_candidates_abbreviation ... ok
[INFO] [stdout] 
[INFO] [stdout] failures:
[INFO] [stdout] 
[INFO] [stdout] ---- batch::tests::test_large_batch stdout ----
[INFO] [stdout] 
[INFO] [stdout] thread 'batch::tests::test_large_batch' (1957) panicked at src/batch.rs:741:43:
[INFO] [stdout] should create: Dict(Format("Dictionary directory not found. Set MECAB_DICDIR environment variable or install mecab-ko-dic to one of: /usr/local/lib/mecab/dic/mecab-ko-dic, /usr/lib/mecab/dic/mecab-ko-dic, /opt/mecab/dic/mecab-ko-dic, ./dic/mecab-ko-dic"))
[INFO] [stdout] stack backtrace:
[INFO] [stdout]    0:     0x63f2631b98a1 - <<std[617be2ca0a6fd877]::sys::backtrace::BacktraceLock>::print::DisplayBacktrace as core[a373ad73a504971]::fmt::Display>::fmt
[INFO] [stdout]    1:     0x63f2631cf44a - core[a373ad73a504971]::fmt::write
[INFO] [stdout]    2:     0x63f2631bdbdc - <alloc[2e1b2a31b91974c5]::vec::Vec<u8> as core[a373ad73a504971]::io::write::Write>::write_fmt
[INFO] [stdout]    3:     0x63f263195336 - std[617be2ca0a6fd877]::panicking::default_hook::{closure#0}
[INFO] [stdout]    4:     0x63f2631b1a89 - std[617be2ca0a6fd877]::panicking::default_hook
[INFO] [stdout]    5:     0x63f2630d92e0 - test[aada8e7e76ba119b]::test_main_inner::{closure#0}
[INFO] [stdout]    6:     0x63f2631b1db2 - std[617be2ca0a6fd877]::panicking::panic_with_hook
[INFO] [stdout]    7:     0x63f2631953e2 - std[617be2ca0a6fd877]::panicking::panic_handler::{closure#0}
[INFO] [stdout]    8:     0x63f26318df39 - std[617be2ca0a6fd877]::sys::backtrace::__rust_end_short_backtrace::<std[617be2ca0a6fd877]::panicking::panic_handler::{closure#0}, !>
[INFO] [stdout]    9:     0x63f263195fed - __rustc[ea4f61d10b84890b]::rust_begin_unwind
[INFO] [stdout]   10:     0x63f2631cfbac - core[a373ad73a504971]::panicking::panic_fmt
[INFO] [stdout]   11:     0x63f2631cf982 - core[a373ad73a504971]::result::unwrap_failed
[INFO] [stdout]   12:     0x63f26307d8c8 - <mecab_ko_core[9a3cc9ef24afa110]::batch::tests::test_large_batch::{closure#0} as core[a373ad73a504971]::ops::function::FnOnce<()>>::call_once
[INFO] [stdout]   13:     0x63f2630cc72b - test[aada8e7e76ba119b]::__rust_begin_short_backtrace::<core[a373ad73a504971]::result::Result<(), alloc[2e1b2a31b91974c5]::string::String>, fn() -> core[a373ad73a504971]::result::Result<(), alloc[2e1b2a31b91974c5]::string::String>>
[INFO] [stdout]   14:     0x63f2630d9905 - test[aada8e7e76ba119b]::run_test::{closure#0}
[INFO] [stdout]   15:     0x63f2630d31f4 - std[617be2ca0a6fd877]::sys::backtrace::__rust_begin_short_backtrace::<test[aada8e7e76ba119b]::run_test::{closure#1}, ()>
[INFO] [stdout]   16:     0x63f2630dc992 - <std[617be2ca0a6fd877]::thread::lifecycle::spawn_unchecked<test[aada8e7e76ba119b]::run_test::{closure#1}, ()>::{closure#1} as core[a373ad73a504971]::ops::function::FnOnce<()>>::call_once::{shim:vtable#0}
[INFO] [stdout]   17:     0x63f2631b8ddf - <std[617be2ca0a6fd877]::sys::thread::unix::Thread>::new::thread_start
[INFO] [stdout]   18:     0x7f97e71bbdfa - <unknown>
[INFO] [stdout]   19:     0x7f97e724f3d4 - clone
[INFO] [stdout]   20:                0x0 - <unknown>
[INFO] [stdout] 
[INFO] [stdout] ---- batch::tests::test_large_file_processor_creation stdout ----
[INFO] [stdout] 
[INFO] [stdout] thread 'batch::tests::test_large_file_processor_creation' (1963) panicked at src/batch.rs:843:9:
[INFO] [stdout] assertion failed: processor.is_ok()
[INFO] [stdout] stack backtrace:
[INFO] [stdout]    0:     0x63f2631b98a1 - <<std[617be2ca0a6fd877]::sys::backtrace::BacktraceLock>::print::DisplayBacktrace as core[a373ad73a504971]::fmt::Display>::fmt
[INFO] [stdout]    1:     0x63f2631cf44a - core[a373ad73a504971]::fmt::write
[INFO] [stdout]    2:     0x63f2631bdbdc - <alloc[2e1b2a31b91974c5]::vec::Vec<u8> as core[a373ad73a504971]::io::write::Write>::write_fmt
[INFO] [stdout]    3:     0x63f263195336 - std[617be2ca0a6fd877]::panicking::default_hook::{closure#0}
[INFO] [stdout]    4:     0x63f2631b1a89 - std[617be2ca0a6fd877]::panicking::default_hook
[INFO] [stdout]    5:     0x63f2630d92e0 - test[aada8e7e76ba119b]::test_main_inner::{closure#0}
[INFO] [stdout]    6:     0x63f2631b1db2 - std[617be2ca0a6fd877]::panicking::panic_with_hook
[INFO] [stdout]    7:     0x63f263195414 - std[617be2ca0a6fd877]::panicking::panic_handler::{closure#0}
[INFO] [stdout]    8:     0x63f26318df39 - std[617be2ca0a6fd877]::sys::backtrace::__rust_end_short_backtrace::<std[617be2ca0a6fd877]::panicking::panic_handler::{closure#0}, !>
[INFO] [stdout]    9:     0x63f263195fed - __rustc[ea4f61d10b84890b]::rust_begin_unwind
[INFO] [stdout]   10:     0x63f2631cfbac - core[a373ad73a504971]::panicking::panic_fmt
[INFO] [stdout]   11:     0x63f2631cfb72 - core[a373ad73a504971]::panicking::panic
[INFO] [stdout]   12:     0x63f26307ef86 - <mecab_ko_core[9a3cc9ef24afa110]::batch::tests::test_large_file_processor_creation::{closure#0} as core[a373ad73a504971]::ops::function::FnOnce<()>>::call_once
[INFO] [stdout]   13:     0x63f2630cc72b - test[aada8e7e76ba119b]::__rust_begin_short_backtrace::<core[a373ad73a504971]::result::Result<(), alloc[2e1b2a31b91974c5]::string::String>, fn() -> core[a373ad73a504971]::result::Result<(), alloc[2e1b2a31b91974c5]::string::String>>
[INFO] [stdout]   14:     0x63f2630d9905 - test[aada8e7e76ba119b]::run_test::{closure#0}
[INFO] [stdout]   15:     0x63f2630d31f4 - std[617be2ca0a6fd877]::sys::backtrace::__rust_begin_short_backtrace::<test[aada8e7e76ba119b]::run_test::{closure#1}, ()>
[INFO] [stdout]   16:     0x63f2630dc992 - <std[617be2ca0a6fd877]::thread::lifecycle::spawn_unchecked<test[aada8e7e76ba119b]::run_test::{closure#1}, ()>::{closure#1} as core[a373ad73a504971]::ops::function::FnOnce<()>>::call_once::{shim:vtable#0}
[INFO] [stdout]   17:     0x63f2631b8ddf - <std[617be2ca0a6fd877]::sys::thread::unix::Thread>::new::thread_start
[INFO] [stdout]   18:     0x7f97e71bbdfa - <unknown>
[INFO] [stdout]   19:     0x7f97e724f3d4 - clone
[INFO] [stdout]   20:                0x0 - <unknown>
[INFO] [stdout] 
[INFO] [stdout] ---- batch::tests::test_batch_tokenizer_creation stdout ----
[INFO] [stdout] 
[INFO] [stdout] thread 'batch::tests::test_batch_tokenizer_creation' (1951) panicked at src/batch.rs:633:9:
[INFO] [stdout] assertion failed: batch.is_ok()
[INFO] [stdout] stack backtrace:
[INFO] [stdout]    0:     0x63f2631b98a1 - <<std[617be2ca0a6fd877]::sys::backtrace::BacktraceLock>::print::DisplayBacktrace as core[a373ad73a504971]::fmt::Display>::fmt
[INFO] [stdout]    1:     0x63f2631cf44a - core[a373ad73a504971]::fmt::write
[INFO] [stdout]    2:     0x63f2631bdbdc - <alloc[2e1b2a31b91974c5]::vec::Vec<u8> as core[a373ad73a504971]::io::write::Write>::write_fmt
[INFO] [stdout]    3:     0x63f263195336 - std[617be2ca0a6fd877]::panicking::default_hook::{closure#0}
[INFO] [stdout]    4:     0x63f2631b1a89 - std[617be2ca0a6fd877]::panicking::default_hook
[INFO] [stdout]    5:     0x63f2630d92e0 - test[aada8e7e76ba119b]::test_main_inner::{closure#0}
[INFO] [stdout]    6:     0x63f2631b1db2 - std[617be2ca0a6fd877]::panicking::panic_with_hook
[INFO] [stdout]    7:     0x63f263195414 - std[617be2ca0a6fd877]::panicking::panic_handler::{closure#0}
[INFO] [stdout]    8:     0x63f26318df39 - std[617be2ca0a6fd877]::sys::backtrace::__rust_end_short_backtrace::<std[617be2ca0a6fd877]::panicking::panic_handler::{closure#0}, !>
[INFO] [stdout]    9:     0x63f263195fed - __rustc[ea4f61d10b84890b]::rust_begin_unwind
[INFO] [stdout]   10:     0x63f2631cfbac - core[a373ad73a504971]::panicking::panic_fmt
[INFO] [stdout]   11:     0x63f2631cfb72 - core[a373ad73a504971]::panicking::panic
[INFO] [stdout]   12:     0x63f26307eb6d - <mecab_ko_core[9a3cc9ef24afa110]::batch::tests::test_batch_tokenizer_creation::{closure#0} as core[a373ad73a504971]::ops::function::FnOnce<()>>::call_once
[INFO] [stdout]   13:     0x63f2630cc72b - test[aada8e7e76ba119b]::__rust_begin_short_backtrace::<core[a373ad73a504971]::result::Result<(), alloc[2e1b2a31b91974c5]::string::String>, fn() -> core[a373ad73a504971]::result::Result<(), alloc[2e1b2a31b91974c5]::string::String>>
[INFO] [stdout]   14:     0x63f2630d9905 - test[aada8e7e76ba119b]::run_test::{closure#0}
[INFO] [stdout]   15:     0x63f2630d31f4 - std[617be2ca0a6fd877]::sys::backtrace::__rust_begin_short_backtrace::<test[aada8e7e76ba119b]::run_test::{closure#1}, ()>
[INFO] [stdout]   16:     0x63f2630dc992 - <std[617be2ca0a6fd877]::thread::lifecycle::spawn_unchecked<test[aada8e7e76ba119b]::run_test::{closure#1}, ()>::{closure#1} as core[a373ad73a504971]::ops::function::FnOnce<()>>::call_once::{shim:vtable#0}
[INFO] [stdout]   17:     0x63f2631b8ddf - <std[617be2ca0a6fd877]::sys::thread::unix::Thread>::new::thread_start
[INFO] [stdout]   18:     0x7f97e71bbdfa - <unknown>
[INFO] [stdout]   19:     0x7f97e724f3d4 - clone
[INFO] [stdout]   20:                0x0 - <unknown>
[INFO] [stdout] 
[INFO] [stdout] ---- batch::tests::test_available_tokenizers stdout ----
[INFO] [stdout] 
[INFO] [stdout] thread 'batch::tests::test_available_tokenizers' (1950) panicked at src/batch.rs:692:43:
[INFO] [stdout] should create: Dict(Format("Dictionary directory not found. Set MECAB_DICDIR environment variable or install mecab-ko-dic to one of: /usr/local/lib/mecab/dic/mecab-ko-dic, /usr/lib/mecab/dic/mecab-ko-dic, /opt/mecab/dic/mecab-ko-dic, ./dic/mecab-ko-dic"))
[INFO] [stdout] stack backtrace:
[INFO] [stdout]    0:     0x63f2631b98a1 - <<std[617be2ca0a6fd877]::sys::backtrace::BacktraceLock>::print::DisplayBacktrace as core[a373ad73a504971]::fmt::Display>::fmt
[INFO] [stdout]    1:     0x63f2631cf44a - core[a373ad73a504971]::fmt::write
[INFO] [stdout]    2:     0x63f2631bdbdc - <alloc[2e1b2a31b91974c5]::vec::Vec<u8> as core[a373ad73a504971]::io::write::Write>::write_fmt
[INFO] [stdout]    3:     0x63f263195336 - std[617be2ca0a6fd877]::panicking::default_hook::{closure#0}
[INFO] [stdout]    4:     0x63f2631b1a89 - std[617be2ca0a6fd877]::panicking::default_hook
[INFO] [stdout]    5:     0x63f2630d92e0 - test[aada8e7e76ba119b]::test_main_inner::{closure#0}
[INFO] [stdout]    6:     0x63f2631b1db2 - std[617be2ca0a6fd877]::panicking::panic_with_hook
[INFO] [stdout]    7:     0x63f2631953e2 - std[617be2ca0a6fd877]::panicking::panic_handler::{closure#0}
[INFO] [stdout]    8:     0x63f26318df39 - std[617be2ca0a6fd877]::sys::backtrace::__rust_end_short_backtrace::<std[617be2ca0a6fd877]::panicking::panic_handler::{closure#0}, !>
[INFO] [stdout]    9:     0x63f263195fed - __rustc[ea4f61d10b84890b]::rust_begin_unwind
[INFO] [stdout]   10:     0x63f2631cfbac - core[a373ad73a504971]::panicking::panic_fmt
[INFO] [stdout]   11:     0x63f2631cf982 - core[a373ad73a504971]::result::unwrap_failed
[INFO] [stdout]   12:     0x63f26307e768 - <mecab_ko_core[9a3cc9ef24afa110]::batch::tests::test_available_tokenizers::{closure#0} as core[a373ad73a504971]::ops::function::FnOnce<()>>::call_once
[INFO] [stdout]   13:     0x63f2630cc72b - test[aada8e7e76ba119b]::__rust_begin_short_backtrace::<core[a373ad73a504971]::result::Result<(), alloc[2e1b2a31b91974c5]::string::String>, fn() -> core[a373ad73a504971]::result::Result<(), alloc[2e1b2a31b91974c5]::string::String>>
[INFO] [stdout]   14:     0x63f2630d9905 - test[aada8e7e76ba119b]::run_test::{closure#0}
[INFO] [stdout]   15:     0x63f2630d31f4 - std[617be2ca0a6fd877]::sys::backtrace::__rust_begin_short_backtrace::<test[aada8e7e76ba119b]::run_test::{closure#1}, ()>
[INFO] [stdout]   16:     0x63f2630dc992 - <std[617be2ca0a6fd877]::thread::lifecycle::spawn_unchecked<test[aada8e7e76ba119b]::run_test::{closure#1}, ()>::{closure#1} as core[a373ad73a504971]::ops::function::FnOnce<()>>::call_once::{shim:vtable#0}
[INFO] [stdout]   17:     0x63f2631b8ddf - <std[617be2ca0a6fd877]::sys::thread::unix::Thread>::new::thread_start
[INFO] [stdout]   18:     0x7f97e71bbdfa - <unknown>
[INFO] [stdout]   19:     0x7f97e724f3d4 - clone
[INFO] [stdout]   20:                0x0 - <unknown>
[INFO] [stdout] 
[INFO] [stdout] ---- batch::tests::test_large_file_processor_with_buffer_size stdout ----
[INFO] [stdout] 
[INFO] [stdout] thread 'batch::tests::test_large_file_processor_with_buffer_size' (1964) panicked at src/batch.rs:849:14:
[INFO] [stdout] should create: Dict(Format("Dictionary directory not found. Set MECAB_DICDIR environment variable or install mecab-ko-dic to one of: /usr/local/lib/mecab/dic/mecab-ko-dic, /usr/lib/mecab/dic/mecab-ko-dic, /opt/mecab/dic/mecab-ko-dic, ./dic/mecab-ko-dic"))
[INFO] [stdout] stack backtrace:
[INFO] [stdout]    0:     0x63f2631b98a1 - <<std[617be2ca0a6fd877]::sys::backtrace::BacktraceLock>::print::DisplayBacktrace as core[a373ad73a504971]::fmt::Display>::fmt
[INFO] [stdout]    1:     0x63f2631cf44a - core[a373ad73a504971]::fmt::write
[INFO] [stdout]    2:     0x63f2631bdbdc - <alloc[2e1b2a31b91974c5]::vec::Vec<u8> as core[a373ad73a504971]::io::write::Write>::write_fmt
[INFO] [stdout]    3:     0x63f263195336 - std[617be2ca0a6fd877]::panicking::default_hook::{closure#0}
[INFO] [stdout]    4:     0x63f2631b1a89 - std[617be2ca0a6fd877]::panicking::default_hook
[INFO] [stdout]    5:     0x63f2630d92e0 - test[aada8e7e76ba119b]::test_main_inner::{closure#0}
[INFO] [stdout]    6:     0x63f2631b1db2 - std[617be2ca0a6fd877]::panicking::panic_with_hook
[INFO] [stdout]    7:     0x63f2631953e2 - std[617be2ca0a6fd877]::panicking::panic_handler::{closure#0}
[INFO] [stdout]    8:     0x63f26318df39 - std[617be2ca0a6fd877]::sys::backtrace::__rust_end_short_backtrace::<std[617be2ca0a6fd877]::panicking::panic_handler::{closure#0}, !>
[INFO] [stdout]    9:     0x63f263195fed - __rustc[ea4f61d10b84890b]::rust_begin_unwind
[INFO] [stdout]   10:     0x63f2631cfbac - core[a373ad73a504971]::panicking::panic_fmt
[INFO] [stdout]   11:     0x63f2631cf982 - core[a373ad73a504971]::result::unwrap_failed
[INFO] [stdout]   12:     0x63f26307f3ac - <mecab_ko_core[9a3cc9ef24afa110]::batch::tests::test_large_file_processor_with_buffer_size::{closure#0} as core[a373ad73a504971]::ops::function::FnOnce<()>>::call_once
[INFO] [stdout]   13:     0x63f2630cc72b - test[aada8e7e76ba119b]::__rust_begin_short_backtrace::<core[a373ad73a504971]::result::Result<(), alloc[2e1b2a31b91974c5]::string::String>, fn() -> core[a373ad73a504971]::result::Result<(), alloc[2e1b2a31b91974c5]::string::String>>
[INFO] [stdout]   14:     0x63f2630d9905 - test[aada8e7e76ba119b]::run_test::{closure#0}
[INFO] [stdout]   15:     0x63f2630d31f4 - std[617be2ca0a6fd877]::sys::backtrace::__rust_begin_short_backtrace::<test[aada8e7e76ba119b]::run_test::{closure#1}, ()>
[INFO] [stdout]   16:     0x63f2630dc992 - <std[617be2ca0a6fd877]::thread::lifecycle::spawn_unchecked<test[aada8e7e76ba119b]::run_test::{closure#1}, ()>::{closure#1} as core[a373ad73a504971]::ops::function::FnOnce<()>>::call_once::{shim:vtable#0}
[INFO] [stdout]   17:     0x63f2631b8ddf - <std[617be2ca0a6fd877]::sys::thread::unix::Thread>::new::thread_start
[INFO] [stdout]   18:     0x7f97e71bbdfa - <unknown>
[INFO] [stdout]   19:     0x7f97e724f3d4 - clone
[INFO] [stdout]   20:                0x0 - <unknown>
[INFO] [stdout] 
[INFO] [stdout] ---- batch::tests::test_large_file_processor_with_callback stdout ----
[INFO] [stdout] 
[INFO] [stdout] thread 'batch::tests::test_large_file_processor_with_callback' (1965) panicked at src/batch.rs:886:14:
[INFO] [stdout] should create: Dict(Format("Dictionary directory not found. Set MECAB_DICDIR environment variable or install mecab-ko-dic to one of: /usr/local/lib/mecab/dic/mecab-ko-dic, /usr/lib/mecab/dic/mecab-ko-dic, /opt/mecab/dic/mecab-ko-dic, ./dic/mecab-ko-dic"))
[INFO] [stdout] stack backtrace:
[INFO] [stdout]    0:     0x63f2631b98a1 - <<std[617be2ca0a6fd877]::sys::backtrace::BacktraceLock>::print::DisplayBacktrace as core[a373ad73a504971]::fmt::Display>::fmt
[INFO] [stdout]    1:     0x63f2631cf44a - core[a373ad73a504971]::fmt::write
[INFO] [stdout]    2:     0x63f2631bdbdc - <alloc[2e1b2a31b91974c5]::vec::Vec<u8> as core[a373ad73a504971]::io::write::Write>::write_fmt
[INFO] [stdout]    3:     0x63f263195336 - std[617be2ca0a6fd877]::panicking::default_hook::{closure#0}
[INFO] [stdout]    4:     0x63f2631b1a89 - std[617be2ca0a6fd877]::panicking::default_hook
[INFO] [stdout]    5:     0x63f2630d92e0 - test[aada8e7e76ba119b]::test_main_inner::{closure#0}
[INFO] [stdout]    6:     0x63f2631b1db2 - std[617be2ca0a6fd877]::panicking::panic_with_hook
[INFO] [stdout]    7:     0x63f2631953e2 - std[617be2ca0a6fd877]::panicking::panic_handler::{closure#0}
[INFO] [stdout]    8:     0x63f26318df39 - std[617be2ca0a6fd877]::sys::backtrace::__rust_end_short_backtrace::<std[617be2ca0a6fd877]::panicking::panic_handler::{closure#0}, !>
[INFO] [stdout]    9:     0x63f263195fed - __rustc[ea4f61d10b84890b]::rust_begin_unwind
[INFO] [stdout]   10:     0x63f2631cfbac - core[a373ad73a504971]::panicking::panic_fmt
[INFO] [stdout]   11:     0x63f2631cf982 - core[a373ad73a504971]::result::unwrap_failed
[INFO] [stdout]   12:     0x63f26307f1eb - <mecab_ko_core[9a3cc9ef24afa110]::batch::tests::test_large_file_processor_with_callback::{closure#0} as core[a373ad73a504971]::ops::function::FnOnce<()>>::call_once
[INFO] [stdout]   13:     0x63f2630cc72b - test[aada8e7e76ba119b]::__rust_begin_short_backtrace::<core[a373ad73a504971]::result::Result<(), alloc[2e1b2a31b91974c5]::string::String>, fn() -> core[a373ad73a504971]::result::Result<(), alloc[2e1b2a31b91974c5]::string::String>>
[INFO] [stdout]   14:     0x63f2630d9905 - test[aada8e7e76ba119b]::run_test::{closure#0}
[INFO] [stdout]   15:     0x63f2630d31f4 - std[617be2ca0a6fd877]::sys::backtrace::__rust_begin_short_backtrace::<test[aada8e7e76ba119b]::run_test::{closure#1}, ()>
[INFO] [stdout]   16:     0x63f2630dc992 - <std[617be2ca0a6fd877]::thread::lifecycle::spawn_unchecked<test[aada8e7e76ba119b]::run_test::{closure#1}, ()>::{closure#1} as core[a373ad73a504971]::ops::function::FnOnce<()>>::call_once::{shim:vtable#0}
[INFO] [stdout]   17:     0x63f2631b8ddf - <std[617be2ca0a6fd877]::sys::thread::unix::Thread>::new::thread_start
[INFO] [stdout]   18:     0x7f97e71bbdfa - <unknown>
[INFO] [stdout]   19:     0x7f97e724f3d4 - clone
[INFO] [stdout]   20:                0x0 - <unknown>
[INFO] [stdout] 
[INFO] [stdout] ---- batch::tests::test_empty_batch stdout ----
[INFO] [stdout] 
[INFO] [stdout] thread 'batch::tests::test_empty_batch' (1956) panicked at src/batch.rs:720:43:
[INFO] [stdout] should create: Dict(Format("Dictionary directory not found. Set MECAB_DICDIR environment variable or install mecab-ko-dic to one of: /usr/local/lib/mecab/dic/mecab-ko-dic, /usr/lib/mecab/dic/mecab-ko-dic, /opt/mecab/dic/mecab-ko-dic, ./dic/mecab-ko-dic"))
[INFO] [stdout] stack backtrace:
[INFO] [stdout]    0:     0x63f2631b98a1 - <<std[617be2ca0a6fd877]::sys::backtrace::BacktraceLock>::print::DisplayBacktrace as core[a373ad73a504971]::fmt::Display>::fmt
[INFO] [stdout]    1:     0x63f2631cf44a - core[a373ad73a504971]::fmt::write
[INFO] [stdout]    2:     0x63f2631bdbdc - <alloc[2e1b2a31b91974c5]::vec::Vec<u8> as core[a373ad73a504971]::io::write::Write>::write_fmt
[INFO] [stdout]    3:     0x63f263195336 - std[617be2ca0a6fd877]::panicking::default_hook::{closure#0}
[INFO] [stdout]    4:     0x63f2631b1a89 - std[617be2ca0a6fd877]::panicking::default_hook
[INFO] [stdout]    5:     0x63f2630d92e0 - test[aada8e7e76ba119b]::test_main_inner::{closure#0}
[INFO] [stdout]    6:     0x63f2631b1db2 - std[617be2ca0a6fd877]::panicking::panic_with_hook
[INFO] [stdout]    7:     0x63f2631953e2 - std[617be2ca0a6fd877]::panicking::panic_handler::{closure#0}
[INFO] [stdout]    8:     0x63f26318df39 - std[617be2ca0a6fd877]::sys::backtrace::__rust_end_short_backtrace::<std[617be2ca0a6fd877]::panicking::panic_handler::{closure#0}, !>
[INFO] [stdout]    9:     0x63f263195fed - __rustc[ea4f61d10b84890b]::rust_begin_unwind
[INFO] [stdout]   10:     0x63f2631cfbac - core[a373ad73a504971]::panicking::panic_fmt
[INFO] [stdout]   11:     0x63f2631cf982 - core[a373ad73a504971]::result::unwrap_failed
[INFO] [stdout]   12:     0x63f26307d67c - <mecab_ko_core[9a3cc9ef24afa110]::batch::tests::test_empty_batch::{closure#0} as core[a373ad73a504971]::ops::function::FnOnce<()>>::call_once
[INFO] [stdout]   13:     0x63f2630cc72b - test[aada8e7e76ba119b]::__rust_begin_short_backtrace::<core[a373ad73a504971]::result::Result<(), alloc[2e1b2a31b91974c5]::string::String>, fn() -> core[a373ad73a504971]::result::Result<(), alloc[2e1b2a31b91974c5]::string::String>>
[INFO] [stdout]   14:     0x63f2630d9905 - test[aada8e7e76ba119b]::run_test::{closure#0}
[INFO] [stdout]   15:     0x63f2630d31f4 - std[617be2ca0a6fd877]::sys::backtrace::__rust_begin_short_backtrace::<test[aada8e7e76ba119b]::run_test::{closure#1}, ()>
[INFO] [stdout]   16:     0x63f2630dc992 - <std[617be2ca0a6fd877]::thread::lifecycle::spawn_unchecked<test[aada8e7e76ba119b]::run_test::{closure#1}, ()>::{closure#1} as core[a373ad73a504971]::ops::function::FnOnce<()>>::call_once::{shim:vtable#0}
[INFO] [stdout]   17:     0x63f2631b8ddf - <std[617be2ca0a6fd877]::sys::thread::unix::Thread>::new::thread_start
[INFO] [stdout]   18:     0x7f97e71bbdfa - <unknown>
[INFO] [stdout]   19:     0x7f97e724f3d4 - clone
[INFO] [stdout]   20:                0x0 - <unknown>
[INFO] [stdout] 
[INFO] [stdout] ---- batch::tests::test_parallel_stream_processor_creation stdout ----
[INFO] [stdout] 
[INFO] [stdout] thread 'batch::tests::test_parallel_stream_processor_creation' (1968) panicked at src/batch.rs:706:9:
[INFO] [stdout] assertion failed: processor.is_ok()
[INFO] [stdout] stack backtrace:
[INFO] [stdout]    0:     0x63f2631b98a1 - <<std[617be2ca0a6fd877]::sys::backtrace::BacktraceLock>::print::DisplayBacktrace as core[a373ad73a504971]::fmt::Display>::fmt
[INFO] [stdout]    1:     0x63f2631cf44a - core[a373ad73a504971]::fmt::write
[INFO] [stdout]    2:     0x63f2631bdbdc - <alloc[2e1b2a31b91974c5]::vec::Vec<u8> as core[a373ad73a504971]::io::write::Write>::write_fmt
[INFO] [stdout]    3:     0x63f263195336 - std[617be2ca0a6fd877]::panicking::default_hook::{closure#0}
[INFO] [stdout]    4:     0x63f2631b1a89 - std[617be2ca0a6fd877]::panicking::default_hook
[INFO] [stdout]    5:     0x63f2630d92e0 - test[aada8e7e76ba119b]::test_main_inner::{closure#0}
[INFO] [stdout]    6:     0x63f2631b1db2 - std[617be2ca0a6fd877]::panicking::panic_with_hook
[INFO] [stdout]    7:     0x63f263195414 - std[617be2ca0a6fd877]::panicking::panic_handler::{closure#0}
[INFO] [stdout]    8:     0x63f26318df39 - std[617be2ca0a6fd877]::sys::backtrace::__rust_end_short_backtrace::<std[617be2ca0a6fd877]::panicking::panic_handler::{closure#0}, !>
[INFO] [stdout]    9:     0x63f263195fed - __rustc[ea4f61d10b84890b]::rust_begin_unwind
[INFO] [stdout]   10:     0x63f2631cfbac - core[a373ad73a504971]::panicking::panic_fmt
[INFO] [stdout]   11:     0x63f2631cfb72 - core[a373ad73a504971]::panicking::panic
[INFO] [stdout]   12:     0x63f26307f2e5 - <mecab_ko_core[9a3cc9ef24afa110]::batch::tests::test_parallel_stream_processor_creation::{closure#0} as core[a373ad73a504971]::ops::function::FnOnce<()>>::call_once
[INFO] [stdout]   13:     0x63f2630cc72b - test[aada8e7e76ba119b]::__rust_begin_short_backtrace::<core[a373ad73a504971]::result::Result<(), alloc[2e1b2a31b91974c5]::string::String>, fn() -> core[a373ad73a504971]::result::Result<(), alloc[2e1b2a31b91974c5]::string::String>>
[INFO] [stdout]   14:     0x63f2630d9905 - test[aada8e7e76ba119b]::run_test::{closure#0}
[INFO] [stdout]   15:     0x63f2630d31f4 - std[617be2ca0a6fd877]::sys::backtrace::__rust_begin_short_backtrace::<test[aada8e7e76ba119b]::run_test::{closure#1}, ()>
[INFO] [stdout]   16:     0x63f2630dc992 - <std[617be2ca0a6fd877]::thread::lifecycle::spawn_unchecked<test[aada8e7e76ba119b]::run_test::{closure#1}, ()>::{closure#1} as core[a373ad73a504971]::ops::function::FnOnce<()>>::call_once::{shim:vtable#0}
[INFO] [stdout]   17:     0x63f2631b8ddf - <std[617be2ca0a6fd877]::sys::thread::unix::Thread>::new::thread_start
[INFO] [stdout]   18:     0x7f97e71bbdfa - <unknown>
[INFO] [stdout]   19:     0x7f97e724f3d4 - clone
[INFO] [stdout]   20:                0x0 - <unknown>
[INFO] [stdout] 
[INFO] [stdout] ---- batch::tests::test_pool_size stdout ----
[INFO] [stdout] 
[INFO] [stdout] thread 'batch::tests::test_pool_size' (1969) panicked at src/batch.rs:686:43:
[INFO] [stdout] should create: Dict(Format("Dictionary directory not found. Set MECAB_DICDIR environment variable or install mecab-ko-dic to one of: /usr/local/lib/mecab/dic/mecab-ko-dic, /usr/lib/mecab/dic/mecab-ko-dic, /opt/mecab/dic/mecab-ko-dic, ./dic/mecab-ko-dic"))
[INFO] [stdout] stack backtrace:
[INFO] [stdout]    0:     0x63f2631b98a1 - <<std[617be2ca0a6fd877]::sys::backtrace::BacktraceLock>::print::DisplayBacktrace as core[a373ad73a504971]::fmt::Display>::fmt
[INFO] [stdout]    1:     0x63f2631cf44a - core[a373ad73a504971]::fmt::write
[INFO] [stdout]    2:     0x63f2631bdbdc - <alloc[2e1b2a31b91974c5]::vec::Vec<u8> as core[a373ad73a504971]::io::write::Write>::write_fmt
[INFO] [stdout]    3:     0x63f263195336 - std[617be2ca0a6fd877]::panicking::default_hook::{closure#0}
[INFO] [stdout]    4:     0x63f2631b1a89 - std[617be2ca0a6fd877]::panicking::default_hook
[INFO] [stdout]    5:     0x63f2630d92e0 - test[aada8e7e76ba119b]::test_main_inner::{closure#0}
[INFO] [stdout]    6:     0x63f2631b1db2 - std[617be2ca0a6fd877]::panicking::panic_with_hook
[INFO] [stdout]    7:     0x63f2631953e2 - std[617be2ca0a6fd877]::panicking::panic_handler::{closure#0}
[INFO] [stdout]    8:     0x63f26318df39 - std[617be2ca0a6fd877]::sys::backtrace::__rust_end_short_backtrace::<std[617be2ca0a6fd877]::panicking::panic_handler::{closure#0}, !>
[INFO] [stdout]    9:     0x63f263195fed - __rustc[ea4f61d10b84890b]::rust_begin_unwind
[INFO] [stdout]   10:     0x63f2631cfbac - core[a373ad73a504971]::panicking::panic_fmt
[INFO] [stdout]   11:     0x63f2631cf982 - core[a373ad73a504971]::result::unwrap_failed
[INFO] [stdout]   12:     0x63f26307d506 - <mecab_ko_core[9a3cc9ef24afa110]::batch::tests::test_pool_size::{closure#0} as core[a373ad73a504971]::ops::function::FnOnce<()>>::call_once
[INFO] [stdout]   13:     0x63f2630cc72b - test[aada8e7e76ba119b]::__rust_begin_short_backtrace::<core[a373ad73a504971]::result::Result<(), alloc[2e1b2a31b91974c5]::string::String>, fn() -> core[a373ad73a504971]::result::Result<(), alloc[2e1b2a31b91974c5]::string::String>>
[INFO] [stdout]   14:     0x63f2630d9905 - test[aada8e7e76ba119b]::run_test::{closure#0}
[INFO] [stdout]   15:     0x63f2630d31f4 - std[617be2ca0a6fd877]::sys::backtrace::__rust_begin_short_backtrace::<test[aada8e7e76ba119b]::run_test::{closure#1}, ()>
[INFO] [stdout]   16:     0x63f2630dc992 - <std[617be2ca0a6fd877]::thread::lifecycle::spawn_unchecked<test[aada8e7e76ba119b]::run_test::{closure#1}, ()>::{closure#1} as core[a373ad73a504971]::ops::function::FnOnce<()>>::call_once::{shim:vtable#0}
[INFO] [stdout]   17:     0x63f2631b8ddf - <std[617be2ca0a6fd877]::sys::thread::unix::Thread>::new::thread_start
[INFO] [stdout]   18:     0x7f97e71bbdfa - <unknown>
[INFO] [stdout]   19:     0x7f97e724f3d4 - clone
[INFO] [stdout]   20:                0x0 - <unknown>
[INFO] [stdout] 
[INFO] [stdout] ---- batch::tests::test_single_item_batch stdout ----
[INFO] [stdout] 
[INFO] [stdout] thread 'batch::tests::test_single_item_batch' (1970) panicked at src/batch.rs:730:43:
[INFO] [stdout] should create: Dict(Format("Dictionary directory not found. Set MECAB_DICDIR environment variable or install mecab-ko-dic to one of: /usr/local/lib/mecab/dic/mecab-ko-dic, /usr/lib/mecab/dic/mecab-ko-dic, /opt/mecab/dic/mecab-ko-dic, ./dic/mecab-ko-dic"))
[INFO] [stdout] stack backtrace:
[INFO] [stdout]    0:     0x63f2631b98a1 - <<std[617be2ca0a6fd877]::sys::backtrace::BacktraceLock>::print::DisplayBacktrace as core[a373ad73a504971]::fmt::Display>::fmt
[INFO] [stdout]    1:     0x63f2631cf44a - core[a373ad73a504971]::fmt::write
[INFO] [stdout]    2:     0x63f2631bdbdc - <alloc[2e1b2a31b91974c5]::vec::Vec<u8> as core[a373ad73a504971]::io::write::Write>::write_fmt
[INFO] [stdout]    3:     0x63f263195336 - std[617be2ca0a6fd877]::panicking::default_hook::{closure#0}
[INFO] [stdout]    4:     0x63f2631b1a89 - std[617be2ca0a6fd877]::panicking::default_hook
[INFO] [stdout]    5:     0x63f2630d92e0 - test[aada8e7e76ba119b]::test_main_inner::{closure#0}
[INFO] [stdout]    6:     0x63f2631b1db2 - std[617be2ca0a6fd877]::panicking::panic_with_hook
[INFO] [stdout]    7:     0x63f2631953e2 - std[617be2ca0a6fd877]::panicking::panic_handler::{closure#0}
[INFO] [stdout]    8:     0x63f26318df39 - std[617be2ca0a6fd877]::sys::backtrace::__rust_end_short_backtrace::<std[617be2ca0a6fd877]::panicking::panic_handler::{closure#0}, !>
[INFO] [stdout]    9:     0x63f263195fed - __rustc[ea4f61d10b84890b]::rust_begin_unwind
[INFO] [stdout]   10:     0x63f2631cfbac - core[a373ad73a504971]::panicking::panic_fmt
[INFO] [stdout]   11:     0x63f2631cf982 - core[a373ad73a504971]::result::unwrap_failed
[INFO] [stdout]   12:     0x63f26307e119 - <mecab_ko_core[9a3cc9ef24afa110]::batch::tests::test_single_item_batch::{closure#0} as core[a373ad73a504971]::ops::function::FnOnce<()>>::call_once
[INFO] [stdout]   13:     0x63f2630cc72b - test[aada8e7e76ba119b]::__rust_begin_short_backtrace::<core[a373ad73a504971]::result::Result<(), alloc[2e1b2a31b91974c5]::string::String>, fn() -> core[a373ad73a504971]::result::Result<(), alloc[2e1b2a31b91974c5]::string::String>>
[INFO] [stdout]   14:     0x63f2630d9905 - test[aada8e7e76ba119b]::run_test::{closure#0}
[INFO] [stdout]   15:     0x63f2630d31f4 - std[617be2ca0a6fd877]::sys::backtrace::__rust_begin_short_backtrace::<test[aada8e7e76ba119b]::run_test::{closure#1}, ()>
[INFO] [stdout]   16:     0x63f2630dc992 - <std[617be2ca0a6fd877]::thread::lifecycle::spawn_unchecked<test[aada8e7e76ba119b]::run_test::{closure#1}, ()>::{closure#1} as core[a373ad73a504971]::ops::function::FnOnce<()>>::call_once::{shim:vtable#0}
[INFO] [stdout]   17:     0x63f2631b8ddf - <std[617be2ca0a6fd877]::sys::thread::unix::Thread>::new::thread_start
[INFO] [stdout]   18:     0x7f97e71bbdfa - <unknown>
[INFO] [stdout]   19:     0x7f97e724f3d4 - clone
[INFO] [stdout]   20:                0x0 - <unknown>
[INFO] [stdout] 
[INFO] [stdout] ---- batch::tests::test_tokenize_batch_owned stdout ----
[INFO] [stdout] 
[INFO] [stdout] thread 'batch::tests::test_tokenize_batch_owned' (1980) panicked at src/batch.rs:656:43:
[INFO] [stdout] should create: Dict(Format("Dictionary directory not found. Set MECAB_DICDIR environment variable or install mecab-ko-dic to one of: /usr/local/lib/mecab/dic/mecab-ko-dic, /usr/lib/mecab/dic/mecab-ko-dic, /opt/mecab/dic/mecab-ko-dic, ./dic/mecab-ko-dic"))
[INFO] [stdout] stack backtrace:
[INFO] [stdout]    0:     0x63f2631b98a1 - <<std[617be2ca0a6fd877]::sys::backtrace::BacktraceLock>::print::DisplayBacktrace as core[a373ad73a504971]::fmt::Display>::fmt
[INFO] [stdout]    1:     0x63f2631cf44a - core[a373ad73a504971]::fmt::write
[INFO] [stdout]    2:     0x63f2631bdbdc - <alloc[2e1b2a31b91974c5]::vec::Vec<u8> as core[a373ad73a504971]::io::write::Write>::write_fmt
[INFO] [stdout]    3:     0x63f263195336 - std[617be2ca0a6fd877]::panicking::default_hook::{closure#0}
[INFO] [stdout]    4:     0x63f2631b1a89 - std[617be2ca0a6fd877]::panicking::default_hook
[INFO] [stdout]    5:     0x63f2630d92e0 - test[aada8e7e76ba119b]::test_main_inner::{closure#0}
[INFO] [stdout]    6:     0x63f2631b1db2 - std[617be2ca0a6fd877]::panicking::panic_with_hook
[INFO] [stdout]    7:     0x63f2631953e2 - std[617be2ca0a6fd877]::panicking::panic_handler::{closure#0}
[INFO] [stdout]    8:     0x63f26318df39 - std[617be2ca0a6fd877]::sys::backtrace::__rust_end_short_backtrace::<std[617be2ca0a6fd877]::panicking::panic_handler::{closure#0}, !>
[INFO] [stdout]    9:     0x63f263195fed - __rustc[ea4f61d10b84890b]::rust_begin_unwind
[INFO] [stdout]   10:     0x63f2631cfbac - core[a373ad73a504971]::panicking::panic_fmt
[INFO] [stdout]   11:     0x63f2631cf982 - core[a373ad73a504971]::result::unwrap_failed
[INFO] [stdout]   12:     0x63f26307ea00 - <mecab_ko_core[9a3cc9ef24afa110]::batch::tests::test_tokenize_batch_owned::{closure#0} as core[a373ad73a504971]::ops::function::FnOnce<()>>::call_once
[INFO] [stdout]   13:     0x63f2630cc72b - test[aada8e7e76ba119b]::__rust_begin_short_backtrace::<core[a373ad73a504971]::result::Result<(), alloc[2e1b2a31b91974c5]::string::String>, fn() -> core[a373ad73a504971]::result::Result<(), alloc[2e1b2a31b91974c5]::string::String>>
[INFO] [stdout]   14:     0x63f2630d9905 - test[aada8e7e76ba119b]::run_test::{closure#0}
[INFO] [stdout]   15:     0x63f2630d31f4 - std[617be2ca0a6fd877]::sys::backtrace::__rust_begin_short_backtrace::<test[aada8e7e76ba119b]::run_test::{closure#1}, ()>
[INFO] [stdout]   16:     0x63f2630dc992 - <std[617be2ca0a6fd877]::thread::lifecycle::spawn_unchecked<test[aada8e7e76ba119b]::run_test::{closure#1}, ()>::{closure#1} as core[a373ad73a504971]::ops::function::FnOnce<()>>::call_once::{shim:vtable#0}
[INFO] [stdout]   17:     0x63f2631b8ddf - <std[617be2ca0a6fd877]::sys::thread::unix::Thread>::new::thread_start
[INFO] [stdout]   18:     0x7f97e71bbdfa - <unknown>
[INFO] [stdout]   19:     0x7f97e724f3d4 - clone
[INFO] [stdout]   20:                0x0 - <unknown>
[INFO] [stdout] 
[INFO] [stdout] ---- batch::tests::test_tokenize_batch stdout ----
[INFO] [stdout] 
[INFO] [stdout] thread 'batch::tests::test_tokenize_batch' (1979) panicked at src/batch.rs:644:43:
[INFO] [stdout] should create: Dict(Format("Dictionary directory not found. Set MECAB_DICDIR environment variable or install mecab-ko-dic to one of: /usr/local/lib/mecab/dic/mecab-ko-dic, /usr/lib/mecab/dic/mecab-ko-dic, /opt/mecab/dic/mecab-ko-dic, ./dic/mecab-ko-dic"))
[INFO] [stdout] stack backtrace:
[INFO] [stdout]    0:     0x63f2631b98a1 - <<std[617be2ca0a6fd877]::sys::backtrace::BacktraceLock>::print::DisplayBacktrace as core[a373ad73a504971]::fmt::Display>::fmt
[INFO] [stdout]    1:     0x63f2631cf44a - core[a373ad73a504971]::fmt::write
[INFO] [stdout]    2:     0x63f2631bdbdc - <alloc[2e1b2a31b91974c5]::vec::Vec<u8> as core[a373ad73a504971]::io::write::Write>::write_fmt
[INFO] [stdout]    3:     0x63f263195336 - std[617be2ca0a6fd877]::panicking::default_hook::{closure#0}
[INFO] [stdout]    4:     0x63f2631b1a89 - std[617be2ca0a6fd877]::panicking::default_hook
[INFO] [stdout]    5:     0x63f2630d92e0 - test[aada8e7e76ba119b]::test_main_inner::{closure#0}
[INFO] [stdout]    6:     0x63f2631b1db2 - std[617be2ca0a6fd877]::panicking::panic_with_hook
[INFO] [stdout]    7:     0x63f2631953e2 - std[617be2ca0a6fd877]::panicking::panic_handler::{closure#0}
[INFO] [stdout]    8:     0x63f26318df39 - std[617be2ca0a6fd877]::sys::backtrace::__rust_end_short_backtrace::<std[617be2ca0a6fd877]::panicking::panic_handler::{closure#0}, !>
[INFO] [stdout]    9:     0x63f263195fed - __rustc[ea4f61d10b84890b]::rust_begin_unwind
[INFO] [stdout]   10:     0x63f2631cfbac - core[a373ad73a504971]::panicking::panic_fmt
[INFO] [stdout]   11:     0x63f2631cf982 - core[a373ad73a504971]::result::unwrap_failed
[INFO] [stdout]   12:     0x63f26307db27 - <mecab_ko_core[9a3cc9ef24afa110]::batch::tests::test_tokenize_batch::{closure#0} as core[a373ad73a504971]::ops::function::FnOnce<()>>::call_once
[INFO] [stdout]   13:     0x63f2630cc72b - test[aada8e7e76ba119b]::__rust_begin_short_backtrace::<core[a373ad73a504971]::result::Result<(), alloc[2e1b2a31b91974c5]::string::String>, fn() -> core[a373ad73a504971]::result::Result<(), alloc[2e1b2a31b91974c5]::string::String>>
[INFO] [stdout]   14:     0x63f2630d9905 - test[aada8e7e76ba119b]::run_test::{closure#0}
[INFO] [stdout]   15:     0x63f2630d31f4 - std[617be2ca0a6fd877]::sys::backtrace::__rust_begin_short_backtrace::<test[aada8e7e76ba119b]::run_test::{closure#1}, ()>
[INFO] [stdout]   16:     0x63f2630dc992 - <std[617be2ca0a6fd877]::thread::lifecycle::spawn_unchecked<test[aada8e7e76ba119b]::run_test::{closure#1}, ()>::{closure#1} as core[a373ad73a504971]::ops::function::FnOnce<()>>::call_once::{shim:vtable#0}
[INFO] [stdout]   17:     0x63f2631b8ddf - <std[617be2ca0a6fd877]::sys::thread::unix::Thread>::new::thread_start
[INFO] [stdout]   18:     0x7f97e71bbdfa - <unknown>
[INFO] [stdout]   19:     0x7f97e724f3d4 - clone
[INFO] [stdout]   20:                0x0 - <unknown>
[INFO] [stdout] 
[INFO] [stdout] ---- batch::tests::test_tokenize_chunked stdout ----
[INFO] [stdout] 
[INFO] [stdout] thread 'batch::tests::test_tokenize_chunked' (1981) panicked at src/batch.rs:666:43:
[INFO] [stdout] should create: Dict(Format("Dictionary directory not found. Set MECAB_DICDIR environment variable or install mecab-ko-dic to one of: /usr/local/lib/mecab/dic/mecab-ko-dic, /usr/lib/mecab/dic/mecab-ko-dic, /opt/mecab/dic/mecab-ko-dic, ./dic/mecab-ko-dic"))
[INFO] [stdout] stack backtrace:
[INFO] [stdout]    0:     0x63f2631b98a1 - <<std[617be2ca0a6fd877]::sys::backtrace::BacktraceLock>::print::DisplayBacktrace as core[a373ad73a504971]::fmt::Display>::fmt
[INFO] [stdout]    1:     0x63f2631cf44a - core[a373ad73a504971]::fmt::write
[INFO] [stdout]    2:     0x63f2631bdbdc - <alloc[2e1b2a31b91974c5]::vec::Vec<u8> as core[a373ad73a504971]::io::write::Write>::write_fmt
[INFO] [stdout]    3:     0x63f263195336 - std[617be2ca0a6fd877]::panicking::default_hook::{closure#0}
[INFO] [stdout]    4:     0x63f2631b1a89 - std[617be2ca0a6fd877]::panicking::default_hook
[INFO] [stdout]    5:     0x63f2630d92e0 - test[aada8e7e76ba119b]::test_main_inner::{closure#0}
[INFO] [stdout]    6:     0x63f2631b1db2 - std[617be2ca0a6fd877]::panicking::panic_with_hook
[INFO] [stdout]    7:     0x63f2631953e2 - std[617be2ca0a6fd877]::panicking::panic_handler::{closure#0}
[INFO] [stdout]    8:     0x63f26318df39 - std[617be2ca0a6fd877]::sys::backtrace::__rust_end_short_backtrace::<std[617be2ca0a6fd877]::panicking::panic_handler::{closure#0}, !>
[INFO] [stdout]    9:     0x63f263195fed - __rustc[ea4f61d10b84890b]::rust_begin_unwind
[INFO] [stdout]   10:     0x63f2631cfbac - core[a373ad73a504971]::panicking::panic_fmt
[INFO] [stdout]   11:     0x63f2631cf982 - core[a373ad73a504971]::result::unwrap_failed
[INFO] [stdout]   12:     0x63f26307ded7 - <mecab_ko_core[9a3cc9ef24afa110]::batch::tests::test_tokenize_chunked::{closure#0} as core[a373ad73a504971]::ops::function::FnOnce<()>>::call_once
[INFO] [stdout]   13:     0x63f2630cc72b - test[aada8e7e76ba119b]::__rust_begin_short_backtrace::<core[a373ad73a504971]::result::Result<(), alloc[2e1b2a31b91974c5]::string::String>, fn() -> core[a373ad73a504971]::result::Result<(), alloc[2e1b2a31b91974c5]::string::String>>
[INFO] [stdout]   14:     0x63f2630d9905 - test[aada8e7e76ba119b]::run_test::{closure#0}
[INFO] [stdout]   15:     0x63f2630d31f4 - std[617be2ca0a6fd877]::sys::backtrace::__rust_begin_short_backtrace::<test[aada8e7e76ba119b]::run_test::{closure#1}, ()>
[INFO] [stdout]   16:     0x63f2630dc992 - <std[617be2ca0a6fd877]::thread::lifecycle::spawn_unchecked<test[aada8e7e76ba119b]::run_test::{closure#1}, ()>::{closure#1} as core[a373ad73a504971]::ops::function::FnOnce<()>>::call_once::{shim:vtable#0}
[INFO] [stdout]   17:     0x63f2631b8ddf - <std[617be2ca0a6fd877]::sys::thread::unix::Thread>::new::thread_start
[INFO] [stdout]   18:     0x7f97e71bbdfa - <unknown>
[INFO] [stdout]   19:     0x7f97e724f3d4 - clone
[INFO] [stdout]   20:                0x0 - <unknown>
[INFO] [stdout] 
[INFO] [stdout] ---- batch::tests::test_with_chunk_size stdout ----
[INFO] [stdout] 
[INFO] [stdout] thread 'batch::tests::test_with_chunk_size' (1982) panicked at src/batch.rs:712:14:
[INFO] [stdout] should create: Dict(Format("Dictionary directory not found. Set MECAB_DICDIR environment variable or install mecab-ko-dic to one of: /usr/local/lib/mecab/dic/mecab-ko-dic, /usr/lib/mecab/dic/mecab-ko-dic, /opt/mecab/dic/mecab-ko-dic, ./dic/mecab-ko-dic"))
[INFO] [stdout] stack backtrace:
[INFO] [stdout]    0:     0x63f2631b98a1 - <<std[617be2ca0a6fd877]::sys::backtrace::BacktraceLock>::print::DisplayBacktrace as core[a373ad73a504971]::fmt::Display>::fmt
[INFO] [stdout]    1:     0x63f2631cf44a - core[a373ad73a504971]::fmt::write
[INFO] [stdout]    2:     0x63f2631bdbdc - <alloc[2e1b2a31b91974c5]::vec::Vec<u8> as core[a373ad73a504971]::io::write::Write>::write_fmt
[INFO] [stdout]    3:     0x63f263195336 - std[617be2ca0a6fd877]::panicking::default_hook::{closure#0}
[INFO] [stdout]    4:     0x63f2631b1a89 - std[617be2ca0a6fd877]::panicking::default_hook
[INFO] [stdout]    5:     0x63f2630d92e0 - test[aada8e7e76ba119b]::test_main_inner::{closure#0}
[INFO] [stdout]    6:     0x63f2631b1db2 - std[617be2ca0a6fd877]::panicking::panic_with_hook
[INFO] [stdout]    7:     0x63f2631953e2 - std[617be2ca0a6fd877]::panicking::panic_handler::{closure#0}
[INFO] [stdout]    8:     0x63f26318df39 - std[617be2ca0a6fd877]::sys::backtrace::__rust_end_short_backtrace::<std[617be2ca0a6fd877]::panicking::panic_handler::{closure#0}, !>
[INFO] [stdout]    9:     0x63f263195fed - __rustc[ea4f61d10b84890b]::rust_begin_unwind
[INFO] [stdout]   10:     0x63f2631cfbac - core[a373ad73a504971]::panicking::panic_fmt
[INFO] [stdout]   11:     0x63f2631cf982 - core[a373ad73a504971]::result::unwrap_failed
[INFO] [stdout]   12:     0x63f26307dda3 - <mecab_ko_core[9a3cc9ef24afa110]::batch::tests::test_with_chunk_size::{closure#0} as core[a373ad73a504971]::ops::function::FnOnce<()>>::call_once
[INFO] [stdout]   13:     0x63f2630cc72b - test[aada8e7e76ba119b]::__rust_begin_short_backtrace::<core[a373ad73a504971]::result::Result<(), alloc[2e1b2a31b91974c5]::string::String>, fn() -> core[a373ad73a504971]::result::Result<(), alloc[2e1b2a31b91974c5]::string::String>>
[INFO] [stdout]   14:     0x63f2630d9905 - test[aada8e7e76ba119b]::run_test::{closure#0}
[INFO] [stdout]   15:     0x63f2630d31f4 - std[617be2ca0a6fd877]::sys::backtrace::__rust_begin_short_backtrace::<test[aada8e7e76ba119b]::run_test::{closure#1}, ()>
[INFO] [stdout]   16:     0x63f2630dc992 - <std[617be2ca0a6fd877]::thread::lifecycle::spawn_unchecked<test[aada8e7e76ba119b]::run_test::{closure#1}, ()>::{closure#1} as core[a373ad73a504971]::ops::function::FnOnce<()>>::call_once::{shim:vtable#0}
[INFO] [stdout]   17:     0x63f2631b8ddf - <std[617be2ca0a6fd877]::sys::thread::unix::Thread>::new::thread_start
[INFO] [stdout]   18:     0x7f97e71bbdfa - <unknown>
[INFO] [stdout]   19:     0x7f97e724f3d4 - clone
[INFO] [stdout]   20:                0x0 - <unknown>
[INFO] [stdout] 
[INFO] [stdout] ---- batch::tests::test_with_pool_size stdout ----
[INFO] [stdout] 
[INFO] [stdout] thread 'batch::tests::test_with_pool_size' (1983) panicked at src/batch.rs:699:55:
[INFO] [stdout] should create: Dict(Format("Dictionary directory not found. Set MECAB_DICDIR environment variable or install mecab-ko-dic to one of: /usr/local/lib/mecab/dic/mecab-ko-dic, /usr/lib/mecab/dic/mecab-ko-dic, /opt/mecab/dic/mecab-ko-dic, ./dic/mecab-ko-dic"))
[INFO] [stdout] stack backtrace:
[INFO] [stdout]    0:     0x63f2631b98a1 - <<std[617be2ca0a6fd877]::sys::backtrace::BacktraceLock>::print::DisplayBacktrace as core[a373ad73a504971]::fmt::Display>::fmt
[INFO] [stdout]    1:     0x63f2631cf44a - core[a373ad73a504971]::fmt::write
[INFO] [stdout]    2:     0x63f2631bdbdc - <alloc[2e1b2a31b91974c5]::vec::Vec<u8> as core[a373ad73a504971]::io::write::Write>::write_fmt
[INFO] [stdout]    3:     0x63f263195336 - std[617be2ca0a6fd877]::panicking::default_hook::{closure#0}
[INFO] [stdout]    4:     0x63f2631b1a89 - std[617be2ca0a6fd877]::panicking::default_hook
[INFO] [stdout]    5:     0x63f2630d92e0 - test[aada8e7e76ba119b]::test_main_inner::{closure#0}
[INFO] [stdout]    6:     0x63f2631b1db2 - std[617be2ca0a6fd877]::panicking::panic_with_hook
[INFO] [stdout]    7:     0x63f2631953e2 - std[617be2ca0a6fd877]::panicking::panic_handler::{closure#0}
[INFO] [stdout]    8:     0x63f26318df39 - std[617be2ca0a6fd877]::sys::backtrace::__rust_end_short_backtrace::<std[617be2ca0a6fd877]::panicking::panic_handler::{closure#0}, !>
[INFO] [stdout]    9:     0x63f263195fed - __rustc[ea4f61d10b84890b]::rust_begin_unwind
[INFO] [stdout]   10:     0x63f2631cfbac - core[a373ad73a504971]::panicking::panic_fmt
[INFO] [stdout]   11:     0x63f2631cf982 - core[a373ad73a504971]::result::unwrap_failed
[INFO] [stdout]   12:     0x63f26307dcb4 - <mecab_ko_core[9a3cc9ef24afa110]::batch::tests::test_with_pool_size::{closure#0} as core[a373ad73a504971]::ops::function::FnOnce<()>>::call_once
[INFO] [stdout]   13:     0x63f2630cc72b - test[aada8e7e76ba119b]::__rust_begin_short_backtrace::<core[a373ad73a504971]::result::Result<(), alloc[2e1b2a31b91974c5]::string::String>, fn() -> core[a373ad73a504971]::result::Result<(), alloc[2e1b2a31b91974c5]::string::String>>
[INFO] [stdout]   14:     0x63f2630d9905 - test[aada8e7e76ba119b]::run_test::{closure#0}
[INFO] [stdout]   15:     0x63f2630d31f4 - std[617be2ca0a6fd877]::sys::backtrace::__rust_begin_short_backtrace::<test[aada8e7e76ba119b]::run_test::{closure#1}, ()>
[INFO] [stdout]   16:     0x63f2630dc992 - <std[617be2ca0a6fd877]::thread::lifecycle::spawn_unchecked<test[aada8e7e76ba119b]::run_test::{closure#1}, ()>::{closure#1} as core[a373ad73a504971]::ops::function::FnOnce<()>>::call_once::{shim:vtable#0}
[INFO] [stdout]   17:     0x63f2631b8ddf - <std[617be2ca0a6fd877]::sys::thread::unix::Thread>::new::thread_start
[INFO] [stdout]   18:     0x7f97e71bbdfa - <unknown>
[INFO] [stdout]   19:     0x7f97e724f3d4 - clone
[INFO] [stdout]   20:                0x0 - <unknown>
[INFO] [stdout] 
[INFO] [stdout] ---- nori_compat::tests::test_analyzer_basic_functionality stdout ----
[INFO] [stdout] 
[INFO] [stdout] thread 'nori_compat::tests::test_analyzer_basic_functionality' (2042) panicked at src/nori_compat.rs:1081:88:
[INFO] [stdout] called `Result::unwrap()` on an `Err` value: Dict(Format("Dictionary directory not found. Set MECAB_DICDIR environment variable or install mecab-ko-dic to one of: /usr/local/lib/mecab/dic/mecab-ko-dic, /usr/lib/mecab/dic/mecab-ko-dic, /opt/mecab/dic/mecab-ko-dic, ./dic/mecab-ko-dic"))
[INFO] [stdout] stack backtrace:
[INFO] [stdout]    0:     0x63f2631b98a1 - <<std[617be2ca0a6fd877]::sys::backtrace::BacktraceLock>::print::DisplayBacktrace as core[a373ad73a504971]::fmt::Display>::fmt
[INFO] [stdout]    1:     0x63f2631cf44a - core[a373ad73a504971]::fmt::write
[INFO] [stdout]    2:     0x63f2631bdbdc - <alloc[2e1b2a31b91974c5]::vec::Vec<u8> as core[a373ad73a504971]::io::write::Write>::write_fmt
[INFO] [stdout]    3:     0x63f263195336 - std[617be2ca0a6fd877]::panicking::default_hook::{closure#0}
[INFO] [stdout]    4:     0x63f2631b1a89 - std[617be2ca0a6fd877]::panicking::default_hook
[INFO] [stdout]    5:     0x63f2630d92e0 - test[aada8e7e76ba119b]::test_main_inner::{closure#0}
[INFO] [stdout]    6:     0x63f2631b1db2 - std[617be2ca0a6fd877]::panicking::panic_with_hook
[INFO] [stdout]    7:     0x63f2631953e2 - std[617be2ca0a6fd877]::panicking::panic_handler::{closure#0}
[INFO] [stdout]    8:     0x63f26318df39 - std[617be2ca0a6fd877]::sys::backtrace::__rust_end_short_backtrace::<std[617be2ca0a6fd877]::panicking::panic_handler::{closure#0}, !>
[INFO] [stdout]    9:     0x63f263195fed - __rustc[ea4f61d10b84890b]::rust_begin_unwind
[INFO] [stdout]   10:     0x63f2631cfbac - core[a373ad73a504971]::panicking::panic_fmt
[INFO] [stdout]   11:     0x63f2631cf982 - core[a373ad73a504971]::result::unwrap_failed
[INFO] [stdout]   12:     0x63f262fe4844 - <mecab_ko_core[9a3cc9ef24afa110]::nori_compat::tests::test_analyzer_basic_functionality::{closure#0} as core[a373ad73a504971]::ops::function::FnOnce<()>>::call_once
[INFO] [stdout]   13:     0x63f2630cc72b - test[aada8e7e76ba119b]::__rust_begin_short_backtrace::<core[a373ad73a504971]::result::Result<(), alloc[2e1b2a31b91974c5]::string::String>, fn() -> core[a373ad73a504971]::result::Result<(), alloc[2e1b2a31b91974c5]::string::String>>
[INFO] [stdout]   14:     0x63f2630d9905 - test[aada8e7e76ba119b]::run_test::{closure#0}
[INFO] [stdout]   15:     0x63f2630d31f4 - std[617be2ca0a6fd877]::sys::backtrace::__rust_begin_short_backtrace::<test[aada8e7e76ba119b]::run_test::{closure#1}, ()>
[INFO] [stdout]   16:     0x63f2630dc992 - <std[617be2ca0a6fd877]::thread::lifecycle::spawn_unchecked<test[aada8e7e76ba119b]::run_test::{closure#1}, ()>::{closure#1} as core[a373ad73a504971]::ops::function::FnOnce<()>>::call_once::{shim:vtable#0}
[INFO] [stdout]   17:     0x63f2631b8ddf - <std[617be2ca0a6fd877]::sys::thread::unix::Thread>::new::thread_start
[INFO] [stdout]   18:     0x7f97e71bbdfa - <unknown>
[INFO] [stdout]   19:     0x7f97e724f3d4 - clone
[INFO] [stdout]   20:                0x0 - <unknown>
[INFO] [stdout] 
[INFO] [stdout] ---- nori_compat::tests::test_decompound_modes_with_compound stdout ----
[INFO] [stdout] 
[INFO] [stdout] thread 'nori_compat::tests::test_decompound_modes_with_compound' (2049) panicked at src/nori_compat.rs:1217:73:
[INFO] [stdout] called `Result::unwrap()` on an `Err` value: Dict(Format("Dictionary directory not found. Set MECAB_DICDIR environment variable or install mecab-ko-dic to one of: /usr/local/lib/mecab/dic/mecab-ko-dic, /usr/lib/mecab/dic/mecab-ko-dic, /opt/mecab/dic/mecab-ko-dic, ./dic/mecab-ko-dic"))
[INFO] [stdout] stack backtrace:
[INFO] [stdout]    0:     0x63f2631b98a1 - <<std[617be2ca0a6fd877]::sys::backtrace::BacktraceLock>::print::DisplayBacktrace as core[a373ad73a504971]::fmt::Display>::fmt
[INFO] [stdout]    1:     0x63f2631cf44a - core[a373ad73a504971]::fmt::write
[INFO] [stdout]    2:     0x63f2631bdbdc - <alloc[2e1b2a31b91974c5]::vec::Vec<u8> as core[a373ad73a504971]::io::write::Write>::write_fmt
[INFO] [stdout]    3:     0x63f263195336 - std[617be2ca0a6fd877]::panicking::default_hook::{closure#0}
[INFO] [stdout]    4:     0x63f2631b1a89 - std[617be2ca0a6fd877]::panicking::default_hook
[INFO] [stdout]    5:     0x63f2630d92e0 - test[aada8e7e76ba119b]::test_main_inner::{closure#0}
[INFO] [stdout]    6:     0x63f2631b1db2 - std[617be2ca0a6fd877]::panicking::panic_with_hook
[INFO] [stdout]    7:     0x63f2631953e2 - std[617be2ca0a6fd877]::panicking::panic_handler::{closure#0}
[INFO] [stdout]    8:     0x63f26318df39 - std[617be2ca0a6fd877]::sys::backtrace::__rust_end_short_backtrace::<std[617be2ca0a6fd877]::panicking::panic_handler::{closure#0}, !>
[INFO] [stdout]    9:     0x63f263195fed - __rustc[ea4f61d10b84890b]::rust_begin_unwind
[INFO] [stdout]   10:     0x63f2631cfbac - core[a373ad73a504971]::panicking::panic_fmt
[INFO] [stdout]   11:     0x63f2631cf982 - core[a373ad73a504971]::result::unwrap_failed
[INFO] [stdout]   12:     0x63f262fe56ef - <mecab_ko_core[9a3cc9ef24afa110]::nori_compat::tests::test_decompound_modes_with_compound::{closure#0} as core[a373ad73a504971]::ops::function::FnOnce<()>>::call_once
[INFO] [stdout]   13:     0x63f2630cc72b - test[aada8e7e76ba119b]::__rust_begin_short_backtrace::<core[a373ad73a504971]::result::Result<(), alloc[2e1b2a31b91974c5]::string::String>, fn() -> core[a373ad73a504971]::result::Result<(), alloc[2e1b2a31b91974c5]::string::String>>
[INFO] [stdout]   14:     0x63f2630d9905 - test[aada8e7e76ba119b]::run_test::{closure#0}
[INFO] [stdout]   15:     0x63f2630d31f4 - std[617be2ca0a6fd877]::sys::backtrace::__rust_begin_short_backtrace::<test[aada8e7e76ba119b]::run_test::{closure#1}, ()>
[INFO] [stdout]   16:     0x63f2630dc992 - <std[617be2ca0a6fd877]::thread::lifecycle::spawn_unchecked<test[aada8e7e76ba119b]::run_test::{closure#1}, ()>::{closure#1} as core[a373ad73a504971]::ops::function::FnOnce<()>>::call_once::{shim:vtable#0}
[INFO] [stdout]   17:     0x63f2631b8ddf - <std[617be2ca0a6fd877]::sys::thread::unix::Thread>::new::thread_start
[INFO] [stdout]   18:     0x7f97e71bbdfa - <unknown>
[INFO] [stdout]   19:     0x7f97e724f3d4 - clone
[INFO] [stdout]   20:                0x0 - <unknown>
[INFO] [stdout] 
[INFO] [stdout] ---- nori_compat::tests::test_mixed_mode_returns_both stdout ----
[INFO] [stdout] 
[INFO] [stdout] thread 'nori_compat::tests::test_mixed_mode_returns_both' (2062) panicked at src/nori_compat.rs:1377:78:
[INFO] [stdout] called `Result::unwrap()` on an `Err` value: Dict(Format("Dictionary directory not found. Set MECAB_DICDIR environment variable or install mecab-ko-dic to one of: /usr/local/lib/mecab/dic/mecab-ko-dic, /usr/lib/mecab/dic/mecab-ko-dic, /opt/mecab/dic/mecab-ko-dic, ./dic/mecab-ko-dic"))
[INFO] [stdout] stack backtrace:
[INFO] [stdout]    0:     0x63f2631b98a1 - <<std[617be2ca0a6fd877]::sys::backtrace::BacktraceLock>::print::DisplayBacktrace as core[a373ad73a504971]::fmt::Display>::fmt
[INFO] [stdout]    1:     0x63f2631cf44a - core[a373ad73a504971]::fmt::write
[INFO] [stdout]    2:     0x63f2631bdbdc - <alloc[2e1b2a31b91974c5]::vec::Vec<u8> as core[a373ad73a504971]::io::write::Write>::write_fmt
[INFO] [stdout]    3:     0x63f263195336 - std[617be2ca0a6fd877]::panicking::default_hook::{closure#0}
[INFO] [stdout]    4:     0x63f2631b1a89 - std[617be2ca0a6fd877]::panicking::default_hook
[INFO] [stdout]    5:     0x63f2630d92e0 - test[aada8e7e76ba119b]::test_main_inner::{closure#0}
[INFO] [stdout]    6:     0x63f2631b1db2 - std[617be2ca0a6fd877]::panicking::panic_with_hook
[INFO] [stdout]    7:     0x63f2631953e2 - std[617be2ca0a6fd877]::panicking::panic_handler::{closure#0}
[INFO] [stdout]    8:     0x63f26318df39 - std[617be2ca0a6fd877]::sys::backtrace::__rust_end_short_backtrace::<std[617be2ca0a6fd877]::panicking::panic_handler::{closure#0}, !>
[INFO] [stdout]    9:     0x63f263195fed - __rustc[ea4f61d10b84890b]::rust_begin_unwind
[INFO] [stdout]   10:     0x63f2631cfbac - core[a373ad73a504971]::panicking::panic_fmt
[INFO] [stdout]   11:     0x63f2631cf982 - core[a373ad73a504971]::result::unwrap_failed
[INFO] [stdout]   12:     0x63f262fe323b - <mecab_ko_core[9a3cc9ef24afa110]::nori_compat::tests::test_mixed_mode_returns_both::{closure#0} as core[a373ad73a504971]::ops::function::FnOnce<()>>::call_once
[INFO] [stdout]   13:     0x63f2630cc72b - test[aada8e7e76ba119b]::__rust_begin_short_backtrace::<core[a373ad73a504971]::result::Result<(), alloc[2e1b2a31b91974c5]::string::String>, fn() -> core[a373ad73a504971]::result::Result<(), alloc[2e1b2a31b91974c5]::string::String>>
[INFO] [stdout]   14:     0x63f2630d9905 - test[aada8e7e76ba119b]::run_test::{closure#0}
[INFO] [stdout]   15:     0x63f2630d31f4 - std[617be2ca0a6fd877]::sys::backtrace::__rust_begin_short_backtrace::<test[aada8e7e76ba119b]::run_test::{closure#1}, ()>
[INFO] [stdout]   16:     0x63f2630dc992 - <std[617be2ca0a6fd877]::thread::lifecycle::spawn_unchecked<test[aada8e7e76ba119b]::run_test::{closure#1}, ()>::{closure#1} as core[a373ad73a504971]::ops::function::FnOnce<()>>::call_once::{shim:vtable#0}
[INFO] [stdout]   17:     0x63f2631b8ddf - <std[617be2ca0a6fd877]::sys::thread::unix::Thread>::new::thread_start
[INFO] [stdout]   18:     0x7f97e71bbdfa - <unknown>
[INFO] [stdout]   19:     0x7f97e724f3d4 - clone
[INFO] [stdout]   20:                0x0 - <unknown>
[INFO] [stdout] 
[INFO] [stdout] ---- nori_compat::tests::test_discard_mode_returns_only_parts stdout ----
[INFO] [stdout] 
[INFO] [stdout] thread 'nori_compat::tests::test_discard_mode_returns_only_parts' (2058) panicked at src/nori_compat.rs:1390:80:
[INFO] [stdout] called `Result::unwrap()` on an `Err` value: Dict(Format("Dictionary directory not found. Set MECAB_DICDIR environment variable or install mecab-ko-dic to one of: /usr/local/lib/mecab/dic/mecab-ko-dic, /usr/lib/mecab/dic/mecab-ko-dic, /opt/mecab/dic/mecab-ko-dic, ./dic/mecab-ko-dic"))
[INFO] [stdout] stack backtrace:
[INFO] [stdout]    0:     0x63f2631b98a1 - <<std[617be2ca0a6fd877]::sys::backtrace::BacktraceLock>::print::DisplayBacktrace as core[a373ad73a504971]::fmt::Display>::fmt
[INFO] [stdout]    1:     0x63f2631cf44a - core[a373ad73a504971]::fmt::write
[INFO] [stdout]    2:     0x63f2631bdbdc - <alloc[2e1b2a31b91974c5]::vec::Vec<u8> as core[a373ad73a504971]::io::write::Write>::write_fmt
[INFO] [stdout]    3:     0x63f263195336 - std[617be2ca0a6fd877]::panicking::default_hook::{closure#0}
[INFO] [stdout]    4:     0x63f2631b1a89 - std[617be2ca0a6fd877]::panicking::default_hook
[INFO] [stdout]    5:     0x63f2630d92e0 - test[aada8e7e76ba119b]::test_main_inner::{closure#0}
[INFO] [stdout]    6:     0x63f2631b1db2 - std[617be2ca0a6fd877]::panicking::panic_with_hook
[INFO] [stdout]    7:     0x63f2631953e2 - std[617be2ca0a6fd877]::panicking::panic_handler::{closure#0}
[INFO] [stdout]    8:     0x63f26318df39 - std[617be2ca0a6fd877]::sys::backtrace::__rust_end_short_backtrace::<std[617be2ca0a6fd877]::panicking::panic_handler::{closure#0}, !>
[INFO] [stdout]    9:     0x63f263195fed - __rustc[ea4f61d10b84890b]::rust_begin_unwind
[INFO] [stdout]   10:     0x63f2631cfbac - core[a373ad73a504971]::panicking::panic_fmt
[INFO] [stdout]   11:     0x63f2631cf982 - core[a373ad73a504971]::result::unwrap_failed
[INFO] [stdout]   12:     0x63f262fe59cb - <mecab_ko_core[9a3cc9ef24afa110]::nori_compat::tests::test_discard_mode_returns_only_parts::{closure#0} as core[a373ad73a504971]::ops::function::FnOnce<()>>::call_once
[INFO] [stdout]   13:     0x63f2630cc72b - test[aada8e7e76ba119b]::__rust_begin_short_backtrace::<core[a373ad73a504971]::result::Result<(), alloc[2e1b2a31b91974c5]::string::String>, fn() -> core[a373ad73a504971]::result::Result<(), alloc[2e1b2a31b91974c5]::string::String>>
[INFO] [stdout]   14:     0x63f2630d9905 - test[aada8e7e76ba119b]::run_test::{closure#0}
[INFO] [stdout]   15:     0x63f2630d31f4 - std[617be2ca0a6fd877]::sys::backtrace::__rust_begin_short_backtrace::<test[aada8e7e76ba119b]::run_test::{closure#1}, ()>
[INFO] [stdout]   16:     0x63f2630dc992 - <std[617be2ca0a6fd877]::thread::lifecycle::spawn_unchecked<test[aada8e7e76ba119b]::run_test::{closure#1}, ()>::{closure#1} as core[a373ad73a504971]::ops::function::FnOnce<()>>::call_once::{shim:vtable#0}
[INFO] [stdout]   17:     0x63f2631b8ddf - <std[617be2ca0a6fd877]::sys::thread::unix::Thread>::new::thread_start
[INFO] [stdout]   18:     0x7f97e71bbdfa - <unknown>
[INFO] [stdout]   19:     0x7f97e724f3d4 - clone
[INFO] [stdout]   20:                0x0 - <unknown>
[INFO] [stdout] 
[INFO] [stdout] ---- nori_compat::tests::test_nori_analyzer_creation stdout ----
[INFO] [stdout] 
[INFO] [stdout] thread 'nori_compat::tests::test_nori_analyzer_creation' (2065) panicked at src/nori_compat.rs:1016:9:
[INFO] [stdout] assertion failed: analyzer.is_ok()
[INFO] [stdout] stack backtrace:
[INFO] [stdout]    0:     0x63f2631b98a1 - <<std[617be2ca0a6fd877]::sys::backtrace::BacktraceLock>::print::DisplayBacktrace as core[a373ad73a504971]::fmt::Display>::fmt
[INFO] [stdout]    1:     0x63f2631cf44a - core[a373ad73a504971]::fmt::write
[INFO] [stdout]    2:     0x63f2631bdbdc - <alloc[2e1b2a31b91974c5]::vec::Vec<u8> as core[a373ad73a504971]::io::write::Write>::write_fmt
[INFO] [stdout]    3:     0x63f263195336 - std[617be2ca0a6fd877]::panicking::default_hook::{closure#0}
[INFO] [stdout]    4:     0x63f2631b1a89 - std[617be2ca0a6fd877]::panicking::default_hook
[INFO] [stdout]    5:     0x63f2630d92e0 - test[aada8e7e76ba119b]::test_main_inner::{closure#0}
[INFO] [stdout]    6:     0x63f2631b1db2 - std[617be2ca0a6fd877]::panicking::panic_with_hook
[INFO] [stdout]    7:     0x63f263195414 - std[617be2ca0a6fd877]::panicking::panic_handler::{closure#0}
[INFO] [stdout]    8:     0x63f26318df39 - std[617be2ca0a6fd877]::sys::backtrace::__rust_end_short_backtrace::<std[617be2ca0a6fd877]::panicking::panic_handler::{closure#0}, !>
[INFO] [stdout]    9:     0x63f263195fed - __rustc[ea4f61d10b84890b]::rust_begin_unwind
[INFO] [stdout]   10:     0x63f2631cfbac - core[a373ad73a504971]::panicking::panic_fmt
[INFO] [stdout]   11:     0x63f2631cfb72 - core[a373ad73a504971]::panicking::panic
[INFO] [stdout]   12:     0x63f262fe3096 - <mecab_ko_core[9a3cc9ef24afa110]::nori_compat::tests::test_nori_analyzer_creation::{closure#0} as core[a373ad73a504971]::ops::function::FnOnce<()>>::call_once
[INFO] [stdout]   13:     0x63f2630cc72b - test[aada8e7e76ba119b]::__rust_begin_short_backtrace::<core[a373ad73a504971]::result::Result<(), alloc[2e1b2a31b91974c5]::string::String>, fn() -> core[a373ad73a504971]::result::Result<(), alloc[2e1b2a31b91974c5]::string::String>>
[INFO] [stdout]   14:     0x63f2630d9905 - test[aada8e7e76ba119b]::run_test::{closure#0}
[INFO] [stdout]   15:     0x63f2630d31f4 - std[617be2ca0a6fd877]::sys::backtrace::__rust_begin_short_backtrace::<test[aada8e7e76ba119b]::run_test::{closure#1}, ()>
[INFO] [stdout]   16:     0x63f2630dc992 - <std[617be2ca0a6fd877]::thread::lifecycle::spawn_unchecked<test[aada8e7e76ba119b]::run_test::{closure#1}, ()>::{closure#1} as core[a373ad73a504971]::ops::function::FnOnce<()>>::call_once::{shim:vtable#0}
[INFO] [stdout]   17:     0x63f2631b8ddf - <std[617be2ca0a6fd877]::sys::thread::unix::Thread>::new::thread_start
[INFO] [stdout]   18:     0x7f97e71bbdfa - <unknown>
[INFO] [stdout]   19:     0x7f97e724f3d4 - clone
[INFO] [stdout]   20:                0x0 - <unknown>
[INFO] [stdout] 
[INFO] [stdout] ---- nori_compat::tests::test_nori_analyzer_default stdout ----
[INFO] [stdout] 
[INFO] [stdout] thread 'nori_compat::tests::test_nori_analyzer_default' (2066) panicked at src/nori_compat.rs:1022:9:
[INFO] [stdout] assertion failed: analyzer.is_ok()
[INFO] [stdout] stack backtrace:
[INFO] [stdout]    0:     0x63f2631b98a1 - <<std[617be2ca0a6fd877]::sys::backtrace::BacktraceLock>::print::DisplayBacktrace as core[a373ad73a504971]::fmt::Display>::fmt
[INFO] [stdout]    1:     0x63f2631cf44a - core[a373ad73a504971]::fmt::write
[INFO] [stdout]    2:     0x63f2631bdbdc - <alloc[2e1b2a31b91974c5]::vec::Vec<u8> as core[a373ad73a504971]::io::write::Write>::write_fmt
[INFO] [stdout]    3:     0x63f263195336 - std[617be2ca0a6fd877]::panicking::default_hook::{closure#0}
[INFO] [stdout]    4:     0x63f2631b1a89 - std[617be2ca0a6fd877]::panicking::default_hook
[INFO] [stdout]    5:     0x63f2630d92e0 - test[aada8e7e76ba119b]::test_main_inner::{closure#0}
[INFO] [stdout]    6:     0x63f2631b1db2 - std[617be2ca0a6fd877]::panicking::panic_with_hook
[INFO] [stdout]    7:     0x63f263195414 - std[617be2ca0a6fd877]::panicking::panic_handler::{closure#0}
[INFO] [stdout]    8:     0x63f26318df39 - std[617be2ca0a6fd877]::sys::backtrace::__rust_end_short_backtrace::<std[617be2ca0a6fd877]::panicking::panic_handler::{closure#0}, !>
[INFO] [stdout]    9:     0x63f263195fed - __rustc[ea4f61d10b84890b]::rust_begin_unwind
[INFO] [stdout]   10:     0x63f2631cfbac - core[a373ad73a504971]::panicking::panic_fmt
[INFO] [stdout]   11:     0x63f2631cfb72 - core[a373ad73a504971]::panicking::panic
[INFO] [stdout]   12:     0x63f262fe263a - <mecab_ko_core[9a3cc9ef24afa110]::nori_compat::tests::test_nori_analyzer_default::{closure#0} as core[a373ad73a504971]::ops::function::FnOnce<()>>::call_once
[INFO] [stdout]   13:     0x63f2630cc72b - test[aada8e7e76ba119b]::__rust_begin_short_backtrace::<core[a373ad73a504971]::result::Result<(), alloc[2e1b2a31b91974c5]::string::String>, fn() -> core[a373ad73a504971]::result::Result<(), alloc[2e1b2a31b91974c5]::string::String>>
[INFO] [stdout]   14:     0x63f2630d9905 - test[aada8e7e76ba119b]::run_test::{closure#0}
[INFO] [stdout]   15:     0x63f2630d31f4 - std[617be2ca0a6fd877]::sys::backtrace::__rust_begin_short_backtrace::<test[aada8e7e76ba119b]::run_test::{closure#1}, ()>
[INFO] [stdout]   16:     0x63f2630dc992 - <std[617be2ca0a6fd877]::thread::lifecycle::spawn_unchecked<test[aada8e7e76ba119b]::run_test::{closure#1}, ()>::{closure#1} as core[a373ad73a504971]::ops::function::FnOnce<()>>::call_once::{shim:vtable#0}
[INFO] [stdout]   17:     0x63f2631b8ddf - <std[617be2ca0a6fd877]::sys::thread::unix::Thread>::new::thread_start
[INFO] [stdout]   18:     0x7f97e71bbdfa - <unknown>
[INFO] [stdout]   19:     0x7f97e724f3d4 - clone
[INFO] [stdout]   20:                0x0 - <unknown>
[INFO] [stdout] 
[INFO] [stdout] ---- nori_compat::tests::test_tokenizer_basic_functionality stdout ----
[INFO] [stdout] 
[INFO] [stdout] thread 'nori_compat::tests::test_tokenizer_basic_functionality' (2071) panicked at src/nori_compat.rs:1071:77:
[INFO] [stdout] called `Result::unwrap()` on an `Err` value: Dict(Format("Dictionary directory not found. Set MECAB_DICDIR environment variable or install mecab-ko-dic to one of: /usr/local/lib/mecab/dic/mecab-ko-dic, /usr/lib/mecab/dic/mecab-ko-dic, /opt/mecab/dic/mecab-ko-dic, ./dic/mecab-ko-dic"))
[INFO] [stdout] stack backtrace:
[INFO] [stdout]    0:     0x63f2631b98a1 - <<std[617be2ca0a6fd877]::sys::backtrace::BacktraceLock>::print::DisplayBacktrace as core[a373ad73a504971]::fmt::Display>::fmt
[INFO] [stdout]    1:     0x63f2631cf44a - core[a373ad73a504971]::fmt::write
[INFO] [stdout]    2:     0x63f2631bdbdc - <alloc[2e1b2a31b91974c5]::vec::Vec<u8> as core[a373ad73a504971]::io::write::Write>::write_fmt
[INFO] [stdout]    3:     0x63f263195336 - std[617be2ca0a6fd877]::panicking::default_hook::{closure#0}
[INFO] [stdout]    4:     0x63f2631b1a89 - std[617be2ca0a6fd877]::panicking::default_hook
[INFO] [stdout]    5:     0x63f2630d92e0 - test[aada8e7e76ba119b]::test_main_inner::{closure#0}
[INFO] [stdout]    6:     0x63f2631b1db2 - std[617be2ca0a6fd877]::panicking::panic_with_hook
[INFO] [stdout]    7:     0x63f2631953e2 - std[617be2ca0a6fd877]::panicking::panic_handler::{closure#0}
[INFO] [stdout]    8:     0x63f26318df39 - std[617be2ca0a6fd877]::sys::backtrace::__rust_end_short_backtrace::<std[617be2ca0a6fd877]::panicking::panic_handler::{closure#0}, !>
[INFO] [stdout]    9:     0x63f263195fed - __rustc[ea4f61d10b84890b]::rust_begin_unwind
[INFO] [stdout]   10:     0x63f2631cfbac - core[a373ad73a504971]::panicking::panic_fmt
[INFO] [stdout]   11:     0x63f2631cf982 - core[a373ad73a504971]::result::unwrap_failed
[INFO] [stdout]   12:     0x63f262fe51e8 - <mecab_ko_core[9a3cc9ef24afa110]::nori_compat::tests::test_tokenizer_basic_functionality::{closure#0} as core[a373ad73a504971]::ops::function::FnOnce<()>>::call_once
[INFO] [stdout]   13:     0x63f2630cc72b - test[aada8e7e76ba119b]::__rust_begin_short_backtrace::<core[a373ad73a504971]::result::Result<(), alloc[2e1b2a31b91974c5]::string::String>, fn() -> core[a373ad73a504971]::result::Result<(), alloc[2e1b2a31b91974c5]::string::String>>
[INFO] [stdout]   14:     0x63f2630d9905 - test[aada8e7e76ba119b]::run_test::{closure#0}
[INFO] [stdout]   15:     0x63f2630d31f4 - std[617be2ca0a6fd877]::sys::backtrace::__rust_begin_short_backtrace::<test[aada8e7e76ba119b]::run_test::{closure#1}, ()>
[INFO] [stdout]   16:     0x63f2630dc992 - <std[617be2ca0a6fd877]::thread::lifecycle::spawn_unchecked<test[aada8e7e76ba119b]::run_test::{closure#1}, ()>::{closure#1} as core[a373ad73a504971]::ops::function::FnOnce<()>>::call_once::{shim:vtable#0}
[INFO] [stdout]   17:     0x63f2631b8ddf - <std[617be2ca0a6fd877]::sys::thread::unix::Thread>::new::thread_start
[INFO] [stdout]   18:     0x7f97e71bbdfa - <unknown>
[INFO] [stdout]   19:     0x7f97e724f3d4 - clone
[INFO] [stdout]   20:                0x0 - <unknown>
[INFO] [stdout] 
[INFO] [stdout] ---- nori_compat::tests::test_nori_tokenizer_creation stdout ----
[INFO] [stdout] 
[INFO] [stdout] thread 'nori_compat::tests::test_nori_tokenizer_creation' (2069) panicked at src/nori_compat.rs:1002:9:
[INFO] [stdout] assertion failed: tokenizer.is_ok()
[INFO] [stdout] stack backtrace:
[INFO] [stdout]    0:     0x63f2631b98a1 - <<std[617be2ca0a6fd877]::sys::backtrace::BacktraceLock>::print::DisplayBacktrace as core[a373ad73a504971]::fmt::Display>::fmt
[INFO] [stdout]    1:     0x63f2631cf44a - core[a373ad73a504971]::fmt::write
[INFO] [stdout]    2:     0x63f2631bdbdc - <alloc[2e1b2a31b91974c5]::vec::Vec<u8> as core[a373ad73a504971]::io::write::Write>::write_fmt
[INFO] [stdout]    3:     0x63f263195336 - std[617be2ca0a6fd877]::panicking::default_hook::{closure#0}
[INFO] [stdout]    4:     0x63f2631b1a89 - std[617be2ca0a6fd877]::panicking::default_hook
[INFO] [stdout]    5:     0x63f2630d92e0 - test[aada8e7e76ba119b]::test_main_inner::{closure#0}
[INFO] [stdout]    6:     0x63f2631b1db2 - std[617be2ca0a6fd877]::panicking::panic_with_hook
[INFO] [stdout]    7:     0x63f263195414 - std[617be2ca0a6fd877]::panicking::panic_handler::{closure#0}
[INFO] [stdout]    8:     0x63f26318df39 - std[617be2ca0a6fd877]::sys::backtrace::__rust_end_short_backtrace::<std[617be2ca0a6fd877]::panicking::panic_handler::{closure#0}, !>
[INFO] [stdout]    9:     0x63f263195fed - __rustc[ea4f61d10b84890b]::rust_begin_unwind
[INFO] [stdout]   10:     0x63f2631cfbac - core[a373ad73a504971]::panicking::panic_fmt
[INFO] [stdout]   11:     0x63f2631cfb72 - core[a373ad73a504971]::panicking::panic
[INFO] [stdout]   12:     0x63f262fe3534 - <mecab_ko_core[9a3cc9ef24afa110]::nori_compat::tests::test_nori_tokenizer_creation::{closure#0} as core[a373ad73a504971]::ops::function::FnOnce<()>>::call_once
[INFO] [stdout]   13:     0x63f2630cc72b - test[aada8e7e76ba119b]::__rust_begin_short_backtrace::<core[a373ad73a504971]::result::Result<(), alloc[2e1b2a31b91974c5]::string::String>, fn() -> core[a373ad73a504971]::result::Result<(), alloc[2e1b2a31b91974c5]::string::String>>
[INFO] [stdout]   14:     0x63f2630d9905 - test[aada8e7e76ba119b]::run_test::{closure#0}
[INFO] [stdout]   15:     0x63f2630d31f4 - std[617be2ca0a6fd877]::sys::backtrace::__rust_begin_short_backtrace::<test[aada8e7e76ba119b]::run_test::{closure#1}, ()>
[INFO] [stdout]   16:     0x63f2630dc992 - <std[617be2ca0a6fd877]::thread::lifecycle::spawn_unchecked<test[aada8e7e76ba119b]::run_test::{closure#1}, ()>::{closure#1} as core[a373ad73a504971]::ops::function::FnOnce<()>>::call_once::{shim:vtable#0}
[INFO] [stdout]   17:     0x63f2631b8ddf - <std[617be2ca0a6fd877]::sys::thread::unix::Thread>::new::thread_start
[INFO] [stdout]   18:     0x7f97e71bbdfa - <unknown>
[INFO] [stdout]   19:     0x7f97e724f3d4 - clone
[INFO] [stdout]   20:                0x0 - <unknown>
[INFO] [stdout] 
[INFO] [stdout] ---- nori_compat::tests::test_nori_analyzer_stoptag_management stdout ----
[INFO] [stdout] 
[INFO] [stdout] thread 'nori_compat::tests::test_nori_analyzer_stoptag_management' (2067) panicked at src/nori_compat.rs:1033:88:
[INFO] [stdout] called `Result::unwrap()` on an `Err` value: Dict(Format("Dictionary directory not found. Set MECAB_DICDIR environment variable or install mecab-ko-dic to one of: /usr/local/lib/mecab/dic/mecab-ko-dic, /usr/lib/mecab/dic/mecab-ko-dic, /opt/mecab/dic/mecab-ko-dic, ./dic/mecab-ko-dic"))
[INFO] [stdout] stack backtrace:
[INFO] [stdout]    0:     0x63f2631b98a1 - <<std[617be2ca0a6fd877]::sys::backtrace::BacktraceLock>::print::DisplayBacktrace as core[a373ad73a504971]::fmt::Display>::fmt
[INFO] [stdout]    1:     0x63f2631cf44a - core[a373ad73a504971]::fmt::write
[INFO] [stdout]    2:     0x63f2631bdbdc - <alloc[2e1b2a31b91974c5]::vec::Vec<u8> as core[a373ad73a504971]::io::write::Write>::write_fmt
[INFO] [stdout]    3:     0x63f263195336 - std[617be2ca0a6fd877]::panicking::default_hook::{closure#0}
[INFO] [stdout]    4:     0x63f2631b1a89 - std[617be2ca0a6fd877]::panicking::default_hook
[INFO] [stdout]    5:     0x63f2630d92e0 - test[aada8e7e76ba119b]::test_main_inner::{closure#0}
[INFO] [stdout]    6:     0x63f2631b1db2 - std[617be2ca0a6fd877]::panicking::panic_with_hook
[INFO] [stdout]    7:     0x63f2631953e2 - std[617be2ca0a6fd877]::panicking::panic_handler::{closure#0}
[INFO] [stdout]    8:     0x63f26318df39 - std[617be2ca0a6fd877]::sys::backtrace::__rust_end_short_backtrace::<std[617be2ca0a6fd877]::panicking::panic_handler::{closure#0}, !>
[INFO] [stdout]    9:     0x63f263195fed - __rustc[ea4f61d10b84890b]::rust_begin_unwind
[INFO] [stdout]   10:     0x63f2631cfbac - core[a373ad73a504971]::panicking::panic_fmt
[INFO] [stdout]   11:     0x63f2631cf982 - core[a373ad73a504971]::result::unwrap_failed
[INFO] [stdout]   12:     0x63f262fe624e - <mecab_ko_core[9a3cc9ef24afa110]::nori_compat::tests::test_nori_analyzer_stoptag_management::{closure#0} as core[a373ad73a504971]::ops::function::FnOnce<()>>::call_once
[INFO] [stdout]   13:     0x63f2630cc72b - test[aada8e7e76ba119b]::__rust_begin_short_backtrace::<core[a373ad73a504971]::result::Result<(), alloc[2e1b2a31b91974c5]::string::String>, fn() -> core[a373ad73a504971]::result::Result<(), alloc[2e1b2a31b91974c5]::string::String>>
[INFO] [stdout]   14:     0x63f2630d9905 - test[aada8e7e76ba119b]::run_test::{closure#0}
[INFO] [stdout]   15:     0x63f2630d31f4 - std[617be2ca0a6fd877]::sys::backtrace::__rust_begin_short_backtrace::<test[aada8e7e76ba119b]::run_test::{closure#1}, ()>
[INFO] [stdout]   16:     0x63f2630dc992 - <std[617be2ca0a6fd877]::thread::lifecycle::spawn_unchecked<test[aada8e7e76ba119b]::run_test::{closure#1}, ()>::{closure#1} as core[a373ad73a504971]::ops::function::FnOnce<()>>::call_once::{shim:vtable#0}
[INFO] [stdout]   17:     0x63f2631b8ddf - <std[617be2ca0a6fd877]::sys::thread::unix::Thread>::new::thread_start
[INFO] [stdout]   18:     0x7f97e71bbdfa - <unknown>
[INFO] [stdout]   19:     0x7f97e724f3d4 - clone
[INFO] [stdout]   20:                0x0 - <unknown>
[INFO] [stdout] 
[INFO] [stdout] ---- streaming::tests::test_decimal_number_not_split stdout ----
[INFO] [stdout] 
[INFO] [stdout] thread 'streaming::tests::test_decimal_number_not_split' (2241) panicked at src/streaming.rs:729:26:
[INFO] [stdout] should create tokenizer: Dict(Format("Dictionary directory not found. Set MECAB_DICDIR environment variable or install mecab-ko-dic to one of: /usr/local/lib/mecab/dic/mecab-ko-dic, /usr/lib/mecab/dic/mecab-ko-dic, /opt/mecab/dic/mecab-ko-dic, ./dic/mecab-ko-dic"))
[INFO] [stdout] stack backtrace:
[INFO] [stdout]    0:     0x63f2631b98a1 - <<std[617be2ca0a6fd877]::sys::backtrace::BacktraceLock>::print::DisplayBacktrace as core[a373ad73a504971]::fmt::Display>::fmt
[INFO] [stdout]    1:     0x63f2631cf44a - core[a373ad73a504971]::fmt::write
[INFO] [stdout]    2:     0x63f2631bdbdc - <alloc[2e1b2a31b91974c5]::vec::Vec<u8> as core[a373ad73a504971]::io::write::Write>::write_fmt
[INFO] [stdout]    3:     0x63f263195336 - std[617be2ca0a6fd877]::panicking::default_hook::{closure#0}
[INFO] [stdout]    4:     0x63f2631b1a89 - std[617be2ca0a6fd877]::panicking::default_hook
[INFO] [stdout]    5:     0x63f2630d92e0 - test[aada8e7e76ba119b]::test_main_inner::{closure#0}
[INFO] [stdout]    6:     0x63f2631b1db2 - std[617be2ca0a6fd877]::panicking::panic_with_hook
[INFO] [stdout]    7:     0x63f2631953e2 - std[617be2ca0a6fd877]::panicking::panic_handler::{closure#0}
[INFO] [stdout]    8:     0x63f26318df39 - std[617be2ca0a6fd877]::sys::backtrace::__rust_end_short_backtrace::<std[617be2ca0a6fd877]::panicking::panic_handler::{closure#0}, !>
[INFO] [stdout]    9:     0x63f263195fed - __rustc[ea4f61d10b84890b]::rust_begin_unwind
[INFO] [stdout]   10:     0x63f2631cfbac - core[a373ad73a504971]::panicking::panic_fmt
[INFO] [stdout]   11:     0x63f2631cf982 - core[a373ad73a504971]::result::unwrap_failed
[INFO] [stdout]   12:     0x63f262feda99 - <mecab_ko_core[9a3cc9ef24afa110]::streaming::tests::test_decimal_number_not_split::{closure#0} as core[a373ad73a504971]::ops::function::FnOnce<()>>::call_once
[INFO] [stdout]   13:     0x63f2630cc72b - test[aada8e7e76ba119b]::__rust_begin_short_backtrace::<core[a373ad73a504971]::result::Result<(), alloc[2e1b2a31b91974c5]::string::String>, fn() -> core[a373ad73a504971]::result::Result<(), alloc[2e1b2a31b91974c5]::string::String>>
[INFO] [stdout]   14:     0x63f2630d9905 - test[aada8e7e76ba119b]::run_test::{closure#0}
[INFO] [stdout]   15:     0x63f2630d31f4 - std[617be2ca0a6fd877]::sys::backtrace::__rust_begin_short_backtrace::<test[aada8e7e76ba119b]::run_test::{closure#1}, ()>
[INFO] [stdout]   16:     0x63f2630dc992 - <std[617be2ca0a6fd877]::thread::lifecycle::spawn_unchecked<test[aada8e7e76ba119b]::run_test::{closure#1}, ()>::{closure#1} as core[a373ad73a504971]::ops::function::FnOnce<()>>::call_once::{shim:vtable#0}
[INFO] [stdout]   17:     0x63f2631b8ddf - <std[617be2ca0a6fd877]::sys::thread::unix::Thread>::new::thread_start
[INFO] [stdout]   18:     0x7f97e71bbdfa - <unknown>
[INFO] [stdout]   19:     0x7f97e724f3d4 - clone
[INFO] [stdout]   20:                0x0 - <unknown>
[INFO] [stdout] 
[INFO] [stdout] ---- streaming::tests::test_custom_chunk_size stdout ----
[INFO] [stdout] 
[INFO] [stdout] thread 'streaming::tests::test_custom_chunk_size' (2239) panicked at src/streaming.rs:729:26:
[INFO] [stdout] should create tokenizer: Dict(Format("Dictionary directory not found. Set MECAB_DICDIR environment variable or install mecab-ko-dic to one of: /usr/local/lib/mecab/dic/mecab-ko-dic, /usr/lib/mecab/dic/mecab-ko-dic, /opt/mecab/dic/mecab-ko-dic, ./dic/mecab-ko-dic"))
[INFO] [stdout] stack backtrace:
[INFO] [stdout]    0:     0x63f2631b98a1 - <<std[617be2ca0a6fd877]::sys::backtrace::BacktraceLock>::print::DisplayBacktrace as core[a373ad73a504971]::fmt::Display>::fmt
[INFO] [stdout]    1:     0x63f2631cf44a - core[a373ad73a504971]::fmt::write
[INFO] [stdout]    2:     0x63f2631bdbdc - <alloc[2e1b2a31b91974c5]::vec::Vec<u8> as core[a373ad73a504971]::io::write::Write>::write_fmt
[INFO] [stdout]    3:     0x63f263195336 - std[617be2ca0a6fd877]::panicking::default_hook::{closure#0}
[INFO] [stdout]    4:     0x63f2631b1a89 - std[617be2ca0a6fd877]::panicking::default_hook
[INFO] [stdout]    5:     0x63f2630d92e0 - test[aada8e7e76ba119b]::test_main_inner::{closure#0}
[INFO] [stdout]    6:     0x63f2631b1db2 - std[617be2ca0a6fd877]::panicking::panic_with_hook
[INFO] [stdout]    7:     0x63f2631953e2 - std[617be2ca0a6fd877]::panicking::panic_handler::{closure#0}
[INFO] [stdout]    8:     0x63f26318df39 - std[617be2ca0a6fd877]::sys::backtrace::__rust_end_short_backtrace::<std[617be2ca0a6fd877]::panicking::panic_handler::{closure#0}, !>
[INFO] [stdout]    9:     0x63f263195fed - __rustc[ea4f61d10b84890b]::rust_begin_unwind
[INFO] [stdout]   10:     0x63f2631cfbac - core[a373ad73a504971]::panicking::panic_fmt
[INFO] [stdout]   11:     0x63f2631cf982 - core[a373ad73a504971]::result::unwrap_failed
[INFO] [stdout]   12:     0x63f262fec592 - <mecab_ko_core[9a3cc9ef24afa110]::streaming::tests::test_custom_chunk_size::{closure#0} as core[a373ad73a504971]::ops::function::FnOnce<()>>::call_once
[INFO] [stdout]   13:     0x63f2630cc72b - test[aada8e7e76ba119b]::__rust_begin_short_backtrace::<core[a373ad73a504971]::result::Result<(), alloc[2e1b2a31b91974c5]::string::String>, fn() -> core[a373ad73a504971]::result::Result<(), alloc[2e1b2a31b91974c5]::string::String>>
[INFO] [stdout]   14:     0x63f2630d9905 - test[aada8e7e76ba119b]::run_test::{closure#0}
[INFO] [stdout]   15:     0x63f2630d31f4 - std[617be2ca0a6fd877]::sys::backtrace::__rust_begin_short_backtrace::<test[aada8e7e76ba119b]::run_test::{closure#1}, ()>
[INFO] [stdout]   16:     0x63f2630dc992 - <std[617be2ca0a6fd877]::thread::lifecycle::spawn_unchecked<test[aada8e7e76ba119b]::run_test::{closure#1}, ()>::{closure#1} as core[a373ad73a504971]::ops::function::FnOnce<()>>::call_once::{shim:vtable#0}
[INFO] [stdout]   17:     0x63f2631b8ddf - <std[617be2ca0a6fd877]::sys::thread::unix::Thread>::new::thread_start
[INFO] [stdout]   18:     0x7f97e71bbdfa - <unknown>
[INFO] [stdout]   19:     0x7f97e724f3d4 - clone
[INFO] [stdout]   20:                0x0 - <unknown>
[INFO] [stdout] 
[INFO] [stdout] ---- streaming::tests::test_multibyte_delimiter_no_panic stdout ----
[INFO] [stdout] 
[INFO] [stdout] thread 'streaming::tests::test_multibyte_delimiter_no_panic' (2243) panicked at src/streaming.rs:729:26:
[INFO] [stdout] should create tokenizer: Dict(Format("Dictionary directory not found. Set MECAB_DICDIR environment variable or install mecab-ko-dic to one of: /usr/local/lib/mecab/dic/mecab-ko-dic, /usr/lib/mecab/dic/mecab-ko-dic, /opt/mecab/dic/mecab-ko-dic, ./dic/mecab-ko-dic"))
[INFO] [stdout] stack backtrace:
[INFO] [stdout]    0:     0x63f2631b98a1 - <<std[617be2ca0a6fd877]::sys::backtrace::BacktraceLock>::print::DisplayBacktrace as core[a373ad73a504971]::fmt::Display>::fmt
[INFO] [stdout]    1:     0x63f2631cf44a - core[a373ad73a504971]::fmt::write
[INFO] [stdout]    2:     0x63f2631bdbdc - <alloc[2e1b2a31b91974c5]::vec::Vec<u8> as core[a373ad73a504971]::io::write::Write>::write_fmt
[INFO] [stdout]    3:     0x63f263195336 - std[617be2ca0a6fd877]::panicking::default_hook::{closure#0}
[INFO] [stdout]    4:     0x63f2631b1a89 - std[617be2ca0a6fd877]::panicking::default_hook
[INFO] [stdout]    5:     0x63f2630d92e0 - test[aada8e7e76ba119b]::test_main_inner::{closure#0}
[INFO] [stdout]    6:     0x63f2631b1db2 - std[617be2ca0a6fd877]::panicking::panic_with_hook
[INFO] [stdout]    7:     0x63f2631953e2 - std[617be2ca0a6fd877]::panicking::panic_handler::{closure#0}
[INFO] [stdout]    8:     0x63f26318df39 - std[617be2ca0a6fd877]::sys::backtrace::__rust_end_short_backtrace::<std[617be2ca0a6fd877]::panicking::panic_handler::{closure#0}, !>
[INFO] [stdout]    9:     0x63f263195fed - __rustc[ea4f61d10b84890b]::rust_begin_unwind
[INFO] [stdout]   10:     0x63f2631cfbac - core[a373ad73a504971]::panicking::panic_fmt
[INFO] [stdout]   11:     0x63f2631cf982 - core[a373ad73a504971]::result::unwrap_failed
[INFO] [stdout]   12:     0x63f262fee400 - <mecab_ko_core[9a3cc9ef24afa110]::streaming::tests::test_multibyte_delimiter_no_panic::{closure#0} as core[a373ad73a504971]::ops::function::FnOnce<()>>::call_once
[INFO] [stdout]   13:     0x63f2630cc72b - test[aada8e7e76ba119b]::__rust_begin_short_backtrace::<core[a373ad73a504971]::result::Result<(), alloc[2e1b2a31b91974c5]::string::String>, fn() -> core[a373ad73a504971]::result::Result<(), alloc[2e1b2a31b91974c5]::string::String>>
[INFO] [stdout]   14:     0x63f2630d9905 - test[aada8e7e76ba119b]::run_test::{closure#0}
[INFO] [stdout]   15:     0x63f2630d31f4 - std[617be2ca0a6fd877]::sys::backtrace::__rust_begin_short_backtrace::<test[aada8e7e76ba119b]::run_test::{closure#1}, ()>
[INFO] [stdout]   16:     0x63f2630dc992 - <std[617be2ca0a6fd877]::thread::lifecycle::spawn_unchecked<test[aada8e7e76ba119b]::run_test::{closure#1}, ()>::{closure#1} as core[a373ad73a504971]::ops::function::FnOnce<()>>::call_once::{shim:vtable#0}
[INFO] [stdout]   17:     0x63f2631b8ddf - <std[617be2ca0a6fd877]::sys::thread::unix::Thread>::new::thread_start
[INFO] [stdout]   18:     0x7f97e71bbdfa - <unknown>
[INFO] [stdout]   19:     0x7f97e724f3d4 - clone
[INFO] [stdout]   20:                0x0 - <unknown>
[INFO] [stdout] 
[INFO] [stdout] ---- streaming::tests::test_multiple_chunks stdout ----
[INFO] [stdout] 
[INFO] [stdout] thread 'streaming::tests::test_multiple_chunks' (2244) panicked at src/streaming.rs:729:26:
[INFO] [stdout] should create tokenizer: Dict(Format("Dictionary directory not found. Set MECAB_DICDIR environment variable or install mecab-ko-dic to one of: /usr/local/lib/mecab/dic/mecab-ko-dic, /usr/lib/mecab/dic/mecab-ko-dic, /opt/mecab/dic/mecab-ko-dic, ./dic/mecab-ko-dic"))
[INFO] [stdout] stack backtrace:
[INFO] [stdout]    0:     0x63f2631b98a1 - <<std[617be2ca0a6fd877]::sys::backtrace::BacktraceLock>::print::DisplayBacktrace as core[a373ad73a504971]::fmt::Display>::fmt
[INFO] [stdout]    1:     0x63f2631cf44a - core[a373ad73a504971]::fmt::write
[INFO] [stdout]    2:     0x63f2631bdbdc - <alloc[2e1b2a31b91974c5]::vec::Vec<u8> as core[a373ad73a504971]::io::write::Write>::write_fmt
[INFO] [stdout]    3:     0x63f263195336 - std[617be2ca0a6fd877]::panicking::default_hook::{closure#0}
[INFO] [stdout]    4:     0x63f2631b1a89 - std[617be2ca0a6fd877]::panicking::default_hook
[INFO] [stdout]    5:     0x63f2630d92e0 - test[aada8e7e76ba119b]::test_main_inner::{closure#0}
[INFO] [stdout]    6:     0x63f2631b1db2 - std[617be2ca0a6fd877]::panicking::panic_with_hook
[INFO] [stdout]    7:     0x63f2631953e2 - std[617be2ca0a6fd877]::panicking::panic_handler::{closure#0}
[INFO] [stdout]    8:     0x63f26318df39 - std[617be2ca0a6fd877]::sys::backtrace::__rust_end_short_backtrace::<std[617be2ca0a6fd877]::panicking::panic_handler::{closure#0}, !>
[INFO] [stdout]    9:     0x63f263195fed - __rustc[ea4f61d10b84890b]::rust_begin_unwind
[INFO] [stdout]   10:     0x63f2631cfbac - core[a373ad73a504971]::panicking::panic_fmt
[INFO] [stdout]   11:     0x63f2631cf982 - core[a373ad73a504971]::result::unwrap_failed
[INFO] [stdout]   12:     0x63f262fec01b - <mecab_ko_core[9a3cc9ef24afa110]::streaming::tests::test_multiple_chunks::{closure#0} as core[a373ad73a504971]::ops::function::FnOnce<()>>::call_once
[INFO] [stdout]   13:     0x63f2630cc72b - test[aada8e7e76ba119b]::__rust_begin_short_backtrace::<core[a373ad73a504971]::result::Result<(), alloc[2e1b2a31b91974c5]::string::String>, fn() -> core[a373ad73a504971]::result::Result<(), alloc[2e1b2a31b91974c5]::string::String>>
[INFO] [stdout]   14:     0x63f2630d9905 - test[aada8e7e76ba119b]::run_test::{closure#0}
[INFO] [stdout]   15:     0x63f2630d31f4 - std[617be2ca0a6fd877]::sys::backtrace::__rust_begin_short_backtrace::<test[aada8e7e76ba119b]::run_test::{closure#1}, ()>
[INFO] [stdout]   16:     0x63f2630dc992 - <std[617be2ca0a6fd877]::thread::lifecycle::spawn_unchecked<test[aada8e7e76ba119b]::run_test::{closure#1}, ()>::{closure#1} as core[a373ad73a504971]::ops::function::FnOnce<()>>::call_once::{shim:vtable#0}
[INFO] [stdout]   17:     0x63f2631b8ddf - <std[617be2ca0a6fd877]::sys::thread::unix::Thread>::new::thread_start
[INFO] [stdout]   18:     0x7f97e71bbdfa - <unknown>
[INFO] [stdout]   19:     0x7f97e724f3d4 - clone
[INFO] [stdout]   20:                0x0 - <unknown>
[INFO] [stdout] 
[INFO] [stdout] ---- streaming::tests::test_chunked_token_iterator stdout ----
[INFO] [stdout] 
[INFO] [stdout] thread 'streaming::tests::test_chunked_token_iterator' (2238) panicked at src/streaming.rs:729:26:
[INFO] [stdout] should create tokenizer: Dict(Format("Dictionary directory not found. Set MECAB_DICDIR environment variable or install mecab-ko-dic to one of: /usr/local/lib/mecab/dic/mecab-ko-dic, /usr/lib/mecab/dic/mecab-ko-dic, /opt/mecab/dic/mecab-ko-dic, ./dic/mecab-ko-dic"))
[INFO] [stdout] stack backtrace:
[INFO] [stdout]    0:     0x63f2631b98a1 - <<std[617be2ca0a6fd877]::sys::backtrace::BacktraceLock>::print::DisplayBacktrace as core[a373ad73a504971]::fmt::Display>::fmt
[INFO] [stdout]    1:     0x63f2631cf44a - core[a373ad73a504971]::fmt::write
[INFO] [stdout]    2:     0x63f2631bdbdc - <alloc[2e1b2a31b91974c5]::vec::Vec<u8> as core[a373ad73a504971]::io::write::Write>::write_fmt
[INFO] [stdout]    3:     0x63f263195336 - std[617be2ca0a6fd877]::panicking::default_hook::{closure#0}
[INFO] [stdout]    4:     0x63f2631b1a89 - std[617be2ca0a6fd877]::panicking::default_hook
[INFO] [stdout]    5:     0x63f2630d92e0 - test[aada8e7e76ba119b]::test_main_inner::{closure#0}
[INFO] [stdout]    6:     0x63f2631b1db2 - std[617be2ca0a6fd877]::panicking::panic_with_hook
[INFO] [stdout]    7:     0x63f2631953e2 - std[617be2ca0a6fd877]::panicking::panic_handler::{closure#0}
[INFO] [stdout]    8:     0x63f26318df39 - std[617be2ca0a6fd877]::sys::backtrace::__rust_end_short_backtrace::<std[617be2ca0a6fd877]::panicking::panic_handler::{closure#0}, !>
[INFO] [stdout]    9:     0x63f263195fed - __rustc[ea4f61d10b84890b]::rust_begin_unwind
[INFO] [stdout]   10:     0x63f2631cfbac - core[a373ad73a504971]::panicking::panic_fmt
[INFO] [stdout]   11:     0x63f2631cf982 - core[a373ad73a504971]::result::unwrap_failed
[INFO] [stdout]   12:     0x63f262fed0b7 - <mecab_ko_core[9a3cc9ef24afa110]::streaming::tests::test_chunked_token_iterator::{closure#0} as core[a373ad73a504971]::ops::function::FnOnce<()>>::call_once
[INFO] [stdout]   13:     0x63f2630cc72b - test[aada8e7e76ba119b]::__rust_begin_short_backtrace::<core[a373ad73a504971]::result::Result<(), alloc[2e1b2a31b91974c5]::string::String>, fn() -> core[a373ad73a504971]::result::Result<(), alloc[2e1b2a31b91974c5]::string::String>>
[INFO] [stdout]   14:     0x63f2630d9905 - test[aada8e7e76ba119b]::run_test::{closure#0}
[INFO] [stdout]   15:     0x63f2630d31f4 - std[617be2ca0a6fd877]::sys::backtrace::__rust_begin_short_backtrace::<test[aada8e7e76ba119b]::run_test::{closure#1}, ()>
[INFO] [stdout]   16:     0x63f2630dc992 - <std[617be2ca0a6fd877]::thread::lifecycle::spawn_unchecked<test[aada8e7e76ba119b]::run_test::{closure#1}, ()>::{closure#1} as core[a373ad73a504971]::ops::function::FnOnce<()>>::call_once::{shim:vtable#0}
[INFO] [stdout]   17:     0x63f2631b8ddf - <std[617be2ca0a6fd877]::sys::thread::unix::Thread>::new::thread_start
[INFO] [stdout]   18:     0x7f97e71bbdfa - <unknown>
[INFO] [stdout]   19:     0x7f97e724f3d4 - clone
[INFO] [stdout]   20:                0x0 - <unknown>
[INFO] [stdout] 
[INFO] [stdout] ---- streaming::tests::test_process_chunk_with_delimiter stdout ----
[INFO] [stdout] 
[INFO] [stdout] thread 'streaming::tests::test_process_chunk_with_delimiter' (2245) panicked at src/streaming.rs:729:26:
[INFO] [stdout] should create tokenizer: Dict(Format("Dictionary directory not found. Set MECAB_DICDIR environment variable or install mecab-ko-dic to one of: /usr/local/lib/mecab/dic/mecab-ko-dic, /usr/lib/mecab/dic/mecab-ko-dic, /opt/mecab/dic/mecab-ko-dic, ./dic/mecab-ko-dic"))
[INFO] [stdout] stack backtrace:
[INFO] [stdout]    0:     0x63f2631b98a1 - <<std[617be2ca0a6fd877]::sys::backtrace::BacktraceLock>::print::DisplayBacktrace as core[a373ad73a504971]::fmt::Display>::fmt
[INFO] [stdout]    1:     0x63f2631cf44a - core[a373ad73a504971]::fmt::write
[INFO] [stdout]    2:     0x63f2631bdbdc - <alloc[2e1b2a31b91974c5]::vec::Vec<u8> as core[a373ad73a504971]::io::write::Write>::write_fmt
[INFO] [stdout]    3:     0x63f263195336 - std[617be2ca0a6fd877]::panicking::default_hook::{closure#0}
[INFO] [stdout]    4:     0x63f2631b1a89 - std[617be2ca0a6fd877]::panicking::default_hook
[INFO] [stdout]    5:     0x63f2630d92e0 - test[aada8e7e76ba119b]::test_main_inner::{closure#0}
[INFO] [stdout]    6:     0x63f2631b1db2 - std[617be2ca0a6fd877]::panicking::panic_with_hook
[INFO] [stdout]    7:     0x63f2631953e2 - std[617be2ca0a6fd877]::panicking::panic_handler::{closure#0}
[INFO] [stdout]    8:     0x63f26318df39 - std[617be2ca0a6fd877]::sys::backtrace::__rust_end_short_backtrace::<std[617be2ca0a6fd877]::panicking::panic_handler::{closure#0}, !>
[INFO] [stdout]    9:     0x63f263195fed - __rustc[ea4f61d10b84890b]::rust_begin_unwind
[INFO] [stdout]   10:     0x63f2631cfbac - core[a373ad73a504971]::panicking::panic_fmt
[INFO] [stdout]   11:     0x63f2631cf982 - core[a373ad73a504971]::result::unwrap_failed
[INFO] [stdout]   12:     0x63f262fee6fe - <mecab_ko_core[9a3cc9ef24afa110]::streaming::tests::test_process_chunk_with_delimiter::{closure#0} as core[a373ad73a504971]::ops::function::FnOnce<()>>::call_once
[INFO] [stdout]   13:     0x63f2630cc72b - test[aada8e7e76ba119b]::__rust_begin_short_backtrace::<core[a373ad73a504971]::result::Result<(), alloc[2e1b2a31b91974c5]::string::String>, fn() -> core[a373ad73a504971]::result::Result<(), alloc[2e1b2a31b91974c5]::string::String>>
[INFO] [stdout]   14:     0x63f2630d9905 - test[aada8e7e76ba119b]::run_test::{closure#0}
[INFO] [stdout]   15:     0x63f2630d31f4 - std[617be2ca0a6fd877]::sys::backtrace::__rust_begin_short_backtrace::<test[aada8e7e76ba119b]::run_test::{closure#1}, ()>
[INFO] [stdout]   16:     0x63f2630dc992 - <std[617be2ca0a6fd877]::thread::lifecycle::spawn_unchecked<test[aada8e7e76ba119b]::run_test::{closure#1}, ()>::{closure#1} as core[a373ad73a504971]::ops::function::FnOnce<()>>::call_once::{shim:vtable#0}
[INFO] [stdout]   17:     0x63f2631b8ddf - <std[617be2ca0a6fd877]::sys::thread::unix::Thread>::new::thread_start
[INFO] [stdout]   18:     0x7f97e71bbdfa - <unknown>
[INFO] [stdout]   19:     0x7f97e724f3d4 - clone
[INFO] [stdout]   20:                0x0 - <unknown>
[INFO] [stdout] 
[INFO] [stdout] ---- streaming::tests::test_process_chunk_without_delimiter stdout ----
[INFO] [stdout] 
[INFO] [stdout] thread 'streaming::tests::test_process_chunk_without_delimiter' (2246) panicked at src/streaming.rs:729:26:
[INFO] [stdout] should create tokenizer: Dict(Format("Dictionary directory not found. Set MECAB_DICDIR environment variable or install mecab-ko-dic to one of: /usr/local/lib/mecab/dic/mecab-ko-dic, /usr/lib/mecab/dic/mecab-ko-dic, /opt/mecab/dic/mecab-ko-dic, ./dic/mecab-ko-dic"))
[INFO] [stdout] stack backtrace:
[INFO] [stdout]    0:     0x63f2631b98a1 - <<std[617be2ca0a6fd877]::sys::backtrace::BacktraceLock>::print::DisplayBacktrace as core[a373ad73a504971]::fmt::Display>::fmt
[INFO] [stdout]    1:     0x63f2631cf44a - core[a373ad73a504971]::fmt::write
[INFO] [stdout]    2:     0x63f2631bdbdc - <alloc[2e1b2a31b91974c5]::vec::Vec<u8> as core[a373ad73a504971]::io::write::Write>::write_fmt
[INFO] [stdout]    3:     0x63f263195336 - std[617be2ca0a6fd877]::panicking::default_hook::{closure#0}
[INFO] [stdout]    4:     0x63f2631b1a89 - std[617be2ca0a6fd877]::panicking::default_hook
[INFO] [stdout]    5:     0x63f2630d92e0 - test[aada8e7e76ba119b]::test_main_inner::{closure#0}
[INFO] [stdout]    6:     0x63f2631b1db2 - std[617be2ca0a6fd877]::panicking::panic_with_hook
[INFO] [stdout]    7:     0x63f2631953e2 - std[617be2ca0a6fd877]::panicking::panic_handler::{closure#0}
[INFO] [stdout]    8:     0x63f26318df39 - std[617be2ca0a6fd877]::sys::backtrace::__rust_end_short_backtrace::<std[617be2ca0a6fd877]::panicking::panic_handler::{closure#0}, !>
[INFO] [stdout]    9:     0x63f263195fed - __rustc[ea4f61d10b84890b]::rust_begin_unwind
[INFO] [stdout]   10:     0x63f2631cfbac - core[a373ad73a504971]::panicking::panic_fmt
[INFO] [stdout]   11:     0x63f2631cf982 - core[a373ad73a504971]::result::unwrap_failed
[INFO] [stdout]   12:     0x63f262feed0b - <mecab_ko_core[9a3cc9ef24afa110]::streaming::tests::test_process_chunk_without_delimiter::{closure#0} as core[a373ad73a504971]::ops::function::FnOnce<()>>::call_once
[INFO] [stdout]   13:     0x63f2630cc72b - test[aada8e7e76ba119b]::__rust_begin_short_backtrace::<core[a373ad73a504971]::result::Result<(), alloc[2e1b2a31b91974c5]::string::String>, fn() -> core[a373ad73a504971]::result::Result<(), alloc[2e1b2a31b91974c5]::string::String>>
[INFO] [stdout]   14:     0x63f2630d9905 - test[aada8e7e76ba119b]::run_test::{closure#0}
[INFO] [stdout]   15:     0x63f2630d31f4 - std[617be2ca0a6fd877]::sys::backtrace::__rust_begin_short_backtrace::<test[aada8e7e76ba119b]::run_test::{closure#1}, ()>
[INFO] [stdout]   16:     0x63f2630dc992 - <std[617be2ca0a6fd877]::thread::lifecycle::spawn_unchecked<test[aada8e7e76ba119b]::run_test::{closure#1}, ()>::{closure#1} as core[a373ad73a504971]::ops::function::FnOnce<()>>::call_once::{shim:vtable#0}
[INFO] [stdout]   17:     0x63f2631b8ddf - <std[617be2ca0a6fd877]::sys::thread::unix::Thread>::new::thread_start
[INFO] [stdout]   18:     0x7f97e71bbdfa - <unknown>
[INFO] [stdout]   19:     0x7f97e724f3d4 - clone
[INFO] [stdout]   20:                0x0 - <unknown>
[INFO] [stdout] 
[INFO] [stdout] ---- streaming::tests::test_progress_callback stdout ----
[INFO] [stdout] 
[INFO] [stdout] thread 'streaming::tests::test_progress_callback' (2247) panicked at src/streaming.rs:729:26:
[INFO] [stdout] should create tokenizer: Dict(Format("Dictionary directory not found. Set MECAB_DICDIR environment variable or install mecab-ko-dic to one of: /usr/local/lib/mecab/dic/mecab-ko-dic, /usr/lib/mecab/dic/mecab-ko-dic, /opt/mecab/dic/mecab-ko-dic, ./dic/mecab-ko-dic"))
[INFO] [stdout] stack backtrace:
[INFO] [stdout]    0:     0x63f2631b98a1 - <<std[617be2ca0a6fd877]::sys::backtrace::BacktraceLock>::print::DisplayBacktrace as core[a373ad73a504971]::fmt::Display>::fmt
[INFO] [stdout]    1:     0x63f2631cf44a - core[a373ad73a504971]::fmt::write
[INFO] [stdout]    2:     0x63f2631bdbdc - <alloc[2e1b2a31b91974c5]::vec::Vec<u8> as core[a373ad73a504971]::io::write::Write>::write_fmt
[INFO] [stdout]    3:     0x63f263195336 - std[617be2ca0a6fd877]::panicking::default_hook::{closure#0}
[INFO] [stdout]    4:     0x63f2631b1a89 - std[617be2ca0a6fd877]::panicking::default_hook
[INFO] [stdout]    5:     0x63f2630d92e0 - test[aada8e7e76ba119b]::test_main_inner::{closure#0}
[INFO] [stdout]    6:     0x63f2631b1db2 - std[617be2ca0a6fd877]::panicking::panic_with_hook
[INFO] [stdout]    7:     0x63f2631953e2 - std[617be2ca0a6fd877]::panicking::panic_handler::{closure#0}
[INFO] [stdout]    8:     0x63f26318df39 - std[617be2ca0a6fd877]::sys::backtrace::__rust_end_short_backtrace::<std[617be2ca0a6fd877]::panicking::panic_handler::{closure#0}, !>
[INFO] [stdout]    9:     0x63f263195fed - __rustc[ea4f61d10b84890b]::rust_begin_unwind
[INFO] [stdout]   10:     0x63f2631cfbac - core[a373ad73a504971]::panicking::panic_fmt
[INFO] [stdout]   11:     0x63f2631cf982 - core[a373ad73a504971]::result::unwrap_failed
[INFO] [stdout]   12:     0x63f262fecace - <mecab_ko_core[9a3cc9ef24afa110]::streaming::tests::test_progress_callback::{closure#0} as core[a373ad73a504971]::ops::function::FnOnce<()>>::call_once
[INFO] [stdout]   13:     0x63f2630cc72b - test[aada8e7e76ba119b]::__rust_begin_short_backtrace::<core[a373ad73a504971]::result::Result<(), alloc[2e1b2a31b91974c5]::string::String>, fn() -> core[a373ad73a504971]::result::Result<(), alloc[2e1b2a31b91974c5]::string::String>>
[INFO] [stdout]   14:     0x63f2630d9905 - test[aada8e7e76ba119b]::run_test::{closure#0}
[INFO] [stdout]   15:     0x63f2630d31f4 - std[617be2ca0a6fd877]::sys::backtrace::__rust_begin_short_backtrace::<test[aada8e7e76ba119b]::run_test::{closure#1}, ()>
[INFO] [stdout]   16:     0x63f2630dc992 - <std[617be2ca0a6fd877]::thread::lifecycle::spawn_unchecked<test[aada8e7e76ba119b]::run_test::{closure#1}, ()>::{closure#1} as core[a373ad73a504971]::ops::function::FnOnce<()>>::call_once::{shim:vtable#0}
[INFO] [stdout]   17:     0x63f2631b8ddf - <std[617be2ca0a6fd877]::sys::thread::unix::Thread>::new::thread_start
[INFO] [stdout]   18:     0x7f97e71bbdfa - <unknown>
[INFO] [stdout]   19:     0x7f97e724f3d4 - clone
[INFO] [stdout]   20:                0x0 - <unknown>
[INFO] [stdout] 
[INFO] [stdout] ---- streaming::tests::test_custom_delimiters stdout ----
[INFO] [stdout] 
[INFO] [stdout] thread 'streaming::tests::test_custom_delimiters' (2240) panicked at src/streaming.rs:729:26:
[INFO] [stdout] should create tokenizer: Dict(Format("Dictionary directory not found. Set MECAB_DICDIR environment variable or install mecab-ko-dic to one of: /usr/local/lib/mecab/dic/mecab-ko-dic, /usr/lib/mecab/dic/mecab-ko-dic, /opt/mecab/dic/mecab-ko-dic, ./dic/mecab-ko-dic"))
[INFO] [stdout] stack backtrace:
[INFO] [stdout]    0:     0x63f2631b98a1 - <<std[617be2ca0a6fd877]::sys::backtrace::BacktraceLock>::print::DisplayBacktrace as core[a373ad73a504971]::fmt::Display>::fmt
[INFO] [stdout]    1:     0x63f2631cf44a - core[a373ad73a504971]::fmt::write
[INFO] [stdout]    2:     0x63f2631bdbdc - <alloc[2e1b2a31b91974c5]::vec::Vec<u8> as core[a373ad73a504971]::io::write::Write>::write_fmt
[INFO] [stdout]    3:     0x63f263195336 - std[617be2ca0a6fd877]::panicking::default_hook::{closure#0}
[INFO] [stdout]    4:     0x63f2631b1a89 - std[617be2ca0a6fd877]::panicking::default_hook
[INFO] [stdout]    5:     0x63f2630d92e0 - test[aada8e7e76ba119b]::test_main_inner::{closure#0}
[INFO] [stdout]    6:     0x63f2631b1db2 - std[617be2ca0a6fd877]::panicking::panic_with_hook
[INFO] [stdout]    7:     0x63f2631953e2 - std[617be2ca0a6fd877]::panicking::panic_handler::{closure#0}
[INFO] [stdout]    8:     0x63f26318df39 - std[617be2ca0a6fd877]::sys::backtrace::__rust_end_short_backtrace::<std[617be2ca0a6fd877]::panicking::panic_handler::{closure#0}, !>
[INFO] [stdout]    9:     0x63f263195fed - __rustc[ea4f61d10b84890b]::rust_begin_unwind
[INFO] [stdout]   10:     0x63f2631cfbac - core[a373ad73a504971]::panicking::panic_fmt
[INFO] [stdout]   11:     0x63f2631cf982 - core[a373ad73a504971]::result::unwrap_failed
[INFO] [stdout]   12:     0x63f262fec774 - <mecab_ko_core[9a3cc9ef24afa110]::streaming::tests::test_custom_delimiters::{closure#0} as core[a373ad73a504971]::ops::function::FnOnce<()>>::call_once
[INFO] [stdout]   13:     0x63f2630cc72b - test[aada8e7e76ba119b]::__rust_begin_short_backtrace::<core[a373ad73a504971]::result::Result<(), alloc[2e1b2a31b91974c5]::string::String>, fn() -> core[a373ad73a504971]::result::Result<(), alloc[2e1b2a31b91974c5]::string::String>>
[INFO] [stdout]   14:     0x63f2630d9905 - test[aada8e7e76ba119b]::run_test::{closure#0}
[INFO] [stdout]   15:     0x63f2630d31f4 - std[617be2ca0a6fd877]::sys::backtrace::__rust_begin_short_backtrace::<test[aada8e7e76ba119b]::run_test::{closure#1}, ()>
[INFO] [stdout]   16:     0x63f2630dc992 - <std[617be2ca0a6fd877]::thread::lifecycle::spawn_unchecked<test[aada8e7e76ba119b]::run_test::{closure#1}, ()>::{closure#1} as core[a373ad73a504971]::ops::function::FnOnce<()>>::call_once::{shim:vtable#0}
[INFO] [stdout]   17:     0x63f2631b8ddf - <std[617be2ca0a6fd877]::sys::thread::unix::Thread>::new::thread_start
[INFO] [stdout]   18:     0x7f97e71bbdfa - <unknown>
[INFO] [stdout]   19:     0x7f97e724f3d4 - clone
[INFO] [stdout]   20:                0x0 - <unknown>
[INFO] [stdout] 
[INFO] [stdout] ---- streaming::tests::test_flush stdout ----
[INFO] [stdout] 
[INFO] [stdout] thread 'streaming::tests::test_flush' (2242) panicked at src/streaming.rs:729:26:
[INFO] [stdout] should create tokenizer: Dict(Format("Dictionary directory not found. Set MECAB_DICDIR environment variable or install mecab-ko-dic to one of: /usr/local/lib/mecab/dic/mecab-ko-dic, /usr/lib/mecab/dic/mecab-ko-dic, /opt/mecab/dic/mecab-ko-dic, ./dic/mecab-ko-dic"))
[INFO] [stdout] stack backtrace:
[INFO] [stdout]    0:     0x63f2631b98a1 - <<std[617be2ca0a6fd877]::sys::backtrace::BacktraceLock>::print::DisplayBacktrace as core[a373ad73a504971]::fmt::Display>::fmt
[INFO] [stdout]    1:     0x63f2631cf44a - core[a373ad73a504971]::fmt::write
[INFO] [stdout]    2:     0x63f2631bdbdc - <alloc[2e1b2a31b91974c5]::vec::Vec<u8> as core[a373ad73a504971]::io::write::Write>::write_fmt
[INFO] [stdout]    3:     0x63f263195336 - std[617be2ca0a6fd877]::panicking::default_hook::{closure#0}
[INFO] [stdout]    4:     0x63f2631b1a89 - std[617be2ca0a6fd877]::panicking::default_hook
[INFO] [stdout]    5:     0x63f2630d92e0 - test[aada8e7e76ba119b]::test_main_inner::{closure#0}
[INFO] [stdout]    6:     0x63f2631b1db2 - std[617be2ca0a6fd877]::panicking::panic_with_hook
[INFO] [stdout]    7:     0x63f2631953e2 - std[617be2ca0a6fd877]::panicking::panic_handler::{closure#0}
[INFO] [stdout]    8:     0x63f26318df39 - std[617be2ca0a6fd877]::sys::backtrace::__rust_end_short_backtrace::<std[617be2ca0a6fd877]::panicking::panic_handler::{closure#0}, !>
[INFO] [stdout]    9:     0x63f263195fed - __rustc[ea4f61d10b84890b]::rust_begin_unwind
[INFO] [stdout]   10:     0x63f2631cfbac - core[a373ad73a504971]::panicking::panic_fmt
[INFO] [stdout]   11:     0x63f2631cf982 - core[a373ad73a504971]::result::unwrap_failed
[INFO] [stdout]   12:     0x63f262febb1c - <mecab_ko_core[9a3cc9ef24afa110]::streaming::tests::test_flush::{closure#0} as core[a373ad73a504971]::ops::function::FnOnce<()>>::call_once
[INFO] [stdout]   13:     0x63f2630cc72b - test[aada8e7e76ba119b]::__rust_begin_short_backtrace::<core[a373ad73a504971]::result::Result<(), alloc[2e1b2a31b91974c5]::string::String>, fn() -> core[a373ad73a504971]::result::Result<(), alloc[2e1b2a31b91974c5]::string::String>>
[INFO] [stdout]   14:     0x63f2630d9905 - test[aada8e7e76ba119b]::run_test::{closure#0}
[INFO] [stdout]   15:     0x63f2630d31f4 - std[617be2ca0a6fd877]::sys::backtrace::__rust_begin_short_backtrace::<test[aada8e7e76ba119b]::run_test::{closure#1}, ()>
[INFO] [stdout]   16:     0x63f2630dc992 - <std[617be2ca0a6fd877]::thread::lifecycle::spawn_unchecked<test[aada8e7e76ba119b]::run_test::{closure#1}, ()>::{closure#1} as core[a373ad73a504971]::ops::function::FnOnce<()>>::call_once::{shim:vtable#0}
[INFO] [stdout]   17:     0x63f2631b8ddf - <std[617be2ca0a6fd877]::sys::thread::unix::Thread>::new::thread_start
[INFO] [stdout]   18:     0x7f97e71bbdfa - <unknown>
[INFO] [stdout]   19:     0x7f97e724f3d4 - clone
[INFO] [stdout]   20:                0x0 - <unknown>
[INFO] [stdout] 
[INFO] [stdout] ---- streaming::tests::test_buffer_limit_forces_flush stdout ----
[INFO] [stdout] 
[INFO] [stdout] thread 'streaming::tests::test_buffer_limit_forces_flush' (2237) panicked at src/streaming.rs:729:26:
[INFO] [stdout] should create tokenizer: Dict(Format("Dictionary directory not found. Set MECAB_DICDIR environment variable or install mecab-ko-dic to one of: /usr/local/lib/mecab/dic/mecab-ko-dic, /usr/lib/mecab/dic/mecab-ko-dic, /opt/mecab/dic/mecab-ko-dic, ./dic/mecab-ko-dic"))
[INFO] [stdout] stack backtrace:
[INFO] [stdout]    0:     0x63f2631b98a1 - <<std[617be2ca0a6fd877]::sys::backtrace::BacktraceLock>::print::DisplayBacktrace as core[a373ad73a504971]::fmt::Display>::fmt
[INFO] [stdout]    1:     0x63f2631cf44a - core[a373ad73a504971]::fmt::write
[INFO] [stdout]    2:     0x63f2631bdbdc - <alloc[2e1b2a31b91974c5]::vec::Vec<u8> as core[a373ad73a504971]::io::write::Write>::write_fmt
[INFO] [stdout]    3:     0x63f263195336 - std[617be2ca0a6fd877]::panicking::default_hook::{closure#0}
[INFO] [stdout]    4:     0x63f2631b1a89 - std[617be2ca0a6fd877]::panicking::default_hook
[INFO] [stdout]    5:     0x63f2630d92e0 - test[aada8e7e76ba119b]::test_main_inner::{closure#0}
[INFO] [stdout]    6:     0x63f2631b1db2 - std[617be2ca0a6fd877]::panicking::panic_with_hook
[INFO] [stdout]    7:     0x63f2631953e2 - std[617be2ca0a6fd877]::panicking::panic_handler::{closure#0}
[INFO] [stdout]    8:     0x63f26318df39 - std[617be2ca0a6fd877]::sys::backtrace::__rust_end_short_backtrace::<std[617be2ca0a6fd877]::panicking::panic_handler::{closure#0}, !>
[INFO] [stdout]    9:     0x63f263195fed - __rustc[ea4f61d10b84890b]::rust_begin_unwind
[INFO] [stdout]   10:     0x63f2631cfbac - core[a373ad73a504971]::panicking::panic_fmt
[INFO] [stdout]   11:     0x63f2631cf982 - core[a373ad73a504971]::result::unwrap_failed
[INFO] [stdout]   12:     0x63f262fede3b - <mecab_ko_core[9a3cc9ef24afa110]::streaming::tests::test_buffer_limit_forces_flush::{closure#0} as core[a373ad73a504971]::ops::function::FnOnce<()>>::call_once
[INFO] [stdout]   13:     0x63f2630cc72b - test[aada8e7e76ba119b]::__rust_begin_short_backtrace::<core[a373ad73a504971]::result::Result<(), alloc[2e1b2a31b91974c5]::string::String>, fn() -> core[a373ad73a504971]::result::Result<(), alloc[2e1b2a31b91974c5]::string::String>>
[INFO] [stdout]   14:     0x63f2630d9905 - test[aada8e7e76ba119b]::run_test::{closure#0}
[INFO] [stdout]   15:     0x63f2630d31f4 - std[617be2ca0a6fd877]::sys::backtrace::__rust_begin_short_backtrace::<test[aada8e7e76ba119b]::run_test::{closure#1}, ()>
[INFO] [stdout]   16:     0x63f2630dc992 - <std[617be2ca0a6fd877]::thread::lifecycle::spawn_unchecked<test[aada8e7e76ba119b]::run_test::{closure#1}, ()>::{closure#1} as core[a373ad73a504971]::ops::function::FnOnce<()>>::call_once::{shim:vtable#0}
[INFO] [stdout]   17:     0x63f2631b8ddf - <std[617be2ca0a6fd877]::sys::thread::unix::Thread>::new::thread_start
[INFO] [stdout]   18:     0x7f97e71bbdfa - <unknown>
[INFO] [stdout]   19:     0x7f97e724f3d4 - clone
[INFO] [stdout]   20:                0x0 - <unknown>
[INFO] [stdout] 
[INFO] [stdout] ---- streaming::tests::test_reset stdout ----
[INFO] [stdout] 
[INFO] [stdout] thread 'streaming::tests::test_reset' (2250) panicked at src/streaming.rs:729:26:
[INFO] [stdout] should create tokenizer: Dict(Format("Dictionary directory not found. Set MECAB_DICDIR environment variable or install mecab-ko-dic to one of: /usr/local/lib/mecab/dic/mecab-ko-dic, /usr/lib/mecab/dic/mecab-ko-dic, /opt/mecab/dic/mecab-ko-dic, ./dic/mecab-ko-dic"))
[INFO] [stdout] stack backtrace:
[INFO] [stdout]    0:     0x63f2631b98a1 - <<std[617be2ca0a6fd877]::sys::backtrace::BacktraceLock>::print::DisplayBacktrace as core[a373ad73a504971]::fmt::Display>::fmt
[INFO] [stdout]    1:     0x63f2631cf44a - core[a373ad73a504971]::fmt::write
[INFO] [stdout]    2:     0x63f2631bdbdc - <alloc[2e1b2a31b91974c5]::vec::Vec<u8> as core[a373ad73a504971]::io::write::Write>::write_fmt
[INFO] [stdout]    3:     0x63f263195336 - std[617be2ca0a6fd877]::panicking::default_hook::{closure#0}
[INFO] [stdout]    4:     0x63f2631b1a89 - std[617be2ca0a6fd877]::panicking::default_hook
[INFO] [stdout]    5:     0x63f2630d92e0 - test[aada8e7e76ba119b]::test_main_inner::{closure#0}
[INFO] [stdout]    6:     0x63f2631b1db2 - std[617be2ca0a6fd877]::panicking::panic_with_hook
[INFO] [stdout]    7:     0x63f2631953e2 - std[617be2ca0a6fd877]::panicking::panic_handler::{closure#0}
[INFO] [stdout]    8:     0x63f26318df39 - std[617be2ca0a6fd877]::sys::backtrace::__rust_end_short_backtrace::<std[617be2ca0a6fd877]::panicking::panic_handler::{closure#0}, !>
[INFO] [stdout]    9:     0x63f263195fed - __rustc[ea4f61d10b84890b]::rust_begin_unwind
[INFO] [stdout]   10:     0x63f2631cfbac - core[a373ad73a504971]::panicking::panic_fmt
[INFO] [stdout]   11:     0x63f2631cf982 - core[a373ad73a504971]::result::unwrap_failed
[INFO] [stdout]   12:     0x63f262febd73 - <mecab_ko_core[9a3cc9ef24afa110]::streaming::tests::test_reset::{closure#0} as core[a373ad73a504971]::ops::function::FnOnce<()>>::call_once
[INFO] [stdout]   13:     0x63f2630cc72b - test[aada8e7e76ba119b]::__rust_begin_short_backtrace::<core[a373ad73a504971]::result::Result<(), alloc[2e1b2a31b91974c5]::string::String>, fn() -> core[a373ad73a504971]::result::Result<(), alloc[2e1b2a31b91974c5]::string::String>>
[INFO] [stdout]   14:     0x63f2630d9905 - test[aada8e7e76ba119b]::run_test::{closure#0}
[INFO] [stdout]   15:     0x63f2630d31f4 - std[617be2ca0a6fd877]::sys::backtrace::__rust_begin_short_backtrace::<test[aada8e7e76ba119b]::run_test::{closure#1}, ()>
[INFO] [stdout]   16:     0x63f2630dc992 - <std[617be2ca0a6fd877]::thread::lifecycle::spawn_unchecked<test[aada8e7e76ba119b]::run_test::{closure#1}, ()>::{closure#1} as core[a373ad73a504971]::ops::function::FnOnce<()>>::call_once::{shim:vtable#0}
[INFO] [stdout]   17:     0x63f2631b8ddf - <std[617be2ca0a6fd877]::sys::thread::unix::Thread>::new::thread_start
[INFO] [stdout]   18:     0x7f97e71bbdfa - <unknown>
[INFO] [stdout]   19:     0x7f97e724f3d4 - clone
[INFO] [stdout]   20:                0x0 - <unknown>
[INFO] [stdout] 
[INFO] [stdout] ---- streaming::tests::test_token_stream_size_hint stdout ----
[INFO] [stdout] 
[INFO] [stdout] thread 'streaming::tests::test_token_stream_size_hint' (2255) panicked at src/streaming.rs:729:26:
[INFO] [stdout] should create tokenizer: Dict(Format("Dictionary directory not found. Set MECAB_DICDIR environment variable or install mecab-ko-dic to one of: /usr/local/lib/mecab/dic/mecab-ko-dic, /usr/lib/mecab/dic/mecab-ko-dic, /opt/mecab/dic/mecab-ko-dic, ./dic/mecab-ko-dic"))
[INFO] [stdout] stack backtrace:
[INFO] [stdout]    0:     0x63f2631b98a1 - <<std[617be2ca0a6fd877]::sys::backtrace::BacktraceLock>::print::DisplayBacktrace as core[a373ad73a504971]::fmt::Display>::fmt
[INFO] [stdout]    1:     0x63f2631cf44a - core[a373ad73a504971]::fmt::write
[INFO] [stdout]    2:     0x63f2631bdbdc - <alloc[2e1b2a31b91974c5]::vec::Vec<u8> as core[a373ad73a504971]::io::write::Write>::write_fmt
[INFO] [stdout]    3:     0x63f263195336 - std[617be2ca0a6fd877]::panicking::default_hook::{closure#0}
[INFO] [stdout]    4:     0x63f2631b1a89 - std[617be2ca0a6fd877]::panicking::default_hook
[INFO] [stdout]    5:     0x63f2630d92e0 - test[aada8e7e76ba119b]::test_main_inner::{closure#0}
[INFO] [stdout]    6:     0x63f2631b1db2 - std[617be2ca0a6fd877]::panicking::panic_with_hook
[INFO] [stdout]    7:     0x63f2631953e2 - std[617be2ca0a6fd877]::panicking::panic_handler::{closure#0}
[INFO] [stdout]    8:     0x63f26318df39 - std[617be2ca0a6fd877]::sys::backtrace::__rust_end_short_backtrace::<std[617be2ca0a6fd877]::panicking::panic_handler::{closure#0}, !>
[INFO] [stdout]    9:     0x63f263195fed - __rustc[ea4f61d10b84890b]::rust_begin_unwind
[INFO] [stdout]   10:     0x63f2631cfbac - core[a373ad73a504971]::panicking::panic_fmt
[INFO] [stdout]   11:     0x63f2631cf982 - core[a373ad73a504971]::result::unwrap_failed
[INFO] [stdout]   12:     0x63f262fed6cb - <mecab_ko_core[9a3cc9ef24afa110]::streaming::tests::test_token_stream_size_hint::{closure#0} as core[a373ad73a504971]::ops::function::FnOnce<()>>::call_once
[INFO] [stdout]   13:     0x63f2630cc72b - test[aada8e7e76ba119b]::__rust_begin_short_backtrace::<core[a373ad73a504971]::result::Result<(), alloc[2e1b2a31b91974c5]::string::String>, fn() -> core[a373ad73a504971]::result::Result<(), alloc[2e1b2a31b91974c5]::string::String>>
[INFO] [stdout]   14:     0x63f2630d9905 - test[aada8e7e76ba119b]::run_test::{closure#0}
[INFO] [stdout]   15:     0x63f2630d31f4 - std[617be2ca0a6fd877]::sys::backtrace::__rust_begin_short_backtrace::<test[aada8e7e76ba119b]::run_test::{closure#1}, ()>
[INFO] [stdout]   16:     0x63f2630dc992 - <std[617be2ca0a6fd877]::thread::lifecycle::spawn_unchecked<test[aada8e7e76ba119b]::run_test::{closure#1}, ()>::{closure#1} as core[a373ad73a504971]::ops::function::FnOnce<()>>::call_once::{shim:vtable#0}
[INFO] [stdout]   17:     0x63f2631b8ddf - <std[617be2ca0a6fd877]::sys::thread::unix::Thread>::new::thread_start
[INFO] [stdout]   18:     0x7f97e71bbdfa - <unknown>
[INFO] [stdout]   19:     0x7f97e724f3d4 - clone
[INFO] [stdout]   20:                0x0 - <unknown>
[INFO] [stdout] 
[INFO] [stdout] ---- streaming::tests::test_token_stream_tokens_yielded stdout ----
[INFO] [stdout] 
[INFO] [stdout] thread 'streaming::tests::test_token_stream_tokens_yielded' (2256) panicked at src/streaming.rs:729:26:
[INFO] [stdout] should create tokenizer: Dict(Format("Dictionary directory not found. Set MECAB_DICDIR environment variable or install mecab-ko-dic to one of: /usr/local/lib/mecab/dic/mecab-ko-dic, /usr/lib/mecab/dic/mecab-ko-dic, /opt/mecab/dic/mecab-ko-dic, ./dic/mecab-ko-dic"))
[INFO] [stdout] stack backtrace:
[INFO] [stdout]    0:     0x63f2631b98a1 - <<std[617be2ca0a6fd877]::sys::backtrace::BacktraceLock>::print::DisplayBacktrace as core[a373ad73a504971]::fmt::Display>::fmt
[INFO] [stdout]    1:     0x63f2631cf44a - core[a373ad73a504971]::fmt::write
[INFO] [stdout]    2:     0x63f2631bdbdc - <alloc[2e1b2a31b91974c5]::vec::Vec<u8> as core[a373ad73a504971]::io::write::Write>::write_fmt
[INFO] [stdout]    3:     0x63f263195336 - std[617be2ca0a6fd877]::panicking::default_hook::{closure#0}
[INFO] [stdout]    4:     0x63f2631b1a89 - std[617be2ca0a6fd877]::panicking::default_hook
[INFO] [stdout]    5:     0x63f2630d92e0 - test[aada8e7e76ba119b]::test_main_inner::{closure#0}
[INFO] [stdout]    6:     0x63f2631b1db2 - std[617be2ca0a6fd877]::panicking::panic_with_hook
[INFO] [stdout]    7:     0x63f2631953e2 - std[617be2ca0a6fd877]::panicking::panic_handler::{closure#0}
[INFO] [stdout]    8:     0x63f26318df39 - std[617be2ca0a6fd877]::sys::backtrace::__rust_end_short_backtrace::<std[617be2ca0a6fd877]::panicking::panic_handler::{closure#0}, !>
[INFO] [stdout]    9:     0x63f263195fed - __rustc[ea4f61d10b84890b]::rust_begin_unwind
[INFO] [stdout]   10:     0x63f2631cfbac - core[a373ad73a504971]::panicking::panic_fmt
[INFO] [stdout]   11:     0x63f2631cf982 - core[a373ad73a504971]::result::unwrap_failed
[INFO] [stdout]   12:     0x63f262fee102 - <mecab_ko_core[9a3cc9ef24afa110]::streaming::tests::test_token_stream_tokens_yielded::{closure#0} as core[a373ad73a504971]::ops::function::FnOnce<()>>::call_once
[INFO] [stdout]   13:     0x63f2630cc72b - test[aada8e7e76ba119b]::__rust_begin_short_backtrace::<core[a373ad73a504971]::result::Result<(), alloc[2e1b2a31b91974c5]::string::String>, fn() -> core[a373ad73a504971]::result::Result<(), alloc[2e1b2a31b91974c5]::string::String>>
[INFO] [stdout]   14:     0x63f2630d9905 - test[aada8e7e76ba119b]::run_test::{closure#0}
[INFO] [stdout]   15:     0x63f2630d31f4 - std[617be2ca0a6fd877]::sys::backtrace::__rust_begin_short_backtrace::<test[aada8e7e76ba119b]::run_test::{closure#1}, ()>
[INFO] [stdout]   16:     0x63f2630dc992 - <std[617be2ca0a6fd877]::thread::lifecycle::spawn_unchecked<test[aada8e7e76ba119b]::run_test::{closure#1}, ()>::{closure#1} as core[a373ad73a504971]::ops::function::FnOnce<()>>::call_once::{shim:vtable#0}
[INFO] [stdout]   17:     0x63f2631b8ddf - <std[617be2ca0a6fd877]::sys::thread::unix::Thread>::new::thread_start
[INFO] [stdout]   18:     0x7f97e71bbdfa - <unknown>
[INFO] [stdout]   19:     0x7f97e724f3d4 - clone
[INFO] [stdout]   20:                0x0 - <unknown>
[INFO] [stdout] 
[INFO] [stdout] ---- streaming::tests::test_progress_streaming_tokenizer stdout ----
[INFO] [stdout] 
[INFO] [stdout] thread 'streaming::tests::test_progress_streaming_tokenizer' (2249) panicked at src/streaming.rs:729:26:
[INFO] [stdout] should create tokenizer: Dict(Format("Dictionary directory not found. Set MECAB_DICDIR environment variable or install mecab-ko-dic to one of: /usr/local/lib/mecab/dic/mecab-ko-dic, /usr/lib/mecab/dic/mecab-ko-dic, /opt/mecab/dic/mecab-ko-dic, ./dic/mecab-ko-dic"))
[INFO] [stdout] stack backtrace:
[INFO] [stdout]    0:     0x63f2631b98a1 - <<std[617be2ca0a6fd877]::sys::backtrace::BacktraceLock>::print::DisplayBacktrace as core[a373ad73a504971]::fmt::Display>::fmt
[INFO] [stdout]    1:     0x63f2631cf44a - core[a373ad73a504971]::fmt::write
[INFO] [stdout]    2:     0x63f2631bdbdc - <alloc[2e1b2a31b91974c5]::vec::Vec<u8> as core[a373ad73a504971]::io::write::Write>::write_fmt
[INFO] [stdout]    3:     0x63f263195336 - std[617be2ca0a6fd877]::panicking::default_hook::{closure#0}
[INFO] [stdout]    4:     0x63f2631b1a89 - std[617be2ca0a6fd877]::panicking::default_hook
[INFO] [stdout]    5:     0x63f2630d92e0 - test[aada8e7e76ba119b]::test_main_inner::{closure#0}
[INFO] [stdout]    6:     0x63f2631b1db2 - std[617be2ca0a6fd877]::panicking::panic_with_hook
[INFO] [stdout]    7:     0x63f2631953e2 - std[617be2ca0a6fd877]::panicking::panic_handler::{closure#0}
[INFO] [stdout]    8:     0x63f26318df39 - std[617be2ca0a6fd877]::sys::backtrace::__rust_end_short_backtrace::<std[617be2ca0a6fd877]::panicking::panic_handler::{closure#0}, !>
[INFO] [stdout]    9:     0x63f263195fed - __rustc[ea4f61d10b84890b]::rust_begin_unwind
[INFO] [stdout]   10:     0x63f2631cfbac - core[a373ad73a504971]::panicking::panic_fmt
[INFO] [stdout]   11:     0x63f2631cf982 - core[a373ad73a504971]::result::unwrap_failed
[INFO] [stdout]   12:     0x63f262fee9cc - <mecab_ko_core[9a3cc9ef24afa110]::streaming::tests::test_progress_streaming_tokenizer::{closure#0} as core[a373ad73a504971]::ops::function::FnOnce<()>>::call_once
[INFO] [stdout]   13:     0x63f2630cc72b - test[aada8e7e76ba119b]::__rust_begin_short_backtrace::<core[a373ad73a504971]::result::Result<(), alloc[2e1b2a31b91974c5]::string::String>, fn() -> core[a373ad73a504971]::result::Result<(), alloc[2e1b2a31b91974c5]::string::String>>
[INFO] [stdout]   14:     0x63f2630d9905 - test[aada8e7e76ba119b]::run_test::{closure#0}
[INFO] [stdout]   15:     0x63f2630d31f4 - std[617be2ca0a6fd877]::sys::backtrace::__rust_begin_short_backtrace::<test[aada8e7e76ba119b]::run_test::{closure#1}, ()>
[INFO] [stdout]   16:     0x63f2630dc992 - <std[617be2ca0a6fd877]::thread::lifecycle::spawn_unchecked<test[aada8e7e76ba119b]::run_test::{closure#1}, ()>::{closure#1} as core[a373ad73a504971]::ops::function::FnOnce<()>>::call_once::{shim:vtable#0}
[INFO] [stdout]   17:     0x63f2631b8ddf - <std[617be2ca0a6fd877]::sys::thread::unix::Thread>::new::thread_start
[INFO] [stdout]   18:     0x7f97e71bbdfa - <unknown>
[INFO] [stdout]   19:     0x7f97e724f3d4 - clone
[INFO] [stdout]   20:                0x0 - <unknown>
[INFO] [stdout] 
[INFO] [stdout] ---- tests::test_basic_tokenize stdout ----
[INFO] [stdout] 
[INFO] [stdout] thread 'tests::test_basic_tokenize' (2257) panicked at src/lib.rs:249:46:
[INFO] [stdout] called `Result::unwrap()` on an `Err` value: Dict(Format("Dictionary directory not found. Set MECAB_DICDIR environment variable or install mecab-ko-dic to one of: /usr/local/lib/mecab/dic/mecab-ko-dic, /usr/lib/mecab/dic/mecab-ko-dic, /opt/mecab/dic/mecab-ko-dic, ./dic/mecab-ko-dic"))
[INFO] [stdout] stack backtrace:
[INFO] [stdout]    0:     0x63f2631b98a1 - <<std[617be2ca0a6fd877]::sys::backtrace::BacktraceLock>::print::DisplayBacktrace as core[a373ad73a504971]::fmt::Display>::fmt
[INFO] [stdout]    1:     0x63f2631cf44a - core[a373ad73a504971]::fmt::write
[INFO] [stdout]    2:     0x63f2631bdbdc - <alloc[2e1b2a31b91974c5]::vec::Vec<u8> as core[a373ad73a504971]::io::write::Write>::write_fmt
[INFO] [stdout]    3:     0x63f263195336 - std[617be2ca0a6fd877]::panicking::default_hook::{closure#0}
[INFO] [stdout]    4:     0x63f2631b1a89 - std[617be2ca0a6fd877]::panicking::default_hook
[INFO] [stdout]    5:     0x63f2630d92e0 - test[aada8e7e76ba119b]::test_main_inner::{closure#0}
[INFO] [stdout]    6:     0x63f2631b1db2 - std[617be2ca0a6fd877]::panicking::panic_with_hook
[INFO] [stdout]    7:     0x63f2631953e2 - std[617be2ca0a6fd877]::panicking::panic_handler::{closure#0}
[INFO] [stdout]    8:     0x63f26318df39 - std[617be2ca0a6fd877]::sys::backtrace::__rust_end_short_backtrace::<std[617be2ca0a6fd877]::panicking::panic_handler::{closure#0}, !>
[INFO] [stdout]    9:     0x63f263195fed - __rustc[ea4f61d10b84890b]::rust_begin_unwind
[INFO] [stdout]   10:     0x63f2631cfbac - core[a373ad73a504971]::panicking::panic_fmt
[INFO] [stdout]   11:     0x63f2631cf982 - core[a373ad73a504971]::result::unwrap_failed
[INFO] [stdout]   12:     0x63f262fe167e - <mecab_ko_core[9a3cc9ef24afa110]::tests::test_basic_tokenize::{closure#0} as core[a373ad73a504971]::ops::function::FnOnce<()>>::call_once
[INFO] [stdout]   13:     0x63f2630cc72b - test[aada8e7e76ba119b]::__rust_begin_short_backtrace::<core[a373ad73a504971]::result::Result<(), alloc[2e1b2a31b91974c5]::string::String>, fn() -> core[a373ad73a504971]::result::Result<(), alloc[2e1b2a31b91974c5]::string::String>>
[INFO] [stdout]   14:     0x63f2630d9905 - test[aada8e7e76ba119b]::run_test::{closure#0}
[INFO] [stdout]   15:     0x63f2630d31f4 - std[617be2ca0a6fd877]::sys::backtrace::__rust_begin_short_backtrace::<test[aada8e7e76ba119b]::run_test::{closure#1}, ()>
[INFO] [stdout]   16:     0x63f2630dc992 - <std[617be2ca0a6fd877]::thread::lifecycle::spawn_unchecked<test[aada8e7e76ba119b]::run_test::{closure#1}, ()>::{closure#1} as core[a373ad73a504971]::ops::function::FnOnce<()>>::call_once::{shim:vtable#0}
[INFO] [stdout]   17:     0x63f2631b8ddf - <std[617be2ca0a6fd877]::sys::thread::unix::Thread>::new::thread_start
[INFO] [stdout]   18:     0x7f97e71bbdfa - <unknown>
[INFO] [stdout]   19:     0x7f97e724f3d4 - clone
[INFO] [stdout]   20:                0x0 - <unknown>
[INFO] [stdout] 
[INFO] [stdout] ---- tests::test_tokenizer_creation stdout ----
[INFO] [stdout] 
[INFO] [stdout] thread 'tests::test_tokenizer_creation' (2258) panicked at src/lib.rs:244:9:
[INFO] [stdout] assertion failed: tokenizer.is_ok()
[INFO] [stdout] stack backtrace:
[INFO] [stdout]    0:     0x63f2631b98a1 - <<std[617be2ca0a6fd877]::sys::backtrace::BacktraceLock>::print::DisplayBacktrace as core[a373ad73a504971]::fmt::Display>::fmt
[INFO] [stdout]    1:     0x63f2631cf44a - core[a373ad73a504971]::fmt::write
[INFO] [stdout]    2:     0x63f2631bdbdc - <alloc[2e1b2a31b91974c5]::vec::Vec<u8> as core[a373ad73a504971]::io::write::Write>::write_fmt
[INFO] [stdout]    3:     0x63f263195336 - std[617be2ca0a6fd877]::panicking::default_hook::{closure#0}
[INFO] [stdout]    4:     0x63f2631b1a89 - std[617be2ca0a6fd877]::panicking::default_hook
[INFO] [stdout]    5:     0x63f2630d92e0 - test[aada8e7e76ba119b]::test_main_inner::{closure#0}
[INFO] [stdout]    6:     0x63f2631b1db2 - std[617be2ca0a6fd877]::panicking::panic_with_hook
[INFO] [stdout]    7:     0x63f263195414 - std[617be2ca0a6fd877]::panicking::panic_handler::{closure#0}
[INFO] [stdout]    8:     0x63f26318df39 - std[617be2ca0a6fd877]::sys::backtrace::__rust_end_short_backtrace::<std[617be2ca0a6fd877]::panicking::panic_handler::{closure#0}, !>
[INFO] [stdout]    9:     0x63f263195fed - __rustc[ea4f61d10b84890b]::rust_begin_unwind
[INFO] [stdout]   10:     0x63f2631cfbac - core[a373ad73a504971]::panicking::panic_fmt
[INFO] [stdout]   11:     0x63f2631cfb72 - core[a373ad73a504971]::panicking::panic
[INFO] [stdout]   12:     0x63f262fe178d - <mecab_ko_core[9a3cc9ef24afa110]::tests::test_tokenizer_creation::{closure#0} as core[a373ad73a504971]::ops::function::FnOnce<()>>::call_once
[INFO] [stdout]   13:     0x63f2630cc72b - test[aada8e7e76ba119b]::__rust_begin_short_backtrace::<core[a373ad73a504971]::result::Result<(), alloc[2e1b2a31b91974c5]::string::String>, fn() -> core[a373ad73a504971]::result::Result<(), alloc[2e1b2a31b91974c5]::string::String>>
[INFO] [stdout]   14:     0x63f2630d9905 - test[aada8e7e76ba119b]::run_test::{closure#0}
[INFO] [stdout]   15:     0x63f2630d31f4 - std[617be2ca0a6fd877]::sys::backtrace::__rust_begin_short_backtrace::<test[aada8e7e76ba119b]::run_test::{closure#1}, ()>
[INFO] [stdout]   16:     0x63f2630dc992 - <std[617be2ca0a6fd877]::thread::lifecycle::spawn_unchecked<test[aada8e7e76ba119b]::run_test::{closure#1}, ()>::{closure#1} as core[a373ad73a504971]::ops::function::FnOnce<()>>::call_once::{shim:vtable#0}
[INFO] [stdout]   17:     0x63f2631b8ddf - <std[617be2ca0a6fd877]::sys::thread::unix::Thread>::new::thread_start
[INFO] [stdout]   18:     0x7f97e71bbdfa - <unknown>
[INFO] [stdout]   19:     0x7f97e724f3d4 - clone
[INFO] [stdout]   20:                0x0 - <unknown>
[INFO] [stdout] 
[INFO] [stdout] ---- streaming::tests::test_token_stream_creation stdout ----
[INFO] [stdout] 
[INFO] [stdout] thread 'streaming::tests::test_token_stream_creation' (2253) panicked at src/streaming.rs:729:26:
[INFO] [stdout] should create tokenizer: Dict(Format("Dictionary directory not found. Set MECAB_DICDIR environment variable or install mecab-ko-dic to one of: /usr/local/lib/mecab/dic/mecab-ko-dic, /usr/lib/mecab/dic/mecab-ko-dic, /opt/mecab/dic/mecab-ko-dic, ./dic/mecab-ko-dic"))
[INFO] [stdout] stack backtrace:
[INFO] [stdout]    0:     0x63f2631b98a1 - <<std[617be2ca0a6fd877]::sys::backtrace::BacktraceLock>::print::DisplayBacktrace as core[a373ad73a504971]::fmt::Display>::fmt
[INFO] [stdout]    1:     0x63f2631cf44a - core[a373ad73a504971]::fmt::write
[INFO] [stdout]    2:     0x63f2631bdbdc - <alloc[2e1b2a31b91974c5]::vec::Vec<u8> as core[a373ad73a504971]::io::write::Write>::write_fmt
[INFO] [stdout]    3:     0x63f263195336 - std[617be2ca0a6fd877]::panicking::default_hook::{closure#0}
[INFO] [stdout]    4:     0x63f2631b1a89 - std[617be2ca0a6fd877]::panicking::default_hook
[INFO] [stdout]    5:     0x63f2630d92e0 - test[aada8e7e76ba119b]::test_main_inner::{closure#0}
[INFO] [stdout]    6:     0x63f2631b1db2 - std[617be2ca0a6fd877]::panicking::panic_with_hook
[INFO] [stdout]    7:     0x63f2631953e2 - std[617be2ca0a6fd877]::panicking::panic_handler::{closure#0}
[INFO] [stdout]    8:     0x63f26318df39 - std[617be2ca0a6fd877]::sys::backtrace::__rust_end_short_backtrace::<std[617be2ca0a6fd877]::panicking::panic_handler::{closure#0}, !>
[INFO] [stdout]    9:     0x63f263195fed - __rustc[ea4f61d10b84890b]::rust_begin_unwind
[INFO] [stdout]   10:     0x63f2631cfbac - core[a373ad73a504971]::panicking::panic_fmt
[INFO] [stdout]   11:     0x63f2631cf982 - core[a373ad73a504971]::result::unwrap_failed
[INFO] [stdout]   12:     0x63f262fece13 - <mecab_ko_core[9a3cc9ef24afa110]::streaming::tests::test_token_stream_creation::{closure#0} as core[a373ad73a504971]::ops::function::FnOnce<()>>::call_once
[INFO] [stdout]   13:     0x63f2630cc72b - test[aada8e7e76ba119b]::__rust_begin_short_backtrace::<core[a373ad73a504971]::result::Result<(), alloc[2e1b2a31b91974c5]::string::String>, fn() -> core[a373ad73a504971]::result::Result<(), alloc[2e1b2a31b91974c5]::string::String>>
[INFO] [stdout]   14:     0x63f2630d9905 - test[aada8e7e76ba119b]::run_test::{closure#0}
[INFO] [stdout]   15:     0x63f2630d31f4 - std[617be2ca0a6fd877]::sys::backtrace::__rust_begin_short_backtrace::<test[aada8e7e76ba119b]::run_test::{closure#1}, ()>
[INFO] [stdout]   16:     0x63f2630dc992 - <std[617be2ca0a6fd877]::thread::lifecycle::spawn_unchecked<test[aada8e7e76ba119b]::run_test::{closure#1}, ()>::{closure#1} as core[a373ad73a504971]::ops::function::FnOnce<()>>::call_once::{shim:vtable#0}
[INFO] [stdout]   17:     0x63f2631b8ddf - <std[617be2ca0a6fd877]::sys::thread::unix::Thread>::new::thread_start
[INFO] [stdout]   18:     0x7f97e71bbdfa - <unknown>
[INFO] [stdout]   19:     0x7f97e724f3d4 - clone
[INFO] [stdout]   20:                0x0 - <unknown>
[INFO] [stdout] 
[INFO] [stdout] ---- streaming::tests::test_token_stream_iteration stdout ----
[INFO] [stdout] 
[INFO] [stdout] thread 'streaming::tests::test_token_stream_iteration' (2254) panicked at src/streaming.rs:729:26:
[INFO] [stdout] should create tokenizer: Dict(Format("Dictionary directory not found. Set MECAB_DICDIR environment variable or install mecab-ko-dic to one of: /usr/local/lib/mecab/dic/mecab-ko-dic, /usr/lib/mecab/dic/mecab-ko-dic, /opt/mecab/dic/mecab-ko-dic, ./dic/mecab-ko-dic"))
[INFO] [stdout] stack backtrace:
[INFO] [stdout]    0:     0x63f2631b98a1 - <<std[617be2ca0a6fd877]::sys::backtrace::BacktraceLock>::print::DisplayBacktrace as core[a373ad73a504971]::fmt::Display>::fmt
[INFO] [stdout]    1:     0x63f2631cf44a - core[a373ad73a504971]::fmt::write
[INFO] [stdout]    2:     0x63f2631bdbdc - <alloc[2e1b2a31b91974c5]::vec::Vec<u8> as core[a373ad73a504971]::io::write::Write>::write_fmt
[INFO] [stdout]    3:     0x63f263195336 - std[617be2ca0a6fd877]::panicking::default_hook::{closure#0}
[INFO] [stdout]    4:     0x63f2631b1a89 - std[617be2ca0a6fd877]::panicking::default_hook
[INFO] [stdout]    5:     0x63f2630d92e0 - test[aada8e7e76ba119b]::test_main_inner::{closure#0}
[INFO] [stdout]    6:     0x63f2631b1db2 - std[617be2ca0a6fd877]::panicking::panic_with_hook
[INFO] [stdout]    7:     0x63f2631953e2 - std[617be2ca0a6fd877]::panicking::panic_handler::{closure#0}
[INFO] [stdout]    8:     0x63f26318df39 - std[617be2ca0a6fd877]::sys::backtrace::__rust_end_short_backtrace::<std[617be2ca0a6fd877]::panicking::panic_handler::{closure#0}, !>
[INFO] [stdout]    9:     0x63f263195fed - __rustc[ea4f61d10b84890b]::rust_begin_unwind
[INFO] [stdout]   10:     0x63f2631cfbac - core[a373ad73a504971]::panicking::panic_fmt
[INFO] [stdout]   11:     0x63f2631cf982 - core[a373ad73a504971]::result::unwrap_failed
[INFO] [stdout]   12:     0x63f262fed3ef - <mecab_ko_core[9a3cc9ef24afa110]::streaming::tests::test_token_stream_iteration::{closure#0} as core[a373ad73a504971]::ops::function::FnOnce<()>>::call_once
[INFO] [stdout]   13:     0x63f2630cc72b - test[aada8e7e76ba119b]::__rust_begin_short_backtrace::<core[a373ad73a504971]::result::Result<(), alloc[2e1b2a31b91974c5]::string::String>, fn() -> core[a373ad73a504971]::result::Result<(), alloc[2e1b2a31b91974c5]::string::String>>
[INFO] [stdout]   14:     0x63f2630d9905 - test[aada8e7e76ba119b]::run_test::{closure#0}
[INFO] [stdout]   15:     0x63f2630d31f4 - std[617be2ca0a6fd877]::sys::backtrace::__rust_begin_short_backtrace::<test[aada8e7e76ba119b]::run_test::{closure#1}, ()>
[INFO] [stdout]   16:     0x63f2630dc992 - <std[617be2ca0a6fd877]::thread::lifecycle::spawn_unchecked<test[aada8e7e76ba119b]::run_test::{closure#1}, ()>::{closure#1} as core[a373ad73a504971]::ops::function::FnOnce<()>>::call_once::{shim:vtable#0}
[INFO] [stdout]   17:     0x63f2631b8ddf - <std[617be2ca0a6fd877]::sys::thread::unix::Thread>::new::thread_start
[INFO] [stdout]   18:     0x7f97e71bbdfa - <unknown>
[INFO] [stdout]   19:     0x7f97e724f3d4 - clone
[INFO] [stdout]   20:                0x0 - <unknown>
[INFO] [stdout] 
[INFO] [stdout] ---- streaming::tests::test_safe_split_point stdout ----
[INFO] [stdout] 
[INFO] [stdout] thread 'streaming::tests::test_safe_split_point' (2251) panicked at src/streaming.rs:729:26:
[INFO] [stdout] should create tokenizer: Dict(Format("Dictionary directory not found. Set MECAB_DICDIR environment variable or install mecab-ko-dic to one of: /usr/local/lib/mecab/dic/mecab-ko-dic, /usr/lib/mecab/dic/mecab-ko-dic, /opt/mecab/dic/mecab-ko-dic, ./dic/mecab-ko-dic"))
[INFO] [stdout] stack backtrace:
[INFO] [stdout]    0:     0x63f2631b98a1 - <<std[617be2ca0a6fd877]::sys::backtrace::BacktraceLock>::print::DisplayBacktrace as core[a373ad73a504971]::fmt::Display>::fmt
[INFO] [stdout]    1:     0x63f2631cf44a - core[a373ad73a504971]::fmt::write
[INFO] [stdout]    2:     0x63f2631bdbdc - <alloc[2e1b2a31b91974c5]::vec::Vec<u8> as core[a373ad73a504971]::io::write::Write>::write_fmt
[INFO] [stdout]    3:     0x63f263195336 - std[617be2ca0a6fd877]::panicking::default_hook::{closure#0}
[INFO] [stdout]    4:     0x63f2631b1a89 - std[617be2ca0a6fd877]::panicking::default_hook
[INFO] [stdout]    5:     0x63f2630d92e0 - test[aada8e7e76ba119b]::test_main_inner::{closure#0}
[INFO] [stdout]    6:     0x63f2631b1db2 - std[617be2ca0a6fd877]::panicking::panic_with_hook
[INFO] [stdout]    7:     0x63f2631953e2 - std[617be2ca0a6fd877]::panicking::panic_handler::{closure#0}
[INFO] [stdout]    8:     0x63f26318df39 - std[617be2ca0a6fd877]::sys::backtrace::__rust_end_short_backtrace::<std[617be2ca0a6fd877]::panicking::panic_handler::{closure#0}, !>
[INFO] [stdout]    9:     0x63f263195fed - __rustc[ea4f61d10b84890b]::rust_begin_unwind
[INFO] [stdout]   10:     0x63f2631cfbac - core[a373ad73a504971]::panicking::panic_fmt
[INFO] [stdout]   11:     0x63f2631cf982 - core[a373ad73a504971]::result::unwrap_failed
[INFO] [stdout]   12:     0x63f262fec388 - <mecab_ko_core[9a3cc9ef24afa110]::streaming::tests::test_safe_split_point::{closure#0} as core[a373ad73a504971]::ops::function::FnOnce<()>>::call_once
[INFO] [stdout]   13:     0x63f2630cc72b - test[aada8e7e76ba119b]::__rust_begin_short_backtrace::<core[a373ad73a504971]::result::Result<(), alloc[2e1b2a31b91974c5]::string::String>, fn() -> core[a373ad73a504971]::result::Result<(), alloc[2e1b2a31b91974c5]::string::String>>
[INFO] [stdout]   14:     0x63f2630d9905 - test[aada8e7e76ba119b]::run_test::{closure#0}
[INFO] [stdout]   15:     0x63f2630d31f4 - std[617be2ca0a6fd877]::sys::backtrace::__rust_begin_short_backtrace::<test[aada8e7e76ba119b]::run_test::{closure#1}, ()>
[INFO] [stdout]   16:     0x63f2630dc992 - <std[617be2ca0a6fd877]::thread::lifecycle::spawn_unchecked<test[aada8e7e76ba119b]::run_test::{closure#1}, ()>::{closure#1} as core[a373ad73a504971]::ops::function::FnOnce<()>>::call_once::{shim:vtable#0}
[INFO] [stdout]   17:     0x63f2631b8ddf - <std[617be2ca0a6fd877]::sys::thread::unix::Thread>::new::thread_start
[INFO] [stdout]   18:     0x7f97e71bbdfa - <unknown>
[INFO] [stdout]   19:     0x7f97e724f3d4 - clone
[INFO] [stdout]   20:                0x0 - <unknown>
[INFO] [stdout] 
[INFO] [stdout] ---- streaming::tests::test_streaming_tokenizer_creation stdout ----
[INFO] [stdout] 
[INFO] [stdout] thread 'streaming::tests::test_streaming_tokenizer_creation' (2252) panicked at src/streaming.rs:729:26:
[INFO] [stdout] should create tokenizer: Dict(Format("Dictionary directory not found. Set MECAB_DICDIR environment variable or install mecab-ko-dic to one of: /usr/local/lib/mecab/dic/mecab-ko-dic, /usr/lib/mecab/dic/mecab-ko-dic, /opt/mecab/dic/mecab-ko-dic, ./dic/mecab-ko-dic"))
[INFO] [stdout] stack backtrace:
[INFO] [stdout]    0:     0x63f2631b98a1 - <<std[617be2ca0a6fd877]::sys::backtrace::BacktraceLock>::print::DisplayBacktrace as core[a373ad73a504971]::fmt::Display>::fmt
[INFO] [stdout]    1:     0x63f2631cf44a - core[a373ad73a504971]::fmt::write
[INFO] [stdout]    2:     0x63f2631bdbdc - <alloc[2e1b2a31b91974c5]::vec::Vec<u8> as core[a373ad73a504971]::io::write::Write>::write_fmt
[INFO] [stdout]    3:     0x63f263195336 - std[617be2ca0a6fd877]::panicking::default_hook::{closure#0}
[INFO] [stdout]    4:     0x63f2631b1a89 - std[617be2ca0a6fd877]::panicking::default_hook
[INFO] [stdout]    5:     0x63f2630d92e0 - test[aada8e7e76ba119b]::test_main_inner::{closure#0}
[INFO] [stdout]    6:     0x63f2631b1db2 - std[617be2ca0a6fd877]::panicking::panic_with_hook
[INFO] [stdout]    7:     0x63f2631953e2 - std[617be2ca0a6fd877]::panicking::panic_handler::{closure#0}
[INFO] [stdout]    8:     0x63f26318df39 - std[617be2ca0a6fd877]::sys::backtrace::__rust_end_short_backtrace::<std[617be2ca0a6fd877]::panicking::panic_handler::{closure#0}, !>
[INFO] [stdout]    9:     0x63f263195fed - __rustc[ea4f61d10b84890b]::rust_begin_unwind
[INFO] [stdout]   10:     0x63f2631cfbac - core[a373ad73a504971]::panicking::panic_fmt
[INFO] [stdout]   11:     0x63f2631cf982 - core[a373ad73a504971]::result::unwrap_failed
[INFO] [stdout]   12:     0x63f262feeb6c - <mecab_ko_core[9a3cc9ef24afa110]::streaming::tests::test_streaming_tokenizer_creation::{closure#0} as core[a373ad73a504971]::ops::function::FnOnce<()>>::call_once
[INFO] [stdout]   13:     0x63f2630cc72b - test[aada8e7e76ba119b]::__rust_begin_short_backtrace::<core[a373ad73a504971]::result::Result<(), alloc[2e1b2a31b91974c5]::string::String>, fn() -> core[a373ad73a504971]::result::Result<(), alloc[2e1b2a31b91974c5]::string::String>>
[INFO] [stdout]   14:     0x63f2630d9905 - test[aada8e7e76ba119b]::run_test::{closure#0}
[INFO] [stdout]   15:     0x63f2630d31f4 - std[617be2ca0a6fd877]::sys::backtrace::__rust_begin_short_backtrace::<test[aada8e7e76ba119b]::run_test::{closure#1}, ()>
[INFO] [stdout]   16:     0x63f2630dc992 - <std[617be2ca0a6fd877]::thread::lifecycle::spawn_unchecked<test[aada8e7e76ba119b]::run_test::{closure#1}, ()>::{closure#1} as core[a373ad73a504971]::ops::function::FnOnce<()>>::call_once::{shim:vtable#0}
[INFO] [stdout]   17:     0x63f2631b8ddf - <std[617be2ca0a6fd877]::sys::thread::unix::Thread>::new::thread_start
[INFO] [stdout]   18:     0x7f97e71bbdfa - <unknown>
[INFO] [stdout]   19:     0x7f97e724f3d4 - clone
[INFO] [stdout]   20:                0x0 - <unknown>
[INFO] [stdout] 
[INFO] [stdout] 
[INFO] [stdout] failures:
[INFO] [stdout]     batch::tests::test_available_tokenizers
[INFO] [stdout]     batch::tests::test_batch_tokenizer_creation
[INFO] [stdout]     batch::tests::test_empty_batch
[INFO] [stdout]     batch::tests::test_large_batch
[INFO] [stdout]     batch::tests::test_large_file_processor_creation
[INFO] [stdout]     batch::tests::test_large_file_processor_with_buffer_size
[INFO] [stdout]     batch::tests::test_large_file_processor_with_callback
[INFO] [stdout]     batch::tests::test_parallel_stream_processor_creation
[INFO] [stdout]     batch::tests::test_pool_size
[INFO] [stdout]     batch::tests::test_single_item_batch
[INFO] [stdout]     batch::tests::test_tokenize_batch
[INFO] [stdout]     batch::tests::test_tokenize_batch_owned
[INFO] [stdout]     batch::tests::test_tokenize_chunked
[INFO] [stdout]     batch::tests::test_with_chunk_size
[INFO] [stdout]     batch::tests::test_with_pool_size
[INFO] [stdout]     nori_compat::tests::test_analyzer_basic_functionality
[INFO] [stdout]     nori_compat::tests::test_decompound_modes_with_compound
[INFO] [stdout]     nori_compat::tests::test_discard_mode_returns_only_parts
[INFO] [stdout]     nori_compat::tests::test_mixed_mode_returns_both
[INFO] [stdout]     nori_compat::tests::test_nori_analyzer_creation
[INFO] [stdout]     nori_compat::tests::test_nori_analyzer_default
[INFO] [stdout]     nori_compat::tests::test_nori_analyzer_stoptag_management
[INFO] [stdout]     nori_compat::tests::test_nori_tokenizer_creation
[INFO] [stdout]     nori_compat::tests::test_tokenizer_basic_functionality
[INFO] [stdout]     streaming::tests::test_buffer_limit_forces_flush
[INFO] [stdout]     streaming::tests::test_chunked_token_iterator
[INFO] [stdout]     streaming::tests::test_custom_chunk_size
[INFO] [stdout]     streaming::tests::test_custom_delimiters
[INFO] [stdout]     streaming::tests::test_decimal_number_not_split
[INFO] [stdout]     streaming::tests::test_flush
[INFO] [stdout]     streaming::tests::test_multibyte_delimiter_no_panic
[INFO] [stdout]     streaming::tests::test_multiple_chunks
[INFO] [stdout]     streaming::tests::test_process_chunk_with_delimiter
[INFO] [stdout]     streaming::tests::test_process_chunk_without_delimiter
[INFO] [stdout]     streaming::tests::test_progress_callback
[INFO] [stdout]     streaming::tests::test_progress_streaming_tokenizer
[INFO] [stdout]     streaming::tests::test_reset
[INFO] [stdout]     streaming::tests::test_safe_split_point
[INFO] [stdout]     streaming::tests::test_streaming_tokenizer_creation
[INFO] [stdout]     streaming::tests::test_token_stream_creation
[INFO] [stdout]     streaming::tests::test_token_stream_iteration
[INFO] [stdout]     streaming::tests::test_token_stream_size_hint
[INFO] [stdout]     streaming::tests::test_token_stream_tokens_yielded
[INFO] [stdout]     tests::test_basic_tokenize
[INFO] [stdout]     tests::test_tokenizer_creation
[INFO] [stdout] 
[INFO] [stdout] test result: FAILED. 325 passed; 45 failed; 0 ignored; 0 measured; 0 filtered out; finished in 0.09s
[INFO] [stdout] 
[INFO] [stderr] error: test failed, to rerun pass `--lib`
[INFO] running `Command { std: "docker" "inspect" "1b51d7108aa058500bda5fbd364d4dc994653f93366545d251e4b94b7eed5e97", kill_on_drop: false }`
[INFO] running `Command { std: "docker" "rm" "-f" "1b51d7108aa058500bda5fbd364d4dc994653f93366545d251e4b94b7eed5e97", kill_on_drop: false }`
[INFO] [stdout] 1b51d7108aa058500bda5fbd364d4dc994653f93366545d251e4b94b7eed5e97
