[INFO] fetching crate me-sh 0.3.0...
[INFO] testing me-sh-0.3.0 against 1.99.0-beta.8+cargoflags=--release for beta-release-1.100-2
[INFO] extracting crate me-sh 0.3.0 into /workspace/builds/worker-4-tc1/source
[INFO] started tweaking crates.io crate me-sh 0.3.0
[INFO] finished tweaking crates.io crate me-sh 0.3.0
[INFO] tweaked toml for crates.io crate me-sh 0.3.0 written to /workspace/builds/worker-4-tc1/source/Cargo.toml
[INFO] validating manifest of crates.io crate me-sh 0.3.0 on toolchain 1.99.0-beta.8
[INFO] running `Command { std: CARGO_HOME="/workspace/cargo-home" RUSTUP_HOME="/workspace/rustup-home" "/workspace/cargo-home/bin/cargo" "+1.99.0-beta.8" "metadata" "--manifest-path" "Cargo.toml" "--no-deps", kill_on_drop: false }`
[INFO] crate crates.io crate me-sh 0.3.0 already has a lockfile, it will not be regenerated
[INFO] running `Command { std: CARGO_HOME="/workspace/cargo-home" RUSTUP_HOME="/workspace/rustup-home" "/workspace/cargo-home/bin/cargo" "+1.99.0-beta.8" "fetch" "--manifest-path" "Cargo.toml", kill_on_drop: false }`
[INFO] [stderr]  Downloading crates ...
[INFO] [stderr]   Downloaded directories v6.0.0
[INFO] [stderr]   Downloaded log v0.4.31
[INFO] [stderr]   Downloaded aws-lc-rs v1.17.0
[INFO] [stderr]   Downloaded aws-lc-sys v0.41.0
[INFO] running `Command { std: "docker" "create" "-v" "/var/lib/crater-agent-workspace/builds/worker-4-tc1/source:/opt/rustwide/workdir:ro,Z" "-v" "/var/lib/crater-agent-workspace/builds/worker-4-tc1/target:/opt/rustwide/target:rw,Z" "-v" "/var/lib/crater-agent-workspace/cargo-home:/opt/rustwide/cargo-home:ro,Z" "-v" "/var/lib/crater-agent-workspace/rustup-home:/opt/rustwide/rustup-home:ro,Z" "-m" "1610612736" "--network" "none" "ghcr.io/rust-lang/crates-build-env/linux@sha256:77db811e55d90add9212f6832c23229e3de5f1c1f9905e8cb07319ea15df73ac" "sleep" "infinity", kill_on_drop: false }`
[INFO] [stdout] 543de9414fcd930fb5b9f38b1af7740505c7a160fc93f192b7dace3d7ebb7905
[INFO] running `Command { std: "docker" "start" "543de9414fcd930fb5b9f38b1af7740505c7a160fc93f192b7dace3d7ebb7905", kill_on_drop: false }`
[INFO] running `Command { std: "docker" "inspect" "543de9414fcd930fb5b9f38b1af7740505c7a160fc93f192b7dace3d7ebb7905", kill_on_drop: false }`
[INFO] running `Command { std: "docker" "exec" "-e" "SOURCE_DIR=/opt/rustwide/workdir" "-e" "CARGO_HOME=/opt/rustwide/cargo-home" "-e" "RUSTUP_HOME=/opt/rustwide/rustup-home" "-e" "CARGO_TARGET_DIR=/opt/rustwide/target" "-w" "/opt/rustwide/workdir" "--user" "0:0" "543de9414fcd930fb5b9f38b1af7740505c7a160fc93f192b7dace3d7ebb7905" "/opt/rustwide/cargo-home/bin/cargo" "+1.99.0-beta.8" "metadata" "--no-deps" "--format-version=1", kill_on_drop: false }`
[INFO] running `Command { std: "docker" "inspect" "543de9414fcd930fb5b9f38b1af7740505c7a160fc93f192b7dace3d7ebb7905", kill_on_drop: false }`
[INFO] running `Command { std: "docker" "exec" "-e" "SOURCE_DIR=/opt/rustwide/workdir" "-e" "CARGO_HOME=/opt/rustwide/cargo-home" "-e" "RUSTUP_HOME=/opt/rustwide/rustup-home" "-e" "CARGO_TARGET_DIR=/opt/rustwide/target" "-e" "CARGO_INCREMENTAL=0" "-e" "RUST_BACKTRACE=full" "-e" "RUSTFLAGS=--cap-lints=warn" "-e" "RUSTDOCFLAGS=--cap-lints=warn" "-w" "/opt/rustwide/workdir" "--user" "0:0" "543de9414fcd930fb5b9f38b1af7740505c7a160fc93f192b7dace3d7ebb7905" "/opt/rustwide/cargo-home/bin/cargo" "+1.99.0-beta.8" "build" "--frozen" "--message-format=json" "--release", kill_on_drop: false }`
[INFO] [stderr]    Compiling syn v2.0.117
[INFO] [stderr]    Compiling cc v1.2.63
[INFO] [stderr]    Compiling aws-lc-rs v1.17.0
[INFO] [stderr]    Compiling bitflags v2.12.1
[INFO] [stderr]    Compiling serde_core v1.0.228
[INFO] [stderr]    Compiling rustix v1.1.4
[INFO] [stderr]    Compiling slab v0.4.12
[INFO] [stderr]    Compiling futures-task v0.3.32
[INFO] [stderr]    Compiling rustls v0.23.40
[INFO] [stderr]    Compiling object v0.37.3
[INFO] [stderr]    Compiling typenum v1.20.1
[INFO] [stderr]    Compiling futures-util v0.3.32
[INFO] [stderr]    Compiling anstyle-parse v1.0.0
[INFO] [stderr]    Compiling gimli v0.32.3
[INFO] [stderr]    Compiling colorchoice v1.0.5
[INFO] [stderr]    Compiling log v0.4.31
[INFO] [stderr]    Compiling anstyle-query v1.1.5
[INFO] [stderr]    Compiling anstyle v1.0.14
[INFO] [stderr]    Compiling cmake v0.1.58
[INFO] [stderr]    Compiling hybrid-array v0.4.12
[INFO] [stderr]    Compiling miniz_oxide v0.8.9
[INFO] [stderr]    Compiling anstream v1.0.0
[INFO] [stderr]    Compiling aws-lc-sys v0.41.0
[INFO] [stderr]    Compiling zstd-sys v2.0.16+zstd.1.5.7
[INFO] [stderr]    Compiling parking_lot_core v0.9.12
[INFO] [stderr]    Compiling rustc-demangle v0.1.27
[INFO] [stderr]    Compiling serde_json v1.0.150
[INFO] [stderr]    Compiling litrs v1.0.0
[INFO] [stderr]    Compiling clap_lex v1.1.0
[INFO] [stderr]    Compiling openssl-probe v0.2.1
[INFO] [stderr]    Compiling owo-colors v4.3.0
[INFO] [stderr]    Compiling addr2line v0.25.1
[INFO] [stderr]    Compiling rustls-native-certs v0.8.4
[INFO] [stderr]    Compiling clap_builder v4.6.0
[INFO] [stderr]    Compiling synstructure v0.13.2
[INFO] [stderr]    Compiling document-features v0.2.12
[INFO] [stderr]    Compiling parking_lot v0.12.5
[INFO] [stderr]    Compiling crypto-common v0.2.2
[INFO] [stderr]    Compiling block-buffer v0.12.0
[INFO] [stderr]    Compiling unicode-linebreak v0.1.5
[INFO] [stderr]    Compiling const-oid v0.10.2
[INFO] [stderr]    Compiling is_ci v1.2.0
[INFO] [stderr]    Compiling supports-color v3.0.2
[INFO] [stderr]    Compiling textwrap v0.16.2
[INFO] [stderr]    Compiling dirs-sys v0.5.0
[INFO] [stderr]    Compiling zerofrom-derive v0.1.7
[INFO] [stderr]    Compiling yoke-derive v0.8.2
[INFO] [stderr]    Compiling zerovec-derive v0.11.3
[INFO] [stderr]    Compiling zerofrom v0.1.8
[INFO] [stderr]    Compiling displaydoc v0.2.6
[INFO] [stderr]    Compiling tokio-macros v2.7.0
[INFO] [stderr]    Compiling yoke v0.8.2
[INFO] [stderr]    Compiling tracing-attributes v0.1.31
[INFO] [stderr]    Compiling zerovec v0.11.6
[INFO] [stderr]    Compiling tokio v1.52.3
[INFO] [stderr]    Compiling serde_derive v1.0.228
[INFO] [stderr]    Compiling zerotrie v0.2.4
[INFO] [stderr]    Compiling backtrace v0.3.76
[INFO] [stderr]    Compiling tinystr v0.8.3
[INFO] [stderr]    Compiling icu_locale_core v2.2.0
[INFO] [stderr]    Compiling potential_utf v0.1.5
[INFO] [stderr]    Compiling icu_collections v2.2.0
[INFO] [stderr]    Compiling tracing v0.1.44
[INFO] [stderr]    Compiling icu_provider v2.2.0
[INFO] [stderr]    Compiling icu_properties v2.2.0
[INFO] [stderr]    Compiling icu_normalizer v2.2.0
[INFO] [stderr]    Compiling idna_adapter v1.2.2
[INFO] [stderr]    Compiling idna v1.1.0
[INFO] [stderr]    Compiling url v2.5.8
[INFO] [stderr]    Compiling serde v1.0.228
[INFO] [stderr]    Compiling hyper v1.10.1
[INFO] [stderr]    Compiling tower v0.5.3
[INFO] [stderr]    Compiling clap_derive v4.6.1
[INFO] [stderr]    Compiling tower-http v0.6.11
[INFO] [stderr]    Compiling hyper-util v0.1.20
[INFO] [stderr]    Compiling serde_urlencoded v0.7.1
[INFO] [stderr]    Compiling backtrace-ext v0.2.1
[INFO] [stderr]    Compiling thiserror-impl v2.0.18
[INFO] [stderr]    Compiling clap v4.6.1
[INFO] [stderr]    Compiling miette-derive v7.6.0
[INFO] [stderr]    Compiling digest v0.11.3
[INFO] [stderr]    Compiling crossterm v0.29.0
[INFO] [stderr]    Compiling terminal_size v0.4.4
[INFO] [stderr]    Compiling tracing-log v0.2.0
[INFO] [stderr]    Compiling csv-core v0.1.13
[INFO] [stderr]    Compiling filetime v0.2.29
[INFO] [stderr]    Compiling unicode-width v0.1.14
[INFO] [stderr]    Compiling unicode-segmentation v1.13.3
[INFO] [stderr]    Compiling supports-unicode v3.0.0
[INFO] [stderr]    Compiling supports-hyperlinks v3.2.0
[INFO] [stderr]    Compiling cpufeatures v0.3.0
[INFO] [stderr]    Compiling tar v0.4.46
[INFO] [stderr]    Compiling sha2 v0.11.0
[INFO] [stderr]    Compiling miette v7.6.0
[INFO] [stderr]    Compiling comfy-table v7.2.2
[INFO] [stderr]    Compiling tracing-subscriber v0.3.23
[INFO] [stderr]    Compiling csv v1.4.0
[INFO] [stderr]    Compiling thiserror v2.0.18
[INFO] [stderr]    Compiling clap_complete v4.6.5
[INFO] [stderr]    Compiling directories v6.0.0
[INFO] [stderr]    Compiling hex v0.4.3
[INFO] [stderr]    Compiling zstd-safe v7.2.4
[INFO] [stderr]    Compiling zstd v0.13.3
[INFO] [stderr]    Compiling rustls-webpki v0.103.13
[INFO] [stderr]    Compiling tokio-rustls v0.26.4
[INFO] [stderr]    Compiling rustls-platform-verifier v0.7.0
[INFO] [stderr]    Compiling hyper-rustls v0.27.9
[INFO] [stderr]    Compiling reqwest v0.13.4
[INFO] [stderr]    Compiling me-sh v0.3.0 (/opt/rustwide/workdir)
[INFO] [stderr]     Finished `release` profile [optimized] target(s) in 7m 49s
[INFO] running `Command { std: "docker" "inspect" "543de9414fcd930fb5b9f38b1af7740505c7a160fc93f192b7dace3d7ebb7905", kill_on_drop: false }`
[INFO] running `Command { std: "docker" "exec" "-e" "SOURCE_DIR=/opt/rustwide/workdir" "-e" "CARGO_HOME=/opt/rustwide/cargo-home" "-e" "RUSTUP_HOME=/opt/rustwide/rustup-home" "-e" "CARGO_TARGET_DIR=/opt/rustwide/target" "-e" "CARGO_INCREMENTAL=0" "-e" "RUST_BACKTRACE=full" "-e" "RUSTFLAGS=--cap-lints=warn" "-e" "RUSTDOCFLAGS=--cap-lints=warn" "-w" "/opt/rustwide/workdir" "--user" "0:0" "543de9414fcd930fb5b9f38b1af7740505c7a160fc93f192b7dace3d7ebb7905" "/opt/rustwide/cargo-home/bin/cargo" "+1.99.0-beta.8" "test" "--frozen" "--no-run" "--message-format=json" "--release", kill_on_drop: false }`
[INFO] [stderr]    Compiling me-sh v0.3.0 (/opt/rustwide/workdir)
[INFO] [stderr]     Finished `release` profile [optimized] target(s) in 1m 08s
[INFO] running `Command { std: "docker" "inspect" "543de9414fcd930fb5b9f38b1af7740505c7a160fc93f192b7dace3d7ebb7905", kill_on_drop: false }`
[INFO] running `Command { std: "docker" "exec" "-e" "SOURCE_DIR=/opt/rustwide/workdir" "-e" "CARGO_HOME=/opt/rustwide/cargo-home" "-e" "RUSTUP_HOME=/opt/rustwide/rustup-home" "-e" "CARGO_TARGET_DIR=/opt/rustwide/target" "-e" "CARGO_INCREMENTAL=0" "-e" "RUST_BACKTRACE=full" "-e" "RUSTFLAGS=--cap-lints=warn" "-e" "RUSTDOCFLAGS=--cap-lints=warn" "-w" "/opt/rustwide/workdir" "--user" "0:0" "543de9414fcd930fb5b9f38b1af7740505c7a160fc93f192b7dace3d7ebb7905" "/opt/rustwide/cargo-home/bin/cargo" "+1.99.0-beta.8" "test" "--frozen" "--release", kill_on_drop: false }`
[INFO] [stderr]     Finished `release` profile [optimized] target(s) in 0.25s
[INFO] [stderr]      Running unittests src/main.rs (/opt/rustwide/target/release/deps/mesh-e640c9eff5778395)
[INFO] [stdout] 
[INFO] [stdout] running 209 tests
[INFO] [stdout] test auth::tests::callback_from_http_request_line_extracts_get_query_code_and_state ... ok
[INFO] [stdout] test auth::tests::html_escape_escapes_markup_characters ... ok
[INFO] [stdout] test auth::tests::login_flow_failures_classify_as_auth ... ok
[INFO] [stdout] test auth::tests::code_from_callback_text_accepts_callback_urls_and_raw_codes ... ok
[INFO] [stdout] test auth::tests::pkce_challenge_matches_rfc_7636_appendix_b ... ok
[INFO] [stdout] test auth::tests::oauth_code_from_listener_accepts_matching_state ... ok
[INFO] [stdout] test auth::tests::callback_from_http_request_line_rejects_non_get_requests ... ok
[INFO] [stdout] test auth::tests::base64url_nopad_matches_rfc_4648_vectors ... ok
[INFO] [stdout] test auth::tests::random_bytes_returns_distinct_valid_verifier_material ... ok
[INFO] [stdout] test auth::tests::callback_from_url_prefers_oauth_error_over_code ... ok
[INFO] [stdout] test auth::tests::oauth_code_from_listener_hard_errors_on_state_mismatch ... ok
[INFO] [stdout] test config::tests::redact_token_handles_non_ascii_tokens ... ok
[INFO] [stdout] test config::tests::redact_token_keeps_ascii_shape ... ok
[INFO] [stdout] test contacts::audit::tests::contact_facet_report_counts_case_variants_together ... ok
[INFO] [stdout] test contacts::audit::tests::contact_facet_report_counts_unicode_case_variants_together ... ok
[INFO] [stdout] test contacts::audit::tests::contact_facets_from_matches_defaults_to_core_facets ... ok
[INFO] [stdout] test contacts::audit::tests::contact_overview_facets_from_matches_uses_facets_flag_aliases ... ok
[INFO] [stdout] test auth::tests::callback_from_url_requires_code_but_not_state ... ok
[INFO] [stdout] test contacts::audit::tests::contact_pivot_report_counts_case_variants_together ... ok
[INFO] [stdout] test contacts::audit::tests::contact_quality_record_does_not_mark_phones_alias_as_thin ... ok
[INFO] [stdout] test contacts::audit::tests::contacts_for_dedupe_snapshot_reads_contacts_from_manifest_path ... ok
[INFO] [stdout] test contacts::audit::tests::contacts_for_dedupe_snapshot_reads_full_contacts_from_manifest_path ... ok
[INFO] [stdout] test contacts::audit::tests::contact_quality_record_marks_empty_channel_fields_as_thin ... ok
[INFO] [stdout] test contacts::audit::tests::dedupe_contact_summary_reads_phones_alias ... ok
[INFO] [stdout] test contacts::audit::tests::dedupe_signals_from_matches_defaults_to_all_signals ... ok
[INFO] [stdout] test contacts::audit::tests::dedupe_signals_from_matches_splits_aliases_and_removes_duplicates ... ok
[INFO] [stdout] test contacts::audit::tests::dedupe_signal_keys_reads_phones_alias ... ok
[INFO] [stdout] test contacts::graph::tests::contact_map_groups_case_variants_as_shared_bucket ... ok
[INFO] [stdout] test contacts::graph::tests::contact_map_summary_is_not_ok_when_contact_ids_are_missing ... ok
[INFO] [stdout] test contacts::graph::tests::contact_reconnect_summary_is_not_ok_when_activity_ids_are_missing ... ok
[INFO] [stdout] test contacts::graph::tests::contact_reconnect_summary_is_not_ok_when_contact_ids_are_missing ... ok
[INFO] [stdout] test contacts::graph::tests::contact_sets_limited_ids_returns_sorted_numbers ... ok
[INFO] [stdout] test contacts::graph::tests::contact_sets_report_and_flat_rows_include_sample_contact_details ... ok
[INFO] [stdout] test contacts::graph::tests::contact_sets_result_ids_computes_all_modes ... ok
[INFO] [stdout] test contacts::graph::tests::contact_sets_selected_definitions_matches_unicode_case_variants ... ok
[INFO] [stdout] test contacts::graph::tests::contact_sets_selected_definitions_rejects_unicode_case_duplicate_selectors ... ok
[INFO] [stdout] test contacts::read::tests::contact_activity_base_payload_always_includes_contact_ids ... ok
[INFO] [stdout] test contacts::read::tests::contact_activity_moment_payloads_add_window_or_paging_fields ... ok
[INFO] [stdout] test contacts::tests::normalize_email_key_extracts_address_from_display_text ... ok
[INFO] [stdout] test contacts::tests::normalize_email_key_extracts_unicode_address_from_display_text ... ok
[INFO] [stdout] test contacts::tests::normalize_email_key_folds_unicode_uppercase_locals ... ok
[INFO] [stdout] test contacts::tests::normalize_email_key_keeps_fully_non_ascii_locals ... ok
[INFO] [stdout] test contacts::tests::normalize_email_key_keeps_unicode_locals_distinct ... ok
[INFO] [stdout] test contacts::tests::normalize_email_key_lowercases_mailto_addresses ... ok
[INFO] [stdout] test contacts::tests::normalize_email_key_rejects_missing_or_invalid_addresses ... ok
[INFO] [stdout] test contacts::tests::normalize_email_key_stops_before_trailing_text ... ok
[INFO] [stdout] test contacts::tests::normalize_linkedin_key_normalizes_linkedin_urls ... ok
[INFO] [stdout] test contacts::graph::tests::contact_segment_overlaps_reports_relationship_and_sample_ids ... ok
[INFO] [stdout] test contacts::tests::normalize_linkedin_key_rejects_non_linkedin_hosts ... ok
[INFO] [stdout] test contacts::write::tests::contact_apply_ids_payload_accepts_plural_or_single_id ... ok
[INFO] [stdout] test contacts::write::tests::contact_bulk_state_action_builds_route_and_contact_ids ... ok
[INFO] [stdout] test dispatch::tests::domain_prefixed_spec_commands_are_registered ... ok
[INFO] [stdout] test error::tests::classify_report_finds_typed_errors_behind_wrap_err ... ok
[INFO] [stdout] test error::tests::classify_report_maps_auth_markers_and_plain_messages ... ok
[INFO] [stdout] test error::tests::classify_report_maps_http_statuses ... ok
[INFO] [stdout] test cli::tests::error_format_defaults_to_human ... ok
[INFO] [stdout] test error::tests::classify_report_prefers_the_auth_marker_over_its_http_source ... ok
[INFO] [stdout] test error::tests::error_envelope_display_is_a_single_line ... ok
[INFO] [stdout] test dispatch::tests::every_cli_subcommand_is_dispatchable ... ok
[INFO] [stdout] test error::tests::error_envelope_reports_auth_failures_without_http_details ... ok
[INFO] [stdout] test cli::tests::snapshot_pack_and_unpack_dir_accept_snapshot_dir_alias ... ok
[INFO] [stdout] test fetch::tests::append_exclude_contact_ids_leaves_payload_unchanged_for_empty_input ... ok
[INFO] [stdout] test fetch::tests::append_exclude_contact_ids_merges_and_dedupes_ids ... ok
[INFO] [stdout] test error::tests::error_envelope_reports_http_failures_with_chain_in_order ... ok
[INFO] [stdout] test fetch::tests::exclude_contact_ids_from_payload_accepts_scalar_and_array_values ... ok
[INFO] [stdout] test fetch::tests::exclude_contact_ids_from_payload_rejects_invalid_values ... ok
[INFO] [stdout] test auth::tests::logout_removes_active_and_legacy_configs ... ok
[INFO] [stdout] test fetch::tests::filter_records_by_ids_keeps_matching_numeric_string_keys ... ok
[INFO] [stdout] test fetch::tests::insert_record_value_rejects_duplicate_ids ... ok
[INFO] [stdout] test error::tests::classify_report_maps_transport_errors_to_network ... ok
[INFO] [stdout] test fetch::tests::insert_record_value_stores_hash_and_optional_value ... ok
[INFO] [stdout] test fetch::tests::insert_record_value_requires_top_level_id ... ok
[INFO] [stdout] test fetch::tests::normalize_full_contact_keeps_objects_with_ids ... ok
[INFO] [stdout] test cli::tests::error_format_parses_globally_and_on_subcommands ... ok
[INFO] [stdout] test fetch::tests::total_from_search_prefers_total_then_count ... ok
[INFO] [stdout] test fetch::tests::normalize_full_contact_wraps_missing_or_null_contacts ... ok
[INFO] [stdout] test fetch::tests::normalize_full_contact_wraps_contacts_with_unusable_ids ... ok
[INFO] [stdout] test fetch::tests::normalize_full_contact_wraps_contacts_for_other_ids ... ok
[INFO] [stdout] test groups::read::tests::group_bulk_membership_action_builds_add_payload ... ok
[INFO] [stdout] test groups::read::tests::group_bulk_membership_action_builds_remove_payload ... ok
[INFO] [stdout] test groups::read::tests::groups_for_audit_snapshot_reads_groups_from_manifest_path ... ok
[INFO] [stdout] test groups::tests::compare_groups_by_name_then_id_orders_numeric_id_ties_numerically ... ok
[INFO] [stdout] test groups::tests::group_is_special_starred_requires_exact_normalized_name ... ok
[INFO] [stdout] test groups::tests::group_audit_selector_matches_group_ids_and_starred_names ... ok
[INFO] [stdout] test groups::tests::group_member_delta_payload_uses_specific_or_contact_ids ... ok
[INFO] [stdout] test groups::tests::group_create_payload_trims_title ... ok
[INFO] [stdout] test groups::tests::group_duplicate_name_counts_uses_normalized_names ... ok
[INFO] [stdout] test groups::tests::group_audit_selector_parses_ids_and_starred ... ok
[INFO] [stdout] test groups::tests::group_name_prefers_first_non_blank_name_or_title ... ok
[INFO] [stdout] test groups::tests::group_selection_matches_query_selectors_and_all ... ok
[INFO] [stdout] test groups::tests::normalize_group_name_key_collapses_whitespace_and_case ... ok
[INFO] [stdout] test groups::write::tests::group_sync_actions_chunk_add_payloads ... ok
[INFO] [stdout] test http::tests::join_url_reports_invalid_base_url ... ok
[INFO] [stdout] test http::tests::join_url_uses_url_joining_rules ... ok
[INFO] [stdout] test groups::tests::group_sync_mode_parses_aliases ... ok
[INFO] [stdout] test groups::write::tests::group_sync_actions_build_remove_payloads ... ok
[INFO] [stdout] test groups::tests::group_update_payload_builds_title_and_member_deltas ... ok
[INFO] [stdout] test http::tests::retry_after_from_headers_parses_only_the_seconds_form ... ok
[INFO] [stdout] test http::tests::retry_delay_honors_capped_retry_after_only_for_rate_limits ... ok
[INFO] [stdout] test http::tests::should_retry_never_retries_server_errors_for_writes ... ok
[INFO] [stdout] test http::tests::should_retry_retries_rate_limits_for_writes ... ok
[INFO] [stdout] test http::tests::should_retry_retries_server_errors_and_rate_limits_for_reads ... ok
[INFO] [stdout] test moments::tests::moments_feed_base_payload_includes_contact_ids_only_when_present ... ok
[INFO] [stdout] test moments::tests::moments_feed_plan_payload_adds_window_or_paging_fields ... ok
[INFO] [stdout] test moments::tests::moments_stats_contact_key_folds_unicode_contact_names ... ok
[INFO] [stdout] test moments::tests::moments_stats_rows_bucket_contacts_and_dates ... ok
[INFO] [stdout] test moments::tests::moments_timeline_buckets_count_and_sample_items ... ok
[INFO] [stdout] test moments::tests::moments_timeline_filter_sort_limit_feed_filters_contact_and_date_range ... ok
[INFO] [stdout] test moments::tests::moments_timeline_snapshot_moments_reads_sections_from_manifest_paths ... ok
[INFO] [stdout] test output::tests::cell_string_serializes_supported_cell_values ... ok
[INFO] [stdout] test output::tests::headers_for_rows_merges_and_sorts_keys ... ok
[INFO] [stdout] test output::tests::output_format_parse_accepts_documented_formats ... ok
[INFO] [stdout] test output::tests::output_format_parse_rejects_unknown_formats ... ok
[INFO] [stdout] test output::tests::render_delimited_can_write_tsv ... ok
[INFO] [stdout] test output::tests::render_delimited_uses_sorted_headers ... ok
[INFO] [stdout] test output::tests::render_jsonl_emits_one_object_per_row ... ok
[INFO] [stdout] test output::tests::render_jsonl_serializes_non_row_values ... ok
[INFO] [stdout] test http::tests::parse_maybe_json_handles_empty_json_and_plain_text ... ok
[INFO] [stdout] test http::tests::should_retry_ignores_success_and_non_rate_limited_client_errors ... ok
[INFO] [stdout] test output::tests::rows_from_value_falls_back_to_root_object ... ok
[INFO] [stdout] test http::tests::should_retry_respects_retry_budget ... ok
[INFO] [stdout] test moments::tests::moments_feed_flat_rows_sort_and_limit_dated_rows_before_undated ... ok
[INFO] [stdout] test payload::tests::contact_fetch_concurrency_uses_default_and_accepts_max ... ok
[INFO] [stdout] test payload::tests::ids_from_text_accepts_json_array_values ... ok
[INFO] [stdout] test payload::tests::ids_from_text_splits_commas_and_whitespace ... ok
[INFO] [stdout] test payload::tests::optional_positive_usize_from_matches_does_not_cap_at_search_limit ... ok
[INFO] [stdout] test payload::tests::mixed_value_preserves_large_integer_text ... ok
[INFO] [stdout] test payload::tests::contact_fetch_concurrency_rejects_zero_and_values_over_max ... ok
[INFO] [stdout] test payload::tests::optional_usize_from_matches_accepts_positive_values_up_to_search_limit ... ok
[INFO] [stdout] test payload::tests::optional_usize_from_matches_rejects_zero_and_values_over_search_limit ... ok
[INFO] [stdout] test payload::tests::parse_number_value_keeps_decimal_values ... ok
[INFO] [stdout] test payload::tests::split_list_value_falls_back_to_commas ... ok
[INFO] [stdout] test plan_audit::tests::collect_plan_audit_actions_expands_route_bearing_chunks ... ok
[INFO] [stdout] test plan_audit::tests::plan_audit_action_class_separates_planned_and_actual_writes ... ok
[INFO] [stdout] test output::tests::rows_from_value_extracts_first_non_empty_known_collection ... ok
[INFO] [stdout] test plan_audit::tests::plan_audit_duplicate_payloads_count_planned_actions ... ok
[INFO] [stdout] test payload::tests::parse_number_value_preserves_large_integer_text ... ok
[INFO] [stdout] test payload::tests::split_list_value_accepts_json_array_values ... ok
[INFO] [stdout] test plan_audit::tests::plan_audit_route_from_object_does_not_strip_similar_prefixes ... ok
[INFO] [stdout] test plan_audit::tests::plan_audit_payload_id_collection_accepts_nested_json_strings ... ok
[INFO] [stdout] test payload::tests::optional_nonnegative_usize_from_matches_allows_zero ... ok
[INFO] [stdout] test plan_audit::tests::plan_audit_write_id_limits_count_planned_writes ... ok
[INFO] [stdout] test routes::tests::route_probe_base_payload_includes_contact_ids_only_when_present ... ok
[INFO] [stdout] test routes::tests::route_probe_metrics_does_not_count_bare_object_as_array_rows ... ok
[INFO] [stdout] test routes::tests::route_probe_metrics_extracts_counts_by_kind ... ok
[INFO] [stdout] test plan_audit::tests::plan_audit_max_writes_counts_planned_writes ... ok
[INFO] [stdout] test plan_audit::tests::plan_audit_route_from_object_normalizes_mesh_routes ... ok
[INFO] [stdout] test routes::tests::route_doctor_profile_parses_aliases ... ok
[INFO] [stdout] test routes::tests::route_probe_payload_builds_kind_specific_payloads ... ok
[INFO] [stdout] test routes::tests::route_probe_selector_normalizes_routes_and_aliases ... ok
[INFO] [stdout] test routes::tests::route_probe_shape_error_rejects_malformed_success_response ... ok
[INFO] [stdout] test runtime::tests::tool_route_is_destructive_follows_the_command_spec_catalog ... ok
[INFO] [stdout] test runtime::tests::tool_route_is_destructive_treats_unknown_and_malformed_routes_as_writes ... ok
[INFO] [stdout] test runtime::tests::tool_route_url_path_accepts_bare_and_prefixed_v2_routes ... ok
[INFO] [stdout] test runtime::tests::tool_route_url_path_rejects_non_v2_tool_routes ... ok
[INFO] [stdout] test snapshot::archive::tests::snapshot_archive_is_root_dir_path_accepts_only_current_dir_segments ... ok
[INFO] [stdout] test snapshot::archive::tests::snapshot_archive_relative_path_normalizes_current_dir_segments ... ok
[INFO] [stdout] test snapshot::archive::tests::snapshot_archive_relative_path_rejects_unsafe_paths ... ok
[INFO] [stdout] test snapshot::create::tests::check_snapshot_create_target_keeps_prepare_snapshot_dir_semantics ... ok
[INFO] [stdout] test snapshot::create::tests::commit_snapshot_dir_renames_temp_into_place ... ok
[INFO] [stdout] test snapshot::create::tests::commit_snapshot_dir_replaces_existing_empty_dir_with_force ... ok
[INFO] [stdout] test runtime::tests::write_secret_file_writes_owner_only_without_leftovers ... ok
[INFO] [stdout] test runtime::tests::access_token_returns_unexpired_token_without_refreshing ... ok
[INFO] [stdout] test snapshot::create::tests::snapshot_group_rows_from_response_rejects_bare_object ... ok
[INFO] [stdout] test snapshot::create::tests::snapshot_moment_base_payload_includes_contact_ids_only_when_present ... ok
[INFO] [stdout] test snapshot::create::tests::snapshot_moment_payloads_add_window_or_paging_fields ... ok
[INFO] [stdout] test snapshot::create::tests::snapshot_moment_plan_uses_real_routes_and_payload_shapes ... ok
[INFO] [stdout] test snapshot::create::tests::snapshot_moment_rows_from_response_accepts_arrays_and_rejects_non_objects ... ok
[INFO] [stdout] test snapshot::create::tests::snapshot_group_rows_from_response_accepts_arrays_and_rejects_non_objects ... ok
[INFO] [stdout] test snapshot::create::tests::snapshot_moment_rows_from_response_rejects_bare_object ... ok
[INFO] [stdout] test snapshot::inspect::tests::snapshot_history_records_rejects_duplicate_array_ids ... ok
[INFO] [stdout] test snapshot::diff::tests::diff_snapshots_reads_required_sections_from_manifest_paths ... ok
[INFO] [stdout] test snapshot::inspect::tests::snapshot_history_records_rejects_duplicate_jsonl_ids ... ok
[INFO] [stdout] test error::tests::error_format_reads_the_global_flag_and_defaults_to_human ... ok
[INFO] [stdout] test snapshot::inspect::tests::snapshot_history_snapshot_falls_back_to_mtime_without_created_at ... ok
[INFO] [stdout] test snapshot::inspect::tests::snapshot_prune_apply_keep_latest_prunes_older_items_per_kind ... ok
[INFO] [stdout] test snapshot::inspect::tests::snapshot_prune_action_value_reports_dry_run_delete ... ok
[INFO] [stdout] test snapshot::inspect::tests::snapshot_history_snapshot_rejects_malformed_manifest ... ok
[INFO] [stdout] test snapshot::inspect::tests::snapshot_prune_refuses_live_delete_after_discovery_errors ... FAILED
[INFO] [stdout] test snapshot::inspect::tests::snapshot_prune_reports_discovery_errors ... FAILED
[INFO] [stdout] test snapshot::inspect::tests::snapshot_report_component_requires_explicit_ok ... ok
[INFO] [stdout] test snapshot::inspect::tests::snapshot_prune_summary_counts_planned_deletes_and_bytes ... ok
[INFO] [stdout] test snapshot::inspect::tests::snapshot_stats_reads_sections_from_manifest_paths ... ok
[INFO] [stdout] test snapshot::inspect::tests::snapshot_stats_reports_explicit_ok ... ok
[INFO] [stdout] test snapshot::query::tests::query_snapshot_reads_jsonl_section_from_manifest_path ... ok
[INFO] [stdout] test snapshot::inspect::tests::snapshot_prune_reports_snapshot_byte_errors ... ok
[INFO] [stdout] test snapshot::query::tests::snapshot_query_jsonl_each_scans_section_from_manifest_path ... ok
[INFO] [stdout] test snapshot::query::tests::snapshot_query_jsonl_each_scans_when_index_cannot_represent_duplicate_ids ... ok
[INFO] [stdout] test snapshot::restore::tests::restore_linkedin_returns_linkedin_link ... ok
[INFO] [stdout] test snapshot::restore::tests::snapshot_restore_contacts_reads_full_contacts_from_manifest_path ... ok
[INFO] [stdout] test snapshot::restore::tests::snapshot_restore_contacts_rejects_duplicate_full_contact_ids ... ok
[INFO] [stdout] test snapshot::restore::tests::restore_linkedin_rejects_non_linkedin_hosts ... ok
[INFO] [stdout] test snapshot::restore::tests::snapshot_restore_contacts_rejects_duplicate_selected_ids ... ok
[INFO] [stdout] test snapshot::tests::email_domain_from_string_normalizes_wrapped_addresses ... ok
[INFO] [stdout] test snapshot::tests::email_domain_from_string_rejects_malformed_domains ... ok
[INFO] [stdout] test snapshot::tests::email_domain_from_string_stops_before_trailing_text ... ok
[INFO] [stdout] test snapshot::tests::json_pointer_child_escapes_pointer_segments ... ok
[INFO] [stdout] test snapshot::tests::email_domains_from_row_collects_nested_unique_domains ... ok
[INFO] [stdout] test snapshot::tests::read_snapshot_array_record_values_rejects_duplicate_ids ... ok
[INFO] [stdout] test snapshot::tests::read_snapshot_array_values_rejects_non_array_files ... ok
[INFO] [stdout] test snapshot::tests::read_snapshot_jsonl_records_rejects_duplicate_ids ... ok
[INFO] [stdout] test runtime::tests::read_config_migrates_legacy_config_and_removes_the_source ... ok
[INFO] [stdout] test snapshot::tests::record_id_accepts_string_and_number_ids ... ok
[INFO] [stdout] test snapshot::tests::safe_snapshot_file_path_keeps_paths_inside_snapshot_dir ... ok
[INFO] [stdout] test runtime::tests::runtime_clones_share_the_refresh_lock ... ok
[INFO] [stdout] test snapshot::restore::tests::apply_snapshot_restore_collects_failures_and_continues ... ok
[INFO] [stdout] test snapshot::create::tests::create_snapshot_failure_leaves_no_final_dir_and_cleans_temp ... ok
[INFO] [stdout] test cli::tests::snapshot_family_dir_args_accept_snapshot_dir_alias ... ok
[INFO] [stdout] test cli::tests::snapshot_dir_analysis_args_accept_dir_alias ... ok
[INFO] [stdout] 
[INFO] [stdout] failures:
[INFO] [stdout] 
[INFO] [stdout] ---- snapshot::inspect::tests::snapshot_prune_refuses_live_delete_after_discovery_errors stdout ----
[INFO] [stdout] 
[INFO] [stdout] thread 'snapshot::inspect::tests::snapshot_prune_refuses_live_delete_after_discovery_errors' (3448) panicked at src/snapshot/inspect.rs:3153:18:
[INFO] [stdout] called `Result::unwrap_err()` on an `Ok` value: Object {"actions": Array [], "confirmed": Bool(true), "criteria": Object {"failed": Bool(false), "keep_latest": Number(0), "older_than_days": Null, "require_index": Bool(false)}, "delete_errors": Array [], "discovery_errors": Array [], "dry_run": Bool(false), "include_archives": Bool(true), "include_snapshots": Bool(true), "limit": Null, "max_depth": Null, "ok": Bool(true), "recursive": Bool(true), "root": String("/tmp/meshx-prune-live-discovery-error-3264-1792324483215"), "summary": Object {"action_errors": Number(0), "archives": Number(0), "delete_errors": Number(0), "deleted": Number(0), "discovery_errors": Number(0), "keep": Number(0), "planned_bytes": Number(0), "planned_delete": Number(0), "snapshots": Number(0), "total": Number(0)}}
[INFO] [stdout] stack backtrace:
[INFO] [stdout]    0:     0x5968d1012e61 - <<std[70759c8f55707aa4]::sys::backtrace::BacktraceLock>::print::DisplayBacktrace as core[df12db4294e9bfd3]::fmt::Display>::fmt
[INFO] [stdout]    1:     0x5968d102d10a - core[df12db4294e9bfd3]::fmt::write
[INFO] [stdout]    2:     0x5968d1018e6c - <alloc[2182bb758b4b3781]::vec::Vec<u8> as core[df12db4294e9bfd3]::io::write::Write>::write_fmt
[INFO] [stdout]    3:     0x5968d0fea8e6 - std[70759c8f55707aa4]::panicking::default_hook::{closure#0}
[INFO] [stdout]    4:     0x5968d1009009 - std[70759c8f55707aa4]::panicking::default_hook
[INFO] [stdout]    5:     0x5968d0b8ac60 - test[9d35eded1c95d3be]::test_main_inner::<test[9d35eded1c95d3be]::test_main_static::{closure#0}>::{closure#0}
[INFO] [stdout]    6:     0x5968d1009332 - std[70759c8f55707aa4]::panicking::panic_with_hook
[INFO] [stdout]    7:     0x5968d0fea992 - std[70759c8f55707aa4]::panicking::panic_handler::{closure#0}
[INFO] [stdout]    8:     0x5968d0fe3209 - std[70759c8f55707aa4]::sys::backtrace::__rust_end_short_backtrace::<std[70759c8f55707aa4]::panicking::panic_handler::{closure#0}, !>
[INFO] [stdout]    9:     0x5968d0feb9ad - __rustc[8fa7c3cbc660c2b3]::rust_begin_unwind
[INFO] [stdout]   10:     0x5968d102d86c - core[df12db4294e9bfd3]::panicking::panic_fmt
[INFO] [stdout]   11:     0x5968d102d642 - core[df12db4294e9bfd3]::result::unwrap_failed
[INFO] [stdout]   12:     0x5968d0ac9e79 - mesh[4509f24579aa4c51]::snapshot::inspect::tests::snapshot_prune_refuses_live_delete_after_discovery_errors
[INFO] [stdout]   13:     0x5968d09f324f - <mesh[4509f24579aa4c51]::snapshot::inspect::tests::snapshot_prune_refuses_live_delete_after_discovery_errors::{closure#0} as core[df12db4294e9bfd3]::ops::function::FnOnce<()>>::call_once
[INFO] [stdout]   14:     0x5968d0b7df4b - test[9d35eded1c95d3be]::__rust_begin_short_backtrace::<core[df12db4294e9bfd3]::result::Result<(), alloc[2182bb758b4b3781]::string::String>, fn() -> core[df12db4294e9bfd3]::result::Result<(), alloc[2182bb758b4b3781]::string::String>>
[INFO] [stdout]   15:     0x5968d0b8b5b5 - test[9d35eded1c95d3be]::run_test::{closure#0}
[INFO] [stdout]   16:     0x5968d0b84e74 - std[70759c8f55707aa4]::sys::backtrace::__rust_begin_short_backtrace::<test[9d35eded1c95d3be]::run_test::{closure#1}, ()>
[INFO] [stdout]   17:     0x5968d0b8e712 - <std[70759c8f55707aa4]::thread::lifecycle::spawn_unchecked<test[9d35eded1c95d3be]::run_test::{closure#1}, ()>::{closure#1} as core[df12db4294e9bfd3]::ops::function::FnOnce<()>>::call_once::{shim:vtable#0}
[INFO] [stdout]   18:     0x5968d1011b09 - <std[70759c8f55707aa4]::sys::thread::unix::Thread>::new::thread_start
[INFO] [stdout]   19:     0x7de119046dfa - <unknown>
[INFO] [stdout]   20:     0x7de1190da3d4 - clone
[INFO] [stdout]   21:                0x0 - <unknown>
[INFO] [stdout] 
[INFO] [stdout] ---- snapshot::inspect::tests::snapshot_prune_reports_discovery_errors stdout ----
[INFO] [stdout] 
[INFO] [stdout] thread 'snapshot::inspect::tests::snapshot_prune_reports_discovery_errors' (3449) panicked at src/snapshot/inspect.rs:3107:9:
[INFO] [stdout] assertion `left == right` failed
[INFO] [stdout]   left: Some(Bool(true))
[INFO] [stdout]  right: Some(Bool(false))
[INFO] [stdout] stack backtrace:
[INFO] [stdout]    0:     0x5968d1012e61 - <<std[70759c8f55707aa4]::sys::backtrace::BacktraceLock>::print::DisplayBacktrace as core[df12db4294e9bfd3]::fmt::Display>::fmt
[INFO] [stdout]    1:     0x5968d102d10a - core[df12db4294e9bfd3]::fmt::write
[INFO] [stdout]    2:     0x5968d1018e6c - <alloc[2182bb758b4b3781]::vec::Vec<u8> as core[df12db4294e9bfd3]::io::write::Write>::write_fmt
[INFO] [stdout]    3:     0x5968d0fea8e6 - std[70759c8f55707aa4]::panicking::default_hook::{closure#0}
[INFO] [stdout]    4:     0x5968d1009009 - std[70759c8f55707aa4]::panicking::default_hook
[INFO] [stdout]    5:     0x5968d0b8ac60 - test[9d35eded1c95d3be]::test_main_inner::<test[9d35eded1c95d3be]::test_main_static::{closure#0}>::{closure#0}
[INFO] [stdout]    6:     0x5968d1009332 - std[70759c8f55707aa4]::panicking::panic_with_hook
[INFO] [stdout]    7:     0x5968d0fea992 - std[70759c8f55707aa4]::panicking::panic_handler::{closure#0}
[INFO] [stdout]    8:     0x5968d0fe3209 - std[70759c8f55707aa4]::sys::backtrace::__rust_end_short_backtrace::<std[70759c8f55707aa4]::panicking::panic_handler::{closure#0}, !>
[INFO] [stdout]    9:     0x5968d0feb9ad - __rustc[8fa7c3cbc660c2b3]::rust_begin_unwind
[INFO] [stdout]   10:     0x5968d102d86c - core[df12db4294e9bfd3]::panicking::panic_fmt
[INFO] [stdout]   11:     0x5968d102d783 - core[df12db4294e9bfd3]::panicking::assert_failed_inner
[INFO] [stdout]   12:     0x5968d0a6ea1c - core[df12db4294e9bfd3]::panicking::assert_failed::<core[df12db4294e9bfd3]::option::Option<&serde_json[1aa9a7757a06cc8a]::value::Value>, core[df12db4294e9bfd3]::option::Option<&serde_json[1aa9a7757a06cc8a]::value::Value>>
[INFO] [stdout]   13:     0x5968d0ac3ef0 - mesh[4509f24579aa4c51]::snapshot::inspect::tests::snapshot_prune_reports_discovery_errors
[INFO] [stdout]   14:     0x5968d09f2dcf - <mesh[4509f24579aa4c51]::snapshot::inspect::tests::snapshot_prune_reports_discovery_errors::{closure#0} as core[df12db4294e9bfd3]::ops::function::FnOnce<()>>::call_once
[INFO] [stdout]   15:     0x5968d0b7df4b - test[9d35eded1c95d3be]::__rust_begin_short_backtrace::<core[df12db4294e9bfd3]::result::Result<(), alloc[2182bb758b4b3781]::string::String>, fn() -> core[df12db4294e9bfd3]::result::Result<(), alloc[2182bb758b4b3781]::string::String>>
[INFO] [stdout]   16:     0x5968d0b8b5b5 - test[9d35eded1c95d3be]::run_test::{closure#0}
[INFO] [stdout]   17:     0x5968d0b84e74 - std[70759c8f55707aa4]::sys::backtrace::__rust_begin_short_backtrace::<test[9d35eded1c95d3be]::run_test::{closure#1}, ()>
[INFO] [stdout]   18:     0x5968d0b8e712 - <std[70759c8f55707aa4]::thread::lifecycle::spawn_unchecked<test[9d35eded1c95d3be]::run_test::{closure#1}, ()>::{closure#1} as core[df12db4294e9bfd3]::ops::function::FnOnce<()>>::call_once::{shim:vtable#0}
[INFO] [stdout]   19:     0x5968d1011b09 - <std[70759c8f55707aa4]::sys::thread::unix::Thread>::new::thread_start
[INFO] [stdout]   20:     0x7de119046dfa - <unknown>
[INFO] [stdout]   21:     0x7de1190da3d4 - clone
[INFO] [stdout]   22:                0x0 - <unknown>
[INFO] [stdout] 
[INFO] [stdout] 
[INFO] [stdout] failures:
[INFO] [stdout]     snapshot::inspect::tests::snapshot_prune_refuses_live_delete_after_discovery_errors
[INFO] [stdout]     snapshot::inspect::tests::snapshot_prune_reports_discovery_errors
[INFO] [stdout] 
[INFO] [stdout] test result: FAILED. 207 passed; 2 failed; 0 ignored; 0 measured; 0 filtered out; finished in 0.51s
[INFO] [stdout] 
[INFO] [stderr] error: test failed, to rerun pass `--bin mesh`
[INFO] running `Command { std: "docker" "inspect" "543de9414fcd930fb5b9f38b1af7740505c7a160fc93f192b7dace3d7ebb7905", kill_on_drop: false }`
[INFO] running `Command { std: "docker" "rm" "-f" "543de9414fcd930fb5b9f38b1af7740505c7a160fc93f192b7dace3d7ebb7905", kill_on_drop: false }`
[INFO] [stdout] 543de9414fcd930fb5b9f38b1af7740505c7a160fc93f192b7dace3d7ebb7905
