[INFO] fetching crate mdx-rust-core 1.0.0...
[INFO] testing mdx-rust-core-1.0.0 against 1.99.0-beta.8+cargoflags=--release for beta-release-1.100-2
[INFO] extracting crate mdx-rust-core 1.0.0 into /workspace/builds/worker-6-tc1/source
[INFO] started tweaking crates.io crate mdx-rust-core 1.0.0
[INFO] removed 0 missing tests
[INFO] finished tweaking crates.io crate mdx-rust-core 1.0.0
[INFO] tweaked toml for crates.io crate mdx-rust-core 1.0.0 written to /workspace/builds/worker-6-tc1/source/Cargo.toml
[INFO] validating manifest of crates.io crate mdx-rust-core 1.0.0 on toolchain 1.99.0-beta.8
[INFO] running `Command { std: CARGO_HOME="/workspace/cargo-home" RUSTUP_HOME="/workspace/rustup-home" "/workspace/cargo-home/bin/cargo" "+1.99.0-beta.8" "metadata" "--manifest-path" "Cargo.toml" "--no-deps", kill_on_drop: false }`
[INFO] crate crates.io crate mdx-rust-core 1.0.0 already has a lockfile, it will not be regenerated
[INFO] running `Command { std: CARGO_HOME="/workspace/cargo-home" RUSTUP_HOME="/workspace/rustup-home" "/workspace/cargo-home/bin/cargo" "+1.99.0-beta.8" "fetch" "--manifest-path" "Cargo.toml", kill_on_drop: false }`
[INFO] [stderr]     Updating crates.io index
[INFO] [stderr]  Downloading crates ...
[INFO] [stderr]   Downloaded mdx-rust-analysis v1.0.0
[INFO] [stderr]   Downloaded rig-core v0.10.0
[INFO] running `Command { std: "docker" "create" "-v" "/var/lib/crater-agent-workspace/builds/worker-6-tc1/source:/opt/rustwide/workdir:ro,Z" "-v" "/var/lib/crater-agent-workspace/builds/worker-6-tc1/target:/opt/rustwide/target:rw,Z" "-v" "/var/lib/crater-agent-workspace/cargo-home:/opt/rustwide/cargo-home:ro,Z" "-v" "/var/lib/crater-agent-workspace/rustup-home:/opt/rustwide/rustup-home:ro,Z" "-m" "1610612736" "--network" "none" "ghcr.io/rust-lang/crates-build-env/linux@sha256:77db811e55d90add9212f6832c23229e3de5f1c1f9905e8cb07319ea15df73ac" "sleep" "infinity", kill_on_drop: false }`
[INFO] [stdout] fec49dcdc9d20165ed5268268bafbe316ef030e6c4b8996c96c6cb48be163300
[INFO] running `Command { std: "docker" "start" "fec49dcdc9d20165ed5268268bafbe316ef030e6c4b8996c96c6cb48be163300", kill_on_drop: false }`
[INFO] running `Command { std: "docker" "inspect" "fec49dcdc9d20165ed5268268bafbe316ef030e6c4b8996c96c6cb48be163300", kill_on_drop: false }`
[INFO] running `Command { std: "docker" "exec" "-e" "SOURCE_DIR=/opt/rustwide/workdir" "-e" "CARGO_HOME=/opt/rustwide/cargo-home" "-e" "RUSTUP_HOME=/opt/rustwide/rustup-home" "-e" "CARGO_TARGET_DIR=/opt/rustwide/target" "-w" "/opt/rustwide/workdir" "--user" "0:0" "fec49dcdc9d20165ed5268268bafbe316ef030e6c4b8996c96c6cb48be163300" "/opt/rustwide/cargo-home/bin/cargo" "+1.99.0-beta.8" "metadata" "--no-deps" "--format-version=1", kill_on_drop: false }`
[INFO] running `Command { std: "docker" "inspect" "fec49dcdc9d20165ed5268268bafbe316ef030e6c4b8996c96c6cb48be163300", kill_on_drop: false }`
[INFO] running `Command { std: "docker" "exec" "-e" "SOURCE_DIR=/opt/rustwide/workdir" "-e" "CARGO_HOME=/opt/rustwide/cargo-home" "-e" "RUSTUP_HOME=/opt/rustwide/rustup-home" "-e" "CARGO_TARGET_DIR=/opt/rustwide/target" "-e" "CARGO_INCREMENTAL=0" "-e" "RUST_BACKTRACE=full" "-e" "RUSTFLAGS=--cap-lints=warn" "-e" "RUSTDOCFLAGS=--cap-lints=warn" "-w" "/opt/rustwide/workdir" "--user" "0:0" "fec49dcdc9d20165ed5268268bafbe316ef030e6c4b8996c96c6cb48be163300" "/opt/rustwide/cargo-home/bin/cargo" "+1.99.0-beta.8" "build" "--frozen" "--message-format=json" "--release", kill_on_drop: false }`
[INFO] [stderr]    Compiling cc v1.2.62
[INFO] [stderr]    Compiling tree-sitter-language v0.1.7
[INFO] [stderr]    Compiling serde_core v1.0.228
[INFO] [stderr]    Compiling openssl v0.10.80
[INFO] [stderr]    Compiling serde_derive v1.0.228
[INFO] [stderr]    Compiling tokio v1.52.3
[INFO] [stderr]    Compiling futures-util v0.3.32
[INFO] [stderr]    Compiling tracing v0.1.44
[INFO] [stderr]    Compiling openssl-macros v0.1.1
[INFO] [stderr]    Compiling aho-corasick v1.1.4
[INFO] [stderr]    Compiling zerofrom v0.1.8
[INFO] [stderr]    Compiling serde_json v1.0.150
[INFO] [stderr]    Compiling proc-macro2 v1.0.106
[INFO] [stderr]    Compiling regex-syntax v0.8.10
[INFO] [stderr]    Compiling quote v1.0.45
[INFO] [stderr]    Compiling yoke v0.8.2
[INFO] [stderr]    Compiling serde_derive_internals v0.29.1
[INFO] [stderr]    Compiling schemars v0.8.22
[INFO] [stderr]    Compiling bstr v1.12.1
[INFO] [stderr]    Compiling prettyplease v0.2.37
[INFO] [stderr]    Compiling zerovec v0.11.6
[INFO] [stderr]    Compiling zerotrie v0.2.4
[INFO] [stderr]    Compiling async-stream-impl v0.3.6
[INFO] [stderr]    Compiling thiserror-impl v1.0.69
[INFO] [stderr]    Compiling streaming-iterator v0.1.9
[INFO] [stderr]    Compiling ordered-float v4.6.0
[INFO] [stderr]    Compiling async-stream v0.3.6
[INFO] [stderr]    Compiling anyhow v1.0.102
[INFO] [stderr]    Compiling glob v0.3.3
[INFO] [stderr]    Compiling tinystr v0.8.3
[INFO] [stderr]    Compiling potential_utf v0.1.5
[INFO] [stderr]    Compiling icu_collections v2.2.0
[INFO] [stderr]    Compiling icu_locale_core v2.2.0
[INFO] [stderr]    Compiling schemars_derive v0.8.22
[INFO] [stderr]    Compiling openssl-sys v0.9.116
[INFO] [stderr]    Compiling tree-sitter-rust v0.24.2
[INFO] [stderr]    Compiling syn v2.0.117
[INFO] [stderr]    Compiling thiserror v1.0.69
[INFO] [stderr]    Compiling native-tls v0.2.18
[INFO] [stderr]    Compiling icu_provider v2.2.0
[INFO] [stderr]    Compiling serde v1.0.228
[INFO] [stderr]    Compiling icu_normalizer v2.2.0
[INFO] [stderr]    Compiling icu_properties v2.2.0
[INFO] [stderr]    Compiling regex-automata v0.4.14
[INFO] [stderr]    Compiling serde_urlencoded v0.7.1
[INFO] [stderr]    Compiling toml_datetime v0.6.11
[INFO] [stderr]    Compiling serde_spanned v0.6.9
[INFO] [stderr]    Compiling tree-sitter v0.26.9
[INFO] [stderr]    Compiling futures-executor v0.3.32
[INFO] [stderr]    Compiling toml_edit v0.22.27
[INFO] [stderr]    Compiling futures v0.3.32
[INFO] [stderr]    Compiling idna_adapter v1.2.2
[INFO] [stderr]    Compiling idna v1.1.0
[INFO] [stderr]    Compiling url v2.5.8
[INFO] [stderr]    Compiling regex v1.12.3
[INFO] [stderr]    Compiling globset v0.4.18
[INFO] [stderr]    Compiling ignore v0.4.25
[INFO] [stderr]    Compiling tokio-util v0.7.18
[INFO] [stderr]    Compiling tokio-native-tls v0.3.1
[INFO] [stderr]    Compiling tower v0.5.3
[INFO] [stderr]    Compiling toml v0.8.23
[INFO] [stderr]    Compiling tower-http v0.6.11
[INFO] [stderr]    Compiling h2 v0.4.14
[INFO] [stderr]    Compiling hyper v1.9.0
[INFO] [stderr]    Compiling hyper-util v0.1.20
[INFO] [stderr]    Compiling mdx-rust-analysis v1.0.0
[INFO] [stderr]    Compiling hyper-tls v0.6.0
[INFO] [stderr]    Compiling reqwest v0.12.28
[INFO] [stderr]    Compiling rig-core v0.10.0
[INFO] [stderr]    Compiling mdx-rust-core v1.0.0 (/opt/rustwide/workdir)
[INFO] [stderr]     Finished `release` profile [optimized] target(s) in 2m 41s
[INFO] running `Command { std: "docker" "inspect" "fec49dcdc9d20165ed5268268bafbe316ef030e6c4b8996c96c6cb48be163300", kill_on_drop: false }`
[INFO] running `Command { std: "docker" "exec" "-e" "SOURCE_DIR=/opt/rustwide/workdir" "-e" "CARGO_HOME=/opt/rustwide/cargo-home" "-e" "RUSTUP_HOME=/opt/rustwide/rustup-home" "-e" "CARGO_TARGET_DIR=/opt/rustwide/target" "-e" "CARGO_INCREMENTAL=0" "-e" "RUST_BACKTRACE=full" "-e" "RUSTFLAGS=--cap-lints=warn" "-e" "RUSTDOCFLAGS=--cap-lints=warn" "-w" "/opt/rustwide/workdir" "--user" "0:0" "fec49dcdc9d20165ed5268268bafbe316ef030e6c4b8996c96c6cb48be163300" "/opt/rustwide/cargo-home/bin/cargo" "+1.99.0-beta.8" "test" "--frozen" "--no-run" "--message-format=json" "--release", kill_on_drop: false }`
[INFO] [stderr]    Compiling regex-automata v0.4.14
[INFO] [stderr]    Compiling zerocopy v0.8.48
[INFO] [stderr]    Compiling rusty-fork v0.3.1
[INFO] [stderr]    Compiling globset v0.4.18
[INFO] [stderr]    Compiling regex v1.12.3
[INFO] [stderr]    Compiling tree-sitter v0.26.9
[INFO] [stderr]    Compiling ignore v0.4.25
[INFO] [stderr]    Compiling mdx-rust-analysis v1.0.0
[INFO] [stderr]    Compiling ppv-lite86 v0.2.21
[INFO] [stderr]    Compiling rand_chacha v0.9.0
[INFO] [stderr]    Compiling proptest v1.11.0
[INFO] [stderr]    Compiling mdx-rust-core v1.0.0 (/opt/rustwide/workdir)
[INFO] [stderr]     Finished `release` profile [optimized] target(s) in 1m 06s
[INFO] running `Command { std: "docker" "inspect" "fec49dcdc9d20165ed5268268bafbe316ef030e6c4b8996c96c6cb48be163300", kill_on_drop: false }`
[INFO] running `Command { std: "docker" "exec" "-e" "SOURCE_DIR=/opt/rustwide/workdir" "-e" "CARGO_HOME=/opt/rustwide/cargo-home" "-e" "RUSTUP_HOME=/opt/rustwide/rustup-home" "-e" "CARGO_TARGET_DIR=/opt/rustwide/target" "-e" "CARGO_INCREMENTAL=0" "-e" "RUST_BACKTRACE=full" "-e" "RUSTFLAGS=--cap-lints=warn" "-e" "RUSTDOCFLAGS=--cap-lints=warn" "-w" "/opt/rustwide/workdir" "--user" "0:0" "fec49dcdc9d20165ed5268268bafbe316ef030e6c4b8996c96c6cb48be163300" "/opt/rustwide/cargo-home/bin/cargo" "+1.99.0-beta.8" "test" "--frozen" "--release", kill_on_drop: false }`
[INFO] [stderr]     Finished `release` profile [optimized] target(s) in 0.22s
[INFO] [stderr]      Running unittests src/lib.rs (/opt/rustwide/target/release/deps/mdx_rust_core-34283d62d34bd4e9)
[INFO] [stdout] 
[INFO] [stdout] running 47 tests
[INFO] [stdout] test eval::tests::behavior_eval_reports_malformed_commands_without_process_errors ... ok
[INFO] [stdout] test ledger::tests::budget_caps_candidates_but_never_to_zero ... ok
[INFO] [stdout] test eval::tests::load_dataset_from_structured_object ... ok
[INFO] [stdout] test evidence::tests::evidence_metrics_parse_percentages_from_tool_output ... ok
[INFO] [stdout] test eval::tests::load_dataset_from_raw_input_array ... ok
[INFO] [stdout] test hardening::tests::hardening_rejects_unscoped_transaction_paths ... ok
[INFO] [stdout] test ledger::tests::split_dataset_keeps_at_least_one_train_sample ... ok
[INFO] [stdout] test ledger::tests::variant_ids_are_stable_hashes ... ok
[INFO] [stdout] test optimizer::tests::fallback_candidates_follow_trace_failures ... ok
[INFO] [stdout] test optimizer::tests::strategy_for_focus_maps_common_candidate_names ... ok
[INFO] [stdout] test eval::tests::behavior_eval_runs_command_specs ... ok
[INFO] [stdout] test config::tests::missing_project_config_loads_usable_defaults ... ok
[INFO] [stdout] test config::tests::default_config_uses_standard_artifact_dir ... ok
[INFO] [stdout] test hooks::tests::oversized_patch_is_denied ... ok
[INFO] [stdout] test hooks::tests::non_positive_acceptance_delta_is_denied ... ok
[INFO] [stdout] test optimizer::tests::agent_facing_records_have_json_schemas ... ok
[INFO] [stdout] test ledger::tests::ledger_recording_variants_does_not_record_acceptance ... ok
[INFO] [stdout] test optimizer::tests::build_edit_for_candidate_creates_schema_preamble_patch ... ok
[INFO] [stdout] test optimizer::tests::test_mechanical_score_echo_vs_reasoned ... ok
[INFO] [stdout] test optimizer::tests::test_optimize_config_defaults ... ok
[INFO] [stdout] test optimizer::tests::fallback_logic_strategy_can_patch_echo_fallback ... ok
[INFO] [stdout] test policy::tests::load_project_policy_uses_default_policy_path ... ok
[INFO] [stdout] test safety_pipeline::tests::deny_hook_cannot_accept_or_validate ... ok
[INFO] [stdout] test policy::tests::policy_parser_extracts_structured_rules ... ok
[INFO] [stdout] test registry::tests::test_registry_save_load_roundtrip ... ok
[INFO] [stdout] test optimizer::tests::tool_strategy_requires_discovered_tools ... ok
[INFO] [stdout] test safety_pipeline::tests::diff_git_scope_mismatch_is_rejected_before_validation ... ok
[INFO] [stdout] test safety_pipeline::tests::exhausted_candidate_timeout_stops_before_validation ... ok
[INFO] [stdout] test safety_pipeline::tests::patch_scope_mismatch_is_rejected_before_validation ... ok
[INFO] [stdout] test safety_pipeline::tests::pre_accept_policy_denies_all_non_positive_deltas ... ok
[INFO] [stdout] test safety_pipeline::tests::rename_scope_mismatch_is_rejected_before_validation ... ok
[INFO] [stdout] test security::tests::audit_does_not_flag_environment_variable_names_as_secret_literals ... ok
[INFO] [stdout] test trace::tests::diagnose_echo_fallback_and_low_confidence ... ok
[INFO] [stdout] test policy::tests::policy_parser_ignores_placeholders ... ok
[INFO] [stdout] test security::tests::audit_flags_process_execution_and_secret_literals ... ok
[INFO] [stdout] test safety_pipeline::tests::normalized_diff_paths_remove_only_diff_side_prefixes ... ok
[INFO] [stdout] test refactor::tests::measured_covered_evidence_unlocks_tier2_executable_recipe ... ok
[INFO] [stdout] test refactor::tests::refactor_plan_points_patchable_changes_to_improve ... ok
[INFO] [stdout] test refactor::tests::tested_evidence_surfaces_boundary_review_candidates ... ok
[INFO] [stdout] test runner::tests::process_agent_receives_eof_after_json_input ... ok
[INFO] [stdout] test safety_pipeline::tests::final_validation_failure_rolls_back_and_does_not_accept ... FAILED
[INFO] [stdout] test safety_pipeline::tests::net_negative_candidate_is_rejected_before_landing ... FAILED
[INFO] [stdout] test hardening::tests::hardening_apply_lands_validated_transaction ... FAILED
[INFO] [stdout] test hardening::tests::hardening_review_validates_without_touching_real_tree ... FAILED
[INFO] [stdout] test hardening::tests::hardening_maps_findings_to_structured_policy_rules ... ok
[INFO] [stdout] test hardening::tests::hardening_behavior_eval_failure_blocks_apply ... FAILED
[INFO] [stderr] error: test failed, to rerun pass `--lib`
[INFO] [stdout] test hardening::tests::hardening_behavior_eval_spec_in_artifact_dir_runs_in_isolation ... FAILED
[INFO] [stdout] 
[INFO] [stdout] failures:
[INFO] [stdout] 
[INFO] [stdout] ---- safety_pipeline::tests::final_validation_failure_rolls_back_and_does_not_accept stdout ----
[INFO] [stdout] 
[INFO] [stdout] thread 'safety_pipeline::tests::final_validation_failure_rolls_back_and_does_not_accept' (2329) panicked at src/safety_pipeline.rs:869:9:
[INFO] [stdout]  (validation rejected candidate: help: run `rustup component add --toolchain 1.99.0-beta.8-x86_64-unknown-linux-gnu clippy` to install it)
[INFO] [stdout] stack backtrace:
[INFO] [stdout]    0:     0x5b03a2d703a1 - <<std[70759c8f55707aa4]::sys::backtrace::BacktraceLock>::print::DisplayBacktrace as core[df12db4294e9bfd3]::fmt::Display>::fmt
[INFO] [stdout]    1:     0x5b03a2d898ba - core[df12db4294e9bfd3]::fmt::write
[INFO] [stdout]    2:     0x5b03a2d7564c - <alloc[2182bb758b4b3781]::vec::Vec<u8> as core[df12db4294e9bfd3]::io::write::Write>::write_fmt
[INFO] [stdout]    3:     0x5b03a2d47956 - std[70759c8f55707aa4]::panicking::default_hook::{closure#0}
[INFO] [stdout]    4:     0x5b03a2d66519 - std[70759c8f55707aa4]::panicking::default_hook
[INFO] [stdout]    5:     0x5b03a2a11c20 - test[9d35eded1c95d3be]::test_main_inner::<test[9d35eded1c95d3be]::test_main_static::{closure#0}>::{closure#0}
[INFO] [stdout]    6:     0x5b03a2d66842 - std[70759c8f55707aa4]::panicking::panic_with_hook
[INFO] [stdout]    7:     0x5b03a2d47a02 - std[70759c8f55707aa4]::panicking::panic_handler::{closure#0}
[INFO] [stdout]    8:     0x5b03a2d3fe79 - std[70759c8f55707aa4]::sys::backtrace::__rust_end_short_backtrace::<std[70759c8f55707aa4]::panicking::panic_handler::{closure#0}, !>
[INFO] [stdout]    9:     0x5b03a2d4870d - __rustc[8fa7c3cbc660c2b3]::rust_begin_unwind
[INFO] [stdout]   10:     0x5b03a2d8a09c - core[df12db4294e9bfd3]::panicking::panic_fmt
[INFO] [stdout]   11:     0x5b03a29b616a - core[df12db4294e9bfd3]::panicking::panic_display::<alloc[2182bb758b4b3781]::string::String>
[INFO] [stdout]   12:     0x5b03a29ba78e - mdx_rust_core[e3722c9bfbc722b]::safety_pipeline::tests::final_validation_failure_rolls_back_and_does_not_accept::{closure#0}
[INFO] [stdout]   13:     0x5b03a29a8133 - <tokio[cb13bdeeb46b5106]::runtime::scheduler::current_thread::Context>::enter::<core[df12db4294e9bfd3]::task::poll::Poll<()>, <tokio[cb13bdeeb46b5106]::runtime::scheduler::current_thread::CoreGuard>::block_on<core[df12db4294e9bfd3]::pin::Pin<&mut core[df12db4294e9bfd3]::pin::Pin<&mut dyn core[df12db4294e9bfd3]::future::future::Future<Output = ()>>>>::{closure#0}::{closure#0}>
[INFO] [stdout]   14:     0x5b03a299b73c - <tokio[cb13bdeeb46b5106]::runtime::context::scoped::Scoped<tokio[cb13bdeeb46b5106]::runtime::scheduler::Context>>::set::<<tokio[cb13bdeeb46b5106]::runtime::scheduler::current_thread::CoreGuard>::enter<<tokio[cb13bdeeb46b5106]::runtime::scheduler::current_thread::CoreGuard>::block_on<core[df12db4294e9bfd3]::pin::Pin<&mut core[df12db4294e9bfd3]::pin::Pin<&mut dyn core[df12db4294e9bfd3]::future::future::Future<Output = ()>>>>::{closure#0}, core[df12db4294e9bfd3]::option::Option<()>>::{closure#0}, (alloc[2182bb758b4b3781]::boxed::Box<tokio[cb13bdeeb46b5106]::runtime::scheduler::current_thread::Core>, core[df12db4294e9bfd3]::option::Option<()>)>
[INFO] [stdout]   15:     0x5b03a29a7e2f - <tokio[cb13bdeeb46b5106]::runtime::scheduler::current_thread::CurrentThread>::block_on::<core[df12db4294e9bfd3]::pin::Pin<&mut dyn core[df12db4294e9bfd3]::future::future::Future<Output = ()>>>
[INFO] [stdout]   16:     0x5b03a29b3622 - <tokio[cb13bdeeb46b5106]::runtime::runtime::Runtime>::block_on::<core[df12db4294e9bfd3]::pin::Pin<&mut dyn core[df12db4294e9bfd3]::future::future::Future<Output = ()>>>
[INFO] [stdout]   17:     0x5b03a29bd7bb - mdx_rust_core[e3722c9bfbc722b]::safety_pipeline::tests::final_validation_failure_rolls_back_and_does_not_accept
[INFO] [stdout]   18:     0x5b03a29d3139 - <mdx_rust_core[e3722c9bfbc722b]::safety_pipeline::tests::final_validation_failure_rolls_back_and_does_not_accept::{closure#0} as core[df12db4294e9bfd3]::ops::function::FnOnce<()>>::call_once
[INFO] [stdout]   19:     0x5b03a2a04f0b - test[9d35eded1c95d3be]::__rust_begin_short_backtrace::<core[df12db4294e9bfd3]::result::Result<(), alloc[2182bb758b4b3781]::string::String>, fn() -> core[df12db4294e9bfd3]::result::Result<(), alloc[2182bb758b4b3781]::string::String>>
[INFO] [stdout]   20:     0x5b03a2a12575 - test[9d35eded1c95d3be]::run_test::{closure#0}
[INFO] [stdout]   21:     0x5b03a2a0be34 - std[70759c8f55707aa4]::sys::backtrace::__rust_begin_short_backtrace::<test[9d35eded1c95d3be]::run_test::{closure#1}, ()>
[INFO] [stdout]   22:     0x5b03a2a156d2 - <std[70759c8f55707aa4]::thread::lifecycle::spawn_unchecked<test[9d35eded1c95d3be]::run_test::{closure#1}, ()>::{closure#1} as core[df12db4294e9bfd3]::ops::function::FnOnce<()>>::call_once::{shim:vtable#0}
[INFO] [stdout]   23:     0x5b03a2d6f2f9 - <std[70759c8f55707aa4]::sys::thread::unix::Thread>::new::thread_start
[INFO] [stdout]   24:     0x72c9d4701dfa - <unknown>
[INFO] [stdout]   25:     0x72c9d47953d4 - clone
[INFO] [stdout]   26:                0x0 - <unknown>
[INFO] [stdout] 
[INFO] [stdout] ---- safety_pipeline::tests::net_negative_candidate_is_rejected_before_landing stdout ----
[INFO] [stdout] 
[INFO] [stdout] thread 'safety_pipeline::tests::net_negative_candidate_is_rejected_before_landing' (2330) panicked at src/safety_pipeline.rs:833:9:
[INFO] [stdout]  (validation rejected candidate: help: run `rustup component add --toolchain 1.99.0-beta.8-x86_64-unknown-linux-gnu clippy` to install it)
[INFO] [stdout] stack backtrace:
[INFO] [stdout]    0:     0x5b03a2d703a1 - <<std[70759c8f55707aa4]::sys::backtrace::BacktraceLock>::print::DisplayBacktrace as core[df12db4294e9bfd3]::fmt::Display>::fmt
[INFO] [stdout]    1:     0x5b03a2d898ba - core[df12db4294e9bfd3]::fmt::write
[INFO] [stdout]    2:     0x5b03a2d7564c - <alloc[2182bb758b4b3781]::vec::Vec<u8> as core[df12db4294e9bfd3]::io::write::Write>::write_fmt
[INFO] [stdout]    3:     0x5b03a2d47956 - std[70759c8f55707aa4]::panicking::default_hook::{closure#0}
[INFO] [stdout]    4:     0x5b03a2d66519 - std[70759c8f55707aa4]::panicking::default_hook
[INFO] [stdout]    5:     0x5b03a2a11c20 - test[9d35eded1c95d3be]::test_main_inner::<test[9d35eded1c95d3be]::test_main_static::{closure#0}>::{closure#0}
[INFO] [stdout]    6:     0x5b03a2d66842 - std[70759c8f55707aa4]::panicking::panic_with_hook
[INFO] [stdout]    7:     0x5b03a2d47a02 - std[70759c8f55707aa4]::panicking::panic_handler::{closure#0}
[INFO] [stdout]    8:     0x5b03a2d3fe79 - std[70759c8f55707aa4]::sys::backtrace::__rust_end_short_backtrace::<std[70759c8f55707aa4]::panicking::panic_handler::{closure#0}, !>
[INFO] [stdout]    9:     0x5b03a2d4870d - __rustc[8fa7c3cbc660c2b3]::rust_begin_unwind
[INFO] [stdout]   10:     0x5b03a2d8a09c - core[df12db4294e9bfd3]::panicking::panic_fmt
[INFO] [stdout]   11:     0x5b03a29b616a - core[df12db4294e9bfd3]::panicking::panic_display::<alloc[2182bb758b4b3781]::string::String>
[INFO] [stdout]   12:     0x5b03a29b7fa5 - mdx_rust_core[e3722c9bfbc722b]::safety_pipeline::tests::net_negative_candidate_is_rejected_before_landing::{closure#0}
[INFO] [stdout]   13:     0x5b03a29a8133 - <tokio[cb13bdeeb46b5106]::runtime::scheduler::current_thread::Context>::enter::<core[df12db4294e9bfd3]::task::poll::Poll<()>, <tokio[cb13bdeeb46b5106]::runtime::scheduler::current_thread::CoreGuard>::block_on<core[df12db4294e9bfd3]::pin::Pin<&mut core[df12db4294e9bfd3]::pin::Pin<&mut dyn core[df12db4294e9bfd3]::future::future::Future<Output = ()>>>>::{closure#0}::{closure#0}>
[INFO] [stdout]   14:     0x5b03a299b73c - <tokio[cb13bdeeb46b5106]::runtime::context::scoped::Scoped<tokio[cb13bdeeb46b5106]::runtime::scheduler::Context>>::set::<<tokio[cb13bdeeb46b5106]::runtime::scheduler::current_thread::CoreGuard>::enter<<tokio[cb13bdeeb46b5106]::runtime::scheduler::current_thread::CoreGuard>::block_on<core[df12db4294e9bfd3]::pin::Pin<&mut core[df12db4294e9bfd3]::pin::Pin<&mut dyn core[df12db4294e9bfd3]::future::future::Future<Output = ()>>>>::{closure#0}, core[df12db4294e9bfd3]::option::Option<()>>::{closure#0}, (alloc[2182bb758b4b3781]::boxed::Box<tokio[cb13bdeeb46b5106]::runtime::scheduler::current_thread::Core>, core[df12db4294e9bfd3]::option::Option<()>)>
[INFO] [stdout]   15:     0x5b03a29a7e2f - <tokio[cb13bdeeb46b5106]::runtime::scheduler::current_thread::CurrentThread>::block_on::<core[df12db4294e9bfd3]::pin::Pin<&mut dyn core[df12db4294e9bfd3]::future::future::Future<Output = ()>>>
[INFO] [stdout]   16:     0x5b03a29b3622 - <tokio[cb13bdeeb46b5106]::runtime::runtime::Runtime>::block_on::<core[df12db4294e9bfd3]::pin::Pin<&mut dyn core[df12db4294e9bfd3]::future::future::Future<Output = ()>>>
[INFO] [stdout]   17:     0x5b03a29bcdab - mdx_rust_core[e3722c9bfbc722b]::safety_pipeline::tests::net_negative_candidate_is_rejected_before_landing
[INFO] [stdout]   18:     0x5b03a29d3079 - <mdx_rust_core[e3722c9bfbc722b]::safety_pipeline::tests::net_negative_candidate_is_rejected_before_landing::{closure#0} as core[df12db4294e9bfd3]::ops::function::FnOnce<()>>::call_once
[INFO] [stdout]   19:     0x5b03a2a04f0b - test[9d35eded1c95d3be]::__rust_begin_short_backtrace::<core[df12db4294e9bfd3]::result::Result<(), alloc[2182bb758b4b3781]::string::String>, fn() -> core[df12db4294e9bfd3]::result::Result<(), alloc[2182bb758b4b3781]::string::String>>
[INFO] [stdout]   20:     0x5b03a2a12575 - test[9d35eded1c95d3be]::run_test::{closure#0}
[INFO] [stdout]   21:     0x5b03a2a0be34 - std[70759c8f55707aa4]::sys::backtrace::__rust_begin_short_backtrace::<test[9d35eded1c95d3be]::run_test::{closure#1}, ()>
[INFO] [stdout]   22:     0x5b03a2a156d2 - <std[70759c8f55707aa4]::thread::lifecycle::spawn_unchecked<test[9d35eded1c95d3be]::run_test::{closure#1}, ()>::{closure#1} as core[df12db4294e9bfd3]::ops::function::FnOnce<()>>::call_once::{shim:vtable#0}
[INFO] [stdout]   23:     0x5b03a2d6f2f9 - <std[70759c8f55707aa4]::sys::thread::unix::Thread>::new::thread_start
[INFO] [stdout]   24:     0x72c9d4701dfa - <unknown>
[INFO] [stdout]   25:     0x72c9d47953d4 - clone
[INFO] [stdout]   26:                0x0 - <unknown>
[INFO] [stdout] 
[INFO] [stdout] ---- hardening::tests::hardening_apply_lands_validated_transaction stdout ----
[INFO] [stdout] 
[INFO] [stdout] thread 'hardening::tests::hardening_apply_lands_validated_transaction' (2250) panicked at src/hardening.rs:720:9:
[INFO] [stdout] assertion `left == right` failed
[INFO] [stdout]   left: ValidationFailed
[INFO] [stdout]  right: Applied
[INFO] [stdout] stack backtrace:
[INFO] [stdout]    0:     0x5b03a2d703a1 - <<std[70759c8f55707aa4]::sys::backtrace::BacktraceLock>::print::DisplayBacktrace as core[df12db4294e9bfd3]::fmt::Display>::fmt
[INFO] [stdout]    1:     0x5b03a2d898ba - core[df12db4294e9bfd3]::fmt::write
[INFO] [stdout]    2:     0x5b03a2d7564c - <alloc[2182bb758b4b3781]::vec::Vec<u8> as core[df12db4294e9bfd3]::io::write::Write>::write_fmt
[INFO] [stdout]    3:     0x5b03a2d47956 - std[70759c8f55707aa4]::panicking::default_hook::{closure#0}
[INFO] [stdout]    4:     0x5b03a2d66519 - std[70759c8f55707aa4]::panicking::default_hook
[INFO] [stdout]    5:     0x5b03a2a11c20 - test[9d35eded1c95d3be]::test_main_inner::<test[9d35eded1c95d3be]::test_main_static::{closure#0}>::{closure#0}
[INFO] [stdout]    6:     0x5b03a2d66842 - std[70759c8f55707aa4]::panicking::panic_with_hook
[INFO] [stdout]    7:     0x5b03a2d47a02 - std[70759c8f55707aa4]::panicking::panic_handler::{closure#0}
[INFO] [stdout]    8:     0x5b03a2d3fe79 - std[70759c8f55707aa4]::sys::backtrace::__rust_end_short_backtrace::<std[70759c8f55707aa4]::panicking::panic_handler::{closure#0}, !>
[INFO] [stdout]    9:     0x5b03a2d4870d - __rustc[8fa7c3cbc660c2b3]::rust_begin_unwind
[INFO] [stdout]   10:     0x5b03a2d8a09c - core[df12db4294e9bfd3]::panicking::panic_fmt
[INFO] [stdout]   11:     0x5b03a2d89fb3 - core[df12db4294e9bfd3]::panicking::assert_failed_inner
[INFO] [stdout]   12:     0x5b03a29c8d78 - core[df12db4294e9bfd3]::panicking::assert_failed::<mdx_rust_core[e3722c9bfbc722b]::hardening::HardeningStatus, mdx_rust_core[e3722c9bfbc722b]::hardening::HardeningStatus>
[INFO] [stdout]   13:     0x5b03a29a470a - mdx_rust_core[e3722c9bfbc722b]::hardening::tests::hardening_apply_lands_validated_transaction
[INFO] [stdout]   14:     0x5b03a29d3b19 - <mdx_rust_core[e3722c9bfbc722b]::hardening::tests::hardening_apply_lands_validated_transaction::{closure#0} as core[df12db4294e9bfd3]::ops::function::FnOnce<()>>::call_once
[INFO] [stdout]   15:     0x5b03a2a04f0b - test[9d35eded1c95d3be]::__rust_begin_short_backtrace::<core[df12db4294e9bfd3]::result::Result<(), alloc[2182bb758b4b3781]::string::String>, fn() -> core[df12db4294e9bfd3]::result::Result<(), alloc[2182bb758b4b3781]::string::String>>
[INFO] [stdout]   16:     0x5b03a2a12575 - test[9d35eded1c95d3be]::run_test::{closure#0}
[INFO] [stdout]   17:     0x5b03a2a0be34 - std[70759c8f55707aa4]::sys::backtrace::__rust_begin_short_backtrace::<test[9d35eded1c95d3be]::run_test::{closure#1}, ()>
[INFO] [stdout]   18:     0x5b03a2a156d2 - <std[70759c8f55707aa4]::thread::lifecycle::spawn_unchecked<test[9d35eded1c95d3be]::run_test::{closure#1}, ()>::{closure#1} as core[df12db4294e9bfd3]::ops::function::FnOnce<()>>::call_once::{shim:vtable#0}
[INFO] [stdout]   19:     0x5b03a2d6f2f9 - <std[70759c8f55707aa4]::sys::thread::unix::Thread>::new::thread_start
[INFO] [stdout]   20:     0x72c9d4701dfa - <unknown>
[INFO] [stdout]   21:     0x72c9d47953d4 - clone
[INFO] [stdout]   22:                0x0 - <unknown>
[INFO] [stdout] 
[INFO] [stdout] ---- hardening::tests::hardening_review_validates_without_touching_real_tree stdout ----
[INFO] [stdout] 
[INFO] [stdout] thread 'hardening::tests::hardening_review_validates_without_touching_real_tree' (2255) panicked at src/hardening.rs:696:9:
[INFO] [stdout] assertion `left == right` failed
[INFO] [stdout]   left: ValidationFailed
[INFO] [stdout]  right: Reviewed
[INFO] [stdout] stack backtrace:
[INFO] [stdout]    0:     0x5b03a2d703a1 - <<std[70759c8f55707aa4]::sys::backtrace::BacktraceLock>::print::DisplayBacktrace as core[df12db4294e9bfd3]::fmt::Display>::fmt
[INFO] [stdout]    1:     0x5b03a2d898ba - core[df12db4294e9bfd3]::fmt::write
[INFO] [stdout]    2:     0x5b03a2d7564c - <alloc[2182bb758b4b3781]::vec::Vec<u8> as core[df12db4294e9bfd3]::io::write::Write>::write_fmt
[INFO] [stdout]    3:     0x5b03a2d47956 - std[70759c8f55707aa4]::panicking::default_hook::{closure#0}
[INFO] [stdout]    4:     0x5b03a2d66519 - std[70759c8f55707aa4]::panicking::default_hook
[INFO] [stdout]    5:     0x5b03a2a11c20 - test[9d35eded1c95d3be]::test_main_inner::<test[9d35eded1c95d3be]::test_main_static::{closure#0}>::{closure#0}
[INFO] [stdout]    6:     0x5b03a2d66842 - std[70759c8f55707aa4]::panicking::panic_with_hook
[INFO] [stdout]    7:     0x5b03a2d47a02 - std[70759c8f55707aa4]::panicking::panic_handler::{closure#0}
[INFO] [stdout]    8:     0x5b03a2d3fe79 - std[70759c8f55707aa4]::sys::backtrace::__rust_end_short_backtrace::<std[70759c8f55707aa4]::panicking::panic_handler::{closure#0}, !>
[INFO] [stdout]    9:     0x5b03a2d4870d - __rustc[8fa7c3cbc660c2b3]::rust_begin_unwind
[INFO] [stdout]   10:     0x5b03a2d8a09c - core[df12db4294e9bfd3]::panicking::panic_fmt
[INFO] [stdout]   11:     0x5b03a2d89fb3 - core[df12db4294e9bfd3]::panicking::assert_failed_inner
[INFO] [stdout]   12:     0x5b03a29c8d78 - core[df12db4294e9bfd3]::panicking::assert_failed::<mdx_rust_core[e3722c9bfbc722b]::hardening::HardeningStatus, mdx_rust_core[e3722c9bfbc722b]::hardening::HardeningStatus>
[INFO] [stdout]   13:     0x5b03a29a5e0a - mdx_rust_core[e3722c9bfbc722b]::hardening::tests::hardening_review_validates_without_touching_real_tree
[INFO] [stdout]   14:     0x5b03a29d3b99 - <mdx_rust_core[e3722c9bfbc722b]::hardening::tests::hardening_review_validates_without_touching_real_tree::{closure#0} as core[df12db4294e9bfd3]::ops::function::FnOnce<()>>::call_once
[INFO] [stdout]   15:     0x5b03a2a04f0b - test[9d35eded1c95d3be]::__rust_begin_short_backtrace::<core[df12db4294e9bfd3]::result::Result<(), alloc[2182bb758b4b3781]::string::String>, fn() -> core[df12db4294e9bfd3]::result::Result<(), alloc[2182bb758b4b3781]::string::String>>
[INFO] [stdout]   16:     0x5b03a2a12575 - test[9d35eded1c95d3be]::run_test::{closure#0}
[INFO] [stdout]   17:     0x5b03a2a0be34 - std[70759c8f55707aa4]::sys::backtrace::__rust_begin_short_backtrace::<test[9d35eded1c95d3be]::run_test::{closure#1}, ()>
[INFO] [stdout]   18:     0x5b03a2a156d2 - <std[70759c8f55707aa4]::thread::lifecycle::spawn_unchecked<test[9d35eded1c95d3be]::run_test::{closure#1}, ()>::{closure#1} as core[df12db4294e9bfd3]::ops::function::FnOnce<()>>::call_once::{shim:vtable#0}
[INFO] [stdout]   19:     0x5b03a2d6f2f9 - <std[70759c8f55707aa4]::sys::thread::unix::Thread>::new::thread_start
[INFO] [stdout]   20:     0x72c9d4701dfa - <unknown>
[INFO] [stdout]   21:     0x72c9d47953d4 - clone
[INFO] [stdout]   22:                0x0 - <unknown>
[INFO] [stdout] 
[INFO] [stdout] ---- hardening::tests::hardening_behavior_eval_failure_blocks_apply stdout ----
[INFO] [stdout] 
[INFO] [stdout] thread 'hardening::tests::hardening_behavior_eval_failure_blocks_apply' (2251) panicked at src/hardening.rs:775:9:
[INFO] [stdout] assertion `left == right` failed
[INFO] [stdout]   left: ValidationFailed
[INFO] [stdout]  right: BehaviorValidationFailed
[INFO] [stdout] stack backtrace:
[INFO] [stdout]    0:     0x5b03a2d703a1 - <<std[70759c8f55707aa4]::sys::backtrace::BacktraceLock>::print::DisplayBacktrace as core[df12db4294e9bfd3]::fmt::Display>::fmt
[INFO] [stdout]    1:     0x5b03a2d898ba - core[df12db4294e9bfd3]::fmt::write
[INFO] [stdout]    2:     0x5b03a2d7564c - <alloc[2182bb758b4b3781]::vec::Vec<u8> as core[df12db4294e9bfd3]::io::write::Write>::write_fmt
[INFO] [stdout]    3:     0x5b03a2d47956 - std[70759c8f55707aa4]::panicking::default_hook::{closure#0}
[INFO] [stdout]    4:     0x5b03a2d66519 - std[70759c8f55707aa4]::panicking::default_hook
[INFO] [stdout]    5:     0x5b03a2a11c20 - test[9d35eded1c95d3be]::test_main_inner::<test[9d35eded1c95d3be]::test_main_static::{closure#0}>::{closure#0}
[INFO] [stdout]    6:     0x5b03a2d66842 - std[70759c8f55707aa4]::panicking::panic_with_hook
[INFO] [stdout]    7:     0x5b03a2d47a02 - std[70759c8f55707aa4]::panicking::panic_handler::{closure#0}
[INFO] [stdout]    8:     0x5b03a2d3fe79 - std[70759c8f55707aa4]::sys::backtrace::__rust_end_short_backtrace::<std[70759c8f55707aa4]::panicking::panic_handler::{closure#0}, !>
[INFO] [stdout]    9:     0x5b03a2d4870d - __rustc[8fa7c3cbc660c2b3]::rust_begin_unwind
[INFO] [stdout]   10:     0x5b03a2d8a09c - core[df12db4294e9bfd3]::panicking::panic_fmt
[INFO] [stdout]   11:     0x5b03a2d89fb3 - core[df12db4294e9bfd3]::panicking::assert_failed_inner
[INFO] [stdout]   12:     0x5b03a29c8d78 - core[df12db4294e9bfd3]::panicking::assert_failed::<mdx_rust_core[e3722c9bfbc722b]::hardening::HardeningStatus, mdx_rust_core[e3722c9bfbc722b]::hardening::HardeningStatus>
[INFO] [stdout]   13:     0x5b03a29a4d9a - mdx_rust_core[e3722c9bfbc722b]::hardening::tests::hardening_behavior_eval_failure_blocks_apply
[INFO] [stdout]   14:     0x5b03a29d3b39 - <mdx_rust_core[e3722c9bfbc722b]::hardening::tests::hardening_behavior_eval_failure_blocks_apply::{closure#0} as core[df12db4294e9bfd3]::ops::function::FnOnce<()>>::call_once
[INFO] [stdout]   15:     0x5b03a2a04f0b - test[9d35eded1c95d3be]::__rust_begin_short_backtrace::<core[df12db4294e9bfd3]::result::Result<(), alloc[2182bb758b4b3781]::string::String>, fn() -> core[df12db4294e9bfd3]::result::Result<(), alloc[2182bb758b4b3781]::string::String>>
[INFO] [stdout]   16:     0x5b03a2a12575 - test[9d35eded1c95d3be]::run_test::{closure#0}
[INFO] [stdout]   17:     0x5b03a2a0be34 - std[70759c8f55707aa4]::sys::backtrace::__rust_begin_short_backtrace::<test[9d35eded1c95d3be]::run_test::{closure#1}, ()>
[INFO] [stdout]   18:     0x5b03a2a156d2 - <std[70759c8f55707aa4]::thread::lifecycle::spawn_unchecked<test[9d35eded1c95d3be]::run_test::{closure#1}, ()>::{closure#1} as core[df12db4294e9bfd3]::ops::function::FnOnce<()>>::call_once::{shim:vtable#0}
[INFO] [stdout]   19:     0x5b03a2d6f2f9 - <std[70759c8f55707aa4]::sys::thread::unix::Thread>::new::thread_start
[INFO] [stdout]   20:     0x72c9d4701dfa - <unknown>
[INFO] [stdout]   21:     0x72c9d47953d4 - clone
[INFO] [stdout]   22:                0x0 - <unknown>
[INFO] [stdout] 
[INFO] [stdout] ---- hardening::tests::hardening_behavior_eval_spec_in_artifact_dir_runs_in_isolation stdout ----
[INFO] [stdout] 
[INFO] [stdout] thread 'hardening::tests::hardening_behavior_eval_spec_in_artifact_dir_runs_in_isolation' (2252) panicked at src/hardening.rs:801:9:
[INFO] [stdout] assertion `left == right` failed
[INFO] [stdout]   left: ValidationFailed
[INFO] [stdout]  right: Applied
[INFO] [stdout] stack backtrace:
[INFO] [stdout]    0:     0x5b03a2d703a1 - <<std[70759c8f55707aa4]::sys::backtrace::BacktraceLock>::print::DisplayBacktrace as core[df12db4294e9bfd3]::fmt::Display>::fmt
[INFO] [stdout]    1:     0x5b03a2d898ba - core[df12db4294e9bfd3]::fmt::write
[INFO] [stdout]    2:     0x5b03a2d7564c - <alloc[2182bb758b4b3781]::vec::Vec<u8> as core[df12db4294e9bfd3]::io::write::Write>::write_fmt
[INFO] [stdout]    3:     0x5b03a2d47956 - std[70759c8f55707aa4]::panicking::default_hook::{closure#0}
[INFO] [stdout]    4:     0x5b03a2d66519 - std[70759c8f55707aa4]::panicking::default_hook
[INFO] [stdout]    5:     0x5b03a2a11c20 - test[9d35eded1c95d3be]::test_main_inner::<test[9d35eded1c95d3be]::test_main_static::{closure#0}>::{closure#0}
[INFO] [stdout]    6:     0x5b03a2d66842 - std[70759c8f55707aa4]::panicking::panic_with_hook
[INFO] [stdout]    7:     0x5b03a2d47a02 - std[70759c8f55707aa4]::panicking::panic_handler::{closure#0}
[INFO] [stdout]    8:     0x5b03a2d3fe79 - std[70759c8f55707aa4]::sys::backtrace::__rust_end_short_backtrace::<std[70759c8f55707aa4]::panicking::panic_handler::{closure#0}, !>
[INFO] [stdout]    9:     0x5b03a2d4870d - __rustc[8fa7c3cbc660c2b3]::rust_begin_unwind
[INFO] [stdout]   10:     0x5b03a2d8a09c - core[df12db4294e9bfd3]::panicking::panic_fmt
[INFO] [stdout]   11:     0x5b03a2d89fb3 - core[df12db4294e9bfd3]::panicking::assert_failed_inner
[INFO] [stdout]   12:     0x5b03a29c8d78 - core[df12db4294e9bfd3]::panicking::assert_failed::<mdx_rust_core[e3722c9bfbc722b]::hardening::HardeningStatus, mdx_rust_core[e3722c9bfbc722b]::hardening::HardeningStatus>
[INFO] [stdout]   13:     0x5b03a29a63d1 - mdx_rust_core[e3722c9bfbc722b]::hardening::tests::hardening_behavior_eval_spec_in_artifact_dir_runs_in_isolation
[INFO] [stdout]   14:     0x5b03a29d3bb9 - <mdx_rust_core[e3722c9bfbc722b]::hardening::tests::hardening_behavior_eval_spec_in_artifact_dir_runs_in_isolation::{closure#0} as core[df12db4294e9bfd3]::ops::function::FnOnce<()>>::call_once
[INFO] [stdout]   15:     0x5b03a2a04f0b - test[9d35eded1c95d3be]::__rust_begin_short_backtrace::<core[df12db4294e9bfd3]::result::Result<(), alloc[2182bb758b4b3781]::string::String>, fn() -> core[df12db4294e9bfd3]::result::Result<(), alloc[2182bb758b4b3781]::string::String>>
[INFO] [stdout]   16:     0x5b03a2a12575 - test[9d35eded1c95d3be]::run_test::{closure#0}
[INFO] [stdout]   17:     0x5b03a2a0be34 - std[70759c8f55707aa4]::sys::backtrace::__rust_begin_short_backtrace::<test[9d35eded1c95d3be]::run_test::{closure#1}, ()>
[INFO] [stdout]   18:     0x5b03a2a156d2 - <std[70759c8f55707aa4]::thread::lifecycle::spawn_unchecked<test[9d35eded1c95d3be]::run_test::{closure#1}, ()>::{closure#1} as core[df12db4294e9bfd3]::ops::function::FnOnce<()>>::call_once::{shim:vtable#0}
[INFO] [stdout]   19:     0x5b03a2d6f2f9 - <std[70759c8f55707aa4]::sys::thread::unix::Thread>::new::thread_start
[INFO] [stdout]   20:     0x72c9d4701dfa - <unknown>
[INFO] [stdout]   21:     0x72c9d47953d4 - clone
[INFO] [stdout]   22:                0x0 - <unknown>
[INFO] [stdout] 
[INFO] [stdout] 
[INFO] [stdout] failures:
[INFO] [stdout]     hardening::tests::hardening_apply_lands_validated_transaction
[INFO] [stdout]     hardening::tests::hardening_behavior_eval_failure_blocks_apply
[INFO] [stdout]     hardening::tests::hardening_behavior_eval_spec_in_artifact_dir_runs_in_isolation
[INFO] [stdout]     hardening::tests::hardening_review_validates_without_touching_real_tree
[INFO] [stdout]     safety_pipeline::tests::final_validation_failure_rolls_back_and_does_not_accept
[INFO] [stdout]     safety_pipeline::tests::net_negative_candidate_is_rejected_before_landing
[INFO] [stdout] 
[INFO] [stdout] test result: FAILED. 41 passed; 6 failed; 0 ignored; 0 measured; 0 filtered out; finished in 12.47s
[INFO] [stdout] 
[INFO] running `Command { std: "docker" "inspect" "fec49dcdc9d20165ed5268268bafbe316ef030e6c4b8996c96c6cb48be163300", kill_on_drop: false }`
[INFO] running `Command { std: "docker" "rm" "-f" "fec49dcdc9d20165ed5268268bafbe316ef030e6c4b8996c96c6cb48be163300", kill_on_drop: false }`
[INFO] [stdout] fec49dcdc9d20165ed5268268bafbe316ef030e6c4b8996c96c6cb48be163300
