[INFO] fetching crate mdtoepson 0.1.2...
[INFO] testing mdtoepson-0.1.2 against 1.99.0-beta.8+cargoflags=--release for beta-release-1.100-2
[INFO] extracting crate mdtoepson 0.1.2 into /workspace/builds/worker-2-tc1/source
[INFO] started tweaking crates.io crate mdtoepson 0.1.2
[INFO] finished tweaking crates.io crate mdtoepson 0.1.2
[INFO] tweaked toml for crates.io crate mdtoepson 0.1.2 written to /workspace/builds/worker-2-tc1/source/Cargo.toml
[INFO] validating manifest of crates.io crate mdtoepson 0.1.2 on toolchain 1.99.0-beta.8
[INFO] running `Command { std: CARGO_HOME="/workspace/cargo-home" RUSTUP_HOME="/workspace/rustup-home" "/workspace/cargo-home/bin/cargo" "+1.99.0-beta.8" "metadata" "--manifest-path" "Cargo.toml" "--no-deps", kill_on_drop: false }`
[INFO] crate crates.io crate mdtoepson 0.1.2 already has a lockfile, it will not be regenerated
[INFO] running `Command { std: CARGO_HOME="/workspace/cargo-home" RUSTUP_HOME="/workspace/rustup-home" "/workspace/cargo-home/bin/cargo" "+1.99.0-beta.8" "fetch" "--manifest-path" "Cargo.toml", kill_on_drop: false }`
[INFO] [stderr]  Downloading crates ...
[INFO] [stderr]   Downloaded proc-macro2 v1.0.69
[INFO] [stderr]   Downloaded logos-derive v0.13.0
[INFO] [stderr]   Downloaded logos-codegen v0.13.0
[INFO] [stderr]   Downloaded logos v0.13.0
[INFO] [stderr]   Downloaded anstyle v1.0.4
[INFO] [stderr]   Downloaded clap v4.4.8
[INFO] [stderr]   Downloaded anstyle-parse v0.2.2
[INFO] [stderr]   Downloaded clap_builder v4.4.8
[INFO] running `Command { std: "docker" "create" "-v" "/var/lib/crater-agent-workspace/builds/worker-2-tc1/source:/opt/rustwide/workdir:ro,Z" "-v" "/var/lib/crater-agent-workspace/builds/worker-2-tc1/target:/opt/rustwide/target:rw,Z" "-v" "/var/lib/crater-agent-workspace/cargo-home:/opt/rustwide/cargo-home:ro,Z" "-v" "/var/lib/crater-agent-workspace/rustup-home:/opt/rustwide/rustup-home:ro,Z" "-m" "1610612736" "--network" "none" "ghcr.io/rust-lang/crates-build-env/linux@sha256:77db811e55d90add9212f6832c23229e3de5f1c1f9905e8cb07319ea15df73ac" "sleep" "infinity", kill_on_drop: false }`
[INFO] [stdout] 7aab42f6243cdb779e1fb03b7e3a718ca6a8e5f56b92e27dced002683aba12eb
[INFO] running `Command { std: "docker" "start" "7aab42f6243cdb779e1fb03b7e3a718ca6a8e5f56b92e27dced002683aba12eb", kill_on_drop: false }`
[INFO] running `Command { std: "docker" "inspect" "7aab42f6243cdb779e1fb03b7e3a718ca6a8e5f56b92e27dced002683aba12eb", kill_on_drop: false }`
[INFO] running `Command { std: "docker" "exec" "-e" "SOURCE_DIR=/opt/rustwide/workdir" "-e" "CARGO_HOME=/opt/rustwide/cargo-home" "-e" "RUSTUP_HOME=/opt/rustwide/rustup-home" "-e" "CARGO_TARGET_DIR=/opt/rustwide/target" "-w" "/opt/rustwide/workdir" "--user" "0:0" "7aab42f6243cdb779e1fb03b7e3a718ca6a8e5f56b92e27dced002683aba12eb" "/opt/rustwide/cargo-home/bin/cargo" "+1.99.0-beta.8" "metadata" "--no-deps" "--format-version=1", kill_on_drop: false }`
[INFO] running `Command { std: "docker" "inspect" "7aab42f6243cdb779e1fb03b7e3a718ca6a8e5f56b92e27dced002683aba12eb", kill_on_drop: false }`
[INFO] running `Command { std: "docker" "exec" "-e" "SOURCE_DIR=/opt/rustwide/workdir" "-e" "CARGO_HOME=/opt/rustwide/cargo-home" "-e" "RUSTUP_HOME=/opt/rustwide/rustup-home" "-e" "CARGO_TARGET_DIR=/opt/rustwide/target" "-e" "CARGO_INCREMENTAL=0" "-e" "RUST_BACKTRACE=full" "-e" "RUSTFLAGS=--cap-lints=warn" "-e" "RUSTDOCFLAGS=--cap-lints=warn" "-w" "/opt/rustwide/workdir" "--user" "0:0" "7aab42f6243cdb779e1fb03b7e3a718ca6a8e5f56b92e27dced002683aba12eb" "/opt/rustwide/cargo-home/bin/cargo" "+1.99.0-beta.8" "build" "--frozen" "--message-format=json" "--release", kill_on_drop: false }`
[INFO] [stderr]    Compiling proc-macro2 v1.0.69
[INFO] [stderr]    Compiling utf8parse v0.2.1
[INFO] [stderr]    Compiling regex-syntax v0.6.29
[INFO] [stderr]    Compiling fnv v1.0.7
[INFO] [stderr]    Compiling colorchoice v1.0.0
[INFO] [stderr]    Compiling anstyle v1.0.4
[INFO] [stderr]    Compiling anstyle-query v1.0.0
[INFO] [stderr]    Compiling beef v0.5.2
[INFO] [stderr]    Compiling strsim v0.10.0
[INFO] [stderr]    Compiling anstyle-parse v0.2.2
[INFO] [stderr]    Compiling clap_lex v0.6.0
[INFO] [stderr]    Compiling heck v0.4.1
[INFO] [stderr]    Compiling anstream v0.6.4
[INFO] [stderr]    Compiling clap_builder v4.4.8
[INFO] [stderr]    Compiling quote v1.0.33
[INFO] [stderr]    Compiling syn v2.0.39
[INFO] [stderr]    Compiling logos-codegen v0.13.0
[INFO] [stderr]    Compiling clap_derive v4.4.7
[INFO] [stderr]    Compiling logos-derive v0.13.0
[INFO] [stderr]    Compiling logos v0.13.0
[INFO] [stderr]    Compiling clap v4.4.8
[INFO] [stderr]    Compiling mdtoepson v0.1.2 (/opt/rustwide/workdir)
[INFO] [stderr]     Finished `release` profile [optimized] target(s) in 28.73s
[INFO] running `Command { std: "docker" "inspect" "7aab42f6243cdb779e1fb03b7e3a718ca6a8e5f56b92e27dced002683aba12eb", kill_on_drop: false }`
[INFO] running `Command { std: "docker" "exec" "-e" "SOURCE_DIR=/opt/rustwide/workdir" "-e" "CARGO_HOME=/opt/rustwide/cargo-home" "-e" "RUSTUP_HOME=/opt/rustwide/rustup-home" "-e" "CARGO_TARGET_DIR=/opt/rustwide/target" "-e" "CARGO_INCREMENTAL=0" "-e" "RUST_BACKTRACE=full" "-e" "RUSTFLAGS=--cap-lints=warn" "-e" "RUSTDOCFLAGS=--cap-lints=warn" "-w" "/opt/rustwide/workdir" "--user" "0:0" "7aab42f6243cdb779e1fb03b7e3a718ca6a8e5f56b92e27dced002683aba12eb" "/opt/rustwide/cargo-home/bin/cargo" "+1.99.0-beta.8" "test" "--frozen" "--no-run" "--message-format=json" "--release", kill_on_drop: false }`
[INFO] [stderr]    Compiling mdtoepson v0.1.2 (/opt/rustwide/workdir)
[INFO] [stderr]     Finished `release` profile [optimized] target(s) in 1.12s
[INFO] running `Command { std: "docker" "inspect" "7aab42f6243cdb779e1fb03b7e3a718ca6a8e5f56b92e27dced002683aba12eb", kill_on_drop: false }`
[INFO] running `Command { std: "docker" "exec" "-e" "SOURCE_DIR=/opt/rustwide/workdir" "-e" "CARGO_HOME=/opt/rustwide/cargo-home" "-e" "RUSTUP_HOME=/opt/rustwide/rustup-home" "-e" "CARGO_TARGET_DIR=/opt/rustwide/target" "-e" "CARGO_INCREMENTAL=0" "-e" "RUST_BACKTRACE=full" "-e" "RUSTFLAGS=--cap-lints=warn" "-e" "RUSTDOCFLAGS=--cap-lints=warn" "-w" "/opt/rustwide/workdir" "--user" "0:0" "7aab42f6243cdb779e1fb03b7e3a718ca6a8e5f56b92e27dced002683aba12eb" "/opt/rustwide/cargo-home/bin/cargo" "+1.99.0-beta.8" "test" "--frozen" "--release", kill_on_drop: false }`
[INFO] [stderr]     Finished `release` profile [optimized] target(s) in 0.05s
[INFO] [stderr]      Running unittests src/main.rs (/opt/rustwide/target/release/deps/mdtoepson-9babb7ffa7e4ad1a)
[INFO] [stdout] 
[INFO] [stdout] running 7 tests
[INFO] [stdout] test tests::new_line_removes_single_newlines ... ok
[INFO] [stdout] test tests::italic_transpiles ... ok
[INFO] [stdout] test tests::underlined_transpiles ... ok
[INFO] [stdout] test tests::bold_transpiles ... ok
[INFO] [stdout] test tests::top_header_transpiles ... FAILED
[INFO] [stdout] test tests::lower_header_transpiles ... FAILED
[INFO] [stdout] test tests::new_line_collapses_multiple_newlines ... ok
[INFO] [stdout] 
[INFO] [stdout] failures:
[INFO] [stdout] 
[INFO] [stdout] ---- tests::top_header_transpiles stdout ----
[INFO] [stdout] 
[INFO] [stdout] thread 'tests::top_header_transpiles' (467) panicked at src/main.rs:254:9:
[INFO] [stdout] assertion `left == right` failed
[INFO] [stdout]   left: [10, 10, 27, 69, 27, 119, 49, 27, 87, 49, 72, 101, 97, 100, 101, 114, 32, 116, 101, 120, 116, 27, 70, 27, 119, 48, 27, 87, 48, 10, 32, 10]
[INFO] [stdout]  right: [10, 10, 27, 69, 27, 119, 49, 27, 87, 49, 72, 101, 97, 100, 101, 114, 32, 116, 101, 120, 116, 27, 70, 27, 119, 48, 27, 87, 48, 10, 10]
[INFO] [stdout] stack backtrace:
[INFO] [stdout]    0:     0x60b8bfe1c8a1 - <<std[70759c8f55707aa4]::sys::backtrace::BacktraceLock>::print::DisplayBacktrace as core[df12db4294e9bfd3]::fmt::Display>::fmt
[INFO] [stdout]    1:     0x60b8bfe30a7a - core[df12db4294e9bfd3]::fmt::write
[INFO] [stdout]    2:     0x60b8bfe20d3c - <alloc[2182bb758b4b3781]::vec::Vec<u8> as core[df12db4294e9bfd3]::io::write::Write>::write_fmt
[INFO] [stdout]    3:     0x60b8bfdf8e96 - std[70759c8f55707aa4]::panicking::default_hook::{closure#0}
[INFO] [stdout]    4:     0x60b8bfe15009 - std[70759c8f55707aa4]::panicking::default_hook
[INFO] [stdout]    5:     0x60b8bfdb1490 - test[9d35eded1c95d3be]::test_main_inner::<test[9d35eded1c95d3be]::test_main_static::{closure#0}>::{closure#0}
[INFO] [stdout]    6:     0x60b8bfe151c2 - std[70759c8f55707aa4]::panicking::panic_with_hook
[INFO] [stdout]    7:     0x60b8bfdf8f42 - std[70759c8f55707aa4]::panicking::panic_handler::{closure#0}
[INFO] [stdout]    8:     0x60b8bfdf1cc9 - std[70759c8f55707aa4]::sys::backtrace::__rust_end_short_backtrace::<std[70759c8f55707aa4]::panicking::panic_handler::{closure#0}, !>
[INFO] [stdout]    9:     0x60b8bfdf9b3d - __rustc[8fa7c3cbc660c2b3]::rust_begin_unwind
[INFO] [stdout]   10:     0x60b8bfe311ac - core[df12db4294e9bfd3]::panicking::panic_fmt
[INFO] [stdout]   11:     0x60b8bfe310c3 - core[df12db4294e9bfd3]::panicking::assert_failed_inner
[INFO] [stdout]   12:     0x60b8bfda099e - core[df12db4294e9bfd3]::panicking::assert_failed::<&[u8], &[u8; 31usize]>
[INFO] [stdout]   13:     0x60b8bfda4417 - <mdtoepson[1f046926cc3a1f39]::tests::top_header_transpiles::{closure#0} as core[df12db4294e9bfd3]::ops::function::FnOnce<()>>::call_once
[INFO] [stdout]   14:     0x60b8bfda477b - test[9d35eded1c95d3be]::__rust_begin_short_backtrace::<core[df12db4294e9bfd3]::result::Result<(), alloc[2182bb758b4b3781]::string::String>, fn() -> core[df12db4294e9bfd3]::result::Result<(), alloc[2182bb758b4b3781]::string::String>>
[INFO] [stdout]   15:     0x60b8bfdb1de5 - test[9d35eded1c95d3be]::run_test::{closure#0}
[INFO] [stdout]   16:     0x60b8bfdab6a4 - std[70759c8f55707aa4]::sys::backtrace::__rust_begin_short_backtrace::<test[9d35eded1c95d3be]::run_test::{closure#1}, ()>
[INFO] [stdout]   17:     0x60b8bfdb4f42 - <std[70759c8f55707aa4]::thread::lifecycle::spawn_unchecked<test[9d35eded1c95d3be]::run_test::{closure#1}, ()>::{closure#1} as core[df12db4294e9bfd3]::ops::function::FnOnce<()>>::call_once::{shim:vtable#0}
[INFO] [stdout]   18:     0x60b8bfe1c179 - <std[70759c8f55707aa4]::sys::thread::unix::Thread>::new::thread_start
[INFO] [stdout]   19:     0x73c4a2e53dfa - <unknown>
[INFO] [stdout]   20:     0x73c4a2ee73d4 - clone
[INFO] [stdout]   21:                0x0 - <unknown>
[INFO] [stdout] 
[INFO] [stdout] ---- tests::lower_header_transpiles stdout ----
[INFO] [stdout] 
[INFO] [stdout] thread 'tests::lower_header_transpiles' (464) panicked at src/main.rs:263:9:
[INFO] [stdout] assertion `left == right` failed
[INFO] [stdout]   left: [10, 10, 27, 119, 49, 72, 101, 97, 100, 101, 114, 32, 116, 101, 120, 116, 27, 119, 48, 10, 32, 10]
[INFO] [stdout]  right: [10, 10, 27, 119, 49, 72, 101, 97, 100, 101, 114, 32, 116, 101, 120, 116, 27, 119, 48, 10]
[INFO] [stdout] stack backtrace:
[INFO] [stdout]    0:     0x60b8bfe1c8a1 - <<std[70759c8f55707aa4]::sys::backtrace::BacktraceLock>::print::DisplayBacktrace as core[df12db4294e9bfd3]::fmt::Display>::fmt
[INFO] [stdout]    1:     0x60b8bfe30a7a - core[df12db4294e9bfd3]::fmt::write
[INFO] [stdout]    2:     0x60b8bfe20d3c - <alloc[2182bb758b4b3781]::vec::Vec<u8> as core[df12db4294e9bfd3]::io::write::Write>::write_fmt
[INFO] [stdout]    3:     0x60b8bfdf8e96 - std[70759c8f55707aa4]::panicking::default_hook::{closure#0}
[INFO] [stdout]    4:     0x60b8bfe15009 - std[70759c8f55707aa4]::panicking::default_hook
[INFO] [stdout]    5:     0x60b8bfdb1490 - test[9d35eded1c95d3be]::test_main_inner::<test[9d35eded1c95d3be]::test_main_static::{closure#0}>::{closure#0}
[INFO] [stdout]    6:     0x60b8bfe151c2 - std[70759c8f55707aa4]::panicking::panic_with_hook
[INFO] [stdout]    7:     0x60b8bfdf8f42 - std[70759c8f55707aa4]::panicking::panic_handler::{closure#0}
[INFO] [stdout]    8:     0x60b8bfdf1cc9 - std[70759c8f55707aa4]::sys::backtrace::__rust_end_short_backtrace::<std[70759c8f55707aa4]::panicking::panic_handler::{closure#0}, !>
[INFO] [stdout]    9:     0x60b8bfdf9b3d - __rustc[8fa7c3cbc660c2b3]::rust_begin_unwind
[INFO] [stdout]   10:     0x60b8bfe311ac - core[df12db4294e9bfd3]::panicking::panic_fmt
[INFO] [stdout]   11:     0x60b8bfe310c3 - core[df12db4294e9bfd3]::panicking::assert_failed_inner
[INFO] [stdout]   12:     0x60b8bfda0926 - core[df12db4294e9bfd3]::panicking::assert_failed::<&[u8], &[u8; 20usize]>
[INFO] [stdout]   13:     0x60b8bfda45b7 - <mdtoepson[1f046926cc3a1f39]::tests::lower_header_transpiles::{closure#0} as core[df12db4294e9bfd3]::ops::function::FnOnce<()>>::call_once
[INFO] [stdout]   14:     0x60b8bfda477b - test[9d35eded1c95d3be]::__rust_begin_short_backtrace::<core[df12db4294e9bfd3]::result::Result<(), alloc[2182bb758b4b3781]::string::String>, fn() -> core[df12db4294e9bfd3]::result::Result<(), alloc[2182bb758b4b3781]::string::String>>
[INFO] [stdout]   15:     0x60b8bfdb1de5 - test[9d35eded1c95d3be]::run_test::{closure#0}
[INFO] [stdout]   16:     0x60b8bfdab6a4 - std[70759c8f55707aa4]::sys::backtrace::__rust_begin_short_backtrace::<test[9d35eded1c95d3be]::run_test::{closure#1}, ()>
[INFO] [stdout]   17:     0x60b8bfdb4f42 - <std[70759c8f55707aa4]::thread::lifecycle::spawn_unchecked<test[9d35eded1c95d3be]::run_test::{closure#1}, ()>::{closure#1} as core[df12db4294e9bfd3]::ops::function::FnOnce<()>>::call_once::{shim:vtable#0}
[INFO] [stdout]   18:     0x60b8bfe1c179 - <std[70759c8f55707aa4]::sys::thread::unix::Thread>::new::thread_start
[INFO] [stdout]   19:     0x73c4a2e53dfa - <unknown>
[INFO] [stdout]   20:     0x73c4a2ee73d4 - clone
[INFO] [stdout]   21:                0x0 - <unknown>
[INFO] [stdout] 
[INFO] [stdout] 
[INFO] [stdout] failures:
[INFO] [stdout]     tests::lower_header_transpiles
[INFO] [stdout]     tests::top_header_transpiles
[INFO] [stdout] 
[INFO] [stdout] test result: FAILED. 5 passed; 2 failed; 0 ignored; 0 measured; 0 filtered out; finished in 0.00s
[INFO] [stdout] 
[INFO] [stderr] error: test failed, to rerun pass `--bin mdtoepson`
[INFO] running `Command { std: "docker" "inspect" "7aab42f6243cdb779e1fb03b7e3a718ca6a8e5f56b92e27dced002683aba12eb", kill_on_drop: false }`
[INFO] running `Command { std: "docker" "rm" "-f" "7aab42f6243cdb779e1fb03b7e3a718ca6a8e5f56b92e27dced002683aba12eb", kill_on_drop: false }`
[INFO] [stdout] 7aab42f6243cdb779e1fb03b7e3a718ca6a8e5f56b92e27dced002683aba12eb
