[INFO] fetching crate mdopen 0.6.0...
[INFO] testing mdopen-0.6.0 against 1.100.0-beta.1+cargoflags=--release for beta-release-1.100-2
[INFO] extracting crate mdopen 0.6.0 into /workspace/builds/worker-3-tc2/source
[INFO] started tweaking crates.io crate mdopen 0.6.0
[INFO] removed 0 missing tests
[INFO] finished tweaking crates.io crate mdopen 0.6.0
[INFO] tweaked toml for crates.io crate mdopen 0.6.0 written to /workspace/builds/worker-3-tc2/source/Cargo.toml
[INFO] validating manifest of crates.io crate mdopen 0.6.0 on toolchain 1.100.0-beta.1
[INFO] running `Command { std: CARGO_HOME="/workspace/cargo-home" RUSTUP_HOME="/workspace/rustup-home" "/workspace/cargo-home/bin/cargo" "+1.100.0-beta.1" "metadata" "--manifest-path" "Cargo.toml" "--no-deps", kill_on_drop: false }`
[INFO] crate crates.io crate mdopen 0.6.0 already has a lockfile, it will not be regenerated
[INFO] running `Command { std: CARGO_HOME="/workspace/cargo-home" RUSTUP_HOME="/workspace/rustup-home" "/workspace/cargo-home/bin/cargo" "+1.100.0-beta.1" "fetch" "--manifest-path" "Cargo.toml", kill_on_drop: false }`
[INFO] running `Command { std: "docker" "create" "-v" "/var/lib/crater-agent-workspace/builds/worker-3-tc2/source:/opt/rustwide/workdir:ro,Z" "-v" "/var/lib/crater-agent-workspace/builds/worker-3-tc2/target:/opt/rustwide/target:rw,Z" "-v" "/var/lib/crater-agent-workspace/cargo-home:/opt/rustwide/cargo-home:ro,Z" "-v" "/var/lib/crater-agent-workspace/rustup-home:/opt/rustwide/rustup-home:ro,Z" "-m" "1610612736" "--network" "none" "ghcr.io/rust-lang/crates-build-env/linux@sha256:77db811e55d90add9212f6832c23229e3de5f1c1f9905e8cb07319ea15df73ac" "sleep" "infinity", kill_on_drop: false }`
[INFO] [stdout] 498d9d6d0d31a63651ec8da90e6d7131721e8a2c5ef3ba8d3765b5cae30fe424
[INFO] running `Command { std: "docker" "start" "498d9d6d0d31a63651ec8da90e6d7131721e8a2c5ef3ba8d3765b5cae30fe424", kill_on_drop: false }`
[INFO] running `Command { std: "docker" "inspect" "498d9d6d0d31a63651ec8da90e6d7131721e8a2c5ef3ba8d3765b5cae30fe424", kill_on_drop: false }`
[INFO] running `Command { std: "docker" "exec" "-e" "SOURCE_DIR=/opt/rustwide/workdir" "-e" "CARGO_HOME=/opt/rustwide/cargo-home" "-e" "RUSTUP_HOME=/opt/rustwide/rustup-home" "-e" "CARGO_TARGET_DIR=/opt/rustwide/target" "-w" "/opt/rustwide/workdir" "--user" "0:0" "498d9d6d0d31a63651ec8da90e6d7131721e8a2c5ef3ba8d3765b5cae30fe424" "/opt/rustwide/cargo-home/bin/cargo" "+1.100.0-beta.1" "metadata" "--no-deps" "--format-version=1", kill_on_drop: false }`
[INFO] running `Command { std: "docker" "inspect" "498d9d6d0d31a63651ec8da90e6d7131721e8a2c5ef3ba8d3765b5cae30fe424", kill_on_drop: false }`
[INFO] running `Command { std: "docker" "exec" "-e" "SOURCE_DIR=/opt/rustwide/workdir" "-e" "CARGO_HOME=/opt/rustwide/cargo-home" "-e" "RUSTUP_HOME=/opt/rustwide/rustup-home" "-e" "CARGO_TARGET_DIR=/opt/rustwide/target" "-e" "CARGO_INCREMENTAL=0" "-e" "RUST_BACKTRACE=full" "-e" "RUSTFLAGS=--cap-lints=warn" "-e" "RUSTDOCFLAGS=--cap-lints=warn" "-w" "/opt/rustwide/workdir" "--user" "0:0" "498d9d6d0d31a63651ec8da90e6d7131721e8a2c5ef3ba8d3765b5cae30fe424" "/opt/rustwide/cargo-home/bin/cargo" "+1.100.0-beta.1" "build" "--frozen" "--message-format=json" "--release", kill_on_drop: false }`
[INFO] [stderr]    Compiling proc-macro2 v1.0.106
[INFO] [stderr]    Compiling unicode-ident v1.0.24
[INFO] [stderr]    Compiling quote v1.0.45
[INFO] [stderr]    Compiling libc v0.2.186
[INFO] [stderr]    Compiling serde_core v1.0.228
[INFO] [stderr]    Compiling version_check v0.9.5
[INFO] [stderr]    Compiling bitflags v2.11.1
[INFO] [stderr]    Compiling find-msvc-tools v0.1.9
[INFO] [stderr]    Compiling serde v1.0.228
[INFO] [stderr]    Compiling shlex v1.3.0
[INFO] [stderr]    Compiling cfg-if v1.0.4
[INFO] [stderr]    Compiling memchr v2.8.0
[INFO] [stderr]    Compiling typenum v1.20.0
[INFO] [stderr]    Compiling once_cell v1.21.4
[INFO] [stderr]    Compiling pkg-config v0.3.33
[INFO] [stderr]    Compiling log v0.4.29
[INFO] [stderr]    Compiling powerfmt v0.2.0
[INFO] [stderr]    Compiling crossbeam-utils v0.8.21
[INFO] [stderr]    Compiling crc32fast v1.5.0
[INFO] [stderr]    Compiling zmij v1.0.21
[INFO] [stderr]    Compiling itoa v1.0.18
[INFO] [stderr]    Compiling cc v1.2.62
[INFO] [stderr]    Compiling deranged v0.5.8
[INFO] [stderr]    Compiling adler2 v2.0.1
[INFO] [stderr]    Compiling serde_json v1.0.150
[INFO] [stderr]    Compiling simd-adler32 v0.3.9
[INFO] [stderr]    Compiling thiserror v2.0.18
[INFO] [stderr]    Compiling same-file v1.0.6
[INFO] [stderr]    Compiling time-core v0.1.8
[INFO] [stderr]    Compiling equivalent v1.0.2
[INFO] [stderr]    Compiling hashbrown v0.17.1
[INFO] [stderr]    Compiling num-conv v0.2.2
[INFO] [stderr]    Compiling parking_lot_core v0.9.12
[INFO] [stderr]    Compiling walkdir v2.5.0
[INFO] [stderr]    Compiling generic-array v0.14.7
[INFO] [stderr]    Compiling miniz_oxide v0.8.9
[INFO] [stderr]    Compiling is-docker v0.2.0
[INFO] [stderr]    Compiling smallvec v1.15.1
[INFO] [stderr]    Compiling pulldown-cmark v0.13.4
[INFO] [stderr]    Compiling linked-hash-map v0.5.6
[INFO] [stderr]    Compiling base64 v0.22.1
[INFO] [stderr]    Compiling is-wsl v0.4.0
[INFO] [stderr]    Compiling notify-types v2.1.0
[INFO] [stderr]    Compiling env_filter v1.0.1
[INFO] [stderr]    Compiling yaml-rust v0.4.5
[INFO] [stderr]    Compiling cpufeatures v0.2.17
[INFO] [stderr]    Compiling pathdiff v0.2.3
[INFO] [stderr]    Compiling quick-xml v0.39.4
[INFO] [stderr]    Compiling syn v2.0.117
[INFO] [stderr]    Compiling jiff v0.2.24
[INFO] [stderr]    Compiling flate2 v1.1.9
[INFO] [stderr]    Compiling pulldown-cmark-escape v0.11.0
[INFO] [stderr]    Compiling regex-syntax v0.8.10
[INFO] [stderr]    Compiling ascii v1.1.0
[INFO] [stderr]    Compiling unicase v2.9.0
[INFO] [stderr]    Compiling indexmap v2.14.0
[INFO] [stderr]    Compiling crossbeam-channel v0.5.15
[INFO] [stderr]    Compiling crypto-common v0.1.7
[INFO] [stderr]    Compiling block-buffer v0.10.4
[INFO] [stderr]    Compiling memo-map v0.3.3
[INFO] [stderr]    Compiling inotify-sys v0.1.5
[INFO] [stderr]    Compiling digest v0.10.7
[INFO] [stderr]    Compiling inotify v0.11.1
[INFO] [stderr]    Compiling onig_sys v69.9.3
[INFO] [stderr]    Compiling num_cpus v1.17.0
[INFO] [stderr]    Compiling mio v1.2.0
[INFO] [stderr]    Compiling chunked_transfer v1.5.0
[INFO] [stderr]    Compiling fnv v1.0.7
[INFO] [stderr]    Compiling httpdate v1.0.3
[INFO] [stderr]    Compiling sha1 v0.10.6
[INFO] [stderr]    Compiling tiny_http v0.12.0
[INFO] [stderr]    Compiling open v5.3.5
[INFO] [stderr]    Compiling bus v2.4.1
[INFO] [stderr]    Compiling notify v8.2.0
[INFO] [stderr]    Compiling percent-encoding v2.3.2
[INFO] [stderr]    Compiling lexopt v0.3.2
[INFO] [stderr]    Compiling time v0.3.47
[INFO] [stderr]    Compiling serde_derive v1.0.228
[INFO] [stderr]    Compiling thiserror-impl v2.0.18
[INFO] [stderr]    Compiling env_logger v0.11.10
[INFO] [stderr]    Compiling plist v1.9.0
[INFO] [stderr]    Compiling bincode v1.3.3
[INFO] [stderr]    Compiling minijinja v2.20.0
[INFO] [stderr]    Compiling onig v6.5.3
[INFO] [stderr]    Compiling syntect v5.3.0
[INFO] [stderr]    Compiling mdopen v0.6.0 (/opt/rustwide/workdir)
[INFO] [stderr]     Finished `release` profile [optimized] target(s) in 1m 37s
[INFO] running `Command { std: "docker" "inspect" "498d9d6d0d31a63651ec8da90e6d7131721e8a2c5ef3ba8d3765b5cae30fe424", kill_on_drop: false }`
[INFO] running `Command { std: "docker" "exec" "-e" "SOURCE_DIR=/opt/rustwide/workdir" "-e" "CARGO_HOME=/opt/rustwide/cargo-home" "-e" "RUSTUP_HOME=/opt/rustwide/rustup-home" "-e" "CARGO_TARGET_DIR=/opt/rustwide/target" "-e" "CARGO_INCREMENTAL=0" "-e" "RUST_BACKTRACE=full" "-e" "RUSTFLAGS=--cap-lints=warn" "-e" "RUSTDOCFLAGS=--cap-lints=warn" "-w" "/opt/rustwide/workdir" "--user" "0:0" "498d9d6d0d31a63651ec8da90e6d7131721e8a2c5ef3ba8d3765b5cae30fe424" "/opt/rustwide/cargo-home/bin/cargo" "+1.100.0-beta.1" "test" "--frozen" "--no-run" "--message-format=json" "--release", kill_on_drop: false }`
[INFO] [stderr]    Compiling stable_deref_trait v1.2.1
[INFO] [stderr]    Compiling pin-project-lite v0.2.17
[INFO] [stderr]    Compiling bytes v1.11.1
[INFO] [stderr]    Compiling smallvec v1.15.1
[INFO] [stderr]    Compiling futures-core v0.3.32
[INFO] [stderr]    Compiling vcpkg v0.2.15
[INFO] [stderr]    Compiling futures-sink v0.3.32
[INFO] [stderr]    Compiling litemap v0.8.2
[INFO] [stderr]    Compiling writeable v0.6.3
[INFO] [stderr]    Compiling syn v2.0.117
[INFO] [stderr]    Compiling mio v1.2.0
[INFO] [stderr]    Compiling socket2 v0.6.3
[INFO] [stderr]    Compiling utf8_iter v1.0.4
[INFO] [stderr]    Compiling icu_normalizer_data v2.2.0
[INFO] [stderr]    Compiling icu_properties_data v2.2.0
[INFO] [stderr]    Compiling slab v0.4.12
[INFO] [stderr]    Compiling tracing-core v0.1.36
[INFO] [stderr]    Compiling futures-task v0.3.32
[INFO] [stderr]    Compiling foreign-types-shared v0.1.1
[INFO] [stderr]    Compiling futures-io v0.3.32
[INFO] [stderr]    Compiling httparse v1.10.1
[INFO] [stderr]    Compiling openssl v0.10.80
[INFO] [stderr]    Compiling foreign-types v0.3.2
[INFO] [stderr]    Compiling tower-service v0.3.3
[INFO] [stderr]    Compiling atomic-waker v1.1.2
[INFO] [stderr]    Compiling try-lock v0.2.5
[INFO] [stderr]    Compiling native-tls v0.2.18
[INFO] [stderr]    Compiling futures-util v0.3.32
[INFO] [stderr]    Compiling futures-channel v0.3.32
[INFO] [stderr]    Compiling want v0.3.1
[INFO] [stderr]    Compiling form_urlencoded v1.2.2
[INFO] [stderr]    Compiling openssl-probe v0.2.1
[INFO] [stderr]    Compiling parking_lot_core v0.9.12
[INFO] [stderr]    Compiling sync_wrapper v1.0.2
[INFO] [stderr]    Compiling tower-layer v0.3.3
[INFO] [stderr]    Compiling ipnet v2.12.0
[INFO] [stderr]    Compiling ryu v1.0.23
[INFO] [stderr]    Compiling zeroize v1.8.2
[INFO] [stderr]    Compiling encoding_rs v0.8.35
[INFO] [stderr]    Compiling mime v0.3.17
[INFO] [stderr]    Compiling rustls-pki-types v1.14.1
[INFO] [stderr]    Compiling notify v8.2.0
[INFO] [stderr]    Compiling openssl-sys v0.9.116
[INFO] [stderr]    Compiling bus v2.4.1
[INFO] [stderr]    Compiling tracing v0.1.44
[INFO] [stderr]    Compiling tokio v1.52.3
[INFO] [stderr]    Compiling http v1.4.0
[INFO] [stderr]    Compiling http-body v1.0.1
[INFO] [stderr]    Compiling http-body-util v0.1.3
[INFO] [stderr]    Compiling synstructure v0.13.2
[INFO] [stderr]    Compiling zerofrom-derive v0.1.7
[INFO] [stderr]    Compiling yoke-derive v0.8.2
[INFO] [stderr]    Compiling zerovec-derive v0.11.3
[INFO] [stderr]    Compiling displaydoc v0.2.5
[INFO] [stderr]    Compiling serde_derive v1.0.228
[INFO] [stderr]    Compiling openssl-macros v0.1.1
[INFO] [stderr]    Compiling thiserror-impl v2.0.18
[INFO] [stderr]    Compiling tokio-util v0.7.18
[INFO] [stderr]    Compiling tower v0.5.3
[INFO] [stderr]    Compiling zerofrom v0.1.8
[INFO] [stderr]    Compiling yoke v0.8.2
[INFO] [stderr]    Compiling zerotrie v0.2.4
[INFO] [stderr]    Compiling thiserror v2.0.18
[INFO] [stderr]    Compiling zerovec v0.11.6
[INFO] [stderr]    Compiling h2 v0.4.14
[INFO] [stderr]    Compiling tinystr v0.8.3
[INFO] [stderr]    Compiling potential_utf v0.1.5
[INFO] [stderr]    Compiling icu_collections v2.2.0
[INFO] [stderr]    Compiling icu_locale_core v2.2.0
[INFO] [stderr]    Compiling serde v1.0.228
[INFO] [stderr]    Compiling icu_provider v2.2.0
[INFO] [stderr]    Compiling icu_normalizer v2.2.0
[INFO] [stderr]    Compiling icu_properties v2.2.0
[INFO] [stderr]    Compiling plist v1.9.0
[INFO] [stderr]    Compiling bincode v1.3.3
[INFO] [stderr]    Compiling minijinja v2.20.0
[INFO] [stderr]    Compiling serde_urlencoded v0.7.1
[INFO] [stderr]    Compiling tokio-native-tls v0.3.1
[INFO] [stderr]    Compiling idna_adapter v1.2.2
[INFO] [stderr]    Compiling idna v1.1.0
[INFO] [stderr]    Compiling syntect v5.3.0
[INFO] [stderr]    Compiling url v2.5.8
[INFO] [stderr]    Compiling hyper v1.9.0
[INFO] [stderr]    Compiling tower-http v0.6.11
[INFO] [stderr]    Compiling hyper-util v0.1.20
[INFO] [stderr]    Compiling mdopen v0.6.0 (/opt/rustwide/workdir)
[INFO] [stderr]    Compiling hyper-tls v0.6.0
[INFO] [stderr]    Compiling reqwest v0.12.28
[INFO] [stderr]     Finished `release` profile [optimized] target(s) in 1m 48s
[INFO] running `Command { std: "docker" "inspect" "498d9d6d0d31a63651ec8da90e6d7131721e8a2c5ef3ba8d3765b5cae30fe424", kill_on_drop: false }`
[INFO] running `Command { std: "docker" "exec" "-e" "SOURCE_DIR=/opt/rustwide/workdir" "-e" "CARGO_HOME=/opt/rustwide/cargo-home" "-e" "RUSTUP_HOME=/opt/rustwide/rustup-home" "-e" "CARGO_TARGET_DIR=/opt/rustwide/target" "-e" "CARGO_INCREMENTAL=0" "-e" "RUST_BACKTRACE=full" "-e" "RUSTFLAGS=--cap-lints=warn" "-e" "RUSTDOCFLAGS=--cap-lints=warn" "-w" "/opt/rustwide/workdir" "--user" "0:0" "498d9d6d0d31a63651ec8da90e6d7131721e8a2c5ef3ba8d3765b5cae30fe424" "/opt/rustwide/cargo-home/bin/cargo" "+1.100.0-beta.1" "test" "--frozen" "--release", kill_on_drop: false }`
[INFO] [stderr]     Finished `release` profile [optimized] target(s) in 0.35s
[INFO] [stderr]      Running unittests src/lib.rs (/opt/rustwide/target/release/build/mdopen/fd16fb34343d3a58/out/mdopen-fd16fb34343d3a58)
[INFO] [stderr]      Running unittests src/main.rs (/opt/rustwide/target/release/build/mdopen/efe065ca934c9af7/out/mdopen-efe065ca934c9af7)
[INFO] [stdout] 
[INFO] [stdout] running 0 tests
[INFO] [stdout] 
[INFO] [stdout] test result: ok. 0 passed; 0 failed; 0 ignored; 0 measured; 0 filtered out; finished in 0.00s
[INFO] [stdout] 
[INFO] [stdout] 
[INFO] [stdout] running 0 tests
[INFO] [stdout] 
[INFO] [stderr]      Running tests/test_server.rs (/opt/rustwide/target/release/build/mdopen/ad090c1a7376c532/out/test_server-ad090c1a7376c532)
[INFO] [stdout] test result: ok. 0 passed; 0 failed; 0 ignored; 0 measured; 0 filtered out; finished in 0.00s
[INFO] [stdout] 
[INFO] [stdout] 
[INFO] [stdout] running 2 tests
[INFO] [stdout] test test_readme ... FAILED
[INFO] [stdout] test test_index ... FAILED
[INFO] [stdout] 
[INFO] [stdout] failures:
[INFO] [stdout] 
[INFO] [stdout] ---- test_readme stdout ----
[INFO] [stdout] 
[INFO] [stdout] thread 'test_readme' (2519) panicked at tests/test_server.rs:28:33:
[INFO] [stdout] called `Result::unwrap()` on an `Err` value: NotPresent
[INFO] [stdout] stack backtrace:
[INFO] [stdout]    0:     0x64d09bfd91c7 - <unknown>
[INFO] [stdout]    1:     0x64d09bef0daa - <unknown>
[INFO] [stdout]    2:     0x64d09bfd877b - <unknown>
[INFO] [stdout]    3:     0x64d09bfd825f - <unknown>
[INFO] [stdout]    4:     0x64d09bfd7e8a - <unknown>
[INFO] [stdout]    5:     0x64d09bfd79c5 - <unknown>
[INFO] [stdout]    6:     0x64d09bffe841 - <unknown>
[INFO] [stdout]    7:     0x64d09bffe7f9 - <unknown>
[INFO] [stdout]    8:     0x64d09bffecfc - <unknown>
[INFO] [stdout]    9:     0x64d09bef0c3b - <unknown>
[INFO] [stdout]   10:     0x64d09bef4d41 - <unknown>
[INFO] [stdout]   11:     0x64d09beeb76b - <unknown>
[INFO] [stdout]   12:     0x64d09beed17a - <unknown>
[INFO] [stdout]   13:     0x64d09c01804b - <unknown>
[INFO] [stdout]   14:     0x64d09c013a92 - <unknown>
[INFO] [stdout]   15:     0x64d09c0134fc - <unknown>
[INFO] [stdout]   16:     0x64d09c032f4c - <unknown>
[INFO] [stdout]   17:     0x64d09c000694 - <unknown>
[INFO] [stdout]   18:     0x7595f9a01dfa - <unknown>
[INFO] [stdout]   19:     0x7595f9a953d4 - clone
[INFO] [stdout]   20:                0x0 - <unknown>
[INFO] [stdout] 
[INFO] [stdout] ---- test_index stdout ----
[INFO] [stdout] 
[INFO] [stdout] thread 'test_index' (2518) panicked at tests/test_server.rs:28:33:
[INFO] [stdout] called `Result::unwrap()` on an `Err` value: NotPresent
[INFO] [stdout] stack backtrace:
[INFO] [stdout]    0:     0x64d09bfd91c7 - <unknown>
[INFO] [stdout]    1:     0x64d09bef0daa - <unknown>
[INFO] [stdout]    2:     0x64d09bfd877b - <unknown>
[INFO] [stdout]    3:     0x64d09bfd825f - <unknown>
[INFO] [stdout]    4:     0x64d09bfd7e8a - <unknown>
[INFO] [stdout]    5:     0x64d09bfd79c5 - <unknown>
[INFO] [stdout]    6:     0x64d09bffe841 - <unknown>
[INFO] [stdout]    7:     0x64d09bffe7f9 - <unknown>
[INFO] [stdout]    8:     0x64d09bffecfc - <unknown>
[INFO] [stdout]    9:     0x64d09bef0c3b - <unknown>
[INFO] [stdout]   10:     0x64d09bef4d41 - <unknown>
[INFO] [stdout]   11:     0x64d09beeb76b - <unknown>
[INFO] [stdout]   12:     0x64d09beed078 - <unknown>
[INFO] [stdout]   13:     0x64d09c01804b - <unknown>
[INFO] [stdout]   14:     0x64d09c013a92 - <unknown>
[INFO] [stdout]   15:     0x64d09c0134fc - <unknown>
[INFO] [stdout]   16:     0x64d09c032f4c - <unknown>
[INFO] [stdout]   17:     0x64d09c000694 - <unknown>
[INFO] [stdout]   18:     0x7595f9a01dfa - <unknown>
[INFO] [stdout]   19:     0x7595f9a953d4 - clone
[INFO] [stdout]   20:                0x0 - <unknown>
[INFO] [stdout] 
[INFO] [stdout] 
[INFO] [stdout] failures:
[INFO] [stdout]     test_index
[INFO] [stdout]     test_readme
[INFO] [stdout] 
[INFO] [stdout] test result: FAILED. 0 passed; 2 failed; 0 ignored; 0 measured; 0 filtered out; finished in 0.00s
[INFO] [stdout] 
[INFO] [stderr] error: test failed, to rerun pass `--test test_server`
[INFO] running `Command { std: "docker" "inspect" "498d9d6d0d31a63651ec8da90e6d7131721e8a2c5ef3ba8d3765b5cae30fe424", kill_on_drop: false }`
[INFO] running `Command { std: "docker" "rm" "-f" "498d9d6d0d31a63651ec8da90e6d7131721e8a2c5ef3ba8d3765b5cae30fe424", kill_on_drop: false }`
[INFO] [stdout] 498d9d6d0d31a63651ec8da90e6d7131721e8a2c5ef3ba8d3765b5cae30fe424
