[INFO] fetching crate mdnt-support-macros 0.2.13...
[INFO] testing mdnt-support-macros-0.2.13 against 1.100.0-beta.1+cargoflags=--release for beta-release-1.100-2
[INFO] extracting crate mdnt-support-macros 0.2.13 into /workspace/builds/worker-6-tc2/source
[INFO] started tweaking crates.io crate mdnt-support-macros 0.2.13
[INFO] removed 0 missing tests
[INFO] finished tweaking crates.io crate mdnt-support-macros 0.2.13
[INFO] tweaked toml for crates.io crate mdnt-support-macros 0.2.13 written to /workspace/builds/worker-6-tc2/source/Cargo.toml
[INFO] validating manifest of crates.io crate mdnt-support-macros 0.2.13 on toolchain 1.100.0-beta.1
[INFO] running `Command { std: CARGO_HOME="/workspace/cargo-home" RUSTUP_HOME="/workspace/rustup-home" "/workspace/cargo-home/bin/cargo" "+1.100.0-beta.1" "metadata" "--manifest-path" "Cargo.toml" "--no-deps", kill_on_drop: false }`
[INFO] crate crates.io crate mdnt-support-macros 0.2.13 already has a lockfile, it will not be regenerated
[INFO] running `Command { std: CARGO_HOME="/workspace/cargo-home" RUSTUP_HOME="/workspace/rustup-home" "/workspace/cargo-home/bin/cargo" "+1.100.0-beta.1" "fetch" "--manifest-path" "Cargo.toml", kill_on_drop: false }`
[INFO] running `Command { std: "docker" "create" "-v" "/var/lib/crater-agent-workspace/builds/worker-6-tc2/source:/opt/rustwide/workdir:ro,Z" "-v" "/var/lib/crater-agent-workspace/builds/worker-6-tc2/target:/opt/rustwide/target:rw,Z" "-v" "/var/lib/crater-agent-workspace/cargo-home:/opt/rustwide/cargo-home:ro,Z" "-v" "/var/lib/crater-agent-workspace/rustup-home:/opt/rustwide/rustup-home:ro,Z" "-m" "1610612736" "--network" "none" "ghcr.io/rust-lang/crates-build-env/linux@sha256:77db811e55d90add9212f6832c23229e3de5f1c1f9905e8cb07319ea15df73ac" "sleep" "infinity", kill_on_drop: false }`
[INFO] [stdout] f988e7524d8929d016e74ad20f58c0d824e9c655e3ea626d4c30fecd0174c87e
[INFO] running `Command { std: "docker" "start" "f988e7524d8929d016e74ad20f58c0d824e9c655e3ea626d4c30fecd0174c87e", kill_on_drop: false }`
[INFO] running `Command { std: "docker" "inspect" "f988e7524d8929d016e74ad20f58c0d824e9c655e3ea626d4c30fecd0174c87e", kill_on_drop: false }`
[INFO] running `Command { std: "docker" "exec" "-e" "SOURCE_DIR=/opt/rustwide/workdir" "-e" "CARGO_HOME=/opt/rustwide/cargo-home" "-e" "RUSTUP_HOME=/opt/rustwide/rustup-home" "-e" "CARGO_TARGET_DIR=/opt/rustwide/target" "-w" "/opt/rustwide/workdir" "--user" "0:0" "f988e7524d8929d016e74ad20f58c0d824e9c655e3ea626d4c30fecd0174c87e" "/opt/rustwide/cargo-home/bin/cargo" "+1.100.0-beta.1" "metadata" "--no-deps" "--format-version=1", kill_on_drop: false }`
[INFO] running `Command { std: "docker" "inspect" "f988e7524d8929d016e74ad20f58c0d824e9c655e3ea626d4c30fecd0174c87e", kill_on_drop: false }`
[INFO] running `Command { std: "docker" "exec" "-e" "SOURCE_DIR=/opt/rustwide/workdir" "-e" "CARGO_HOME=/opt/rustwide/cargo-home" "-e" "RUSTUP_HOME=/opt/rustwide/rustup-home" "-e" "CARGO_TARGET_DIR=/opt/rustwide/target" "-e" "CARGO_INCREMENTAL=0" "-e" "RUST_BACKTRACE=full" "-e" "RUSTFLAGS=--cap-lints=warn" "-e" "RUSTDOCFLAGS=--cap-lints=warn" "-w" "/opt/rustwide/workdir" "--user" "0:0" "f988e7524d8929d016e74ad20f58c0d824e9c655e3ea626d4c30fecd0174c87e" "/opt/rustwide/cargo-home/bin/cargo" "+1.100.0-beta.1" "build" "--frozen" "--message-format=json" "--release", kill_on_drop: false }`
[INFO] [stderr]    Compiling proc-macro2 v1.0.105
[INFO] [stderr]    Compiling unicode-ident v1.0.22
[INFO] [stderr]    Compiling quote v1.0.43
[INFO] [stderr]    Compiling log v0.4.29
[INFO] [stderr]    Compiling syn v2.0.114
[INFO] [stderr]    Compiling mdnt-support-macros v0.2.13 (/opt/rustwide/workdir)
[INFO] [stderr]     Finished `release` profile [optimized] target(s) in 13.57s
[INFO] running `Command { std: "docker" "inspect" "f988e7524d8929d016e74ad20f58c0d824e9c655e3ea626d4c30fecd0174c87e", kill_on_drop: false }`
[INFO] running `Command { std: "docker" "exec" "-e" "SOURCE_DIR=/opt/rustwide/workdir" "-e" "CARGO_HOME=/opt/rustwide/cargo-home" "-e" "RUSTUP_HOME=/opt/rustwide/rustup-home" "-e" "CARGO_TARGET_DIR=/opt/rustwide/target" "-e" "CARGO_INCREMENTAL=0" "-e" "RUST_BACKTRACE=full" "-e" "RUSTFLAGS=--cap-lints=warn" "-e" "RUSTDOCFLAGS=--cap-lints=warn" "-w" "/opt/rustwide/workdir" "--user" "0:0" "f988e7524d8929d016e74ad20f58c0d824e9c655e3ea626d4c30fecd0174c87e" "/opt/rustwide/cargo-home/bin/cargo" "+1.100.0-beta.1" "test" "--frozen" "--no-run" "--message-format=json" "--release", kill_on_drop: false }`
[INFO] [stderr]    Compiling serde_core v1.0.228
[INFO] [stderr]    Compiling libc v0.2.180
[INFO] [stderr]    Compiling zmij v1.0.16
[INFO] [stderr]    Compiling winnow v0.7.14
[INFO] [stderr]    Compiling memchr v2.7.6
[INFO] [stderr]    Compiling semver v1.0.27
[INFO] [stderr]    Compiling serde_json v1.0.149
[INFO] [stderr]    Compiling syn v2.0.114
[INFO] [stderr]    Compiling serde v1.0.228
[INFO] [stderr]    Compiling hashbrown v0.16.1
[INFO] [stderr]    Compiling equivalent v1.0.2
[INFO] [stderr]    Compiling num-conv v0.1.0
[INFO] [stderr]    Compiling regex-syntax v0.8.8
[INFO] [stderr]    Compiling rustc_version v0.4.1
[INFO] [stderr]    Compiling time-core v0.1.7
[INFO] [stderr]    Compiling time-macros v0.2.25
[INFO] [stderr]    Compiling rstest_macros v0.26.1
[INFO] [stderr]    Compiling aho-corasick v1.1.4
[INFO] [stderr]    Compiling indexmap v2.13.0
[INFO] [stderr]    Compiling proc-macro2 v1.0.105
[INFO] [stderr]    Compiling unicode-ident v1.0.22
[INFO] [stderr]    Compiling quote v1.0.43
[INFO] [stderr]    Compiling relative-path v1.9.3
[INFO] [stderr]    Compiling toml_parser v1.0.6+spec-1.1.0
[INFO] [stderr]    Compiling regex-automata v0.4.13
[INFO] [stderr]    Compiling toml_datetime v0.7.5+spec-1.1.0
[INFO] [stderr]    Compiling itoa v1.0.17
[INFO] [stderr]    Compiling log v0.4.29
[INFO] [stderr]    Compiling toml_edit v0.23.10+spec-1.0.0
[INFO] [stderr]    Compiling powerfmt v0.2.0
[INFO] [stderr]    Compiling proc-macro-crate v3.4.0
[INFO] [stderr]    Compiling serde_spanned v1.0.4
[INFO] [stderr]    Compiling deranged v0.5.5
[INFO] [stderr]    Compiling prettyplease v0.2.37
[INFO] [stderr]    Compiling futures-core v0.3.31
[INFO] [stderr]    Compiling futures-task v0.3.31
[INFO] [stderr]    Compiling regex v1.12.2
[INFO] [stderr]    Compiling pin-utils v0.1.0
[INFO] [stderr]    Compiling either v1.15.0
[INFO] [stderr]    Compiling num_threads v0.1.7
[INFO] [stderr]    Compiling slab v0.4.11
[INFO] [stderr]    Compiling futures-macro v0.3.31
[INFO] [stderr]    Compiling serde_derive v1.0.228
[INFO] [stderr]    Compiling unicode-segmentation v1.12.0
[INFO] [stderr]    Compiling pin-project-lite v0.2.16
[INFO] [stderr]    Compiling toml_writer v1.0.6+spec-1.1.0
[INFO] [stderr]    Compiling similar v2.7.0
[INFO] [stderr]    Compiling futures-util v0.3.31
[INFO] [stderr]    Compiling toml v0.9.11+spec-1.1.0
[INFO] [stderr]    Compiling console v0.15.11
[INFO] [stderr]    Compiling time v0.3.45
[INFO] [stderr]    Compiling mdnt-support-macros v0.2.13 (/opt/rustwide/workdir)
[INFO] [stderr]    Compiling itertools v0.14.0
[INFO] [stderr]    Compiling futures-timer v3.0.3
[INFO] [stderr]    Compiling fastrand v2.3.0
[INFO] [stderr]    Compiling termcolor v1.4.1
[INFO] [stderr]    Compiling diff v0.1.13
[INFO] [stderr]    Compiling glob v0.3.3
[INFO] [stderr]    Compiling macrotest v1.2.0
[INFO] [stderr]    Compiling simplelog v0.12.2
[INFO] [stderr]    Compiling rstest v0.26.1
[INFO] [stderr]    Compiling macro_expand v0.1.2
[INFO] [stderr]    Compiling similar-asserts v1.7.0
[INFO] [stdout] warning: fields `err`, `ctx`, and `span` are never read
[INFO] [stdout]    --> src/group_impl.rs:296:9
[INFO] [stdout]     |
[INFO] [stdout] 295 |     struct ParseError {
[INFO] [stdout]     |            ---------- fields in this struct
[INFO] [stdout] 296 |         err: syn::Error,
[INFO] [stdout]     |         ^^^
[INFO] [stdout] 297 |         ctx: &'static str,
[INFO] [stdout]     |         ^^^
[INFO] [stdout] 298 |         span: Span,
[INFO] [stdout]     |         ^^^^
[INFO] [stdout]     |
[INFO] [stdout]     = note: `ParseError` has a derived impl for the trait `Debug`, but this is intentionally ignored during dead code analysis
[INFO] [stdout]     = note: `#[warn(dead_code)]` (part of `#[warn(unused)]`) on by default
[INFO] [stdout] 
[INFO] [stdout] 
[INFO] [stderr]     Finished `release` profile [optimized] target(s) in 2m 46s
[INFO] running `Command { std: "docker" "inspect" "f988e7524d8929d016e74ad20f58c0d824e9c655e3ea626d4c30fecd0174c87e", kill_on_drop: false }`
[INFO] running `Command { std: "docker" "exec" "-e" "SOURCE_DIR=/opt/rustwide/workdir" "-e" "CARGO_HOME=/opt/rustwide/cargo-home" "-e" "RUSTUP_HOME=/opt/rustwide/rustup-home" "-e" "CARGO_TARGET_DIR=/opt/rustwide/target" "-e" "CARGO_INCREMENTAL=0" "-e" "RUST_BACKTRACE=full" "-e" "RUSTFLAGS=--cap-lints=warn" "-e" "RUSTDOCFLAGS=--cap-lints=warn" "-w" "/opt/rustwide/workdir" "--user" "0:0" "f988e7524d8929d016e74ad20f58c0d824e9c655e3ea626d4c30fecd0174c87e" "/opt/rustwide/cargo-home/bin/cargo" "+1.100.0-beta.1" "test" "--frozen" "--release", kill_on_drop: false }`
[INFO] [stderr] warning: fields `err`, `ctx`, and `span` are never read
[INFO] [stderr]    --> src/group_impl.rs:296:9
[INFO] [stderr]     |
[INFO] [stderr] 295 |     struct ParseError {
[INFO] [stderr]     |            ---------- fields in this struct
[INFO] [stderr] 296 |         err: syn::Error,
[INFO] [stderr]     |         ^^^
[INFO] [stderr] 297 |         ctx: &'static str,
[INFO] [stderr]     |         ^^^
[INFO] [stderr] 298 |         span: Span,
[INFO] [stderr]     |         ^^^^
[INFO] [stderr]     |
[INFO] [stderr]     = note: `ParseError` has a derived impl for the trait `Debug`, but this is intentionally ignored during dead code analysis
[INFO] [stderr]     = note: `#[warn(dead_code)]` (part of `#[warn(unused)]`) on by default
[INFO] [stderr] 
[INFO] [stderr] warning: `mdnt-support-macros` (lib test) generated 1 warning
[INFO] [stderr]     Finished `release` profile [optimized] target(s) in 0.16s
[INFO] [stderr]      Running unittests src/lib.rs (/opt/rustwide/target/release/build/mdnt-support-macros/3e8d0bcdeef08d26/out/mdnt_support_macros-3e8d0bcdeef08d26)
[INFO] [stdout] 
[INFO] [stdout] running 3 tests
[INFO] [stdout] test group_impl::tests::derive_macro_test::case_1 ... ok
[INFO] [stdout] test group_impl::tests::derive_macro_test::case_3_different_crate ... ok
[INFO] [stderr]      Running tests/decompose.rs (/opt/rustwide/target/release/build/mdnt-support-macros/bcc0866f7aa1986d/out/decompose-bcc0866f7aa1986d)
[INFO] [stdout] test group_impl::tests::derive_macro_test::case_2 ... ok
[INFO] [stdout] 
[INFO] [stdout] test result: ok. 3 passed; 0 failed; 0 ignored; 0 measured; 0 filtered out; finished in 0.01s
[INFO] [stdout] 
[INFO] [stdout] 
[INFO] [stdout] running 2 tests
[INFO] [stderr] error: no such command: `expand`
[INFO] [stderr] 
[INFO] [stderr] help: view all installed commands with `cargo --list`
[INFO] [stderr] help: find a package to install `expand` with `cargo search cargo-expand`
[INFO] [stderr] error: no such command: `expand`
[INFO] [stderr] 
[INFO] [stderr] help: view all installed commands with `cargo --list`
[INFO] [stderr] help: find a package to install `expand` with `cargo search cargo-expand`
[INFO] [stdout] test fail - should panic ... ok
[INFO] [stdout] test pass ... FAILED
[INFO] [stdout] 
[INFO] [stdout] failures:
[INFO] [stdout] 
[INFO] [stdout] ---- pass stdout ----
[INFO] [stdout] Running 4 macro expansion tests
[INFO] [stdout] Expansion error:
[INFO] [stdout] error: no such command: `expand`
[INFO] [stdout] 
[INFO] [stdout] help: view all installed commands with `cargo --list`
[INFO] [stdout] help: find a package to install `expand` with `cargo search cargo-expand`
[INFO] [stdout] 
[INFO] [stdout] Expansion error:
[INFO] [stdout] error: no such command: `expand`
[INFO] [stdout] 
[INFO] [stdout] help: view all installed commands with `cargo --list`
[INFO] [stdout] help: find a package to install `expand` with `cargo search cargo-expand`
[INFO] [stdout] 
[INFO] [stdout] Expansion error:
[INFO] [stdout] error: no such command: `expand`
[INFO] [stdout] 
[INFO] [stdout] help: view all installed commands with `cargo --list`
[INFO] [stdout] help: find a package to install `expand` with `cargo search cargo-expand`
[INFO] [stdout] 
[INFO] [stdout] Expansion error:
[INFO] [stdout] error: no such command: `expand`
[INFO] [stdout] 
[INFO] [stdout] help: view all installed commands with `cargo --list`
[INFO] [stdout] help: find a package to install `expand` with `cargo search cargo-expand`
[INFO] [stdout] 
[INFO] [stdout] 
[INFO] [stdout] 
[INFO] [stdout] 
[INFO] [stdout] 
[INFO] [stdout] thread 'pass' (1705) panicked at /opt/rustwide/cargo-home/registry/src/index.crates.io-1949cf8c6b5b557f/macrotest-1.2.0/src/expand.rs:174:9:
[INFO] [stdout] 4 of 4 tests failed
[INFO] [stdout] stack backtrace:
[INFO] [stdout]    0:     0x614a961e9c81 - <<std[617be2ca0a6fd877]::sys::backtrace::BacktraceLock>::print::DisplayBacktrace as core[a373ad73a504971]::fmt::Display>::fmt
[INFO] [stdout]    1:     0x614a961ff90a - core[a373ad73a504971]::fmt::write
[INFO] [stdout]    2:     0x614a961ee1fc - <alloc[2e1b2a31b91974c5]::vec::Vec<u8> as core[a373ad73a504971]::io::write::Write>::write_fmt
[INFO] [stdout]    3:     0x614a961c2676 - std[617be2ca0a6fd877]::panicking::default_hook::{closure#0}
[INFO] [stdout]    4:     0x614a961e01c9 - std[617be2ca0a6fd877]::panicking::default_hook
[INFO] [stdout]    5:     0x614a9617a700 - test[aada8e7e76ba119b]::test_main_inner::{closure#0}
[INFO] [stdout]    6:     0x614a961e04f2 - std[617be2ca0a6fd877]::panicking::panic_with_hook
[INFO] [stdout]    7:     0x614a961c2722 - std[617be2ca0a6fd877]::panicking::panic_handler::{closure#0}
[INFO] [stdout]    8:     0x614a961bb0e9 - std[617be2ca0a6fd877]::sys::backtrace::__rust_end_short_backtrace::<std[617be2ca0a6fd877]::panicking::panic_handler::{closure#0}, !>
[INFO] [stdout]    9:     0x614a961c332d - __rustc[ea4f61d10b84890b]::rust_begin_unwind
[INFO] [stdout]   10:     0x614a962000ac - core[a373ad73a504971]::panicking::panic_fmt
[INFO] [stdout]   11:     0x614a95f9bc43 - macrotest[2410ae1e26c400c5]::expand::run_tests::<[&str; 1usize], &str, &str>
[INFO] [stdout]   12:     0x614a95f9a482 - <decompose[ec883dbf5f041f9e]::pass::{closure#0} as core[a373ad73a504971]::ops::function::FnOnce<()>>::call_once
[INFO] [stdout]   13:     0x614a9616db4b - test[aada8e7e76ba119b]::__rust_begin_short_backtrace::<core[a373ad73a504971]::result::Result<(), alloc[2e1b2a31b91974c5]::string::String>, fn() -> core[a373ad73a504971]::result::Result<(), alloc[2e1b2a31b91974c5]::string::String>>
[INFO] [stdout]   14:     0x614a9617ad25 - test[aada8e7e76ba119b]::run_test::{closure#0}
[INFO] [stdout]   15:     0x614a96174614 - std[617be2ca0a6fd877]::sys::backtrace::__rust_begin_short_backtrace::<test[aada8e7e76ba119b]::run_test::{closure#1}, ()>
[INFO] [stdout]   16:     0x614a9617ddb2 - <std[617be2ca0a6fd877]::thread::lifecycle::spawn_unchecked<test[aada8e7e76ba119b]::run_test::{closure#1}, ()>::{closure#1} as core[a373ad73a504971]::ops::function::FnOnce<()>>::call_once::{shim:vtable#0}
[INFO] [stdout]   17:     0x614a961e8bbf - <std[617be2ca0a6fd877]::sys::thread::unix::Thread>::new::thread_start
[INFO] [stdout]   18:     0x79f131a60dfa - <unknown>
[INFO] [stdout]   19:     0x79f131af43d4 - clone
[INFO] [stdout]   20:                0x0 - <unknown>
[INFO] [stdout] 
[INFO] [stdout] 
[INFO] [stdout] failures:
[INFO] [stdout]     pass
[INFO] [stdout] 
[INFO] [stdout] test result: FAILED. 1 passed; 1 failed; 0 ignored; 0 measured; 0 filtered out; finished in 0.31s
[INFO] [stdout] 
[INFO] [stderr] error: test failed, to rerun pass `--test decompose`
[INFO] running `Command { std: "docker" "inspect" "f988e7524d8929d016e74ad20f58c0d824e9c655e3ea626d4c30fecd0174c87e", kill_on_drop: false }`
[INFO] running `Command { std: "docker" "rm" "-f" "f988e7524d8929d016e74ad20f58c0d824e9c655e3ea626d4c30fecd0174c87e", kill_on_drop: false }`
[INFO] [stdout] f988e7524d8929d016e74ad20f58c0d824e9c655e3ea626d4c30fecd0174c87e
