[INFO] fetching crate mdgrid 0.3.0...
[INFO] testing mdgrid-0.3.0 against 1.100.0-beta.1+cargoflags=--release for beta-release-1.100-2
[INFO] extracting crate mdgrid 0.3.0 into /workspace/builds/worker-7-tc2/source
[INFO] started tweaking crates.io crate mdgrid 0.3.0
[INFO] finished tweaking crates.io crate mdgrid 0.3.0
[INFO] tweaked toml for crates.io crate mdgrid 0.3.0 written to /workspace/builds/worker-7-tc2/source/Cargo.toml
[INFO] validating manifest of crates.io crate mdgrid 0.3.0 on toolchain 1.100.0-beta.1
[INFO] running `Command { std: CARGO_HOME="/workspace/cargo-home" RUSTUP_HOME="/workspace/rustup-home" "/workspace/cargo-home/bin/cargo" "+1.100.0-beta.1" "metadata" "--manifest-path" "Cargo.toml" "--no-deps", kill_on_drop: false }`
[INFO] crate crates.io crate mdgrid 0.3.0 already has a lockfile, it will not be regenerated
[INFO] running `Command { std: CARGO_HOME="/workspace/cargo-home" RUSTUP_HOME="/workspace/rustup-home" "/workspace/cargo-home/bin/cargo" "+1.100.0-beta.1" "fetch" "--manifest-path" "Cargo.toml", kill_on_drop: false }`
[INFO] running `Command { std: "docker" "create" "-v" "/var/lib/crater-agent-workspace/builds/worker-7-tc2/source:/opt/rustwide/workdir:ro,Z" "-v" "/var/lib/crater-agent-workspace/builds/worker-7-tc2/target:/opt/rustwide/target:rw,Z" "-v" "/var/lib/crater-agent-workspace/cargo-home:/opt/rustwide/cargo-home:ro,Z" "-v" "/var/lib/crater-agent-workspace/rustup-home:/opt/rustwide/rustup-home:ro,Z" "-m" "1610612736" "--network" "none" "ghcr.io/rust-lang/crates-build-env/linux@sha256:77db811e55d90add9212f6832c23229e3de5f1c1f9905e8cb07319ea15df73ac" "sleep" "infinity", kill_on_drop: false }`
[INFO] [stdout] e6a5750e13169a25ac7800d5bc718149d179358969167844ce2d1a2b786fd4d7
[INFO] running `Command { std: "docker" "start" "e6a5750e13169a25ac7800d5bc718149d179358969167844ce2d1a2b786fd4d7", kill_on_drop: false }`
[INFO] running `Command { std: "docker" "inspect" "e6a5750e13169a25ac7800d5bc718149d179358969167844ce2d1a2b786fd4d7", kill_on_drop: false }`
[INFO] running `Command { std: "docker" "exec" "-e" "SOURCE_DIR=/opt/rustwide/workdir" "-e" "CARGO_HOME=/opt/rustwide/cargo-home" "-e" "RUSTUP_HOME=/opt/rustwide/rustup-home" "-e" "CARGO_TARGET_DIR=/opt/rustwide/target" "-w" "/opt/rustwide/workdir" "--user" "0:0" "e6a5750e13169a25ac7800d5bc718149d179358969167844ce2d1a2b786fd4d7" "/opt/rustwide/cargo-home/bin/cargo" "+1.100.0-beta.1" "metadata" "--no-deps" "--format-version=1", kill_on_drop: false }`
[INFO] running `Command { std: "docker" "inspect" "e6a5750e13169a25ac7800d5bc718149d179358969167844ce2d1a2b786fd4d7", kill_on_drop: false }`
[INFO] running `Command { std: "docker" "exec" "-e" "SOURCE_DIR=/opt/rustwide/workdir" "-e" "CARGO_HOME=/opt/rustwide/cargo-home" "-e" "RUSTUP_HOME=/opt/rustwide/rustup-home" "-e" "CARGO_TARGET_DIR=/opt/rustwide/target" "-e" "CARGO_INCREMENTAL=0" "-e" "RUST_BACKTRACE=full" "-e" "RUSTFLAGS=--cap-lints=warn" "-e" "RUSTDOCFLAGS=--cap-lints=warn" "-w" "/opt/rustwide/workdir" "--user" "0:0" "e6a5750e13169a25ac7800d5bc718149d179358969167844ce2d1a2b786fd4d7" "/opt/rustwide/cargo-home/bin/cargo" "+1.100.0-beta.1" "build" "--frozen" "--message-format=json" "--release", kill_on_drop: false }`
[INFO] [stderr]    Compiling thiserror v2.0.21
[INFO] [stderr]    Compiling syn v3.0.6
[INFO] [stderr]    Compiling syn v2.0.119
[INFO] [stderr]    Compiling castaway v0.2.4
[INFO] [stderr]    Compiling itertools v0.14.0
[INFO] [stderr]    Compiling unicode-segmentation v1.13.3
[INFO] [stderr]    Compiling convert_case v0.10.0
[INFO] [stderr]    Compiling lru v0.18.5
[INFO] [stderr]    Compiling compact_str v0.9.1
[INFO] [stderr]    Compiling indoc v2.0.7
[INFO] [stderr]    Compiling rustix v1.1.5
[INFO] [stderr]    Compiling smallvec v1.16.2
[INFO] [stderr]    Compiling mio v1.2.3
[INFO] [stderr]    Compiling parking_lot_core v0.9.12
[INFO] [stderr]    Compiling signal-hook v0.3.18
[INFO] [stderr]    Compiling num_threads v0.1.7
[INFO] [stderr]    Compiling clap_builder v4.6.7
[INFO] [stderr]    Compiling signal-hook-mio v0.2.5
[INFO] [stderr]    Compiling parking_lot v0.12.5
[INFO] [stderr]    Compiling time v0.3.55
[INFO] [stderr]    Compiling document-features v0.2.12
[INFO] [stderr]    Compiling line-clipping v0.3.8
[INFO] [stderr]    Compiling arraydeque v0.5.1
[INFO] [stderr]    Compiling ordered-float v5.5.0
[INFO] [stderr]    Compiling hashlink v0.12.2
[INFO] [stderr]    Compiling unicode-truncate v2.0.1
[INFO] [stderr]    Compiling strum_macros v0.28.0
[INFO] [stderr]    Compiling derive_more-impl v2.1.1
[INFO] [stderr]    Compiling derive_more v2.1.1
[INFO] [stderr]    Compiling crossterm v0.29.0
[INFO] [stderr]    Compiling darling_core v0.24.1
[INFO] [stderr]    Compiling strum v0.28.0
[INFO] [stderr]    Compiling thiserror-impl v2.0.21
[INFO] [stderr]    Compiling clap_derive v4.6.7
[INFO] [stderr]    Compiling serde_derive v1.0.229
[INFO] [stderr]    Compiling kasuari v0.4.12
[INFO] [stderr]    Compiling saphyr-parser v0.1.0
[INFO] [stderr]    Compiling ratatui-core v0.1.2
[INFO] [stderr]    Compiling clap v4.6.7
[INFO] [stderr]    Compiling clap_complete v4.6.11
[INFO] [stderr]    Compiling clap_mangen v0.3.3
[INFO] [stderr]    Compiling saphyr v0.1.0
[INFO] [stderr]    Compiling darling_macro v0.24.1
[INFO] [stderr]    Compiling darling v0.24.1
[INFO] [stderr]    Compiling instability v0.3.14
[INFO] [stderr]    Compiling ratatui-widgets v0.3.2
[INFO] [stderr]    Compiling ratatui-crossterm v0.1.2
[INFO] [stderr]    Compiling serde v1.0.229
[INFO] [stderr]    Compiling ratatui-macros v0.7.2
[INFO] [stderr]    Compiling ratatui v0.30.2
[INFO] [stderr]    Compiling mdgrid v0.3.0 (/opt/rustwide/workdir)
[INFO] [stderr]     Finished `release` profile [optimized] target(s) in 2m 45s
[INFO] running `Command { std: "docker" "inspect" "e6a5750e13169a25ac7800d5bc718149d179358969167844ce2d1a2b786fd4d7", kill_on_drop: false }`
[INFO] running `Command { std: "docker" "exec" "-e" "SOURCE_DIR=/opt/rustwide/workdir" "-e" "CARGO_HOME=/opt/rustwide/cargo-home" "-e" "RUSTUP_HOME=/opt/rustwide/rustup-home" "-e" "CARGO_TARGET_DIR=/opt/rustwide/target" "-e" "CARGO_INCREMENTAL=0" "-e" "RUST_BACKTRACE=full" "-e" "RUSTFLAGS=--cap-lints=warn" "-e" "RUSTDOCFLAGS=--cap-lints=warn" "-w" "/opt/rustwide/workdir" "--user" "0:0" "e6a5750e13169a25ac7800d5bc718149d179358969167844ce2d1a2b786fd4d7" "/opt/rustwide/cargo-home/bin/cargo" "+1.100.0-beta.1" "test" "--frozen" "--no-run" "--message-format=json" "--release", kill_on_drop: false }`
[INFO] [stderr]    Compiling libc v0.2.189
[INFO] [stderr]    Compiling zerocopy v0.8.59
[INFO] [stderr]    Compiling cfg_aliases v0.1.1
[INFO] [stderr]    Compiling thiserror-impl v1.0.69
[INFO] [stderr]    Compiling ordered-float v5.5.0
[INFO] [stderr]    Compiling vte v0.15.0
[INFO] [stderr]    Compiling nix v0.28.0
[INFO] [stderr]    Compiling vt100 v0.16.2
[INFO] [stderr]    Compiling saphyr v0.1.0
[INFO] [stderr]    Compiling thiserror v1.0.69
[INFO] [stderr]    Compiling errno v0.3.14
[INFO] [stderr]    Compiling mio v1.2.3
[INFO] [stderr]    Compiling getrandom v0.3.4
[INFO] [stderr]    Compiling parking_lot_core v0.9.12
[INFO] [stderr]    Compiling time v0.3.55
[INFO] [stderr]    Compiling filedescriptor v0.8.3
[INFO] [stderr]    Compiling signal-hook-registry v1.4.8
[INFO] [stderr]    Compiling parking_lot v0.12.5
[INFO] [stderr]    Compiling rand_core v0.9.5
[INFO] [stderr]    Compiling serial2 v0.2.38
[INFO] [stderr]    Compiling signal-hook v0.3.18
[INFO] [stderr]    Compiling rand v0.9.5
[INFO] [stderr]    Compiling signal-hook-mio v0.2.5
[INFO] [stderr]    Compiling crossterm v0.29.0
[INFO] [stderr]    Compiling rand_xorshift v0.4.0
[INFO] [stderr]    Compiling ratatui-widgets v0.3.2
[INFO] [stderr]    Compiling portable-pty v0.9.0
[INFO] [stderr]    Compiling ratatui-crossterm v0.1.2
[INFO] [stderr]    Compiling ratatui-macros v0.7.2
[INFO] [stderr]    Compiling ratatui v0.30.2
[INFO] [stderr]    Compiling mdgrid v0.3.0 (/opt/rustwide/workdir)
[INFO] [stderr]    Compiling ppv-lite86 v0.2.21
[INFO] [stderr]    Compiling rand_chacha v0.9.0
[INFO] [stderr]    Compiling proptest v1.11.0
[INFO] [stderr]     Finished `release` profile [optimized] target(s) in 4m 15s
[INFO] [stderr] warning: the following packages contain code that will be rejected by a future version of Rust: nix v0.28.0
[INFO] [stderr] note: to see what the problems were, use the option `--future-incompat-report`, or run `cargo report future-incompatibilities --id 9`
[INFO] running `Command { std: "docker" "inspect" "e6a5750e13169a25ac7800d5bc718149d179358969167844ce2d1a2b786fd4d7", kill_on_drop: false }`
[INFO] running `Command { std: "docker" "exec" "-e" "SOURCE_DIR=/opt/rustwide/workdir" "-e" "CARGO_HOME=/opt/rustwide/cargo-home" "-e" "RUSTUP_HOME=/opt/rustwide/rustup-home" "-e" "CARGO_TARGET_DIR=/opt/rustwide/target" "-e" "CARGO_INCREMENTAL=0" "-e" "RUST_BACKTRACE=full" "-e" "RUSTFLAGS=--cap-lints=warn" "-e" "RUSTDOCFLAGS=--cap-lints=warn" "-w" "/opt/rustwide/workdir" "--user" "0:0" "e6a5750e13169a25ac7800d5bc718149d179358969167844ce2d1a2b786fd4d7" "/opt/rustwide/cargo-home/bin/cargo" "+1.100.0-beta.1" "test" "--frozen" "--release", kill_on_drop: false }`
[INFO] [stderr]     Finished `release` profile [optimized] target(s) in 0.20s
[INFO] [stderr] warning: the following packages contain code that will be rejected by a future version of Rust: nix v0.28.0
[INFO] [stderr] note: to see what the problems were, use the option `--future-incompat-report`, or run `cargo report future-incompatibilities --id 9`
[INFO] [stderr]      Running unittests src/lib.rs (/opt/rustwide/target/release/build/mdgrid/1a681688761adf80/out/mdgrid-1a681688761adf80)
[INFO] [stdout] 
[INFO] [stdout] running 271 tests
[INFO] [stdout] test base::tests::filter_leaves_use_truthiness ... ok
[INFO] [stdout] test base::tests::limit_trims_groups ... ok
[INFO] [stdout] test base::tests::note_prefix_and_display_name ... ok
[INFO] [stdout] test base::tests::filter_forms ... ok
[INFO] [stdout] test base::tests::formula_using_unsupported_formula_is_unsupported ... ok
[INFO] [stdout] test base::tests::alias_expansion_is_limited ... FAILED
[INFO] [stdout] test base::tests::group_of_empty_values_is_last_with_heading ... FAILED
[INFO] [stdout] test base::tests::formula_cycle_is_unsupported_and_stops ... FAILED
[INFO] [stdout] test cells::tests::test_sr_35_cells_bad_values_warn ... ok
[INFO] [stdout] test cells::tests::test_sr_35_select_detection ... ok
[INFO] [stdout] test cells::tests::test_sr_35_cells_string_and_table ... ok
[INFO] [stdout] test base::tests::parse_errors_and_empty ... ok
[INFO] [stdout] test base::tests::notes_follow_formula_references ... FAILED
[INFO] [stdout] test changes::tests::int_float_compare_without_rounding ... ok
[INFO] [stdout] test base::tests::order_missing_gives_file_name_and_note_keys ... ok
[INFO] [stdout] test changes::tests::drop_same_keeps_redo ... ok
[INFO] [stdout] test base::tests::sort_puts_mismatched_then_empty_last_in_both_directions ... ok
[INFO] [stdout] test changes::tests::external_change_to_same_value_drops_pending ... ok
[INFO] [stdout] test changes::tests::revert_empties_row_state_and_undo_restores_mark ... ok
[INFO] [stdout] test changes::tests::same_value_compares_lists_by_strings ... ok
[INFO] [stdout] test changes::tests::same_value_compares_types ... ok
[INFO] [stdout] test changes::tests::same_value_date_compares_with_read_string ... ok
[INFO] [stdout] test changes::tests::undo_discard_restores_mark_and_base ... ok
[INFO] [stdout] test changes::tests::overwrite_seen_only_when_hash_matches ... ok
[INFO] [stdout] test changes::tests::save_drops_row_whose_cells_all_match_read ... ok
[INFO] [stdout] test changes::tests::scalar_onto_list_cell_is_skip ... FAILED
[INFO] [stdout] test colors::bounds::test_sr_36_style_wrong_types_warn ... ok
[INFO] [stdout] test colors::bounds::test_sr_39_colorfgbg_boundaries ... ok
[INFO] [stdout] test changes::tests::set_each_applies_per_row_values_as_one_step ... ok
[INFO] [stdout] test changes::tests::overwrite_seen_drops_same_and_keeps_other_cells ... ok
[INFO] [stdout] test colors::bounds::test_sr_39_osc11_boundaries ... ok
[INFO] [stdout] test changes::tests::undo_keeps_external_mark ... ok
[INFO] [stdout] test changes::tests::save_rows_writes_only_given_rows ... ok
[INFO] [stdout] test colors::bounds::test_sr_40_color_boundaries ... ok
[INFO] [stdout] test colors::bounds::test_sr_40_colors_wrong_types_warn ... ok
[INFO] [stdout] test colors::bounds::test_sr_40_hex_round_trip ... ok
[INFO] [stdout] test colors::tests::test_sr_40_colors ... ok
[INFO] [stdout] test colors::bounds::test_sr_40_parse_color_never_panics ... ok
[INFO] [stdout] test config::tests::test_cli_12_every_item_is_read ... ok
[INFO] [stdout] test config::tests::test_cli_12_items_have_descriptions ... ok
[INFO] [stdout] test colors::bounds::test_sr_39_terminal_answers_never_panic ... ok
[INFO] [stdout] test config::tests::test_ce_22_config_date_items_wrong_types_warn ... ok
[INFO] [stdout] test colors::tests::test_sr_41_value_colors_read ... ok
[INFO] [stdout] test config::tests::test_nv_23_config_search_bar ... FAILED
[INFO] [stdout] test config::tests::test_sr_8_blank_is_same_as_empty ... ok
[INFO] [stdout] test expr::test_expr_cap_unit::test_bv_7_string_cap_replace_empty_pattern ... ok
[INFO] [stdout] test changes::tests::undo_after_overwrite_does_not_requote_same_value ... ok
[INFO] [stdout] test expr::test_methods_unit::test_bv_6_method_date_and_time ... ok
[INFO] [stdout] test expr::test_methods_unit::test_bv_6_method_date_fields ... ok
[INFO] [stdout] test expr::test_methods_unit::test_bv_6_method_flat ... ok
[INFO] [stdout] test expr::test_expr_list_cap_unit::test_bv_7_list_cap_split_and_flat ... ok
[INFO] [stdout] test changes::tests::undo_keeps_overwrite_base ... ok
[INFO] [stdout] test expr::test_methods_unit::test_bv_6_method_list_function ... ok
[INFO] [stdout] test expr::test_methods_unit::test_bv_6_method_floor_ceil_abs ... ok
[INFO] [stdout] test expr::test_methods_unit::test_bv_6_method_format ... ok
[INFO] [stdout] test expr::test_methods_unit::test_bv_6_method_join ... ok
[INFO] [stdout] test config::tests::test_sr_11_save_state_removes_stale_tmp_files ... ok
[INFO] [stdout] test expr::test_methods_unit::test_bv_6_method_lower ... ok
[INFO] [stdout] test expr::test_expr_list_cap_unit::test_bv_7_list_cap_literal_doubling ... ok
[INFO] [stdout] test expr::test_methods_unit::test_bv_6_method_max_min_functions ... ok
[INFO] [stdout] test expr::test_methods_unit::test_bv_6_method_replace_all_string_pattern ... ok
[INFO] [stdout] test expr::test_methods_unit::test_bv_6_method_reverse_list ... ok
[INFO] [stdout] test expr::test_methods_unit::test_bv_6_method_reverse_string ... ok
[INFO] [stdout] test expr::test_methods_unit::test_bv_6_method_round ... ok
[INFO] [stdout] test expr::test_methods_unit::test_bv_6_method_slice_list ... ok
[INFO] [stdout] test expr::test_methods_unit::test_bv_6_method_split ... ok
[INFO] [stdout] test expr::test_methods_unit::test_bv_6_method_slice_string ... ok
[INFO] [stdout] test expr::test_methods_unit::test_bv_6_method_sort ... ok
[INFO] [stdout] test expr::test_methods_unit::test_bv_6_method_starts_with_ends_with ... ok
[INFO] [stdout] test expr::test_methods_unit::test_bv_6_method_still_unsupported_names ... ok
[INFO] [stdout] test expr::test_methods_unit::test_bv_6_method_title ... ok
[INFO] [stdout] test expr::test_moment_tokens_unit::test_bv_6_moment_tokens_weeks ... ok
[INFO] [stdout] test expr::test_methods_unit::test_bv_6_method_trim ... ok
[INFO] [stdout] test expr::test_methods_unit::test_bv_6_method_unique ... ok
[INFO] [stdout] test expr::test_methods_unit::test_bv_6_method_upper_filter_is_true ... ok
[INFO] [stdout] test expr::test_moment_tokens_unit::test_bv_6_moment_tokens_misc ... ok
[INFO] [stdout] test expr::test_moment_tokens_unit::test_bv_6_moment_tokens_ordinal_and_12h ... ok
[INFO] [stdout] test expr::test_number_fn_unit::test_bv_6_number_days_between_dates ... ok
[INFO] [stdout] test expr::test_expr_cap_unit::test_bv_7_string_cap_concat ... ok
[INFO] [stdout] test expr::test_number_fn_unit::test_bv_6_number_sub_second_duration_shows_ms ... ok
[INFO] [stdout] test expr::test_number_fn_unit::test_bv_6_number_kinds ... ok
[INFO] [stdout] test expr::tests::test_filter_shape_mtime_within_days ... ok
[INFO] [stdout] test expr::test_review6_unit::test_bv_6_format_year_edges ... ok
[INFO] [stdout] test expr::tests::test_numbers_do_not_panic ... ok
[INFO] [stdout] test expr::tests::test_date_range_constants ... ok
[INFO] [stdout] test expr::tests::test_datetime_and_bad_strings ... ok
[INFO] [stdout] test expr::tests::test_has_tag_case_and_unsupported_first_wins ... ok
[INFO] [stdout] test expr::tests::test_months_clamp_to_month_end ... ok
[INFO] [stdout] test frontmatter::test_flow_limits_unit::test_wb_5_flow_limits_large_is_refused ... ok
[INFO] [stdout] test frontmatter::test_flow_limits_unit::test_wb_5_flow_limits_deep_base_is_refused ... ok
[INFO] [stdout] test frontmatter::test_flow_limits_unit::test_wb_5_flow_limits_normal_still_read ... ok
[INFO] [stdout] test frontmatter::test_yaml_error_unit::test_wb_5_yaml_error_none_for_valid_yaml ... ok
[INFO] [stdout] test frontmatter::test_yaml_error_unit::test_wb_5_yaml_error_unclosed_flow_list ... ok
[INFO] [stdout] test expr::tests::test_duration_times_number_is_duration ... ok
[INFO] [stdout] test i18n::tests::fill_leaves_other_braces ... ok
[INFO] [stdout] test links::tests::test_bv_22_backlinks_and_has_link ... ok
[INFO] [stdout] test links::tests::test_bv_22_extract_ignores_empty_and_unclosed ... ok
[INFO] [stdout] test links::tests::test_bv_22_extract_markdown_links ... ok
[INFO] [stdout] test frontmatter::test_big_int_unit::test_cv_2_big_int_boundary_still_int ... ok
[INFO] [stdout] test links::tests::test_bv_22_extract_skips_code ... ok
[INFO] [stdout] test frontmatter::test_big_int_unit::test_cv_2_big_int_kept_as_text ... ok
[INFO] [stdout] test links::tests::test_bv_22_extract_wikilink_forms ... ok
[INFO] [stdout] test links::tests::test_bv_22_links_toward_non_note_file ... ok
[INFO] [stdout] test links::tests::test_bv_22_has_link_to_non_note_file_by_path ... ok
[INFO] [stdout] test frontmatter::test_flow_limits_unit::test_wb_5_flow_limits_deep_nesting_is_refused ... ok
[INFO] [stdout] test newnote::test_note_templates::test_ce_32_hidden_created_and_body ... ok
[INFO] [stdout] test newnote::test_note_templates::test_ce_32_template_variables ... ok
[INFO] [stdout] test newnote::test_note_templates::test_ce_27_required_hidden_body_round_trip ... ok
[INFO] [stdout] test newnote::tests::test_ce_25_expr_prefill_keeps_row_in_view ... ok
[INFO] [stdout] test newnote::tests::test_ce_25_fixed_values_from_expr ... ok
[INFO] [stdout] test newnote::tests::test_ce_25_has_tag_goes_into_tags ... ok
[INFO] [stdout] test newnote::tests::test_ce_25_note_path_trims_and_refuses_folder_name ... ok
[INFO] [stdout] test newnote::tests::test_ce_25_prefill_merges_list_and_skips_file_columns ... ok
[INFO] [stdout] test newnote::tests::test_ce_25_obsidian_bad_chars_and_dot_parts_are_refused ... ok
[INFO] [stdout] test newnote::tests::test_ce_25_settings_prefill_keeps_row_in_view ... ok
[INFO] [stdout] test newnote::tests::test_ce_25_spaced_dotdot_does_not_escape ... ok
[INFO] [stdout] test newnote::tests::test_ce_26_empty_answer_drops_preset_values ... ok
[INFO] [stdout] test newnote::tests::test_ce_27_bad_ask_and_set_columns_warn_and_drop ... ok
[INFO] [stdout] test newnote::tests::test_ce_27_set_values_round_trip_through_toml ... ok
[INFO] [stdout] test newnote::tests::test_ce_26_answer_replaces_set_value ... ok
[INFO] [stdout] test links::test_links_panic_unit::test_bv_22_no_panic_multibyte_tail ... ok
[INFO] [stdout] test links::tests::test_bv_22_resolve_markdown_link_relative_to_note ... ok
[INFO] [stdout] test links::tests::test_bv_22_resolve_path_then_nearest_name ... ok
[INFO] [stdout] test places::tests::test_cli_18_broken_toml_warns ... ok
[INFO] [stdout] test places::tests::test_cli_18_tilde_is_home ... ok
[INFO] [stdout] test places::tests::test_cli_19_grouped_order ... ok
[INFO] [stdout] test places::tests::test_cli_18_bad_rows_warn_and_skip ... ok
[INFO] [stdout] test places::tests_keep::test_cli_18_add_keeps_hand_written_text ... ok
[INFO] [stdout] test places::tests_keep::test_cli_18_broken_block_is_kept ... ok
[INFO] [stdout] test places::tests_keep::test_cli_18_replace_only_that_block ... ok
[INFO] [stdout] test print::test_today_unit::test_bv_6_mdgrid_today_wins_over_clock ... ok
[INFO] [stdout] test print::test_today_unit::test_bv_6_today_uses_local_offset_east ... ok
[INFO] [stdout] test places::tests::test_cli_18_missing_file_is_empty ... ok
[INFO] [stdout] test print::test_today_unit::test_bv_6_today_uses_local_offset_west ... ok
[INFO] [stdout] test print::test_today_unit::test_bv_6_today_utc_without_offset ... ok
[INFO] [stdout] test relations::tests::test_rel_1_forms_and_resolution ... ok
[INFO] [stdout] test relations::tests::test_rel_1_percent_with_multibyte_does_not_panic ... ok
[INFO] [stdout] test relations::tests::test_rel_1_plain_words_are_not_links ... ok
[INFO] [stdout] test relations::tests::test_rel_1_registered_base_uses_vault_root ... ok
[INFO] [stdout] test relations::tests::test_rel_1_target_outside_root ... ok
[INFO] [stdout] test newnote::tests::test_ce_27_views_date_survives_load_save_load ... ok
[INFO] [stdout] test relations::tests::test_rel_3_link_column ... ok
[INFO] [stdout] test relations::tests::test_rel_2_display_names ... ok
[INFO] [stdout] test relmap::tests::show_sample ... ignored
[INFO] [stdout] test relations::tests::test_rel_3_format_matches_form ... ok
[INFO] [stdout] test relmap::tests::test_rel_7_control_chars_are_not_drawn ... ok
[INFO] [stdout] test relmap::tests::test_rel_7_back_and_self_links_do_not_panic ... ok
[INFO] [stdout] test relmap::tests::test_rel_7_ascii_lines ... ok
[INFO] [stdout] test places::tests::test_cli_18_places_round_trip ... ok
[INFO] [stdout] test settings::tests::test_nv_15_inherit_drops_emptied_groups ... ok
[INFO] [stdout] test relations::tests::test_rel_5_backlinks ... ok
[INFO] [stdout] test relmap::tests::test_rel_7_layout_connects_boxes ... ok
[INFO] [stdout] test settings::tests::test_nv_15_sort_list_value_in_non_list_column_skips_empty_elements ... ok
[INFO] [stdout] test relmap::tests::test_rel_7_read_tables_and_links ... ok
[INFO] [stdout] test settings::tests::test_nv_19_datetime_cmp_reads_time ... ok
[INFO] [stdout] test settings::tests::test_nv_17_keys_toml_form ... ok
[INFO] [stdout] test settings::tests::test_nv_19_bad_operand_keeps_nothing ... ok
[INFO] [stdout] test settings::tests::test_nv_19_value_keys_display ... ok
[INFO] [stdout] test source::markdown::test_types_case_unit::test_ce_2_types_json_any_case ... ok
[INFO] [stdout] test source::markdown::test_review6_unit::test_ce_2_types_case_variants_conflict ... ok
[INFO] [stdout] test source::markdown::tests::body_start_after_unreadable_frontmatter ... ok
[INFO] [stdout] test relmap::tests::test_rel_7_empty_workspace ... ok
[INFO] [stdout] test source::markdown::tests::column_locks ... ok
[INFO] [stdout] test settings::tests::test_nv_17_broken_settings_keep_other_state ... ok
[INFO] [stdout] test settings::tests::test_nv_19_ne_on_list_needs_every_element_unequal ... ok
[INFO] [stdout] test source::markdown::tests::body_tags_skip_code_headings_and_numbers ... ok
[INFO] [stdout] test source::markdown::tests::body_tags_code_forms ... ok
[INFO] [stdout] test relations::tests::test_rel_6_edges ... ok
[INFO] [stdout] test source::markdown::tests::hard_link_locks_the_row_and_conflict_is_marked ... FAILED
[INFO] [stdout] test source::markdown::tests::setting_false_refuses_save_directly ... ok
[INFO] [stdout] test source::markdown::tests::setting_false_external_change_to_empty_frontmatter_is_changed ... ok
[INFO] [stdout] test source::markdown::tests::scalar_in_list_column_is_locked_and_counted ... FAILED
[INFO] [stdout] test source::markdown::tests::open_vault_rows_are_all_notes_under_the_root ... ok
[INFO] [stdout] test source::markdown::tests::symlinked_notes_inside_the_folder_are_rows ... ok
[INFO] [stdout] test style::dozy_tests::test_sr_36_dozy_pink_preset ... ok
[INFO] [stdout] test source::markdown::tests::save_replaces_without_rereading_and_preview_reads_disk ... ok
[INFO] [stdout] test style::nerd_tests::test_sr_36_nerd_auto ... ok
[INFO] [stdout] test style::nerd_tests::test_sr_36_nerd_font_setting ... ok
[INFO] [stdout] test style::tests::test_sr_36_style_presets_and_overrides ... ok
[INFO] [stdout] test style::tests::test_sr_37_new_themes_and_sr_39_auto ... ok
[INFO] [stdout] test style::tests::test_sr_38_names_are_listed ... ok
[INFO] [stdout] test summary::tests::test_bv_14_earliest_latest_dates_only ... ok
[INFO] [stdout] test summary::tests::test_bv_14_empty_filled_unique ... ok
[INFO] [stdout] test summary::tests::test_bv_14_labels_english_and_japanese ... ok
[INFO] [stdout] test source::markdown::tests::tags_of_read_only_and_bom ... ok
[INFO] [stdout] test summary::tests::test_bv_14_median_odd_and_even ... ok
[INFO] [stdout] test summary::tests::test_bv_14_names_parse_and_key ... ok
[INFO] [stdout] test summary::tests::test_bv_14_no_values_is_empty ... ok
[INFO] [stdout] test summary::tests::test_bv_14_range_of_dates_is_duration ... ok
[INFO] [stdout] test summary::tests::test_bv_14_checked_unchecked_count_booleans ... ok
[INFO] [stdout] test source::markdown::tests::value_lock_reasons_by_shape ... FAILED
[INFO] [stdout] test summary::tests::test_bv_14_stddev_population ... ok
[INFO] [stdout] test summary::tests::test_bv_14_sum_average_min_max_skip_non_numbers ... ok
[INFO] [stdout] test style::tests::test_sr_36_style_bad_values_warn ... ok
[INFO] [stdout] test test_tab_prefs::test_nv_26_tab_prefs_broken_file_not_written ... ok
[INFO] [stdout] test test_look::test_sr_43_apply_overrides_config ... ok
[INFO] [stdout] test test_toml_edit_safety::test_cli_18_place_header_with_comment_keeps_neighbour ... ok
[INFO] [stdout] test test_look::test_sr_43_look_broken_and_bad_values_warn ... ok
[INFO] [stdout] test test_look::test_sr_43_look_round_trip_with_templates ... ok
[INFO] [stdout] test test_toml_edit_safety::test_ws_7_marker_paths_stay_inside ... ok
[INFO] [stdout] test test_tree::test_nv_27_order_empty_and_flat ... ok
[INFO] [stdout] test test_tab_prefs::test_nv_26_tab_prefs_default_removes_keys ... ok
[INFO] [stdout] test test_tree::test_nv_27_order_preorder_keeps_sibling_order ... ok
[INFO] [stdout] test summary::tests::test_bv_14_many_values_one_pass ... ok
[INFO] [stdout] test test_toml_edit_safety::test_ws_1_header_with_comment_keeps_neighbour ... ok
[INFO] [stdout] test test_tree::test_nv_27_order_missing_parent_and_cycles_go_top ... ok
[INFO] [stdout] test test_wbs::test_nv_28_numbers_and_progress ... ok
[INFO] [stdout] test test_weekday_lang::test_sr_23_weekday_follows_language ... ok
[INFO] [stdout] test theme::test_theme_auto::test_sr_39_auto_theme ... ok
[INFO] [stdout] test theme::test_theme_auto::test_sr_39_osc11_reply ... ok
[INFO] [stdout] test types::test_datetime_offsets_unit::test_cv_2_datetime_offsets_convert_to_local ... ok
[INFO] [stdout] test types::test_datetime_offsets_unit::test_cv_2_datetime_offsets_fit ... ok
[INFO] [stdout] test types::test_datetime_offsets_unit::test_cv_2_datetime_offsets_write_shape_unchanged ... ok
[INFO] [stdout] test types::test_mixed_datetime_unit::test_ce_2_mixed_date_datetime_dates_only_stay_date ... ok
[INFO] [stdout] test types::test_mixed_datetime_unit::test_ce_2_mixed_date_datetime_first_value_rule_otherwise ... ok
[INFO] [stdout] test types::test_mixed_datetime_unit::test_ce_2_mixed_date_datetime_is_datetime ... ok
[INFO] [stdout] test types::tests::date_format_rejects_ambiguous_and_duplicate_parts ... ok
[INFO] [stdout] test types::tests::date_input_weekday_mismatch_and_century ... ok
[INFO] [stdout] test types::tests::date_range_bounds ... ok
[INFO] [stdout] test types::tests::month_grid_and_add_months_edges ... ok
[INFO] [stdout] test types::tests::json_rejects_bad_numbers_and_escapes ... ok
[INFO] [stdout] test types::tests::duplicate_types_key_takes_the_later ... ok
[INFO] [stdout] test types::tests::non_ascii_after_time_does_not_panic ... ok
[INFO] [stdout] test types::tests::datetime_shapes ... ok
[INFO] [stdout] test views::tests::test_bv_19_column_names_are_quoted ... ok
[INFO] [stdout] test views::tests::test_bv_19_from_base_nested_filters_and_extras ... ok
[INFO] [stdout] test views::tests::test_bv_19_review_cases_are_fixed_or_noted ... ok
[INFO] [stdout] test views::tests::test_bv_19_to_base_hidden_without_order_is_dropped ... ok
[INFO] [stdout] test views::tests::test_bv_19_to_base_quotes_strings_for_yaml ... ok
[INFO] [stdout] test views::tests::test_bv_19_to_base_typed_and_notes ... ok
[INFO] [stdout] test views::tests::test_bv_19_cmp_match_settings ... FAILED
[INFO] [stdout] test views::tests::test_bv_20_save_keeps_unknown_items_and_unreadable_views_of_own_target ... FAILED
[INFO] [stdout] test views::tests::test_bv_20_save_refuses_broken_file ... ok
[INFO] [stdout] test views::tests::test_bv_20_save_keeps_other_targets_and_empty_removes_target ... ok
[INFO] [stdout] test views::tests::test_bv_20_unknown_nested_settings_key_warns ... ok
[INFO] [stdout] test workspace::tests::test_ws_1_bad_rows_warn ... ok
[INFO] [stdout] test test_toml_edit_safety::test_ws_1_trailing_table_and_inline_form_survive ... ok
[INFO] [stdout] test views::tests::test_bv_19_contains_and_empty_match_settings ... ok
[INFO] [stdout] test workspace::tests::test_ws_6_resolve_order ... ok
[INFO] [stdout] test workspace::tests::test_ws_5_detect_vault_and_git ... ok
[INFO] [stdout] test workspace::tests::test_ws_7_marker_auto_and_listed_tables ... ok
[INFO] [stdout] test workspace::tests_chosen::test_ws_6_chosen_without_the_table_warns ... ok
[INFO] [stdout] test workspace::tests_more::test_ws_1_broken_file_is_not_rewritten ... ok
[INFO] [stdout] test test_tab_prefs::test_nv_26_tab_prefs_round_trip_keeps_views ... ok
[INFO] [stdout] test workspace::tests_more::test_ws_1_home_and_relative_paths ... ok
[INFO] [stdout] test workspace::tests_more::test_ws_7_broken_marker_warns ... ok
[INFO] [stdout] test writeback::test_key_ops_unit::test_wb_1_key_ops_delete_block_list_keeps_next_comment ... ok
[INFO] [stdout] test writeback::test_big_int_write_unit::test_cv_2_big_int_text_stays_quoted ... ok
[INFO] [stdout] test writeback::test_key_ops_unit::test_wb_1_key_ops_delete_multiline_and_last ... ok
[INFO] [stdout] test writeback::test_key_ops_unit::test_wb_1_key_ops_rename_keeps_other_bytes ... ok
[INFO] [stdout] test writeback::test_key_ops_unit::test_wb_1_key_ops_rename_refuses_existing_name ... ok
[INFO] [stdout] test writeback::test_key_ops_unit::test_wb_1_key_ops_review_cases ... ok
[INFO] [stdout] test writeback::tests::block_list_keeps_remaining_lines_byte_for_byte ... ok
[INFO] [stdout] test writeback::tests::date_shapes_and_quotes ... ok
[INFO] [stdout] test workspace::tests::test_ws_1_read_write_round_trip ... ok
[INFO] [stdout] test workspace::tests_keep::test_ws_1_add_keeps_hand_written_text ... ok
[INFO] [stdout] test views::tests::test_bv_19_keep_drop_match_settings ... ok
[INFO] [stdout] test writeback::tests::floats_keep_their_type_in_yaml_1_1_and_1_2 ... ok
[INFO] [stdout] test writeback::tests::prepend_misquote_is_caught_by_verify ... ok
[INFO] [stdout] test writeback::tests::prepend_quotes_yaml11_bool_key ... ok
[INFO] [stdout] test writeback::tests::flow_list_quotes_values_with_quote_chars ... ok
[INFO] [stdout] test writeback::tests::prepend_refuses_newline_and_bad_date ... ok
[INFO] [stdout] test writeback::tests::verify_prepended_checks_body_keys_and_delimiters ... ok
[INFO] [stdout] test writeback::tests_underscore::test_wb_7_underscore_numbers_are_quoted ... ok
[INFO] [stdout] test writeback::tests::fill_empty_same_key_twice_misquote_and_no_edits ... ok
[INFO] [stdout] test workspace::tests_keep::test_ws_1_replace_and_remove_only_that_part ... ok
[INFO] [stdout] test writeback::tests::sha256_known_vectors ... ok
[INFO] [stdout] test expr::tests::test_deep_nesting_is_syntax_not_panic ... ok
[INFO] [stdout] test writeback::tests::prepend_same_key_twice_keeps_one_line_with_later_value ... ok
[INFO] [stdout] test writeback::tests::verify_filled_checks_outside_bytes_and_keys ... ok
[INFO] [stderr] error: test failed, to rerun pass `--lib`
[INFO] [stdout] test links::test_links_panic_unit::test_bv_22_no_panic_long_hostile_lines_are_fast ... ok
[INFO] [stdout] 
[INFO] [stdout] failures:
[INFO] [stdout] 
[INFO] [stdout] ---- base::tests::alias_expansion_is_limited stdout ----
[INFO] [stdout] 
[INFO] [stdout] thread 'base::tests::alias_expansion_is_limited' (1687) panicked at src/test_base_unit.rs:204:5:
[INFO] [stdout] expanding the aliases (*) in the .base is too large (up to 10000 nodes)
[INFO] [stdout] stack backtrace:
[INFO] [stdout]    0:     0x5c569c9206e1 - <<std[617be2ca0a6fd877]::sys::backtrace::BacktraceLock>::print::DisplayBacktrace as core[a373ad73a504971]::fmt::Display>::fmt
[INFO] [stdout]    1:     0x5c569c93811a - core[a373ad73a504971]::fmt::write
[INFO] [stdout]    2:     0x5c569c924d3c - <alloc[2e1b2a31b91974c5]::vec::Vec<u8> as core[a373ad73a504971]::io::write::Write>::write_fmt
[INFO] [stdout]    3:     0x5c569c8f93a6 - std[617be2ca0a6fd877]::panicking::default_hook::{closure#0}
[INFO] [stdout]    4:     0x5c569c9173c9 - std[617be2ca0a6fd877]::panicking::default_hook
[INFO] [stdout]    5:     0x5c569c8663a0 - test[aada8e7e76ba119b]::test_main_inner::{closure#0}
[INFO] [stdout]    6:     0x5c569c917582 - std[617be2ca0a6fd877]::panicking::panic_with_hook
[INFO] [stdout]    7:     0x5c569c8f9452 - std[617be2ca0a6fd877]::panicking::panic_handler::{closure#0}
[INFO] [stdout]    8:     0x5c569c8f1ce9 - std[617be2ca0a6fd877]::sys::backtrace::__rust_end_short_backtrace::<std[617be2ca0a6fd877]::panicking::panic_handler::{closure#0}, !>
[INFO] [stdout]    9:     0x5c569c8fa32d - __rustc[ea4f61d10b84890b]::rust_begin_unwind
[INFO] [stdout]   10:     0x5c569c93893c - core[a373ad73a504971]::panicking::panic_fmt
[INFO] [stdout]   11:     0x5c569c7bebb5 - <mdgrid[c7c326d898f5d2b8]::base::tests::alias_expansion_is_limited::{closure#0} as core[a373ad73a504971]::ops::function::FnOnce<()>>::call_once
[INFO] [stdout]   12:     0x5c569c8597eb - test[aada8e7e76ba119b]::__rust_begin_short_backtrace::<core[a373ad73a504971]::result::Result<(), alloc[2e1b2a31b91974c5]::string::String>, fn() -> core[a373ad73a504971]::result::Result<(), alloc[2e1b2a31b91974c5]::string::String>>
[INFO] [stdout]   13:     0x5c569c8669c5 - test[aada8e7e76ba119b]::run_test::{closure#0}
[INFO] [stdout]   14:     0x5c569c8602b4 - std[617be2ca0a6fd877]::sys::backtrace::__rust_begin_short_backtrace::<test[aada8e7e76ba119b]::run_test::{closure#1}, ()>
[INFO] [stdout]   15:     0x5c569c869a52 - <std[617be2ca0a6fd877]::thread::lifecycle::spawn_unchecked<test[aada8e7e76ba119b]::run_test::{closure#1}, ()>::{closure#1} as core[a373ad73a504971]::ops::function::FnOnce<()>>::call_once::{shim:vtable#0}
[INFO] [stdout]   16:     0x5c569c91f6ef - <std[617be2ca0a6fd877]::sys::thread::unix::Thread>::new::thread_start
[INFO] [stdout]   17:     0x74308a638dfa - <unknown>
[INFO] [stdout]   18:     0x74308a6cc3d4 - clone
[INFO] [stdout]   19:                0x0 - <unknown>
[INFO] [stdout] 
[INFO] [stdout] ---- base::tests::group_of_empty_values_is_last_with_heading stdout ----
[INFO] [stdout] 
[INFO] [stdout] thread 'base::tests::group_of_empty_values_is_last_with_heading' (1692) panicked at src/test_base_unit.rs:112:5:
[INFO] [stdout] assertion `left == right` failed
[INFO] [stdout]   left: ["2", "1", "high", "(empty)"]
[INFO] [stdout]  right: ["2", "1", "high", "(空)"]
[INFO] [stdout] stack backtrace:
[INFO] [stdout]    0:     0x5c569c9206e1 - <<std[617be2ca0a6fd877]::sys::backtrace::BacktraceLock>::print::DisplayBacktrace as core[a373ad73a504971]::fmt::Display>::fmt
[INFO] [stdout]    1:     0x5c569c93811a - core[a373ad73a504971]::fmt::write
[INFO] [stdout]    2:     0x5c569c924d3c - <alloc[2e1b2a31b91974c5]::vec::Vec<u8> as core[a373ad73a504971]::io::write::Write>::write_fmt
[INFO] [stdout]    3:     0x5c569c8f93a6 - std[617be2ca0a6fd877]::panicking::default_hook::{closure#0}
[INFO] [stdout]    4:     0x5c569c9173c9 - std[617be2ca0a6fd877]::panicking::default_hook
[INFO] [stdout]    5:     0x5c569c8663a0 - test[aada8e7e76ba119b]::test_main_inner::{closure#0}
[INFO] [stdout]    6:     0x5c569c917582 - std[617be2ca0a6fd877]::panicking::panic_with_hook
[INFO] [stdout]    7:     0x5c569c8f9452 - std[617be2ca0a6fd877]::panicking::panic_handler::{closure#0}
[INFO] [stdout]    8:     0x5c569c8f1ce9 - std[617be2ca0a6fd877]::sys::backtrace::__rust_end_short_backtrace::<std[617be2ca0a6fd877]::panicking::panic_handler::{closure#0}, !>
[INFO] [stdout]    9:     0x5c569c8fa32d - __rustc[ea4f61d10b84890b]::rust_begin_unwind
[INFO] [stdout]   10:     0x5c569c93893c - core[a373ad73a504971]::panicking::panic_fmt
[INFO] [stdout]   11:     0x5c569c938853 - core[a373ad73a504971]::panicking::assert_failed_inner
[INFO] [stdout]   12:     0x5c569c697cc6 - core[a373ad73a504971]::panicking::assert_failed::<alloc[2e1b2a31b91974c5]::vec::Vec<&str>, alloc[2e1b2a31b91974c5]::vec::Vec<&str>>
[INFO] [stdout]   13:     0x5c569c7c1426 - <mdgrid[c7c326d898f5d2b8]::base::tests::group_of_empty_values_is_last_with_heading::{closure#0} as core[a373ad73a504971]::ops::function::FnOnce<()>>::call_once
[INFO] [stdout]   14:     0x5c569c8597eb - test[aada8e7e76ba119b]::__rust_begin_short_backtrace::<core[a373ad73a504971]::result::Result<(), alloc[2e1b2a31b91974c5]::string::String>, fn() -> core[a373ad73a504971]::result::Result<(), alloc[2e1b2a31b91974c5]::string::String>>
[INFO] [stdout]   15:     0x5c569c8669c5 - test[aada8e7e76ba119b]::run_test::{closure#0}
[INFO] [stdout]   16:     0x5c569c8602b4 - std[617be2ca0a6fd877]::sys::backtrace::__rust_begin_short_backtrace::<test[aada8e7e76ba119b]::run_test::{closure#1}, ()>
[INFO] [stdout]   17:     0x5c569c869a52 - <std[617be2ca0a6fd877]::thread::lifecycle::spawn_unchecked<test[aada8e7e76ba119b]::run_test::{closure#1}, ()>::{closure#1} as core[a373ad73a504971]::ops::function::FnOnce<()>>::call_once::{shim:vtable#0}
[INFO] [stdout]   18:     0x5c569c91f6ef - <std[617be2ca0a6fd877]::sys::thread::unix::Thread>::new::thread_start
[INFO] [stdout]   19:     0x74308a638dfa - <unknown>
[INFO] [stdout]   20:     0x74308a6cc3d4 - clone
[INFO] [stdout]   21:                0x0 - <unknown>
[INFO] [stdout] 
[INFO] [stdout] ---- base::tests::formula_cycle_is_unsupported_and_stops stdout ----
[INFO] [stdout] 
[INFO] [stdout] thread 'base::tests::formula_cycle_is_unsupported_and_stops' (1690) panicked at src/test_base_unit.rs:124:5:
[INFO] [stdout] ["formula.a: formula.a is circular", "formula.c: formula.c is circular", "cannot sort by formula.a (treated as empty): formula.a is circular"]
[INFO] [stdout] stack backtrace:
[INFO] [stdout]    0:     0x5c569c9206e1 - <<std[617be2ca0a6fd877]::sys::backtrace::BacktraceLock>::print::DisplayBacktrace as core[a373ad73a504971]::fmt::Display>::fmt
[INFO] [stdout]    1:     0x5c569c93811a - core[a373ad73a504971]::fmt::write
[INFO] [stdout]    2:     0x5c569c924d3c - <alloc[2e1b2a31b91974c5]::vec::Vec<u8> as core[a373ad73a504971]::io::write::Write>::write_fmt
[INFO] [stdout]    3:     0x5c569c8f93a6 - std[617be2ca0a6fd877]::panicking::default_hook::{closure#0}
[INFO] [stdout]    4:     0x5c569c9173c9 - std[617be2ca0a6fd877]::panicking::default_hook
[INFO] [stdout]    5:     0x5c569c8663a0 - test[aada8e7e76ba119b]::test_main_inner::{closure#0}
[INFO] [stdout]    6:     0x5c569c917582 - std[617be2ca0a6fd877]::panicking::panic_with_hook
[INFO] [stdout]    7:     0x5c569c8f9452 - std[617be2ca0a6fd877]::panicking::panic_handler::{closure#0}
[INFO] [stdout]    8:     0x5c569c8f1ce9 - std[617be2ca0a6fd877]::sys::backtrace::__rust_end_short_backtrace::<std[617be2ca0a6fd877]::panicking::panic_handler::{closure#0}, !>
[INFO] [stdout]    9:     0x5c569c8fa32d - __rustc[ea4f61d10b84890b]::rust_begin_unwind
[INFO] [stdout]   10:     0x5c569c93893c - core[a373ad73a504971]::panicking::panic_fmt
[INFO] [stdout]   11:     0x5c569c7c093f - <mdgrid[c7c326d898f5d2b8]::base::tests::formula_cycle_is_unsupported_and_stops::{closure#0} as core[a373ad73a504971]::ops::function::FnOnce<()>>::call_once
[INFO] [stdout]   12:     0x5c569c8597eb - test[aada8e7e76ba119b]::__rust_begin_short_backtrace::<core[a373ad73a504971]::result::Result<(), alloc[2e1b2a31b91974c5]::string::String>, fn() -> core[a373ad73a504971]::result::Result<(), alloc[2e1b2a31b91974c5]::string::String>>
[INFO] [stdout]   13:     0x5c569c8669c5 - test[aada8e7e76ba119b]::run_test::{closure#0}
[INFO] [stdout]   14:     0x5c569c8602b4 - std[617be2ca0a6fd877]::sys::backtrace::__rust_begin_short_backtrace::<test[aada8e7e76ba119b]::run_test::{closure#1}, ()>
[INFO] [stdout]   15:     0x5c569c869a52 - <std[617be2ca0a6fd877]::thread::lifecycle::spawn_unchecked<test[aada8e7e76ba119b]::run_test::{closure#1}, ()>::{closure#1} as core[a373ad73a504971]::ops::function::FnOnce<()>>::call_once::{shim:vtable#0}
[INFO] [stdout]   16:     0x5c569c91f6ef - <std[617be2ca0a6fd877]::sys::thread::unix::Thread>::new::thread_start
[INFO] [stdout]   17:     0x74308a638dfa - <unknown>
[INFO] [stdout]   18:     0x74308a6cc3d4 - clone
[INFO] [stdout]   19:                0x0 - <unknown>
[INFO] [stdout] 
[INFO] [stdout] ---- base::tests::notes_follow_formula_references stdout ----
[INFO] [stdout] 
[INFO] [stdout] thread 'base::tests::notes_follow_formula_references' (1695) panicked at src/test_base_unit.rs:155:5:
[INFO] [stdout] ["formula.b: formula.missing is not in formulas", "cannot sort by formula.a (treated as empty): formula.missing is not in formulas"]
[INFO] [stdout] stack backtrace:
[INFO] [stdout]    0:     0x5c569c9206e1 - <<std[617be2ca0a6fd877]::sys::backtrace::BacktraceLock>::print::DisplayBacktrace as core[a373ad73a504971]::fmt::Display>::fmt
[INFO] [stdout]    1:     0x5c569c93811a - core[a373ad73a504971]::fmt::write
[INFO] [stdout]    2:     0x5c569c924d3c - <alloc[2e1b2a31b91974c5]::vec::Vec<u8> as core[a373ad73a504971]::io::write::Write>::write_fmt
[INFO] [stdout]    3:     0x5c569c8f93a6 - std[617be2ca0a6fd877]::panicking::default_hook::{closure#0}
[INFO] [stdout]    4:     0x5c569c9173c9 - std[617be2ca0a6fd877]::panicking::default_hook
[INFO] [stdout]    5:     0x5c569c8663a0 - test[aada8e7e76ba119b]::test_main_inner::{closure#0}
[INFO] [stdout]    6:     0x5c569c917582 - std[617be2ca0a6fd877]::panicking::panic_with_hook
[INFO] [stdout]    7:     0x5c569c8f9452 - std[617be2ca0a6fd877]::panicking::panic_handler::{closure#0}
[INFO] [stdout]    8:     0x5c569c8f1ce9 - std[617be2ca0a6fd877]::sys::backtrace::__rust_end_short_backtrace::<std[617be2ca0a6fd877]::panicking::panic_handler::{closure#0}, !>
[INFO] [stdout]    9:     0x5c569c8fa32d - __rustc[ea4f61d10b84890b]::rust_begin_unwind
[INFO] [stdout]   10:     0x5c569c93893c - core[a373ad73a504971]::panicking::panic_fmt
[INFO] [stdout]   11:     0x5c569c7c045b - <mdgrid[c7c326d898f5d2b8]::base::tests::notes_follow_formula_references::{closure#0} as core[a373ad73a504971]::ops::function::FnOnce<()>>::call_once
[INFO] [stdout]   12:     0x5c569c8597eb - test[aada8e7e76ba119b]::__rust_begin_short_backtrace::<core[a373ad73a504971]::result::Result<(), alloc[2e1b2a31b91974c5]::string::String>, fn() -> core[a373ad73a504971]::result::Result<(), alloc[2e1b2a31b91974c5]::string::String>>
[INFO] [stdout]   13:     0x5c569c8669c5 - test[aada8e7e76ba119b]::run_test::{closure#0}
[INFO] [stdout]   14:     0x5c569c8602b4 - std[617be2ca0a6fd877]::sys::backtrace::__rust_begin_short_backtrace::<test[aada8e7e76ba119b]::run_test::{closure#1}, ()>
[INFO] [stdout]   15:     0x5c569c869a52 - <std[617be2ca0a6fd877]::thread::lifecycle::spawn_unchecked<test[aada8e7e76ba119b]::run_test::{closure#1}, ()>::{closure#1} as core[a373ad73a504971]::ops::function::FnOnce<()>>::call_once::{shim:vtable#0}
[INFO] [stdout]   16:     0x5c569c91f6ef - <std[617be2ca0a6fd877]::sys::thread::unix::Thread>::new::thread_start
[INFO] [stdout]   17:     0x74308a638dfa - <unknown>
[INFO] [stdout]   18:     0x74308a6cc3d4 - clone
[INFO] [stdout]   19:                0x0 - <unknown>
[INFO] [stdout] 
[INFO] [stdout] ---- changes::tests::scalar_onto_list_cell_is_skip stdout ----
[INFO] [stdout] 
[INFO] [stdout] thread 'changes::tests::scalar_onto_list_cell_is_skip' (1713) panicked at src/test_changes_unit.rs:499:9:
[INFO] [stdout] cannot write a single value to a list cell (add or remove items instead)
[INFO] [stdout] stack backtrace:
[INFO] [stdout]    0:     0x5c569c9206e1 - <<std[617be2ca0a6fd877]::sys::backtrace::BacktraceLock>::print::DisplayBacktrace as core[a373ad73a504971]::fmt::Display>::fmt
[INFO] [stdout]    1:     0x5c569c93811a - core[a373ad73a504971]::fmt::write
[INFO] [stdout]    2:     0x5c569c924d3c - <alloc[2e1b2a31b91974c5]::vec::Vec<u8> as core[a373ad73a504971]::io::write::Write>::write_fmt
[INFO] [stdout]    3:     0x5c569c8f93a6 - std[617be2ca0a6fd877]::panicking::default_hook::{closure#0}
[INFO] [stdout]    4:     0x5c569c9173c9 - std[617be2ca0a6fd877]::panicking::default_hook
[INFO] [stdout]    5:     0x5c569c8663a0 - test[aada8e7e76ba119b]::test_main_inner::{closure#0}
[INFO] [stdout]    6:     0x5c569c917582 - std[617be2ca0a6fd877]::panicking::panic_with_hook
[INFO] [stdout]    7:     0x5c569c8f9452 - std[617be2ca0a6fd877]::panicking::panic_handler::{closure#0}
[INFO] [stdout]    8:     0x5c569c8f1ce9 - std[617be2ca0a6fd877]::sys::backtrace::__rust_end_short_backtrace::<std[617be2ca0a6fd877]::panicking::panic_handler::{closure#0}, !>
[INFO] [stdout]    9:     0x5c569c8fa32d - __rustc[ea4f61d10b84890b]::rust_begin_unwind
[INFO] [stdout]   10:     0x5c569c93893c - core[a373ad73a504971]::panicking::panic_fmt
[INFO] [stdout]   11:     0x5c569c823206 - <mdgrid[c7c326d898f5d2b8]::changes::tests::scalar_onto_list_cell_is_skip::{closure#0} as core[a373ad73a504971]::ops::function::FnOnce<()>>::call_once
[INFO] [stdout]   12:     0x5c569c8597eb - test[aada8e7e76ba119b]::__rust_begin_short_backtrace::<core[a373ad73a504971]::result::Result<(), alloc[2e1b2a31b91974c5]::string::String>, fn() -> core[a373ad73a504971]::result::Result<(), alloc[2e1b2a31b91974c5]::string::String>>
[INFO] [stdout]   13:     0x5c569c8669c5 - test[aada8e7e76ba119b]::run_test::{closure#0}
[INFO] [stdout]   14:     0x5c569c8602b4 - std[617be2ca0a6fd877]::sys::backtrace::__rust_begin_short_backtrace::<test[aada8e7e76ba119b]::run_test::{closure#1}, ()>
[INFO] [stdout]   15:     0x5c569c869a52 - <std[617be2ca0a6fd877]::thread::lifecycle::spawn_unchecked<test[aada8e7e76ba119b]::run_test::{closure#1}, ()>::{closure#1} as core[a373ad73a504971]::ops::function::FnOnce<()>>::call_once::{shim:vtable#0}
[INFO] [stdout]   16:     0x5c569c91f6ef - <std[617be2ca0a6fd877]::sys::thread::unix::Thread>::new::thread_start
[INFO] [stdout]   17:     0x74308a638dfa - <unknown>
[INFO] [stdout]   18:     0x74308a6cc3d4 - clone
[INFO] [stdout]   19:                0x0 - <unknown>
[INFO] [stdout] 
[INFO] [stdout] ---- config::tests::test_nv_23_config_search_bar stdout ----
[INFO] [stdout] 
[INFO] [stdout] thread 'config::tests::test_nv_23_config_search_bar' (1732) panicked at src/test_config_unit.rs:142:5:
[INFO] [stdout] ["ignored the unknown config item `searchbar`"]
[INFO] [stdout] stack backtrace:
[INFO] [stdout]    0:     0x5c569c9206e1 - <<std[617be2ca0a6fd877]::sys::backtrace::BacktraceLock>::print::DisplayBacktrace as core[a373ad73a504971]::fmt::Display>::fmt
[INFO] [stdout]    1:     0x5c569c93811a - core[a373ad73a504971]::fmt::write
[INFO] [stdout]    2:     0x5c569c924d3c - <alloc[2e1b2a31b91974c5]::vec::Vec<u8> as core[a373ad73a504971]::io::write::Write>::write_fmt
[INFO] [stdout]    3:     0x5c569c8f93a6 - std[617be2ca0a6fd877]::panicking::default_hook::{closure#0}
[INFO] [stdout]    4:     0x5c569c9173c9 - std[617be2ca0a6fd877]::panicking::default_hook
[INFO] [stdout]    5:     0x5c569c8663a0 - test[aada8e7e76ba119b]::test_main_inner::{closure#0}
[INFO] [stdout]    6:     0x5c569c917582 - std[617be2ca0a6fd877]::panicking::panic_with_hook
[INFO] [stdout]    7:     0x5c569c8f9452 - std[617be2ca0a6fd877]::panicking::panic_handler::{closure#0}
[INFO] [stdout]    8:     0x5c569c8f1ce9 - std[617be2ca0a6fd877]::sys::backtrace::__rust_end_short_backtrace::<std[617be2ca0a6fd877]::panicking::panic_handler::{closure#0}, !>
[INFO] [stdout]    9:     0x5c569c8fa32d - __rustc[ea4f61d10b84890b]::rust_begin_unwind
[INFO] [stdout]   10:     0x5c569c93893c - core[a373ad73a504971]::panicking::panic_fmt
[INFO] [stdout]   11:     0x5c569c735811 - <mdgrid[c7c326d898f5d2b8]::config::tests::test_nv_23_config_search_bar::{closure#0} as core[a373ad73a504971]::ops::function::FnOnce<()>>::call_once
[INFO] [stdout]   12:     0x5c569c8597eb - test[aada8e7e76ba119b]::__rust_begin_short_backtrace::<core[a373ad73a504971]::result::Result<(), alloc[2e1b2a31b91974c5]::string::String>, fn() -> core[a373ad73a504971]::result::Result<(), alloc[2e1b2a31b91974c5]::string::String>>
[INFO] [stdout]   13:     0x5c569c8669c5 - test[aada8e7e76ba119b]::run_test::{closure#0}
[INFO] [stdout]   14:     0x5c569c8602b4 - std[617be2ca0a6fd877]::sys::backtrace::__rust_begin_short_backtrace::<test[aada8e7e76ba119b]::run_test::{closure#1}, ()>
[INFO] [stdout]   15:     0x5c569c869a52 - <std[617be2ca0a6fd877]::thread::lifecycle::spawn_unchecked<test[aada8e7e76ba119b]::run_test::{closure#1}, ()>::{closure#1} as core[a373ad73a504971]::ops::function::FnOnce<()>>::call_once::{shim:vtable#0}
[INFO] [stdout]   16:     0x5c569c91f6ef - <std[617be2ca0a6fd877]::sys::thread::unix::Thread>::new::thread_start
[INFO] [stdout]   17:     0x74308a638dfa - <unknown>
[INFO] [stdout]   18:     0x74308a6cc3d4 - clone
[INFO] [stdout]   19:                0x0 - <unknown>
[INFO] [stdout] 
[INFO] [stdout] ---- source::markdown::tests::hard_link_locks_the_row_and_conflict_is_marked stdout ----
[INFO] [stdout] 
[INFO] [stdout] thread 'source::markdown::tests::hard_link_locks_the_row_and_conflict_is_marked' (1856) panicked at src/source/test_markdown_unit.rs:173:5:
[INFO] [stdout] assertion `left == right` failed
[INFO] [stdout]   left: Some("the file has hard links")
[INFO] [stdout]  right: Some("ハードリンクがある")
[INFO] [stdout] stack backtrace:
[INFO] [stdout]    0:     0x5c569c9206e1 - <<std[617be2ca0a6fd877]::sys::backtrace::BacktraceLock>::print::DisplayBacktrace as core[a373ad73a504971]::fmt::Display>::fmt
[INFO] [stdout]    1:     0x5c569c93811a - core[a373ad73a504971]::fmt::write
[INFO] [stdout]    2:     0x5c569c924d3c - <alloc[2e1b2a31b91974c5]::vec::Vec<u8> as core[a373ad73a504971]::io::write::Write>::write_fmt
[INFO] [stdout]    3:     0x5c569c8f93a6 - std[617be2ca0a6fd877]::panicking::default_hook::{closure#0}
[INFO] [stdout]    4:     0x5c569c9173c9 - std[617be2ca0a6fd877]::panicking::default_hook
[INFO] [stdout]    5:     0x5c569c8663a0 - test[aada8e7e76ba119b]::test_main_inner::{closure#0}
[INFO] [stdout]    6:     0x5c569c917582 - std[617be2ca0a6fd877]::panicking::panic_with_hook
[INFO] [stdout]    7:     0x5c569c8f9452 - std[617be2ca0a6fd877]::panicking::panic_handler::{closure#0}
[INFO] [stdout]    8:     0x5c569c8f1ce9 - std[617be2ca0a6fd877]::sys::backtrace::__rust_end_short_backtrace::<std[617be2ca0a6fd877]::panicking::panic_handler::{closure#0}, !>
[INFO] [stdout]    9:     0x5c569c8fa32d - __rustc[ea4f61d10b84890b]::rust_begin_unwind
[INFO] [stdout]   10:     0x5c569c93893c - core[a373ad73a504971]::panicking::panic_fmt
[INFO] [stdout]   11:     0x5c569c938853 - core[a373ad73a504971]::panicking::assert_failed_inner
[INFO] [stdout]   12:     0x5c569c6977af - core[a373ad73a504971]::panicking::assert_failed::<core[a373ad73a504971]::option::Option<&str>, core[a373ad73a504971]::option::Option<&str>>
[INFO] [stdout]   13:     0x5c569c7d4a96 - <mdgrid[c7c326d898f5d2b8]::source::markdown::tests::hard_link_locks_the_row_and_conflict_is_marked::{closure#0} as core[a373ad73a504971]::ops::function::FnOnce<()>>::call_once
[INFO] [stdout]   14:     0x5c569c8597eb - test[aada8e7e76ba119b]::__rust_begin_short_backtrace::<core[a373ad73a504971]::result::Result<(), alloc[2e1b2a31b91974c5]::string::String>, fn() -> core[a373ad73a504971]::result::Result<(), alloc[2e1b2a31b91974c5]::string::String>>
[INFO] [stdout]   15:     0x5c569c8669c5 - test[aada8e7e76ba119b]::run_test::{closure#0}
[INFO] [stdout]   16:     0x5c569c8602b4 - std[617be2ca0a6fd877]::sys::backtrace::__rust_begin_short_backtrace::<test[aada8e7e76ba119b]::run_test::{closure#1}, ()>
[INFO] [stdout]   17:     0x5c569c869a52 - <std[617be2ca0a6fd877]::thread::lifecycle::spawn_unchecked<test[aada8e7e76ba119b]::run_test::{closure#1}, ()>::{closure#1} as core[a373ad73a504971]::ops::function::FnOnce<()>>::call_once::{shim:vtable#0}
[INFO] [stdout]   18:     0x5c569c91f6ef - <std[617be2ca0a6fd877]::sys::thread::unix::Thread>::new::thread_start
[INFO] [stdout]   19:     0x74308a638dfa - <unknown>
[INFO] [stdout]   20:     0x74308a6cc3d4 - clone
[INFO] [stdout]   21:                0x0 - <unknown>
[INFO] [stdout] 
[INFO] [stdout] ---- source::markdown::tests::scalar_in_list_column_is_locked_and_counted stdout ----
[INFO] [stdout] 
[INFO] [stdout] thread 'source::markdown::tests::scalar_in_list_column_is_locked_and_counted' (1859) panicked at src/source/test_markdown_unit.rs:141:5:
[INFO] [stdout] assertion `left == right` failed
[INFO] [stdout]   left: Some("list with non-string items")
[INFO] [stdout]  right: Some("文字列でない要素を含むリスト")
[INFO] [stdout] stack backtrace:
[INFO] [stdout]    0:     0x5c569c9206e1 - <<std[617be2ca0a6fd877]::sys::backtrace::BacktraceLock>::print::DisplayBacktrace as core[a373ad73a504971]::fmt::Display>::fmt
[INFO] [stdout]    1:     0x5c569c93811a - core[a373ad73a504971]::fmt::write
[INFO] [stdout]    2:     0x5c569c924d3c - <alloc[2e1b2a31b91974c5]::vec::Vec<u8> as core[a373ad73a504971]::io::write::Write>::write_fmt
[INFO] [stdout]    3:     0x5c569c8f93a6 - std[617be2ca0a6fd877]::panicking::default_hook::{closure#0}
[INFO] [stdout]    4:     0x5c569c9173c9 - std[617be2ca0a6fd877]::panicking::default_hook
[INFO] [stdout]    5:     0x5c569c8663a0 - test[aada8e7e76ba119b]::test_main_inner::{closure#0}
[INFO] [stdout]    6:     0x5c569c917582 - std[617be2ca0a6fd877]::panicking::panic_with_hook
[INFO] [stdout]    7:     0x5c569c8f9452 - std[617be2ca0a6fd877]::panicking::panic_handler::{closure#0}
[INFO] [stdout]    8:     0x5c569c8f1ce9 - std[617be2ca0a6fd877]::sys::backtrace::__rust_end_short_backtrace::<std[617be2ca0a6fd877]::panicking::panic_handler::{closure#0}, !>
[INFO] [stdout]    9:     0x5c569c8fa32d - __rustc[ea4f61d10b84890b]::rust_begin_unwind
[INFO] [stdout]   10:     0x5c569c93893c - core[a373ad73a504971]::panicking::panic_fmt
[INFO] [stdout]   11:     0x5c569c938853 - core[a373ad73a504971]::panicking::assert_failed_inner
[INFO] [stdout]   12:     0x5c569c6977af - core[a373ad73a504971]::panicking::assert_failed::<core[a373ad73a504971]::option::Option<&str>, core[a373ad73a504971]::option::Option<&str>>
[INFO] [stdout]   13:     0x5c569c7d2f97 - <mdgrid[c7c326d898f5d2b8]::source::markdown::tests::scalar_in_list_column_is_locked_and_counted::{closure#0} as core[a373ad73a504971]::ops::function::FnOnce<()>>::call_once
[INFO] [stdout]   14:     0x5c569c8597eb - test[aada8e7e76ba119b]::__rust_begin_short_backtrace::<core[a373ad73a504971]::result::Result<(), alloc[2e1b2a31b91974c5]::string::String>, fn() -> core[a373ad73a504971]::result::Result<(), alloc[2e1b2a31b91974c5]::string::String>>
[INFO] [stdout]   15:     0x5c569c8669c5 - test[aada8e7e76ba119b]::run_test::{closure#0}
[INFO] [stdout]   16:     0x5c569c8602b4 - std[617be2ca0a6fd877]::sys::backtrace::__rust_begin_short_backtrace::<test[aada8e7e76ba119b]::run_test::{closure#1}, ()>
[INFO] [stdout]   17:     0x5c569c869a52 - <std[617be2ca0a6fd877]::thread::lifecycle::spawn_unchecked<test[aada8e7e76ba119b]::run_test::{closure#1}, ()>::{closure#1} as core[a373ad73a504971]::ops::function::FnOnce<()>>::call_once::{shim:vtable#0}
[INFO] [stdout]   18:     0x5c569c91f6ef - <std[617be2ca0a6fd877]::sys::thread::unix::Thread>::new::thread_start
[INFO] [stdout]   19:     0x74308a638dfa - <unknown>
[INFO] [stdout]   20:     0x74308a6cc3d4 - clone
[INFO] [stdout]   21:                0x0 - <unknown>
[INFO] [stdout] 
[INFO] [stdout] ---- source::markdown::tests::value_lock_reasons_by_shape stdout ----
[INFO] [stdout] 
[INFO] [stdout] thread 'source::markdown::tests::value_lock_reasons_by_shape' (1864) panicked at src/source/test_markdown_unit.rs:63:9:
[INFO] [stdout] assertion `left == right` failed: "---\na: [x, [y]]\n---\n"
[INFO] [stdout]   left: Some("list with nested items")
[INFO] [stdout]  right: Some("入れ子の要素を含むリスト")
[INFO] [stdout] stack backtrace:
[INFO] [stdout]    0:     0x5c569c9206e1 - <<std[617be2ca0a6fd877]::sys::backtrace::BacktraceLock>::print::DisplayBacktrace as core[a373ad73a504971]::fmt::Display>::fmt
[INFO] [stdout]    1:     0x5c569c93811a - core[a373ad73a504971]::fmt::write
[INFO] [stdout]    2:     0x5c569c924d3c - <alloc[2e1b2a31b91974c5]::vec::Vec<u8> as core[a373ad73a504971]::io::write::Write>::write_fmt
[INFO] [stdout]    3:     0x5c569c8f93a6 - std[617be2ca0a6fd877]::panicking::default_hook::{closure#0}
[INFO] [stdout]    4:     0x5c569c9173c9 - std[617be2ca0a6fd877]::panicking::default_hook
[INFO] [stdout]    5:     0x5c569c8663a0 - test[aada8e7e76ba119b]::test_main_inner::{closure#0}
[INFO] [stdout]    6:     0x5c569c917582 - std[617be2ca0a6fd877]::panicking::panic_with_hook
[INFO] [stdout]    7:     0x5c569c8f9452 - std[617be2ca0a6fd877]::panicking::panic_handler::{closure#0}
[INFO] [stdout]    8:     0x5c569c8f1ce9 - std[617be2ca0a6fd877]::sys::backtrace::__rust_end_short_backtrace::<std[617be2ca0a6fd877]::panicking::panic_handler::{closure#0}, !>
[INFO] [stdout]    9:     0x5c569c8fa32d - __rustc[ea4f61d10b84890b]::rust_begin_unwind
[INFO] [stdout]   10:     0x5c569c93893c - core[a373ad73a504971]::panicking::panic_fmt
[INFO] [stdout]   11:     0x5c569c9388b3 - core[a373ad73a504971]::panicking::assert_failed_inner
[INFO] [stdout]   12:     0x5c569c6977af - core[a373ad73a504971]::panicking::assert_failed::<core[a373ad73a504971]::option::Option<&str>, core[a373ad73a504971]::option::Option<&str>>
[INFO] [stdout]   13:     0x5c569c7d017f - <mdgrid[c7c326d898f5d2b8]::source::markdown::tests::value_lock_reasons_by_shape::{closure#0} as core[a373ad73a504971]::ops::function::FnOnce<()>>::call_once
[INFO] [stdout]   14:     0x5c569c8597eb - test[aada8e7e76ba119b]::__rust_begin_short_backtrace::<core[a373ad73a504971]::result::Result<(), alloc[2e1b2a31b91974c5]::string::String>, fn() -> core[a373ad73a504971]::result::Result<(), alloc[2e1b2a31b91974c5]::string::String>>
[INFO] [stdout]   15:     0x5c569c8669c5 - test[aada8e7e76ba119b]::run_test::{closure#0}
[INFO] [stdout]   16:     0x5c569c8602b4 - std[617be2ca0a6fd877]::sys::backtrace::__rust_begin_short_backtrace::<test[aada8e7e76ba119b]::run_test::{closure#1}, ()>
[INFO] [stdout]   17:     0x5c569c869a52 - <std[617be2ca0a6fd877]::thread::lifecycle::spawn_unchecked<test[aada8e7e76ba119b]::run_test::{closure#1}, ()>::{closure#1} as core[a373ad73a504971]::ops::function::FnOnce<()>>::call_once::{shim:vtable#0}
[INFO] [stdout]   18:     0x5c569c91f6ef - <std[617be2ca0a6fd877]::sys::thread::unix::Thread>::new::thread_start
[INFO] [stdout]   19:     0x74308a638dfa - <unknown>
[INFO] [stdout]   20:     0x74308a6cc3d4 - clone
[INFO] [stdout]   21:                0x0 - <unknown>
[INFO] [stdout] 
[INFO] [stdout] ---- views::tests::test_bv_19_cmp_match_settings stdout ----
[INFO] [stdout] 
[INFO] [stdout] thread 'views::tests::test_bv_19_cmp_match_settings' (1914) panicked at src/test_views_unit.rs:247:9:
[INFO] [stdout] ["the condition on x is approximate: the column type is unknown, so values are compared with \"m\" as text (for a number or date column, settings keeps no rows)", "the condition on x is approximate: list values are compared as their items joined as text, not item by item", "the condition on x is approximate: map and nested-list values (\"{…}\" in settings) look empty to the expression and are not kept"]
[INFO] [stdout] stack backtrace:
[INFO] [stdout]    0:     0x5c569c9206e1 - <<std[617be2ca0a6fd877]::sys::backtrace::BacktraceLock>::print::DisplayBacktrace as core[a373ad73a504971]::fmt::Display>::fmt
[INFO] [stdout]    1:     0x5c569c93811a - core[a373ad73a504971]::fmt::write
[INFO] [stdout]    2:     0x5c569c924d3c - <alloc[2e1b2a31b91974c5]::vec::Vec<u8> as core[a373ad73a504971]::io::write::Write>::write_fmt
[INFO] [stdout]    3:     0x5c569c8f93a6 - std[617be2ca0a6fd877]::panicking::default_hook::{closure#0}
[INFO] [stdout]    4:     0x5c569c9173c9 - std[617be2ca0a6fd877]::panicking::default_hook
[INFO] [stdout]    5:     0x5c569c8663a0 - test[aada8e7e76ba119b]::test_main_inner::{closure#0}
[INFO] [stdout]    6:     0x5c569c917582 - std[617be2ca0a6fd877]::panicking::panic_with_hook
[INFO] [stdout]    7:     0x5c569c8f9452 - std[617be2ca0a6fd877]::panicking::panic_handler::{closure#0}
[INFO] [stdout]    8:     0x5c569c8f1ce9 - std[617be2ca0a6fd877]::sys::backtrace::__rust_end_short_backtrace::<std[617be2ca0a6fd877]::panicking::panic_handler::{closure#0}, !>
[INFO] [stdout]    9:     0x5c569c8fa32d - __rustc[ea4f61d10b84890b]::rust_begin_unwind
[INFO] [stdout]   10:     0x5c569c93893c - core[a373ad73a504971]::panicking::panic_fmt
[INFO] [stdout]   11:     0x5c569c7f8dce - <mdgrid[c7c326d898f5d2b8]::views::tests::test_bv_19_cmp_match_settings::{closure#0} as core[a373ad73a504971]::ops::function::FnOnce<()>>::call_once
[INFO] [stdout]   12:     0x5c569c8597eb - test[aada8e7e76ba119b]::__rust_begin_short_backtrace::<core[a373ad73a504971]::result::Result<(), alloc[2e1b2a31b91974c5]::string::String>, fn() -> core[a373ad73a504971]::result::Result<(), alloc[2e1b2a31b91974c5]::string::String>>
[INFO] [stdout]   13:     0x5c569c8669c5 - test[aada8e7e76ba119b]::run_test::{closure#0}
[INFO] [stdout]   14:     0x5c569c8602b4 - std[617be2ca0a6fd877]::sys::backtrace::__rust_begin_short_backtrace::<test[aada8e7e76ba119b]::run_test::{closure#1}, ()>
[INFO] [stdout]   15:     0x5c569c869a52 - <std[617be2ca0a6fd877]::thread::lifecycle::spawn_unchecked<test[aada8e7e76ba119b]::run_test::{closure#1}, ()>::{closure#1} as core[a373ad73a504971]::ops::function::FnOnce<()>>::call_once::{shim:vtable#0}
[INFO] [stdout]   16:     0x5c569c91f6ef - <std[617be2ca0a6fd877]::sys::thread::unix::Thread>::new::thread_start
[INFO] [stdout]   17:     0x74308a638dfa - <unknown>
[INFO] [stdout]   18:     0x74308a6cc3d4 - clone
[INFO] [stdout]   19:                0x0 - <unknown>
[INFO] [stdout] 
[INFO] [stdout] ---- views::tests::test_bv_20_save_keeps_unknown_items_and_unreadable_views_of_own_target stdout ----
[INFO] [stdout] 
[INFO] [stdout] thread 'views::tests::test_bv_20_save_keeps_unknown_items_and_unreadable_views_of_own_target' (1924) panicked at src/test_views_unit.rs:531:5:
[INFO] [stdout] ["ignored the unknown item `target.memo` in views.toml", "ignored the unknown item `target.view.color` in views.toml", "ignored the unknown item `target.view.settings.width` in views.toml", "ignored view #3 of target `/tmp/mdgrid-views-unit-own-1686-1792323661347860424` in views.toml: cannot read it: invalid type: string \"status\", expected a sequence in `order`"]
[INFO] [stdout] stack backtrace:
[INFO] [stdout]    0:     0x5c569c9206e1 - <<std[617be2ca0a6fd877]::sys::backtrace::BacktraceLock>::print::DisplayBacktrace as core[a373ad73a504971]::fmt::Display>::fmt
[INFO] [stdout]    1:     0x5c569c93811a - core[a373ad73a504971]::fmt::write
[INFO] [stdout]    2:     0x5c569c924d3c - <alloc[2e1b2a31b91974c5]::vec::Vec<u8> as core[a373ad73a504971]::io::write::Write>::write_fmt
[INFO] [stdout]    3:     0x5c569c8f93a6 - std[617be2ca0a6fd877]::panicking::default_hook::{closure#0}
[INFO] [stdout]    4:     0x5c569c9173c9 - std[617be2ca0a6fd877]::panicking::default_hook
[INFO] [stdout]    5:     0x5c569c8663a0 - test[aada8e7e76ba119b]::test_main_inner::{closure#0}
[INFO] [stdout]    6:     0x5c569c917582 - std[617be2ca0a6fd877]::panicking::panic_with_hook
[INFO] [stdout]    7:     0x5c569c8f9452 - std[617be2ca0a6fd877]::panicking::panic_handler::{closure#0}
[INFO] [stdout]    8:     0x5c569c8f1ce9 - std[617be2ca0a6fd877]::sys::backtrace::__rust_end_short_backtrace::<std[617be2ca0a6fd877]::panicking::panic_handler::{closure#0}, !>
[INFO] [stdout]    9:     0x5c569c8fa32d - __rustc[ea4f61d10b84890b]::rust_begin_unwind
[INFO] [stdout]   10:     0x5c569c93893c - core[a373ad73a504971]::panicking::panic_fmt
[INFO] [stdout]   11:     0x5c569c800852 - <mdgrid[c7c326d898f5d2b8]::views::tests::test_bv_20_save_keeps_unknown_items_and_unreadable_views_of_own_target::{closure#0} as core[a373ad73a504971]::ops::function::FnOnce<()>>::call_once
[INFO] [stdout]   12:     0x5c569c8597eb - test[aada8e7e76ba119b]::__rust_begin_short_backtrace::<core[a373ad73a504971]::result::Result<(), alloc[2e1b2a31b91974c5]::string::String>, fn() -> core[a373ad73a504971]::result::Result<(), alloc[2e1b2a31b91974c5]::string::String>>
[INFO] [stdout]   13:     0x5c569c8669c5 - test[aada8e7e76ba119b]::run_test::{closure#0}
[INFO] [stdout]   14:     0x5c569c8602b4 - std[617be2ca0a6fd877]::sys::backtrace::__rust_begin_short_backtrace::<test[aada8e7e76ba119b]::run_test::{closure#1}, ()>
[INFO] [stdout]   15:     0x5c569c869a52 - <std[617be2ca0a6fd877]::thread::lifecycle::spawn_unchecked<test[aada8e7e76ba119b]::run_test::{closure#1}, ()>::{closure#1} as core[a373ad73a504971]::ops::function::FnOnce<()>>::call_once::{shim:vtable#0}
[INFO] [stdout]   16:     0x5c569c91f6ef - <std[617be2ca0a6fd877]::sys::thread::unix::Thread>::new::thread_start
[INFO] [stdout]   17:     0x74308a638dfa - <unknown>
[INFO] [stdout]   18:     0x74308a6cc3d4 - clone
[INFO] [stdout]   19:                0x0 - <unknown>
[INFO] [stdout] 
[INFO] [stdout] 
[INFO] [stdout] failures:
[INFO] [stdout]     base::tests::alias_expansion_is_limited
[INFO] [stdout]     base::tests::formula_cycle_is_unsupported_and_stops
[INFO] [stdout]     base::tests::group_of_empty_values_is_last_with_heading
[INFO] [stdout]     base::tests::notes_follow_formula_references
[INFO] [stdout]     changes::tests::scalar_onto_list_cell_is_skip
[INFO] [stdout]     config::tests::test_nv_23_config_search_bar
[INFO] [stdout]     source::markdown::tests::hard_link_locks_the_row_and_conflict_is_marked
[INFO] [stdout]     source::markdown::tests::scalar_in_list_column_is_locked_and_counted
[INFO] [stdout]     source::markdown::tests::value_lock_reasons_by_shape
[INFO] [stdout]     views::tests::test_bv_19_cmp_match_settings
[INFO] [stdout]     views::tests::test_bv_20_save_keeps_unknown_items_and_unreadable_views_of_own_target
[INFO] [stdout] 
[INFO] [stdout] test result: FAILED. 259 passed; 11 failed; 1 ignored; 0 measured; 0 filtered out; finished in 0.44s
[INFO] [stdout] 
[INFO] running `Command { std: "docker" "inspect" "e6a5750e13169a25ac7800d5bc718149d179358969167844ce2d1a2b786fd4d7", kill_on_drop: false }`
[INFO] running `Command { std: "docker" "rm" "-f" "e6a5750e13169a25ac7800d5bc718149d179358969167844ce2d1a2b786fd4d7", kill_on_drop: false }`
[INFO] [stdout] e6a5750e13169a25ac7800d5bc718149d179358969167844ce2d1a2b786fd4d7
